{"id":224861,"date":"2026-04-23T01:52:43","date_gmt":"2026-04-23T07:52:43","guid":{"rendered":"https:\/\/compuviper.mx\/tienda\/producto\/koblenz-rs-1410-regulador-de-voltaje-sustituto-re-110-1410-va-700-w-nema-5-15r-luz-led-apagado-de-uso-rudo-y-switch-trmico-protector-2-aos-de-garanta-sku-00-1599-00-0\/"},"modified":"2026-04-23T01:52:44","modified_gmt":"2026-04-23T07:52:44","slug":"koblenz-rs-1410-regulador-de-voltaje-sustituto-re-110-1400-va-700-w-nema-5-15r-luz-led-apagado-de-uso-rudo-y-switch-trmico-protector-2-aos-de-garanta-sku-00-1599-00-0","status":"publish","type":"product","link":"https:\/\/compuviper.mx\/tienda\/producto\/koblenz-rs-1410-regulador-de-voltaje-sustituto-re-110-1400-va-700-w-nema-5-15r-luz-led-apagado-de-uso-rudo-y-switch-trmico-protector-2-aos-de-garanta-sku-00-1599-00-0\/","title":{"rendered":"Koblenz Rs-1410 Regulador De Voltaje   Sustituto  \/ Re-110 1400 Va \/ 700 W, Nema 5-15r, Luz Led, Apagado De Uso Rudo Y Switch Trmico Protector 2 A?os De Garanta. Sku. 00-1599-00-0"},"content":{"rendered":"<table class=\"descripcion\">\n<tr>\n<td>Regulador rs-1410<\/td>\n<\/tr>\n<tr>\n<td>Capacidad 1410 va \/ 700 w,  8 contactos regulados aterrizados, desconexi\u00f3n en alto voltaje, ideal para hogar u oficina, moderno dise\u00f1o con contactos en la parte superior y gabinete de pl\u00e1stico, interruptor de encendido\/apagado de uso rudo y switch t\u00e9rmico protector. pasos de regulaci\u00f3n: 3 switch 8a, rango de tensi\u00f3n de salida: 108  and #8208; 132 v~ 2 leds (encendido y regulando), longitud cable: 1m, garant\u00eda de 2 a\u00f1os<\/td>\n<\/tr>\n<\/table>\n","protected":false},"excerpt":{"rendered":"<p>El mejor regulador koblenz rs-1410, 1410 va \/ 700 watts 8 contactos regulados y aterrizados, desconexion en alto voltaje, interruptor en encendido y apagado de uso rudo, 108 &#8211; 132 v, garantia 2 a\u00f1os, ideal para equipo de computo y hogar!<\/p>\n","protected":false},"featured_media":224862,"comment_status":"open","ping_status":"open","template":"","meta":[],"product_cat":[1508,1802],"product_tag":[1577],"acf":[],"yoast_head":"<!-- This site is optimized with the Yoast SEO plugin v21.7 - https:\/\/yoast.com\/wordpress\/plugins\/seo\/ -->\n<title>[ Koblenz ] &#129351; Rs-1410 Regulador De Voltaje Sustituto \/ Re-110 1400 Va \/ 700 W, Nema 5-15r, Luz Led, Apagado De Uso Rudo Y Switch Trmico Protector 2 A\u00f1os De Garanta. Sku. 00-1599-00-0<\/title>\n<meta name=\"description\" content=\"Compra Rs-1410 Regulador De Voltaje Sustituto \/ Re-110 1400 Va \/ 700 W, Nema 5-15r, Luz Led, Apagado De Uso Rudo Y Switch Trmico Protector 2 A\u00f1os De Garanta. Sku. 00-1599-00-0 + Env\u00edo a domicilio + Pago seguro + Garant\u00eda\" \/>\n<meta name=\"robots\" content=\"index, follow, max-snippet:-1, max-image-preview:large, max-video-preview:-1\" \/>\n<link rel=\"canonical\" href=\"https:\/\/compuviper.mx\/tienda\/producto\/koblenz-rs-1410-regulador-de-voltaje-sustituto-re-110-1400-va-700-w-nema-5-15r-luz-led-apagado-de-uso-rudo-y-switch-trmico-protector-2-aos-de-garanta-sku-00-1599-00-0\/\" \/>\n<meta property=\"og:locale\" content=\"es_MX\" \/>\n<meta property=\"og:type\" content=\"article\" \/>\n<meta property=\"og:title\" content=\"[ Koblenz ] &#129351; Rs-1410 Regulador De Voltaje Sustituto \/ Re-110 1400 Va \/ 700 W, Nema 5-15r, Luz Led, Apagado De Uso Rudo Y Switch Trmico Protector 2 A\u00f1os De Garanta. Sku. 00-1599-00-0\" \/>\n<meta property=\"og:description\" content=\"Compra Rs-1410 Regulador De Voltaje Sustituto \/ Re-110 1400 Va \/ 700 W, Nema 5-15r, Luz Led, Apagado De Uso Rudo Y Switch Trmico Protector 2 A\u00f1os De Garanta. Sku. 00-1599-00-0 + Env\u00edo a domicilio + Pago seguro + Garant\u00eda\" \/>\n<meta property=\"og:url\" content=\"https:\/\/compuviper.mx\/tienda\/producto\/koblenz-rs-1410-regulador-de-voltaje-sustituto-re-110-1400-va-700-w-nema-5-15r-luz-led-apagado-de-uso-rudo-y-switch-trmico-protector-2-aos-de-garanta-sku-00-1599-00-0\/\" \/>\n<meta property=\"og:site_name\" content=\"Compuviper\" \/>\n<meta property=\"article:publisher\" content=\"https:\/\/www.facebook.com\/compuviper\" \/>\n<meta property=\"article:modified_time\" content=\"2026-04-23T07:52:44+00:00\" \/>\n<meta property=\"og:image\" content=\"https:\/\/compuviper.mx\/tienda\/wp-content\/uploads\/2023\/12\/Regulador-de-voltaje-koblenz-rs-1410-sustituto-rs-1410-re-110-1410-va-700-w-nema-5-15r-luz-led-apagado-de-uso-rudo-y-switch-termico-protector-2-anos-de-garantia.-sku.-00-1599-00-0.jpg\" \/>\n\t<meta property=\"og:image:width\" content=\"200\" \/>\n\t<meta property=\"og:image:height\" content=\"200\" \/>\n\t<meta property=\"og:image:type\" content=\"image\/jpeg\" \/>\n<meta name=\"twitter:card\" content=\"summary_large_image\" \/>\n<meta name=\"twitter:label1\" content=\"Precio\" \/>\n\t<meta name=\"twitter:data1\" content=\"&#36;331 &#36;320 con IVA\" \/>\n\t<meta name=\"twitter:label2\" content=\"Availability\" \/>\n\t<meta name=\"twitter:data2\" content=\"Out of stock\" \/>\n<script type=\"application\/ld+json\" class=\"yoast-schema-graph\">{\"@context\":\"https:\/\/schema.org\",\"@graph\":[{\"@type\":\"WebPage\",\"@id\":\"https:\/\/compuviper.mx\/tienda\/producto\/koblenz-rs-1410-regulador-de-voltaje-sustituto-re-110-1400-va-700-w-nema-5-15r-luz-led-apagado-de-uso-rudo-y-switch-trmico-protector-2-aos-de-garanta-sku-00-1599-00-0\/\",\"url\":\"https:\/\/compuviper.mx\/tienda\/producto\/koblenz-rs-1410-regulador-de-voltaje-sustituto-re-110-1400-va-700-w-nema-5-15r-luz-led-apagado-de-uso-rudo-y-switch-trmico-protector-2-aos-de-garanta-sku-00-1599-00-0\/\",\"name\":\"[ Koblenz ] &#129351; Rs-1410 Regulador De Voltaje Sustituto \/ Re-110 1400 Va \/ 700 W, Nema 5-15r, Luz Led, Apagado De Uso Rudo Y Switch Trmico Protector 2 A\u00f1os De Garanta. Sku. 00-1599-00-0\",\"isPartOf\":{\"@id\":\"https:\/\/compuviper.mx\/tienda\/#website\"},\"datePublished\":\"2026-04-23T07:52:43+00:00\",\"dateModified\":\"2026-04-23T07:52:44+00:00\",\"description\":\"Compra Rs-1410 Regulador De Voltaje Sustituto \/ Re-110 1400 Va \/ 700 W, Nema 5-15r, Luz Led, Apagado De Uso Rudo Y Switch Trmico Protector 2 A\u00f1os De Garanta. Sku. 00-1599-00-0 + Env\u00edo a domicilio + Pago seguro + Garant\u00eda\",\"breadcrumb\":{\"@id\":\"https:\/\/compuviper.mx\/tienda\/producto\/koblenz-rs-1410-regulador-de-voltaje-sustituto-re-110-1400-va-700-w-nema-5-15r-luz-led-apagado-de-uso-rudo-y-switch-trmico-protector-2-aos-de-garanta-sku-00-1599-00-0\/#breadcrumb\"},\"inLanguage\":\"es-MX\",\"potentialAction\":[{\"@type\":\"ReadAction\",\"target\":[\"https:\/\/compuviper.mx\/tienda\/producto\/koblenz-rs-1410-regulador-de-voltaje-sustituto-re-110-1400-va-700-w-nema-5-15r-luz-led-apagado-de-uso-rudo-y-switch-trmico-protector-2-aos-de-garanta-sku-00-1599-00-0\/\"]}]},{\"@type\":\"BreadcrumbList\",\"@id\":\"https:\/\/compuviper.mx\/tienda\/producto\/koblenz-rs-1410-regulador-de-voltaje-sustituto-re-110-1400-va-700-w-nema-5-15r-luz-led-apagado-de-uso-rudo-y-switch-trmico-protector-2-aos-de-garanta-sku-00-1599-00-0\/#breadcrumb\",\"itemListElement\":[{\"@type\":\"ListItem\",\"position\":1,\"name\":\"Inicio\",\"item\":\"https:\/\/compuviper.mx\/tienda\/\"},{\"@type\":\"ListItem\",\"position\":2,\"name\":\"Productos\",\"item\":\"https:\/\/compuviper.mx\/tienda\/productos\/\"},{\"@type\":\"ListItem\",\"position\":3,\"name\":\"Energia\",\"item\":\"https:\/\/compuviper.mx\/tienda\/categoria-producto\/energia\/\"},{\"@type\":\"ListItem\",\"position\":4,\"name\":\"Regulador\",\"item\":\"https:\/\/compuviper.mx\/tienda\/categoria-producto\/energia\/regulador\/\"},{\"@type\":\"ListItem\",\"position\":5,\"name\":\"Koblenz Rs-1410 Regulador De Voltaje Sustituto \/ Re-110 1400 Va \/ 700 W, Nema 5-15r, Luz Led, Apagado De Uso Rudo Y Switch Trmico Protector 2 A?os De Garanta. Sku. 00-1599-00-0\"}]},{\"@type\":\"WebSite\",\"@id\":\"https:\/\/compuviper.mx\/tienda\/#website\",\"url\":\"https:\/\/compuviper.mx\/tienda\/\",\"name\":\"Compuviper\",\"description\":\"Proveedor de Computadoras, Laptops, Servidores, Monitores, Puntos de Venta, Teclados,   Impresoras, T\u00f3ner, C\u00e1maras de Seguridad y m\u00e1s en tu tienda en l\u00ednea\",\"publisher\":{\"@id\":\"https:\/\/compuviper.mx\/tienda\/#organization\"},\"potentialAction\":[{\"@type\":\"SearchAction\",\"target\":{\"@type\":\"EntryPoint\",\"urlTemplate\":\"https:\/\/compuviper.mx\/tienda\/?s={search_term_string}\"},\"query-input\":\"required name=search_term_string\"}],\"inLanguage\":\"es-MX\"},{\"@type\":\"Organization\",\"@id\":\"https:\/\/compuviper.mx\/tienda\/#organization\",\"name\":\"Compuviper\",\"url\":\"https:\/\/compuviper.mx\/tienda\/\",\"logo\":{\"@type\":\"ImageObject\",\"inLanguage\":\"es-MX\",\"@id\":\"https:\/\/compuviper.mx\/tienda\/#\/schema\/logo\/image\/\",\"url\":\"https:\/\/compuviper.mx\/tienda\/wp-content\/uploads\/2021\/08\/Logo-Compuviper-10.png\",\"contentUrl\":\"https:\/\/compuviper.mx\/tienda\/wp-content\/uploads\/2021\/08\/Logo-Compuviper-10.png\",\"width\":1000,\"height\":500,\"caption\":\"Compuviper\"},\"image\":{\"@id\":\"https:\/\/compuviper.mx\/tienda\/#\/schema\/logo\/image\/\"},\"sameAs\":[\"https:\/\/www.facebook.com\/compuviper\",\"https:\/\/www.youtube.com\/channel\/UCf73dERp9Y3cfOq7q8BhLjA?view_as=subscriber\"]}]}<\/script>\n<meta property=\"product:brand\" content=\"KOBLENZ\" \/>\n<meta property=\"product:price:amount\" content=\"320\" \/>\n<meta property=\"product:price:currency\" content=\"MXN\" \/>\n<meta property=\"og:availability\" content=\"out of stock\" \/>\n<meta property=\"product:availability\" content=\"out of stock\" \/>\n<meta property=\"product:retailer_item_id\" content=\"RS-1410\" \/>\n<meta property=\"product:condition\" content=\"new\" \/>\n<!-- \/ Yoast SEO plugin. -->","yoast_head_json":{"title":"[ Koblenz ] &#129351; Rs-1410 Regulador De Voltaje Sustituto \/ Re-110 1400 Va \/ 700 W, Nema 5-15r, Luz Led, Apagado De Uso Rudo Y Switch Trmico Protector 2 A\u00f1os De Garanta. Sku. 00-1599-00-0","description":"Compra Rs-1410 Regulador De Voltaje Sustituto \/ Re-110 1400 Va \/ 700 W, Nema 5-15r, Luz Led, Apagado De Uso Rudo Y Switch Trmico Protector 2 A\u00f1os De Garanta. Sku. 00-1599-00-0 + Env\u00edo a domicilio + Pago seguro + Garant\u00eda","robots":{"index":"index","follow":"follow","max-snippet":"max-snippet:-1","max-image-preview":"max-image-preview:large","max-video-preview":"max-video-preview:-1"},"canonical":"https:\/\/compuviper.mx\/tienda\/producto\/koblenz-rs-1410-regulador-de-voltaje-sustituto-re-110-1400-va-700-w-nema-5-15r-luz-led-apagado-de-uso-rudo-y-switch-trmico-protector-2-aos-de-garanta-sku-00-1599-00-0\/","og_locale":"es_MX","og_type":"article","og_title":"[ Koblenz ] &#129351; Rs-1410 Regulador De Voltaje Sustituto \/ Re-110 1400 Va \/ 700 W, Nema 5-15r, Luz Led, Apagado De Uso Rudo Y Switch Trmico Protector 2 A\u00f1os De Garanta. Sku. 00-1599-00-0","og_description":"Compra Rs-1410 Regulador De Voltaje Sustituto \/ Re-110 1400 Va \/ 700 W, Nema 5-15r, Luz Led, Apagado De Uso Rudo Y Switch Trmico Protector 2 A\u00f1os De Garanta. Sku. 00-1599-00-0 + Env\u00edo a domicilio + Pago seguro + Garant\u00eda","og_url":"https:\/\/compuviper.mx\/tienda\/producto\/koblenz-rs-1410-regulador-de-voltaje-sustituto-re-110-1400-va-700-w-nema-5-15r-luz-led-apagado-de-uso-rudo-y-switch-trmico-protector-2-aos-de-garanta-sku-00-1599-00-0\/","og_site_name":"Compuviper","article_publisher":"https:\/\/www.facebook.com\/compuviper","article_modified_time":"2026-04-23T07:52:44+00:00","og_image":[{"width":200,"height":200,"url":"https:\/\/compuviper.mx\/tienda\/wp-content\/uploads\/2023\/12\/Regulador-de-voltaje-koblenz-rs-1410-sustituto-rs-1410-re-110-1410-va-700-w-nema-5-15r-luz-led-apagado-de-uso-rudo-y-switch-termico-protector-2-anos-de-garantia.-sku.-00-1599-00-0.jpg","type":"image\/jpeg"}],"twitter_card":"summary_large_image","twitter_misc":{"Precio":"&#36;331 &#36;320 con IVA","Availability":"Out of stock"},"schema":{"@context":"https:\/\/schema.org","@graph":[{"@type":"WebPage","@id":"https:\/\/compuviper.mx\/tienda\/producto\/koblenz-rs-1410-regulador-de-voltaje-sustituto-re-110-1400-va-700-w-nema-5-15r-luz-led-apagado-de-uso-rudo-y-switch-trmico-protector-2-aos-de-garanta-sku-00-1599-00-0\/","url":"https:\/\/compuviper.mx\/tienda\/producto\/koblenz-rs-1410-regulador-de-voltaje-sustituto-re-110-1400-va-700-w-nema-5-15r-luz-led-apagado-de-uso-rudo-y-switch-trmico-protector-2-aos-de-garanta-sku-00-1599-00-0\/","name":"[ Koblenz ] &#129351; Rs-1410 Regulador De Voltaje Sustituto \/ Re-110 1400 Va \/ 700 W, Nema 5-15r, Luz Led, Apagado De Uso Rudo Y Switch Trmico Protector 2 A\u00f1os De Garanta. Sku. 00-1599-00-0","isPartOf":{"@id":"https:\/\/compuviper.mx\/tienda\/#website"},"datePublished":"2026-04-23T07:52:43+00:00","dateModified":"2026-04-23T07:52:44+00:00","description":"Compra Rs-1410 Regulador De Voltaje Sustituto \/ Re-110 1400 Va \/ 700 W, Nema 5-15r, Luz Led, Apagado De Uso Rudo Y Switch Trmico Protector 2 A\u00f1os De Garanta. Sku. 00-1599-00-0 + Env\u00edo a domicilio + Pago seguro + Garant\u00eda","breadcrumb":{"@id":"https:\/\/compuviper.mx\/tienda\/producto\/koblenz-rs-1410-regulador-de-voltaje-sustituto-re-110-1400-va-700-w-nema-5-15r-luz-led-apagado-de-uso-rudo-y-switch-trmico-protector-2-aos-de-garanta-sku-00-1599-00-0\/#breadcrumb"},"inLanguage":"es-MX","potentialAction":[{"@type":"ReadAction","target":["https:\/\/compuviper.mx\/tienda\/producto\/koblenz-rs-1410-regulador-de-voltaje-sustituto-re-110-1400-va-700-w-nema-5-15r-luz-led-apagado-de-uso-rudo-y-switch-trmico-protector-2-aos-de-garanta-sku-00-1599-00-0\/"]}]},{"@type":"BreadcrumbList","@id":"https:\/\/compuviper.mx\/tienda\/producto\/koblenz-rs-1410-regulador-de-voltaje-sustituto-re-110-1400-va-700-w-nema-5-15r-luz-led-apagado-de-uso-rudo-y-switch-trmico-protector-2-aos-de-garanta-sku-00-1599-00-0\/#breadcrumb","itemListElement":[{"@type":"ListItem","position":1,"name":"Inicio","item":"https:\/\/compuviper.mx\/tienda\/"},{"@type":"ListItem","position":2,"name":"Productos","item":"https:\/\/compuviper.mx\/tienda\/productos\/"},{"@type":"ListItem","position":3,"name":"Energia","item":"https:\/\/compuviper.mx\/tienda\/categoria-producto\/energia\/"},{"@type":"ListItem","position":4,"name":"Regulador","item":"https:\/\/compuviper.mx\/tienda\/categoria-producto\/energia\/regulador\/"},{"@type":"ListItem","position":5,"name":"Koblenz Rs-1410 Regulador De Voltaje Sustituto \/ Re-110 1400 Va \/ 700 W, Nema 5-15r, Luz Led, Apagado De Uso Rudo Y Switch Trmico Protector 2 A?os De Garanta. Sku. 00-1599-00-0"}]},{"@type":"WebSite","@id":"https:\/\/compuviper.mx\/tienda\/#website","url":"https:\/\/compuviper.mx\/tienda\/","name":"Compuviper","description":"Proveedor de Computadoras, Laptops, Servidores, Monitores, Puntos de Venta, Teclados,   Impresoras, T\u00f3ner, C\u00e1maras de Seguridad y m\u00e1s en tu tienda en l\u00ednea","publisher":{"@id":"https:\/\/compuviper.mx\/tienda\/#organization"},"potentialAction":[{"@type":"SearchAction","target":{"@type":"EntryPoint","urlTemplate":"https:\/\/compuviper.mx\/tienda\/?s={search_term_string}"},"query-input":"required name=search_term_string"}],"inLanguage":"es-MX"},{"@type":"Organization","@id":"https:\/\/compuviper.mx\/tienda\/#organization","name":"Compuviper","url":"https:\/\/compuviper.mx\/tienda\/","logo":{"@type":"ImageObject","inLanguage":"es-MX","@id":"https:\/\/compuviper.mx\/tienda\/#\/schema\/logo\/image\/","url":"https:\/\/compuviper.mx\/tienda\/wp-content\/uploads\/2021\/08\/Logo-Compuviper-10.png","contentUrl":"https:\/\/compuviper.mx\/tienda\/wp-content\/uploads\/2021\/08\/Logo-Compuviper-10.png","width":1000,"height":500,"caption":"Compuviper"},"image":{"@id":"https:\/\/compuviper.mx\/tienda\/#\/schema\/logo\/image\/"},"sameAs":["https:\/\/www.facebook.com\/compuviper","https:\/\/www.youtube.com\/channel\/UCf73dERp9Y3cfOq7q8BhLjA?view_as=subscriber"]}]},"product_brand":"KOBLENZ","product_price_amount":"320","product_price_currency":"MXN","og_availability":"out of stock","product_availability":"out of stock","product_retailer_item_id":"RS-1410","product_condition":"new"},"_links":{"self":[{"href":"https:\/\/compuviper.mx\/tienda\/wp-json\/wp\/v2\/product\/224861"}],"collection":[{"href":"https:\/\/compuviper.mx\/tienda\/wp-json\/wp\/v2\/product"}],"about":[{"href":"https:\/\/compuviper.mx\/tienda\/wp-json\/wp\/v2\/types\/product"}],"replies":[{"embeddable":true,"href":"https:\/\/compuviper.mx\/tienda\/wp-json\/wp\/v2\/comments?post=224861"}],"wp:featuredmedia":[{"embeddable":true,"href":"https:\/\/compuviper.mx\/tienda\/wp-json\/wp\/v2\/media\/224862"}],"wp:attachment":[{"href":"https:\/\/compuviper.mx\/tienda\/wp-json\/wp\/v2\/media?parent=224861"}],"wp:term":[{"taxonomy":"product_cat","embeddable":true,"href":"https:\/\/compuviper.mx\/tienda\/wp-json\/wp\/v2\/product_cat?post=224861"},{"taxonomy":"product_tag","embeddable":true,"href":"https:\/\/compuviper.mx\/tienda\/wp-json\/wp\/v2\/product_tag?post=224861"}],"curies":[{"name":"wp","href":"https:\/\/api.w.org\/{rel}","templated":true}]}}