{"id":224841,"date":"2026-04-02T01:55:40","date_gmt":"2026-04-02T07:55:40","guid":{"rendered":"https:\/\/compuviper.mx\/tienda\/producto\/sola-basic-isb-xl-22-310-regulador-electronico-de-voltaje-xellence-10-000-2-fases-220vca-5\/"},"modified":"2026-04-02T01:55:40","modified_gmt":"2026-04-02T07:55:40","slug":"sola-basic-isb-xl-22-310-regulador-electronico-de-voltaje-xellence-10-000-2-fases-220vca-5","status":"publish","type":"product","link":"https:\/\/compuviper.mx\/tienda\/producto\/sola-basic-isb-xl-22-310-regulador-electronico-de-voltaje-xellence-10-000-2-fases-220vca-5\/","title":{"rendered":"Sola Basic Isb Xl-22-310 Regulador Electronico De Voltaje  Xellence 10 000,  2 Fases  220vca + &#8211; 5%"},"content":{"rendered":"<table class=\"descripcion\">\n<tr>\n<td>Caracter\u00edsticas el\u00e9ctricas<\/td>\n<\/tr>\n<tr>\n<td>Entrada:<\/td>\n<\/tr>\n<tr>\n<td>\u0095 voltaje de l\u00ednea nominal: 220 v 2~, (bif\u00e1sico m\u00e1s<\/td>\n<\/tr>\n<tr>\n<td>Tierra f\u00edsica)<\/td>\n<\/tr>\n<tr>\n<td>\u0095 rango de voltaje de l\u00ednea: 169 &#8211; 271 v 2~ (+ 23%)<\/td>\n<\/tr>\n<tr>\n<td>\u0095 corriente m\u00e1xima: 62 a (por fase)<\/td>\n<\/tr>\n<tr>\n<td>\u0095 frecuencia: 60 \u00b1 3 hz<\/td>\n<\/tr>\n<tr>\n<td>\u0095 factor de potencia: 0.98 m\u00ednimo<\/td>\n<\/tr>\n<tr>\n<td>\u0095 eficiencia: 99 %<\/td>\n<\/tr>\n<tr>\n<td>\u0095 sistema: bif\u00e1sico 2 hilos m\u00e1s tierra (f-f\u0096tierra)<\/td>\n<\/tr>\n<tr>\n<td>\u0095 protecciones: interruptor termomagn\u00e9tico 2 polos<\/td>\n<\/tr>\n<tr>\n<td>     de 80 a contra sobrecargas prolongadas y\/o corto circuito<\/td>\n<\/tr>\n<tr>\n<td>Salida:<\/td>\n<\/tr>\n<tr>\n<td>\u0095 tensi\u00f3n nominal: 220 v 2~<\/td>\n<\/tr>\n<tr>\n<td>\u0095 regulaci\u00f3n de tensi\u00f3n: \u00b1 5 %<\/td>\n<\/tr>\n<tr>\n<td>\u0095 capacidad: 10 000 va<\/td>\n<\/tr>\n<tr>\n<td>\u0095 corriente m\u00e1xima: 45,5 a (por fase)<\/td>\n<\/tr>\n<tr>\n<td>\u0095 sobrecarga: 120 % durante 1 hr m\u00e1x., 200 %<\/td>\n<\/tr>\n<tr>\n<td>     durante 20 seg. m\u00e1x., 400 % durante 10 ciclos m\u00e1x.<\/td>\n<\/tr>\n<tr>\n<td>\u0095 supresor de sobretensiones transitorias: tanto en<\/td>\n<\/tr>\n<tr>\n<td>     modo com\u00fan como en modo transverso, protecci\u00f3n<\/td>\n<\/tr>\n<tr>\n<td>     total de 300 joules 9000 a\/650 v m\u00e1x. sujeci\u00f3n.<\/td>\n<\/tr>\n<tr>\n<td>\u0095 sistema: bif\u00e1sico 2 hilos m\u00e1s tierra (f-f\u0096tierra)<\/td>\n<\/tr>\n<tr>\n<td>Importante: este equipo no usa neutro, tanto en la entrada y en la salida, \u00fanicamente 2 fases (bif\u00e1sico).<\/td>\n<\/tr>\n<tr>\n<td>Caracter\u00edsticas mec\u00e1nicas<\/td>\n<\/tr>\n<tr>\n<td>\u0095 panel frontal con indicadores luminosos:<\/td>\n<\/tr>\n<tr>\n<td> and #61607; regulando l\u00ednea baja.<\/td>\n<\/tr>\n<tr>\n<td> and #61607; l\u00ednea normal.<\/td>\n<\/tr>\n<tr>\n<td> and #61607; regulando l\u00ednea alta.<\/td>\n<\/tr>\n<tr>\n<td> and #61607; modulo de control operando.<\/td>\n<\/tr>\n<tr>\n<td> and #61607; voltaje de salida presente.<\/td>\n<\/tr>\n<tr>\n<td>\u0095 panel posterior con:<\/td>\n<\/tr>\n<tr>\n<td>Tablilla de conexiones para l\u00ednea \u0096 carga<\/td>\n<\/tr>\n<tr>\n<td>Interruptor termomagn\u00e9tico de encendido \u0096 apagado y<\/td>\n<\/tr>\n<tr>\n<td>Protecci\u00f3n contra sobrecargas prolongadas y\/o corto<\/td>\n<\/tr>\n<tr>\n<td>Circuito.<\/td>\n<\/tr>\n<tr>\n<td>2 chiqueadores para soportar los ductos de cableado de<\/td>\n<\/tr>\n<tr>\n<td>La instalaci\u00f3n del equipo.<\/td>\n<\/tr>\n<tr>\n<td>Gabinete, tipo nema-1, met\u00e1lico de gran robustez, tipo autosoportado, al ser port\u00e1til se puede instalar pr\u00e1cticamente en cualquier<\/td>\n<\/tr>\n<tr>\n<td>Lugar, en acabado con pintura electrost\u00e1tica color arena.<\/td>\n<\/tr>\n<tr>\n<td>Este regulador es para servicio interior.<\/td>\n<\/tr>\n<tr>\n<td>Peso y dimensiones<\/td>\n<\/tr>\n<tr>\n<td>Peso 41,.0 kg<\/td>\n<\/tr>\n<tr>\n<td>Ancho 38,0 cm<\/td>\n<\/tr>\n<tr>\n<td>Fondo 50,0 cm<\/td>\n<\/tr>\n<tr>\n<td>Altura 27,1 cm<\/td>\n<\/tr>\n<tr>\n<td>Caracter\u00edsticas ambientales<\/td>\n<\/tr>\n<tr>\n<td>Temperatura ambiente de operaci\u00f3n -20\u00b0 a 50\u00b0 c<\/td>\n<\/tr>\n<tr>\n<td>Temperatura de almacenamiento -20\u00b0 a 70\u00b0 c<\/td>\n<\/tr>\n<tr>\n<td>Altura m\u00e1xima de operaci\u00f3n 3 000 m.s.n.m.<\/td>\n<\/tr>\n<tr>\n<td>Humedad relativa (sin condensaci\u00f3n) 0 a 95 %<\/td>\n<\/tr>\n<\/table>\n","protected":false},"excerpt":{"rendered":"<p>El regulador electr\u00f3nico de voltaje xellence10000 by sola basic es un producto que conjuga la robustez de un. Transformador de potencia tipo autotransformador con la muy alta precisi\u00f3n y velocidad de un circuito de control operado con. Microcontrolador (\u00faltima generaci\u00f3n de microprocesadores), originando con todo ello, un equipo que puede operar. Ininterrumpidamente y que no requiere mantenimiento.<\/p>\n","protected":false},"featured_media":224842,"comment_status":"open","ping_status":"open","template":"","meta":[],"product_cat":[1508,1802],"product_tag":[1696],"acf":[],"yoast_head":"<!-- This site is optimized with the Yoast SEO plugin v21.7 - https:\/\/yoast.com\/wordpress\/plugins\/seo\/ -->\n<title>[ Sola Basic Isb ] &#129351; Xl-22-310 Regulador Electronico De Voltaje Xellence 10 000, 2 Fases 220vca + - 5%<\/title>\n<meta name=\"description\" content=\"Compra Xl-22-310 Regulador Electronico De Voltaje Xellence 10 000, 2 Fases 220vca + - 5% + Env\u00edo a domicilio + Pago seguro + Garant\u00eda\" \/>\n<meta name=\"robots\" content=\"index, follow, max-snippet:-1, max-image-preview:large, max-video-preview:-1\" \/>\n<link rel=\"canonical\" href=\"https:\/\/compuviper.mx\/tienda\/producto\/sola-basic-isb-xl-22-310-regulador-electronico-de-voltaje-xellence-10-000-2-fases-220vca-5\/\" \/>\n<meta property=\"og:locale\" content=\"es_MX\" \/>\n<meta property=\"og:type\" content=\"article\" \/>\n<meta property=\"og:title\" content=\"[ Sola Basic Isb ] &#129351; Xl-22-310 Regulador Electronico De Voltaje Xellence 10 000, 2 Fases 220vca + - 5%\" \/>\n<meta property=\"og:description\" content=\"Compra Xl-22-310 Regulador Electronico De Voltaje Xellence 10 000, 2 Fases 220vca + - 5% + Env\u00edo a domicilio + Pago seguro + Garant\u00eda\" \/>\n<meta property=\"og:url\" content=\"https:\/\/compuviper.mx\/tienda\/producto\/sola-basic-isb-xl-22-310-regulador-electronico-de-voltaje-xellence-10-000-2-fases-220vca-5\/\" \/>\n<meta property=\"og:site_name\" content=\"Compuviper\" \/>\n<meta property=\"article:publisher\" content=\"https:\/\/www.facebook.com\/compuviper\" \/>\n<meta property=\"og:image\" content=\"https:\/\/compuviper.mx\/tienda\/wp-content\/uploads\/2023\/12\/Regulador-electronico-de-voltaje-sola-basic-isb-xellence-10-000-2-fases-220vca-5.jpg\" \/>\n\t<meta property=\"og:image:width\" content=\"200\" \/>\n\t<meta property=\"og:image:height\" content=\"200\" \/>\n\t<meta property=\"og:image:type\" content=\"image\/jpeg\" \/>\n<meta name=\"twitter:card\" content=\"summary_large_image\" \/>\n<meta name=\"twitter:label1\" content=\"Precio\" \/>\n\t<meta name=\"twitter:data1\" content=\"&#36;16,929 con IVA\" \/>\n\t<meta name=\"twitter:label2\" content=\"Availability\" \/>\n\t<meta name=\"twitter:data2\" content=\"On backorder\" \/>\n<script type=\"application\/ld+json\" class=\"yoast-schema-graph\">{\"@context\":\"https:\/\/schema.org\",\"@graph\":[{\"@type\":\"WebPage\",\"@id\":\"https:\/\/compuviper.mx\/tienda\/producto\/sola-basic-isb-xl-22-310-regulador-electronico-de-voltaje-xellence-10-000-2-fases-220vca-5\/\",\"url\":\"https:\/\/compuviper.mx\/tienda\/producto\/sola-basic-isb-xl-22-310-regulador-electronico-de-voltaje-xellence-10-000-2-fases-220vca-5\/\",\"name\":\"[ Sola Basic Isb ] &#129351; Xl-22-310 Regulador Electronico De Voltaje Xellence 10 000, 2 Fases 220vca + - 5%\",\"isPartOf\":{\"@id\":\"https:\/\/compuviper.mx\/tienda\/#website\"},\"datePublished\":\"2026-04-02T07:55:40+00:00\",\"dateModified\":\"2026-04-02T07:55:40+00:00\",\"description\":\"Compra Xl-22-310 Regulador Electronico De Voltaje Xellence 10 000, 2 Fases 220vca + - 5% + Env\u00edo a domicilio + Pago seguro + Garant\u00eda\",\"breadcrumb\":{\"@id\":\"https:\/\/compuviper.mx\/tienda\/producto\/sola-basic-isb-xl-22-310-regulador-electronico-de-voltaje-xellence-10-000-2-fases-220vca-5\/#breadcrumb\"},\"inLanguage\":\"es-MX\",\"potentialAction\":[{\"@type\":\"ReadAction\",\"target\":[\"https:\/\/compuviper.mx\/tienda\/producto\/sola-basic-isb-xl-22-310-regulador-electronico-de-voltaje-xellence-10-000-2-fases-220vca-5\/\"]}]},{\"@type\":\"BreadcrumbList\",\"@id\":\"https:\/\/compuviper.mx\/tienda\/producto\/sola-basic-isb-xl-22-310-regulador-electronico-de-voltaje-xellence-10-000-2-fases-220vca-5\/#breadcrumb\",\"itemListElement\":[{\"@type\":\"ListItem\",\"position\":1,\"name\":\"Inicio\",\"item\":\"https:\/\/compuviper.mx\/tienda\/\"},{\"@type\":\"ListItem\",\"position\":2,\"name\":\"Productos\",\"item\":\"https:\/\/compuviper.mx\/tienda\/productos\/\"},{\"@type\":\"ListItem\",\"position\":3,\"name\":\"Energia\",\"item\":\"https:\/\/compuviper.mx\/tienda\/categoria-producto\/energia\/\"},{\"@type\":\"ListItem\",\"position\":4,\"name\":\"Regulador\",\"item\":\"https:\/\/compuviper.mx\/tienda\/categoria-producto\/energia\/regulador\/\"},{\"@type\":\"ListItem\",\"position\":5,\"name\":\"Sola Basic Isb Xl-22-310 Regulador Electronico De Voltaje Xellence 10 000, 2 Fases 220vca + &#8211; 5%\"}]},{\"@type\":\"WebSite\",\"@id\":\"https:\/\/compuviper.mx\/tienda\/#website\",\"url\":\"https:\/\/compuviper.mx\/tienda\/\",\"name\":\"Compuviper\",\"description\":\"Proveedor de Computadoras, Laptops, Servidores, Monitores, Puntos de Venta, Teclados,   Impresoras, T\u00f3ner, C\u00e1maras de Seguridad y m\u00e1s en tu tienda en l\u00ednea\",\"publisher\":{\"@id\":\"https:\/\/compuviper.mx\/tienda\/#organization\"},\"potentialAction\":[{\"@type\":\"SearchAction\",\"target\":{\"@type\":\"EntryPoint\",\"urlTemplate\":\"https:\/\/compuviper.mx\/tienda\/?s={search_term_string}\"},\"query-input\":\"required name=search_term_string\"}],\"inLanguage\":\"es-MX\"},{\"@type\":\"Organization\",\"@id\":\"https:\/\/compuviper.mx\/tienda\/#organization\",\"name\":\"Compuviper\",\"url\":\"https:\/\/compuviper.mx\/tienda\/\",\"logo\":{\"@type\":\"ImageObject\",\"inLanguage\":\"es-MX\",\"@id\":\"https:\/\/compuviper.mx\/tienda\/#\/schema\/logo\/image\/\",\"url\":\"https:\/\/compuviper.mx\/tienda\/wp-content\/uploads\/2021\/08\/Logo-Compuviper-10.png\",\"contentUrl\":\"https:\/\/compuviper.mx\/tienda\/wp-content\/uploads\/2021\/08\/Logo-Compuviper-10.png\",\"width\":1000,\"height\":500,\"caption\":\"Compuviper\"},\"image\":{\"@id\":\"https:\/\/compuviper.mx\/tienda\/#\/schema\/logo\/image\/\"},\"sameAs\":[\"https:\/\/www.facebook.com\/compuviper\",\"https:\/\/www.youtube.com\/channel\/UCf73dERp9Y3cfOq7q8BhLjA?view_as=subscriber\"]}]}<\/script>\n<meta property=\"product:brand\" content=\"SOLA BASIC ISB\" \/>\n<meta property=\"product:price:amount\" content=\"16929\" \/>\n<meta property=\"product:price:currency\" content=\"MXN\" \/>\n<meta property=\"og:availability\" content=\"backorder\" \/>\n<meta property=\"product:availability\" content=\"available for order\" \/>\n<meta property=\"product:retailer_item_id\" content=\"XL-22-310\" \/>\n<meta property=\"product:condition\" content=\"new\" \/>\n<!-- \/ Yoast SEO plugin. -->","yoast_head_json":{"title":"[ Sola Basic Isb ] &#129351; Xl-22-310 Regulador Electronico De Voltaje Xellence 10 000, 2 Fases 220vca + - 5%","description":"Compra Xl-22-310 Regulador Electronico De Voltaje Xellence 10 000, 2 Fases 220vca + - 5% + Env\u00edo a domicilio + Pago seguro + Garant\u00eda","robots":{"index":"index","follow":"follow","max-snippet":"max-snippet:-1","max-image-preview":"max-image-preview:large","max-video-preview":"max-video-preview:-1"},"canonical":"https:\/\/compuviper.mx\/tienda\/producto\/sola-basic-isb-xl-22-310-regulador-electronico-de-voltaje-xellence-10-000-2-fases-220vca-5\/","og_locale":"es_MX","og_type":"article","og_title":"[ Sola Basic Isb ] &#129351; Xl-22-310 Regulador Electronico De Voltaje Xellence 10 000, 2 Fases 220vca + - 5%","og_description":"Compra Xl-22-310 Regulador Electronico De Voltaje Xellence 10 000, 2 Fases 220vca + - 5% + Env\u00edo a domicilio + Pago seguro + Garant\u00eda","og_url":"https:\/\/compuviper.mx\/tienda\/producto\/sola-basic-isb-xl-22-310-regulador-electronico-de-voltaje-xellence-10-000-2-fases-220vca-5\/","og_site_name":"Compuviper","article_publisher":"https:\/\/www.facebook.com\/compuviper","og_image":[{"width":200,"height":200,"url":"https:\/\/compuviper.mx\/tienda\/wp-content\/uploads\/2023\/12\/Regulador-electronico-de-voltaje-sola-basic-isb-xellence-10-000-2-fases-220vca-5.jpg","type":"image\/jpeg"}],"twitter_card":"summary_large_image","twitter_misc":{"Precio":"&#36;16,929 con IVA","Availability":"On backorder"},"schema":{"@context":"https:\/\/schema.org","@graph":[{"@type":"WebPage","@id":"https:\/\/compuviper.mx\/tienda\/producto\/sola-basic-isb-xl-22-310-regulador-electronico-de-voltaje-xellence-10-000-2-fases-220vca-5\/","url":"https:\/\/compuviper.mx\/tienda\/producto\/sola-basic-isb-xl-22-310-regulador-electronico-de-voltaje-xellence-10-000-2-fases-220vca-5\/","name":"[ Sola Basic Isb ] &#129351; Xl-22-310 Regulador Electronico De Voltaje Xellence 10 000, 2 Fases 220vca + - 5%","isPartOf":{"@id":"https:\/\/compuviper.mx\/tienda\/#website"},"datePublished":"2026-04-02T07:55:40+00:00","dateModified":"2026-04-02T07:55:40+00:00","description":"Compra Xl-22-310 Regulador Electronico De Voltaje Xellence 10 000, 2 Fases 220vca + - 5% + Env\u00edo a domicilio + Pago seguro + Garant\u00eda","breadcrumb":{"@id":"https:\/\/compuviper.mx\/tienda\/producto\/sola-basic-isb-xl-22-310-regulador-electronico-de-voltaje-xellence-10-000-2-fases-220vca-5\/#breadcrumb"},"inLanguage":"es-MX","potentialAction":[{"@type":"ReadAction","target":["https:\/\/compuviper.mx\/tienda\/producto\/sola-basic-isb-xl-22-310-regulador-electronico-de-voltaje-xellence-10-000-2-fases-220vca-5\/"]}]},{"@type":"BreadcrumbList","@id":"https:\/\/compuviper.mx\/tienda\/producto\/sola-basic-isb-xl-22-310-regulador-electronico-de-voltaje-xellence-10-000-2-fases-220vca-5\/#breadcrumb","itemListElement":[{"@type":"ListItem","position":1,"name":"Inicio","item":"https:\/\/compuviper.mx\/tienda\/"},{"@type":"ListItem","position":2,"name":"Productos","item":"https:\/\/compuviper.mx\/tienda\/productos\/"},{"@type":"ListItem","position":3,"name":"Energia","item":"https:\/\/compuviper.mx\/tienda\/categoria-producto\/energia\/"},{"@type":"ListItem","position":4,"name":"Regulador","item":"https:\/\/compuviper.mx\/tienda\/categoria-producto\/energia\/regulador\/"},{"@type":"ListItem","position":5,"name":"Sola Basic Isb Xl-22-310 Regulador Electronico De Voltaje Xellence 10 000, 2 Fases 220vca + &#8211; 5%"}]},{"@type":"WebSite","@id":"https:\/\/compuviper.mx\/tienda\/#website","url":"https:\/\/compuviper.mx\/tienda\/","name":"Compuviper","description":"Proveedor de Computadoras, Laptops, Servidores, Monitores, Puntos de Venta, Teclados,   Impresoras, T\u00f3ner, C\u00e1maras de Seguridad y m\u00e1s en tu tienda en l\u00ednea","publisher":{"@id":"https:\/\/compuviper.mx\/tienda\/#organization"},"potentialAction":[{"@type":"SearchAction","target":{"@type":"EntryPoint","urlTemplate":"https:\/\/compuviper.mx\/tienda\/?s={search_term_string}"},"query-input":"required name=search_term_string"}],"inLanguage":"es-MX"},{"@type":"Organization","@id":"https:\/\/compuviper.mx\/tienda\/#organization","name":"Compuviper","url":"https:\/\/compuviper.mx\/tienda\/","logo":{"@type":"ImageObject","inLanguage":"es-MX","@id":"https:\/\/compuviper.mx\/tienda\/#\/schema\/logo\/image\/","url":"https:\/\/compuviper.mx\/tienda\/wp-content\/uploads\/2021\/08\/Logo-Compuviper-10.png","contentUrl":"https:\/\/compuviper.mx\/tienda\/wp-content\/uploads\/2021\/08\/Logo-Compuviper-10.png","width":1000,"height":500,"caption":"Compuviper"},"image":{"@id":"https:\/\/compuviper.mx\/tienda\/#\/schema\/logo\/image\/"},"sameAs":["https:\/\/www.facebook.com\/compuviper","https:\/\/www.youtube.com\/channel\/UCf73dERp9Y3cfOq7q8BhLjA?view_as=subscriber"]}]},"product_brand":"SOLA BASIC ISB","product_price_amount":"16929","product_price_currency":"MXN","og_availability":"backorder","product_availability":"available for order","product_retailer_item_id":"XL-22-310","product_condition":"new"},"_links":{"self":[{"href":"https:\/\/compuviper.mx\/tienda\/wp-json\/wp\/v2\/product\/224841"}],"collection":[{"href":"https:\/\/compuviper.mx\/tienda\/wp-json\/wp\/v2\/product"}],"about":[{"href":"https:\/\/compuviper.mx\/tienda\/wp-json\/wp\/v2\/types\/product"}],"replies":[{"embeddable":true,"href":"https:\/\/compuviper.mx\/tienda\/wp-json\/wp\/v2\/comments?post=224841"}],"wp:featuredmedia":[{"embeddable":true,"href":"https:\/\/compuviper.mx\/tienda\/wp-json\/wp\/v2\/media\/224842"}],"wp:attachment":[{"href":"https:\/\/compuviper.mx\/tienda\/wp-json\/wp\/v2\/media?parent=224841"}],"wp:term":[{"taxonomy":"product_cat","embeddable":true,"href":"https:\/\/compuviper.mx\/tienda\/wp-json\/wp\/v2\/product_cat?post=224841"},{"taxonomy":"product_tag","embeddable":true,"href":"https:\/\/compuviper.mx\/tienda\/wp-json\/wp\/v2\/product_tag?post=224841"}],"curies":[{"name":"wp","href":"https:\/\/api.w.org\/{rel}","templated":true}]}}