{"id":224837,"date":"2026-04-07T01:48:46","date_gmt":"2026-04-07T07:48:46","guid":{"rendered":"https:\/\/compuviper.mx\/tienda\/producto\/sola-basic-isb-23-13-125-regulador-cvh-250-va-ferroresonante-1-fase-120-vca-1\/"},"modified":"2026-04-07T01:48:46","modified_gmt":"2026-04-07T07:48:46","slug":"sola-basic-isb-23-13-125-regulador-cvh-250-va-ferroresonante-1-fase-120-vca-1","status":"publish","type":"product","link":"https:\/\/compuviper.mx\/tienda\/producto\/sola-basic-isb-23-13-125-regulador-cvh-250-va-ferroresonante-1-fase-120-vca-1\/","title":{"rendered":"Sola Basic Isb 23-13-125 Regulador  Cvh , 250 Va, Ferroresonante 1 Fase 120 Vca +\/- 1%"},"content":{"rendered":"<table class=\"descripcion\">\n<tr>\n<td>Entrada: tensi\u00f3n 127 v~ +10% -25%, sistema 2 hilos y tierra para sistemas monof\u00e1sicos frecuencia: 60 \u00b1 3 hz factor de potencia: 0.90 m\u00ednimo a plena carga y a tensi\u00f3n nominal. eficiencia: 0.90 m\u00ednimo a plena carga y a tensi\u00f3n nominal. salida: tensi\u00f3n 120 v~ \u00b1 1%, 2 receptaculos polarizados tipo nema 5-15r y regulaci\u00f3n para las variaciones de tensi\u00f3n y frecuencia arriba indicadas y de 0 a 100% de carga. rechazo al ruido: modo com\u00fan modo transverso a) tipo computadora:   120 db   60 db , clavija tipo nema 5-15p cuenta con interruptor de encendido. caracter\u00edsticas fisicas gabinete metalico en l\u00e1mina de acero color arena horneado dimensiones alto, ancho, fondo en cm: 27.3 x 29 x 42.5 peso: 42 kg caracter\u00edsticas ambientales temperatura ambiente de operaci\u00f3n -20\u00b0 a 50 \u00b0 c temperatura de almacenamiento: 20\u00b0 a 70 \u00b0 c humeadad relativa: sin condensaci\u00f3n) 20% a 80 % altura m\u00e1xima de operaci\u00f3n 2 500 m s.n.m.  reguladores ferrosonantes monfasicos con tension de salida a 120v~ \u00b1 1%<\/td>\n<\/tr>\n<\/table>\n","protected":false},"excerpt":{"rendered":"<p>Protecci\u00f3n contra sobrecarga debido a la naturaleza ferro-resonante del regulador, la corriente de salida se autolimita protegiendo a la unidad de da\u00f1os internos y haciendo innecesarias protecciones adicionales tales como fusibles e interruptores termomagn\u00e9ticos. En caso de corto circuito, la corriente de salida se limita al 125 &#8211; 200% de su valor nominal. El regulador puede operar en esta condicion por tiempo indefinido sin sufrir da\u00f1o alguno. La simplicidad de su construcci\u00f3n y la no utilizaci\u00f3n de partes m\u00f3viles dan lugar a unidades altamente confiables bajo las condiciones m\u00e1s adversas de trabajo. Protecci\u00f3n total de la carga el dise\u00f1o de este tipo de reguladores es tal, que por ning\u00fan motivo puede entregar tensiones de salida superiores a la nominal. Esto cubre inclusive una falla interna en el regulador.<\/p>\n","protected":false},"featured_media":224838,"comment_status":"open","ping_status":"open","template":"","meta":[],"product_cat":[1508,1802],"product_tag":[1696],"acf":[],"yoast_head":"<!-- This site is optimized with the Yoast SEO plugin v21.7 - https:\/\/yoast.com\/wordpress\/plugins\/seo\/ -->\n<title>[ Sola Basic Isb ] &#129351; 23-13-125 Regulador Cvh , 250 Va, Ferroresonante 1 Fase 120 Vca +\/- 1%<\/title>\n<meta name=\"description\" content=\"Compra 23-13-125 Regulador Cvh , 250 Va, Ferroresonante 1 Fase 120 Vca +\/- 1% + Env\u00edo a domicilio + Pago seguro + Garant\u00eda\" \/>\n<meta name=\"robots\" content=\"index, follow, max-snippet:-1, max-image-preview:large, max-video-preview:-1\" \/>\n<link rel=\"canonical\" href=\"https:\/\/compuviper.mx\/tienda\/producto\/sola-basic-isb-23-13-125-regulador-cvh-250-va-ferroresonante-1-fase-120-vca-1\/\" \/>\n<meta property=\"og:locale\" content=\"es_MX\" \/>\n<meta property=\"og:type\" content=\"article\" \/>\n<meta property=\"og:title\" content=\"[ Sola Basic Isb ] &#129351; 23-13-125 Regulador Cvh , 250 Va, Ferroresonante 1 Fase 120 Vca +\/- 1%\" \/>\n<meta property=\"og:description\" content=\"Compra 23-13-125 Regulador Cvh , 250 Va, Ferroresonante 1 Fase 120 Vca +\/- 1% + Env\u00edo a domicilio + Pago seguro + Garant\u00eda\" \/>\n<meta property=\"og:url\" content=\"https:\/\/compuviper.mx\/tienda\/producto\/sola-basic-isb-23-13-125-regulador-cvh-250-va-ferroresonante-1-fase-120-vca-1\/\" \/>\n<meta property=\"og:site_name\" content=\"Compuviper\" \/>\n<meta property=\"article:publisher\" content=\"https:\/\/www.facebook.com\/compuviper\" \/>\n<meta property=\"og:image\" content=\"https:\/\/compuviper.mx\/tienda\/wp-content\/uploads\/2023\/12\/Regulador-sola-basic-isb-cvh-23-13-125-250-va-ferroresonante-1-fase-120-vca-1.jpg\" \/>\n\t<meta property=\"og:image:width\" content=\"200\" \/>\n\t<meta property=\"og:image:height\" content=\"200\" \/>\n\t<meta property=\"og:image:type\" content=\"image\/jpeg\" \/>\n<meta name=\"twitter:card\" content=\"summary_large_image\" \/>\n<meta name=\"twitter:label1\" content=\"Precio\" \/>\n\t<meta name=\"twitter:data1\" content=\"&#36;3,168 con IVA\" \/>\n\t<meta name=\"twitter:label2\" content=\"Availability\" \/>\n\t<meta name=\"twitter:data2\" content=\"On backorder\" \/>\n<script type=\"application\/ld+json\" class=\"yoast-schema-graph\">{\"@context\":\"https:\/\/schema.org\",\"@graph\":[{\"@type\":\"WebPage\",\"@id\":\"https:\/\/compuviper.mx\/tienda\/producto\/sola-basic-isb-23-13-125-regulador-cvh-250-va-ferroresonante-1-fase-120-vca-1\/\",\"url\":\"https:\/\/compuviper.mx\/tienda\/producto\/sola-basic-isb-23-13-125-regulador-cvh-250-va-ferroresonante-1-fase-120-vca-1\/\",\"name\":\"[ Sola Basic Isb ] &#129351; 23-13-125 Regulador Cvh , 250 Va, Ferroresonante 1 Fase 120 Vca +\/- 1%\",\"isPartOf\":{\"@id\":\"https:\/\/compuviper.mx\/tienda\/#website\"},\"datePublished\":\"2026-04-07T07:48:46+00:00\",\"dateModified\":\"2026-04-07T07:48:46+00:00\",\"description\":\"Compra 23-13-125 Regulador Cvh , 250 Va, Ferroresonante 1 Fase 120 Vca +\/- 1% + Env\u00edo a domicilio + Pago seguro + Garant\u00eda\",\"breadcrumb\":{\"@id\":\"https:\/\/compuviper.mx\/tienda\/producto\/sola-basic-isb-23-13-125-regulador-cvh-250-va-ferroresonante-1-fase-120-vca-1\/#breadcrumb\"},\"inLanguage\":\"es-MX\",\"potentialAction\":[{\"@type\":\"ReadAction\",\"target\":[\"https:\/\/compuviper.mx\/tienda\/producto\/sola-basic-isb-23-13-125-regulador-cvh-250-va-ferroresonante-1-fase-120-vca-1\/\"]}]},{\"@type\":\"BreadcrumbList\",\"@id\":\"https:\/\/compuviper.mx\/tienda\/producto\/sola-basic-isb-23-13-125-regulador-cvh-250-va-ferroresonante-1-fase-120-vca-1\/#breadcrumb\",\"itemListElement\":[{\"@type\":\"ListItem\",\"position\":1,\"name\":\"Inicio\",\"item\":\"https:\/\/compuviper.mx\/tienda\/\"},{\"@type\":\"ListItem\",\"position\":2,\"name\":\"Productos\",\"item\":\"https:\/\/compuviper.mx\/tienda\/productos\/\"},{\"@type\":\"ListItem\",\"position\":3,\"name\":\"Energia\",\"item\":\"https:\/\/compuviper.mx\/tienda\/categoria-producto\/energia\/\"},{\"@type\":\"ListItem\",\"position\":4,\"name\":\"Regulador\",\"item\":\"https:\/\/compuviper.mx\/tienda\/categoria-producto\/energia\/regulador\/\"},{\"@type\":\"ListItem\",\"position\":5,\"name\":\"Sola Basic Isb 23-13-125 Regulador Cvh , 250 Va, Ferroresonante 1 Fase 120 Vca +\/- 1%\"}]},{\"@type\":\"WebSite\",\"@id\":\"https:\/\/compuviper.mx\/tienda\/#website\",\"url\":\"https:\/\/compuviper.mx\/tienda\/\",\"name\":\"Compuviper\",\"description\":\"Proveedor de Computadoras, Laptops, Servidores, Monitores, Puntos de Venta, Teclados,   Impresoras, T\u00f3ner, C\u00e1maras de Seguridad y m\u00e1s en tu tienda en l\u00ednea\",\"publisher\":{\"@id\":\"https:\/\/compuviper.mx\/tienda\/#organization\"},\"potentialAction\":[{\"@type\":\"SearchAction\",\"target\":{\"@type\":\"EntryPoint\",\"urlTemplate\":\"https:\/\/compuviper.mx\/tienda\/?s={search_term_string}\"},\"query-input\":\"required name=search_term_string\"}],\"inLanguage\":\"es-MX\"},{\"@type\":\"Organization\",\"@id\":\"https:\/\/compuviper.mx\/tienda\/#organization\",\"name\":\"Compuviper\",\"url\":\"https:\/\/compuviper.mx\/tienda\/\",\"logo\":{\"@type\":\"ImageObject\",\"inLanguage\":\"es-MX\",\"@id\":\"https:\/\/compuviper.mx\/tienda\/#\/schema\/logo\/image\/\",\"url\":\"https:\/\/compuviper.mx\/tienda\/wp-content\/uploads\/2021\/08\/Logo-Compuviper-10.png\",\"contentUrl\":\"https:\/\/compuviper.mx\/tienda\/wp-content\/uploads\/2021\/08\/Logo-Compuviper-10.png\",\"width\":1000,\"height\":500,\"caption\":\"Compuviper\"},\"image\":{\"@id\":\"https:\/\/compuviper.mx\/tienda\/#\/schema\/logo\/image\/\"},\"sameAs\":[\"https:\/\/www.facebook.com\/compuviper\",\"https:\/\/www.youtube.com\/channel\/UCf73dERp9Y3cfOq7q8BhLjA?view_as=subscriber\"]}]}<\/script>\n<meta property=\"product:brand\" content=\"SOLA BASIC ISB\" \/>\n<meta property=\"product:price:amount\" content=\"3168\" \/>\n<meta property=\"product:price:currency\" content=\"MXN\" \/>\n<meta property=\"og:availability\" content=\"backorder\" \/>\n<meta property=\"product:availability\" content=\"available for order\" \/>\n<meta property=\"product:retailer_item_id\" content=\"23-13-125\" \/>\n<meta property=\"product:condition\" content=\"new\" \/>\n<!-- \/ Yoast SEO plugin. -->","yoast_head_json":{"title":"[ Sola Basic Isb ] &#129351; 23-13-125 Regulador Cvh , 250 Va, Ferroresonante 1 Fase 120 Vca +\/- 1%","description":"Compra 23-13-125 Regulador Cvh , 250 Va, Ferroresonante 1 Fase 120 Vca +\/- 1% + Env\u00edo a domicilio + Pago seguro + Garant\u00eda","robots":{"index":"index","follow":"follow","max-snippet":"max-snippet:-1","max-image-preview":"max-image-preview:large","max-video-preview":"max-video-preview:-1"},"canonical":"https:\/\/compuviper.mx\/tienda\/producto\/sola-basic-isb-23-13-125-regulador-cvh-250-va-ferroresonante-1-fase-120-vca-1\/","og_locale":"es_MX","og_type":"article","og_title":"[ Sola Basic Isb ] &#129351; 23-13-125 Regulador Cvh , 250 Va, Ferroresonante 1 Fase 120 Vca +\/- 1%","og_description":"Compra 23-13-125 Regulador Cvh , 250 Va, Ferroresonante 1 Fase 120 Vca +\/- 1% + Env\u00edo a domicilio + Pago seguro + Garant\u00eda","og_url":"https:\/\/compuviper.mx\/tienda\/producto\/sola-basic-isb-23-13-125-regulador-cvh-250-va-ferroresonante-1-fase-120-vca-1\/","og_site_name":"Compuviper","article_publisher":"https:\/\/www.facebook.com\/compuviper","og_image":[{"width":200,"height":200,"url":"https:\/\/compuviper.mx\/tienda\/wp-content\/uploads\/2023\/12\/Regulador-sola-basic-isb-cvh-23-13-125-250-va-ferroresonante-1-fase-120-vca-1.jpg","type":"image\/jpeg"}],"twitter_card":"summary_large_image","twitter_misc":{"Precio":"&#36;3,168 con IVA","Availability":"On backorder"},"schema":{"@context":"https:\/\/schema.org","@graph":[{"@type":"WebPage","@id":"https:\/\/compuviper.mx\/tienda\/producto\/sola-basic-isb-23-13-125-regulador-cvh-250-va-ferroresonante-1-fase-120-vca-1\/","url":"https:\/\/compuviper.mx\/tienda\/producto\/sola-basic-isb-23-13-125-regulador-cvh-250-va-ferroresonante-1-fase-120-vca-1\/","name":"[ Sola Basic Isb ] &#129351; 23-13-125 Regulador Cvh , 250 Va, Ferroresonante 1 Fase 120 Vca +\/- 1%","isPartOf":{"@id":"https:\/\/compuviper.mx\/tienda\/#website"},"datePublished":"2026-04-07T07:48:46+00:00","dateModified":"2026-04-07T07:48:46+00:00","description":"Compra 23-13-125 Regulador Cvh , 250 Va, Ferroresonante 1 Fase 120 Vca +\/- 1% + Env\u00edo a domicilio + Pago seguro + Garant\u00eda","breadcrumb":{"@id":"https:\/\/compuviper.mx\/tienda\/producto\/sola-basic-isb-23-13-125-regulador-cvh-250-va-ferroresonante-1-fase-120-vca-1\/#breadcrumb"},"inLanguage":"es-MX","potentialAction":[{"@type":"ReadAction","target":["https:\/\/compuviper.mx\/tienda\/producto\/sola-basic-isb-23-13-125-regulador-cvh-250-va-ferroresonante-1-fase-120-vca-1\/"]}]},{"@type":"BreadcrumbList","@id":"https:\/\/compuviper.mx\/tienda\/producto\/sola-basic-isb-23-13-125-regulador-cvh-250-va-ferroresonante-1-fase-120-vca-1\/#breadcrumb","itemListElement":[{"@type":"ListItem","position":1,"name":"Inicio","item":"https:\/\/compuviper.mx\/tienda\/"},{"@type":"ListItem","position":2,"name":"Productos","item":"https:\/\/compuviper.mx\/tienda\/productos\/"},{"@type":"ListItem","position":3,"name":"Energia","item":"https:\/\/compuviper.mx\/tienda\/categoria-producto\/energia\/"},{"@type":"ListItem","position":4,"name":"Regulador","item":"https:\/\/compuviper.mx\/tienda\/categoria-producto\/energia\/regulador\/"},{"@type":"ListItem","position":5,"name":"Sola Basic Isb 23-13-125 Regulador Cvh , 250 Va, Ferroresonante 1 Fase 120 Vca +\/- 1%"}]},{"@type":"WebSite","@id":"https:\/\/compuviper.mx\/tienda\/#website","url":"https:\/\/compuviper.mx\/tienda\/","name":"Compuviper","description":"Proveedor de Computadoras, Laptops, Servidores, Monitores, Puntos de Venta, Teclados,   Impresoras, T\u00f3ner, C\u00e1maras de Seguridad y m\u00e1s en tu tienda en l\u00ednea","publisher":{"@id":"https:\/\/compuviper.mx\/tienda\/#organization"},"potentialAction":[{"@type":"SearchAction","target":{"@type":"EntryPoint","urlTemplate":"https:\/\/compuviper.mx\/tienda\/?s={search_term_string}"},"query-input":"required name=search_term_string"}],"inLanguage":"es-MX"},{"@type":"Organization","@id":"https:\/\/compuviper.mx\/tienda\/#organization","name":"Compuviper","url":"https:\/\/compuviper.mx\/tienda\/","logo":{"@type":"ImageObject","inLanguage":"es-MX","@id":"https:\/\/compuviper.mx\/tienda\/#\/schema\/logo\/image\/","url":"https:\/\/compuviper.mx\/tienda\/wp-content\/uploads\/2021\/08\/Logo-Compuviper-10.png","contentUrl":"https:\/\/compuviper.mx\/tienda\/wp-content\/uploads\/2021\/08\/Logo-Compuviper-10.png","width":1000,"height":500,"caption":"Compuviper"},"image":{"@id":"https:\/\/compuviper.mx\/tienda\/#\/schema\/logo\/image\/"},"sameAs":["https:\/\/www.facebook.com\/compuviper","https:\/\/www.youtube.com\/channel\/UCf73dERp9Y3cfOq7q8BhLjA?view_as=subscriber"]}]},"product_brand":"SOLA BASIC ISB","product_price_amount":"3168","product_price_currency":"MXN","og_availability":"backorder","product_availability":"available for order","product_retailer_item_id":"23-13-125","product_condition":"new"},"_links":{"self":[{"href":"https:\/\/compuviper.mx\/tienda\/wp-json\/wp\/v2\/product\/224837"}],"collection":[{"href":"https:\/\/compuviper.mx\/tienda\/wp-json\/wp\/v2\/product"}],"about":[{"href":"https:\/\/compuviper.mx\/tienda\/wp-json\/wp\/v2\/types\/product"}],"replies":[{"embeddable":true,"href":"https:\/\/compuviper.mx\/tienda\/wp-json\/wp\/v2\/comments?post=224837"}],"wp:featuredmedia":[{"embeddable":true,"href":"https:\/\/compuviper.mx\/tienda\/wp-json\/wp\/v2\/media\/224838"}],"wp:attachment":[{"href":"https:\/\/compuviper.mx\/tienda\/wp-json\/wp\/v2\/media?parent=224837"}],"wp:term":[{"taxonomy":"product_cat","embeddable":true,"href":"https:\/\/compuviper.mx\/tienda\/wp-json\/wp\/v2\/product_cat?post=224837"},{"taxonomy":"product_tag","embeddable":true,"href":"https:\/\/compuviper.mx\/tienda\/wp-json\/wp\/v2\/product_tag?post=224837"}],"curies":[{"name":"wp","href":"https:\/\/api.w.org\/{rel}","templated":true}]}}