{"id":224833,"date":"2026-04-25T01:47:24","date_gmt":"2026-04-25T07:47:24","guid":{"rendered":"https:\/\/compuviper.mx\/tienda\/producto\/sola-basic-isb-xl-38-22-330-regulador-electronico-de-voltaje-solabasic-isb-xellence-30000v-3-fases-220-v-5\/"},"modified":"2026-04-25T01:47:24","modified_gmt":"2026-04-25T07:47:24","slug":"sola-basic-isb-xl-38-22-330-regulador-electronico-de-voltaje-solabasic-isb-xellence-30000v-3-fases-220-v-5","status":"publish","type":"product","link":"https:\/\/compuviper.mx\/tienda\/producto\/sola-basic-isb-xl-38-22-330-regulador-electronico-de-voltaje-solabasic-isb-xellence-30000v-3-fases-220-v-5\/","title":{"rendered":"Sola Basic Isb Xl 38-22-330 Regulador Electronico De Voltaje Solabasic Isb Xellence 30000v 3 Fases 220 V +-5%"},"content":{"rendered":"<table class=\"descripcion\">\n<tr>\n<td>Caracteristicas electricas<\/td>\n<\/tr>\n<tr>\n<td>Entrada: voltaje de linea nominal: 220y127 v 3n trifasico mas neutro y tierra fisica, rango de voltaje de linea: 156-256\/90-147v 3n  16-29, corriente maxima: 112 a por fase, frecuencia 60- 3 hz, factor de potencia: 0.98 minimo, eficiencia: 99, sistema: trifasico  4 hilos mas tierra  f-f-f-neutro-tierra, protecciones:interruptor termomagnetico 3 polos de 125 a contra sobre cargas prolongadas y\/o corto circuito.<\/td>\n<\/tr>\n<tr>\n<td>Salida: tension nominal: 220y127 v 3n, regulacion de tencion:-5, capacidad 30000 va, corriente maxima: 83.4 apor fase, sobrecarga: 120  durante 1 hr max., 200 durante 20 seg., max., 400  durante 10 ciclos max, supresor de sobre tensiones transitorias: tanto en modo comun como en modo transverso, proteccion total de 300 joules 9000 a\/650 v max sujecion, sistema: monofasico 4 hilos mas tierra  f-f-f-neutro-tierra<\/td>\n<\/tr>\n<tr>\n<td>Caracteristicas mecanicas<\/td>\n<\/tr>\n<tr>\n<td>Panel frontal con indicadores luminosos  un grupo por cada fase: regulando linea baja: linea normal:regulando linea alta, modo de control operando, voltaje de salida presente, panel posterior: tablilla de conexiones para linea-carga, interruptor termomagnetico de encendido-apagado y proteccion contra sobrecargas prolongadas y\/o corto circuito, 3 receptaculos de salida, uno por fase, tipo nema 5-15r, 2 chiqueadores para soportar los ductos de cableado de la instalacion del equipo, gabinete tipo nema-1, metalico de gran robustez, tipo autosoportado, al ser portatil se puede instalar practicamente en cualquier lugar en acabado con pintura electrostatica color arena, esta provisto de ruedas este regulador es para servicio interior: importante este equipo no debe operar sin el neutro de la linea, garantia 2 aos<\/td>\n<\/tr>\n<tr>\n<td>Peso y dimenciones: peso 125.0 kg, ancho 38,0 cm, fondo 50,0 cm, altura 68,5 cm<\/td>\n<\/tr>\n<\/table>\n","protected":false},"excerpt":{"rendered":"<p>El regulador  electronico de voltaje  xellence 30000 de sola basic es un producto que conjuga la robustez de un transformador de potencia tipo autotransformador con la muy alta precision y velocidad de un circuito de control operado con microcontrolador  ultima generacion de micropocesadores, originando con todo ello, un equipo que puede operar ininterrumpidamente y que no requiere mantenimiento.<\/p>\n","protected":false},"featured_media":224834,"comment_status":"open","ping_status":"open","template":"","meta":[],"product_cat":[1508,1802],"product_tag":[1696],"acf":[],"yoast_head":"<!-- This site is optimized with the Yoast SEO plugin v21.7 - https:\/\/yoast.com\/wordpress\/plugins\/seo\/ -->\n<title>[ Sola Basic Isb ] &#129351; Xl 38-22-330 Regulador Electronico De Voltaje Solabasic Isb Xellence 30000v 3 Fases 220 V +-5%<\/title>\n<meta name=\"description\" content=\"Compra Xl 38-22-330 Regulador Electronico De Voltaje Solabasic Isb Xellence 30000v 3 Fases 220 V +-5% + Env\u00edo a domicilio + Pago seguro + Garant\u00eda\" \/>\n<meta name=\"robots\" content=\"index, follow, max-snippet:-1, max-image-preview:large, max-video-preview:-1\" \/>\n<link rel=\"canonical\" href=\"https:\/\/compuviper.mx\/tienda\/producto\/sola-basic-isb-xl-38-22-330-regulador-electronico-de-voltaje-solabasic-isb-xellence-30000v-3-fases-220-v-5\/\" \/>\n<meta property=\"og:locale\" content=\"es_MX\" \/>\n<meta property=\"og:type\" content=\"article\" \/>\n<meta property=\"og:title\" content=\"[ Sola Basic Isb ] &#129351; Xl 38-22-330 Regulador Electronico De Voltaje Solabasic Isb Xellence 30000v 3 Fases 220 V +-5%\" \/>\n<meta property=\"og:description\" content=\"Compra Xl 38-22-330 Regulador Electronico De Voltaje Solabasic Isb Xellence 30000v 3 Fases 220 V +-5% + Env\u00edo a domicilio + Pago seguro + Garant\u00eda\" \/>\n<meta property=\"og:url\" content=\"https:\/\/compuviper.mx\/tienda\/producto\/sola-basic-isb-xl-38-22-330-regulador-electronico-de-voltaje-solabasic-isb-xellence-30000v-3-fases-220-v-5\/\" \/>\n<meta property=\"og:site_name\" content=\"Compuviper\" \/>\n<meta property=\"article:publisher\" content=\"https:\/\/www.facebook.com\/compuviper\" \/>\n<meta property=\"og:image\" content=\"https:\/\/compuviper.mx\/tienda\/wp-content\/uploads\/2023\/12\/Regulador-electronico-de-voltaje-solabasic-isb-xellence-30000v-3-fases-220-v-5.jpg\" \/>\n\t<meta property=\"og:image:width\" content=\"200\" \/>\n\t<meta property=\"og:image:height\" content=\"200\" \/>\n\t<meta property=\"og:image:type\" content=\"image\/jpeg\" \/>\n<meta name=\"twitter:card\" content=\"summary_large_image\" \/>\n<meta name=\"twitter:label1\" content=\"Precio\" \/>\n\t<meta name=\"twitter:data1\" content=\"&#36;50,350 con IVA\" \/>\n\t<meta name=\"twitter:label2\" content=\"Availability\" \/>\n\t<meta name=\"twitter:data2\" content=\"On backorder\" \/>\n<script type=\"application\/ld+json\" class=\"yoast-schema-graph\">{\"@context\":\"https:\/\/schema.org\",\"@graph\":[{\"@type\":\"WebPage\",\"@id\":\"https:\/\/compuviper.mx\/tienda\/producto\/sola-basic-isb-xl-38-22-330-regulador-electronico-de-voltaje-solabasic-isb-xellence-30000v-3-fases-220-v-5\/\",\"url\":\"https:\/\/compuviper.mx\/tienda\/producto\/sola-basic-isb-xl-38-22-330-regulador-electronico-de-voltaje-solabasic-isb-xellence-30000v-3-fases-220-v-5\/\",\"name\":\"[ Sola Basic Isb ] &#129351; Xl 38-22-330 Regulador Electronico De Voltaje Solabasic Isb Xellence 30000v 3 Fases 220 V +-5%\",\"isPartOf\":{\"@id\":\"https:\/\/compuviper.mx\/tienda\/#website\"},\"datePublished\":\"2026-04-25T07:47:24+00:00\",\"dateModified\":\"2026-04-25T07:47:24+00:00\",\"description\":\"Compra Xl 38-22-330 Regulador Electronico De Voltaje Solabasic Isb Xellence 30000v 3 Fases 220 V +-5% + Env\u00edo a domicilio + Pago seguro + Garant\u00eda\",\"breadcrumb\":{\"@id\":\"https:\/\/compuviper.mx\/tienda\/producto\/sola-basic-isb-xl-38-22-330-regulador-electronico-de-voltaje-solabasic-isb-xellence-30000v-3-fases-220-v-5\/#breadcrumb\"},\"inLanguage\":\"es-MX\",\"potentialAction\":[{\"@type\":\"ReadAction\",\"target\":[\"https:\/\/compuviper.mx\/tienda\/producto\/sola-basic-isb-xl-38-22-330-regulador-electronico-de-voltaje-solabasic-isb-xellence-30000v-3-fases-220-v-5\/\"]}]},{\"@type\":\"BreadcrumbList\",\"@id\":\"https:\/\/compuviper.mx\/tienda\/producto\/sola-basic-isb-xl-38-22-330-regulador-electronico-de-voltaje-solabasic-isb-xellence-30000v-3-fases-220-v-5\/#breadcrumb\",\"itemListElement\":[{\"@type\":\"ListItem\",\"position\":1,\"name\":\"Inicio\",\"item\":\"https:\/\/compuviper.mx\/tienda\/\"},{\"@type\":\"ListItem\",\"position\":2,\"name\":\"Productos\",\"item\":\"https:\/\/compuviper.mx\/tienda\/productos\/\"},{\"@type\":\"ListItem\",\"position\":3,\"name\":\"Energia\",\"item\":\"https:\/\/compuviper.mx\/tienda\/categoria-producto\/energia\/\"},{\"@type\":\"ListItem\",\"position\":4,\"name\":\"Regulador\",\"item\":\"https:\/\/compuviper.mx\/tienda\/categoria-producto\/energia\/regulador\/\"},{\"@type\":\"ListItem\",\"position\":5,\"name\":\"Sola Basic Isb Xl 38-22-330 Regulador Electronico De Voltaje Solabasic Isb Xellence 30000v 3 Fases 220 V +-5%\"}]},{\"@type\":\"WebSite\",\"@id\":\"https:\/\/compuviper.mx\/tienda\/#website\",\"url\":\"https:\/\/compuviper.mx\/tienda\/\",\"name\":\"Compuviper\",\"description\":\"Proveedor de Computadoras, Laptops, Servidores, Monitores, Puntos de Venta, Teclados,   Impresoras, T\u00f3ner, C\u00e1maras de Seguridad y m\u00e1s en tu tienda en l\u00ednea\",\"publisher\":{\"@id\":\"https:\/\/compuviper.mx\/tienda\/#organization\"},\"potentialAction\":[{\"@type\":\"SearchAction\",\"target\":{\"@type\":\"EntryPoint\",\"urlTemplate\":\"https:\/\/compuviper.mx\/tienda\/?s={search_term_string}\"},\"query-input\":\"required name=search_term_string\"}],\"inLanguage\":\"es-MX\"},{\"@type\":\"Organization\",\"@id\":\"https:\/\/compuviper.mx\/tienda\/#organization\",\"name\":\"Compuviper\",\"url\":\"https:\/\/compuviper.mx\/tienda\/\",\"logo\":{\"@type\":\"ImageObject\",\"inLanguage\":\"es-MX\",\"@id\":\"https:\/\/compuviper.mx\/tienda\/#\/schema\/logo\/image\/\",\"url\":\"https:\/\/compuviper.mx\/tienda\/wp-content\/uploads\/2021\/08\/Logo-Compuviper-10.png\",\"contentUrl\":\"https:\/\/compuviper.mx\/tienda\/wp-content\/uploads\/2021\/08\/Logo-Compuviper-10.png\",\"width\":1000,\"height\":500,\"caption\":\"Compuviper\"},\"image\":{\"@id\":\"https:\/\/compuviper.mx\/tienda\/#\/schema\/logo\/image\/\"},\"sameAs\":[\"https:\/\/www.facebook.com\/compuviper\",\"https:\/\/www.youtube.com\/channel\/UCf73dERp9Y3cfOq7q8BhLjA?view_as=subscriber\"]}]}<\/script>\n<meta property=\"product:brand\" content=\"SOLA BASIC ISB\" \/>\n<meta property=\"product:price:amount\" content=\"50350\" \/>\n<meta property=\"product:price:currency\" content=\"MXN\" \/>\n<meta property=\"og:availability\" content=\"backorder\" \/>\n<meta property=\"product:availability\" content=\"available for order\" \/>\n<meta property=\"product:retailer_item_id\" content=\"XL 38-22-330\" \/>\n<meta property=\"product:condition\" content=\"new\" \/>\n<!-- \/ Yoast SEO plugin. -->","yoast_head_json":{"title":"[ Sola Basic Isb ] &#129351; Xl 38-22-330 Regulador Electronico De Voltaje Solabasic Isb Xellence 30000v 3 Fases 220 V +-5%","description":"Compra Xl 38-22-330 Regulador Electronico De Voltaje Solabasic Isb Xellence 30000v 3 Fases 220 V +-5% + Env\u00edo a domicilio + Pago seguro + Garant\u00eda","robots":{"index":"index","follow":"follow","max-snippet":"max-snippet:-1","max-image-preview":"max-image-preview:large","max-video-preview":"max-video-preview:-1"},"canonical":"https:\/\/compuviper.mx\/tienda\/producto\/sola-basic-isb-xl-38-22-330-regulador-electronico-de-voltaje-solabasic-isb-xellence-30000v-3-fases-220-v-5\/","og_locale":"es_MX","og_type":"article","og_title":"[ Sola Basic Isb ] &#129351; Xl 38-22-330 Regulador Electronico De Voltaje Solabasic Isb Xellence 30000v 3 Fases 220 V +-5%","og_description":"Compra Xl 38-22-330 Regulador Electronico De Voltaje Solabasic Isb Xellence 30000v 3 Fases 220 V +-5% + Env\u00edo a domicilio + Pago seguro + Garant\u00eda","og_url":"https:\/\/compuviper.mx\/tienda\/producto\/sola-basic-isb-xl-38-22-330-regulador-electronico-de-voltaje-solabasic-isb-xellence-30000v-3-fases-220-v-5\/","og_site_name":"Compuviper","article_publisher":"https:\/\/www.facebook.com\/compuviper","og_image":[{"width":200,"height":200,"url":"https:\/\/compuviper.mx\/tienda\/wp-content\/uploads\/2023\/12\/Regulador-electronico-de-voltaje-solabasic-isb-xellence-30000v-3-fases-220-v-5.jpg","type":"image\/jpeg"}],"twitter_card":"summary_large_image","twitter_misc":{"Precio":"&#36;50,350 con IVA","Availability":"On backorder"},"schema":{"@context":"https:\/\/schema.org","@graph":[{"@type":"WebPage","@id":"https:\/\/compuviper.mx\/tienda\/producto\/sola-basic-isb-xl-38-22-330-regulador-electronico-de-voltaje-solabasic-isb-xellence-30000v-3-fases-220-v-5\/","url":"https:\/\/compuviper.mx\/tienda\/producto\/sola-basic-isb-xl-38-22-330-regulador-electronico-de-voltaje-solabasic-isb-xellence-30000v-3-fases-220-v-5\/","name":"[ Sola Basic Isb ] &#129351; Xl 38-22-330 Regulador Electronico De Voltaje Solabasic Isb Xellence 30000v 3 Fases 220 V +-5%","isPartOf":{"@id":"https:\/\/compuviper.mx\/tienda\/#website"},"datePublished":"2026-04-25T07:47:24+00:00","dateModified":"2026-04-25T07:47:24+00:00","description":"Compra Xl 38-22-330 Regulador Electronico De Voltaje Solabasic Isb Xellence 30000v 3 Fases 220 V +-5% + Env\u00edo a domicilio + Pago seguro + Garant\u00eda","breadcrumb":{"@id":"https:\/\/compuviper.mx\/tienda\/producto\/sola-basic-isb-xl-38-22-330-regulador-electronico-de-voltaje-solabasic-isb-xellence-30000v-3-fases-220-v-5\/#breadcrumb"},"inLanguage":"es-MX","potentialAction":[{"@type":"ReadAction","target":["https:\/\/compuviper.mx\/tienda\/producto\/sola-basic-isb-xl-38-22-330-regulador-electronico-de-voltaje-solabasic-isb-xellence-30000v-3-fases-220-v-5\/"]}]},{"@type":"BreadcrumbList","@id":"https:\/\/compuviper.mx\/tienda\/producto\/sola-basic-isb-xl-38-22-330-regulador-electronico-de-voltaje-solabasic-isb-xellence-30000v-3-fases-220-v-5\/#breadcrumb","itemListElement":[{"@type":"ListItem","position":1,"name":"Inicio","item":"https:\/\/compuviper.mx\/tienda\/"},{"@type":"ListItem","position":2,"name":"Productos","item":"https:\/\/compuviper.mx\/tienda\/productos\/"},{"@type":"ListItem","position":3,"name":"Energia","item":"https:\/\/compuviper.mx\/tienda\/categoria-producto\/energia\/"},{"@type":"ListItem","position":4,"name":"Regulador","item":"https:\/\/compuviper.mx\/tienda\/categoria-producto\/energia\/regulador\/"},{"@type":"ListItem","position":5,"name":"Sola Basic Isb Xl 38-22-330 Regulador Electronico De Voltaje Solabasic Isb Xellence 30000v 3 Fases 220 V +-5%"}]},{"@type":"WebSite","@id":"https:\/\/compuviper.mx\/tienda\/#website","url":"https:\/\/compuviper.mx\/tienda\/","name":"Compuviper","description":"Proveedor de Computadoras, Laptops, Servidores, Monitores, Puntos de Venta, Teclados,   Impresoras, T\u00f3ner, C\u00e1maras de Seguridad y m\u00e1s en tu tienda en l\u00ednea","publisher":{"@id":"https:\/\/compuviper.mx\/tienda\/#organization"},"potentialAction":[{"@type":"SearchAction","target":{"@type":"EntryPoint","urlTemplate":"https:\/\/compuviper.mx\/tienda\/?s={search_term_string}"},"query-input":"required name=search_term_string"}],"inLanguage":"es-MX"},{"@type":"Organization","@id":"https:\/\/compuviper.mx\/tienda\/#organization","name":"Compuviper","url":"https:\/\/compuviper.mx\/tienda\/","logo":{"@type":"ImageObject","inLanguage":"es-MX","@id":"https:\/\/compuviper.mx\/tienda\/#\/schema\/logo\/image\/","url":"https:\/\/compuviper.mx\/tienda\/wp-content\/uploads\/2021\/08\/Logo-Compuviper-10.png","contentUrl":"https:\/\/compuviper.mx\/tienda\/wp-content\/uploads\/2021\/08\/Logo-Compuviper-10.png","width":1000,"height":500,"caption":"Compuviper"},"image":{"@id":"https:\/\/compuviper.mx\/tienda\/#\/schema\/logo\/image\/"},"sameAs":["https:\/\/www.facebook.com\/compuviper","https:\/\/www.youtube.com\/channel\/UCf73dERp9Y3cfOq7q8BhLjA?view_as=subscriber"]}]},"product_brand":"SOLA BASIC ISB","product_price_amount":"50350","product_price_currency":"MXN","og_availability":"backorder","product_availability":"available for order","product_retailer_item_id":"XL 38-22-330","product_condition":"new"},"_links":{"self":[{"href":"https:\/\/compuviper.mx\/tienda\/wp-json\/wp\/v2\/product\/224833"}],"collection":[{"href":"https:\/\/compuviper.mx\/tienda\/wp-json\/wp\/v2\/product"}],"about":[{"href":"https:\/\/compuviper.mx\/tienda\/wp-json\/wp\/v2\/types\/product"}],"replies":[{"embeddable":true,"href":"https:\/\/compuviper.mx\/tienda\/wp-json\/wp\/v2\/comments?post=224833"}],"wp:featuredmedia":[{"embeddable":true,"href":"https:\/\/compuviper.mx\/tienda\/wp-json\/wp\/v2\/media\/224834"}],"wp:attachment":[{"href":"https:\/\/compuviper.mx\/tienda\/wp-json\/wp\/v2\/media?parent=224833"}],"wp:term":[{"taxonomy":"product_cat","embeddable":true,"href":"https:\/\/compuviper.mx\/tienda\/wp-json\/wp\/v2\/product_cat?post=224833"},{"taxonomy":"product_tag","embeddable":true,"href":"https:\/\/compuviper.mx\/tienda\/wp-json\/wp\/v2\/product_tag?post=224833"}],"curies":[{"name":"wp","href":"https:\/\/api.w.org\/{rel}","templated":true}]}}