{"id":224130,"date":"2026-04-02T01:47:26","date_gmt":"2026-04-02T07:47:26","guid":{"rendered":"https:\/\/compuviper.mx\/tienda\/producto\/hewlett-packard-enterprise-p21868-b21-memoria-de-unidad-de-arranque-usb-hpe-microsd-de-32-gb-raid-1\/"},"modified":"2026-04-02T01:47:26","modified_gmt":"2026-04-02T07:47:26","slug":"hewlett-packard-enterprise-p21868-b21-memoria-de-unidad-de-arranque-usb-hpe-microsd-de-32-gb-raid-1","status":"publish","type":"product","link":"https:\/\/compuviper.mx\/tienda\/producto\/hewlett-packard-enterprise-p21868-b21-memoria-de-unidad-de-arranque-usb-hpe-microsd-de-32-gb-raid-1\/","title":{"rendered":"Hewlett Packard Enterprise P21868-b21 Memoria De Unidad De Arranque Usb Hpe Microsd De 32 Gb Raid 1"},"content":{"rendered":"<table class=\"descripcion\">\n<tr>\n<td>Capacidad \u00fatil: 32 gb<\/td>\n<\/tr>\n<tr>\n<td>Rendimiento: velocidad de transferencia de lectura de m\u00e1s de 28 mb \/ s, velocidad de transferencia de escritura de m\u00e1s de 29 mb \/ s<\/td>\n<\/tr>\n<tr>\n<td>Clase: uhs i<\/td>\n<\/tr>\n<tr>\n<td>Factor de forma: microsd usb<\/td>\n<\/tr>\n<tr>\n<td>Tensi\u00f3n: 4,0 v (m\u00edn.) &#8211; 6,0 v (m\u00e1x.)<\/td>\n<\/tr>\n<tr>\n<td>Conformidad: especificaci\u00f3n usb 2.0<\/td>\n<\/tr>\n<tr>\n<td>Dimensiones m\u00ednimas (alto x ancho x fondo): 2,01 x 6,3 x 0,94 cm<\/td>\n<\/tr>\n<tr>\n<td>Peso: 0,4 kg<\/td>\n<\/tr>\n<tr>\n<td>Garant\u00eda: los kits de soportes flash hpe tienen 1 a\u00f1o de garant\u00eda limitada sin importar el per\u00edodo de garant\u00eda para el sistema en el que est\u00e1n instalados.<\/td>\n<\/tr>\n<\/table>\n","protected":false},"excerpt":{"rendered":"<p>\u00bfnecesitas una soluci\u00f3n de arranque resiliente autocontenida que no afecte a la capacidad general del almacenamiento del servidor y que no ocupe una ranura pcie? las tarjetas de memoria flash y las unidades usb de hpe han sido controladas con nand de alta resistencia de nivel empresarial para entornos en entornos ininterrumpidos de centros de datos. Mediante el uso de la mejor tecnolog\u00eda flash del sector para proporcionar un mayor nivel de rendimiento y caracter\u00edsticas de resistencia m\u00e1s altas a un nivel profesional, cada dispositivo puede someterse a rigurosas pruebas y validaciones de software para verificar el m\u00e1s alto nivel de calidad y riesgo mientras se ejecuta en los servidores hpe proliant.<\/p>\n","protected":false},"featured_media":224131,"comment_status":"open","ping_status":"open","template":"","meta":[],"product_cat":[1793,1796],"product_tag":[1568],"acf":[],"yoast_head":"<!-- This site is optimized with the Yoast SEO plugin v21.7 - https:\/\/yoast.com\/wordpress\/plugins\/seo\/ -->\n<title>[ Hewlett Packard Enterprise ] &#129351; P21868-b21 Memoria De Unidad De Arranque Usb Hpe Microsd De 32 Gb Raid 1<\/title>\n<meta name=\"description\" content=\"Compra P21868-b21 Memoria De Unidad De Arranque Usb Hpe Microsd De 32 Gb Raid 1 + Env\u00edo a domicilio + Pago seguro + Garant\u00eda\" \/>\n<meta name=\"robots\" content=\"index, follow, max-snippet:-1, max-image-preview:large, max-video-preview:-1\" \/>\n<link rel=\"canonical\" href=\"https:\/\/compuviper.mx\/tienda\/producto\/hewlett-packard-enterprise-p21868-b21-memoria-de-unidad-de-arranque-usb-hpe-microsd-de-32-gb-raid-1\/\" \/>\n<meta property=\"og:locale\" content=\"es_MX\" \/>\n<meta property=\"og:type\" content=\"article\" \/>\n<meta property=\"og:title\" content=\"[ Hewlett Packard Enterprise ] &#129351; P21868-b21 Memoria De Unidad De Arranque Usb Hpe Microsd De 32 Gb Raid 1\" \/>\n<meta property=\"og:description\" content=\"Compra P21868-b21 Memoria De Unidad De Arranque Usb Hpe Microsd De 32 Gb Raid 1 + Env\u00edo a domicilio + Pago seguro + Garant\u00eda\" \/>\n<meta property=\"og:url\" content=\"https:\/\/compuviper.mx\/tienda\/producto\/hewlett-packard-enterprise-p21868-b21-memoria-de-unidad-de-arranque-usb-hpe-microsd-de-32-gb-raid-1\/\" \/>\n<meta property=\"og:site_name\" content=\"Compuviper\" \/>\n<meta property=\"article:publisher\" content=\"https:\/\/www.facebook.com\/compuviper\" \/>\n<meta property=\"og:image\" content=\"https:\/\/compuviper.mx\/tienda\/wp-content\/uploads\/2023\/12\/Memoria-de-unidad-de-arranque-usb-hpe-microsd-de-32-gb-raid-1.jpg\" \/>\n\t<meta property=\"og:image:width\" content=\"200\" \/>\n\t<meta property=\"og:image:height\" content=\"200\" \/>\n\t<meta property=\"og:image:type\" content=\"image\/jpeg\" \/>\n<meta name=\"twitter:card\" content=\"summary_large_image\" \/>\n<meta name=\"twitter:label1\" content=\"Precio\" \/>\n\t<meta name=\"twitter:data1\" content=\"&#36;5,890 con IVA\" \/>\n\t<meta name=\"twitter:label2\" content=\"Availability\" \/>\n\t<meta name=\"twitter:data2\" content=\"On backorder\" \/>\n<script type=\"application\/ld+json\" class=\"yoast-schema-graph\">{\"@context\":\"https:\/\/schema.org\",\"@graph\":[{\"@type\":\"WebPage\",\"@id\":\"https:\/\/compuviper.mx\/tienda\/producto\/hewlett-packard-enterprise-p21868-b21-memoria-de-unidad-de-arranque-usb-hpe-microsd-de-32-gb-raid-1\/\",\"url\":\"https:\/\/compuviper.mx\/tienda\/producto\/hewlett-packard-enterprise-p21868-b21-memoria-de-unidad-de-arranque-usb-hpe-microsd-de-32-gb-raid-1\/\",\"name\":\"[ Hewlett Packard Enterprise ] &#129351; P21868-b21 Memoria De Unidad De Arranque Usb Hpe Microsd De 32 Gb Raid 1\",\"isPartOf\":{\"@id\":\"https:\/\/compuviper.mx\/tienda\/#website\"},\"datePublished\":\"2026-04-02T07:47:26+00:00\",\"dateModified\":\"2026-04-02T07:47:26+00:00\",\"description\":\"Compra P21868-b21 Memoria De Unidad De Arranque Usb Hpe Microsd De 32 Gb Raid 1 + Env\u00edo a domicilio + Pago seguro + Garant\u00eda\",\"breadcrumb\":{\"@id\":\"https:\/\/compuviper.mx\/tienda\/producto\/hewlett-packard-enterprise-p21868-b21-memoria-de-unidad-de-arranque-usb-hpe-microsd-de-32-gb-raid-1\/#breadcrumb\"},\"inLanguage\":\"es-MX\",\"potentialAction\":[{\"@type\":\"ReadAction\",\"target\":[\"https:\/\/compuviper.mx\/tienda\/producto\/hewlett-packard-enterprise-p21868-b21-memoria-de-unidad-de-arranque-usb-hpe-microsd-de-32-gb-raid-1\/\"]}]},{\"@type\":\"BreadcrumbList\",\"@id\":\"https:\/\/compuviper.mx\/tienda\/producto\/hewlett-packard-enterprise-p21868-b21-memoria-de-unidad-de-arranque-usb-hpe-microsd-de-32-gb-raid-1\/#breadcrumb\",\"itemListElement\":[{\"@type\":\"ListItem\",\"position\":1,\"name\":\"Inicio\",\"item\":\"https:\/\/compuviper.mx\/tienda\/\"},{\"@type\":\"ListItem\",\"position\":2,\"name\":\"Productos\",\"item\":\"https:\/\/compuviper.mx\/tienda\/productos\/\"},{\"@type\":\"ListItem\",\"position\":3,\"name\":\"Memorias\",\"item\":\"https:\/\/compuviper.mx\/tienda\/categoria-producto\/memorias\/\"},{\"@type\":\"ListItem\",\"position\":4,\"name\":\"Memoria Flash Usb\",\"item\":\"https:\/\/compuviper.mx\/tienda\/categoria-producto\/memorias\/memoria-flash-usb\/\"},{\"@type\":\"ListItem\",\"position\":5,\"name\":\"Hewlett Packard Enterprise P21868-b21 Memoria De Unidad De Arranque Usb Hpe Microsd De 32 Gb Raid 1\"}]},{\"@type\":\"WebSite\",\"@id\":\"https:\/\/compuviper.mx\/tienda\/#website\",\"url\":\"https:\/\/compuviper.mx\/tienda\/\",\"name\":\"Compuviper\",\"description\":\"Proveedor de Computadoras, Laptops, Servidores, Monitores, Puntos de Venta, Teclados,   Impresoras, T\u00f3ner, C\u00e1maras de Seguridad y m\u00e1s en tu tienda en l\u00ednea\",\"publisher\":{\"@id\":\"https:\/\/compuviper.mx\/tienda\/#organization\"},\"potentialAction\":[{\"@type\":\"SearchAction\",\"target\":{\"@type\":\"EntryPoint\",\"urlTemplate\":\"https:\/\/compuviper.mx\/tienda\/?s={search_term_string}\"},\"query-input\":\"required name=search_term_string\"}],\"inLanguage\":\"es-MX\"},{\"@type\":\"Organization\",\"@id\":\"https:\/\/compuviper.mx\/tienda\/#organization\",\"name\":\"Compuviper\",\"url\":\"https:\/\/compuviper.mx\/tienda\/\",\"logo\":{\"@type\":\"ImageObject\",\"inLanguage\":\"es-MX\",\"@id\":\"https:\/\/compuviper.mx\/tienda\/#\/schema\/logo\/image\/\",\"url\":\"https:\/\/compuviper.mx\/tienda\/wp-content\/uploads\/2021\/08\/Logo-Compuviper-10.png\",\"contentUrl\":\"https:\/\/compuviper.mx\/tienda\/wp-content\/uploads\/2021\/08\/Logo-Compuviper-10.png\",\"width\":1000,\"height\":500,\"caption\":\"Compuviper\"},\"image\":{\"@id\":\"https:\/\/compuviper.mx\/tienda\/#\/schema\/logo\/image\/\"},\"sameAs\":[\"https:\/\/www.facebook.com\/compuviper\",\"https:\/\/www.youtube.com\/channel\/UCf73dERp9Y3cfOq7q8BhLjA?view_as=subscriber\"]}]}<\/script>\n<meta property=\"product:brand\" content=\"HEWLETT PACKARD ENTERPRISE\" \/>\n<meta property=\"product:price:amount\" content=\"5890\" \/>\n<meta property=\"product:price:currency\" content=\"MXN\" \/>\n<meta property=\"og:availability\" content=\"backorder\" \/>\n<meta property=\"product:availability\" content=\"available for order\" \/>\n<meta property=\"product:retailer_item_id\" content=\"P21868-B21\" \/>\n<meta property=\"product:condition\" content=\"new\" \/>\n<!-- \/ Yoast SEO plugin. -->","yoast_head_json":{"title":"[ Hewlett Packard Enterprise ] &#129351; P21868-b21 Memoria De Unidad De Arranque Usb Hpe Microsd De 32 Gb Raid 1","description":"Compra P21868-b21 Memoria De Unidad De Arranque Usb Hpe Microsd De 32 Gb Raid 1 + Env\u00edo a domicilio + Pago seguro + Garant\u00eda","robots":{"index":"index","follow":"follow","max-snippet":"max-snippet:-1","max-image-preview":"max-image-preview:large","max-video-preview":"max-video-preview:-1"},"canonical":"https:\/\/compuviper.mx\/tienda\/producto\/hewlett-packard-enterprise-p21868-b21-memoria-de-unidad-de-arranque-usb-hpe-microsd-de-32-gb-raid-1\/","og_locale":"es_MX","og_type":"article","og_title":"[ Hewlett Packard Enterprise ] &#129351; P21868-b21 Memoria De Unidad De Arranque Usb Hpe Microsd De 32 Gb Raid 1","og_description":"Compra P21868-b21 Memoria De Unidad De Arranque Usb Hpe Microsd De 32 Gb Raid 1 + Env\u00edo a domicilio + Pago seguro + Garant\u00eda","og_url":"https:\/\/compuviper.mx\/tienda\/producto\/hewlett-packard-enterprise-p21868-b21-memoria-de-unidad-de-arranque-usb-hpe-microsd-de-32-gb-raid-1\/","og_site_name":"Compuviper","article_publisher":"https:\/\/www.facebook.com\/compuviper","og_image":[{"width":200,"height":200,"url":"https:\/\/compuviper.mx\/tienda\/wp-content\/uploads\/2023\/12\/Memoria-de-unidad-de-arranque-usb-hpe-microsd-de-32-gb-raid-1.jpg","type":"image\/jpeg"}],"twitter_card":"summary_large_image","twitter_misc":{"Precio":"&#36;5,890 con IVA","Availability":"On backorder"},"schema":{"@context":"https:\/\/schema.org","@graph":[{"@type":"WebPage","@id":"https:\/\/compuviper.mx\/tienda\/producto\/hewlett-packard-enterprise-p21868-b21-memoria-de-unidad-de-arranque-usb-hpe-microsd-de-32-gb-raid-1\/","url":"https:\/\/compuviper.mx\/tienda\/producto\/hewlett-packard-enterprise-p21868-b21-memoria-de-unidad-de-arranque-usb-hpe-microsd-de-32-gb-raid-1\/","name":"[ Hewlett Packard Enterprise ] &#129351; P21868-b21 Memoria De Unidad De Arranque Usb Hpe Microsd De 32 Gb Raid 1","isPartOf":{"@id":"https:\/\/compuviper.mx\/tienda\/#website"},"datePublished":"2026-04-02T07:47:26+00:00","dateModified":"2026-04-02T07:47:26+00:00","description":"Compra P21868-b21 Memoria De Unidad De Arranque Usb Hpe Microsd De 32 Gb Raid 1 + Env\u00edo a domicilio + Pago seguro + Garant\u00eda","breadcrumb":{"@id":"https:\/\/compuviper.mx\/tienda\/producto\/hewlett-packard-enterprise-p21868-b21-memoria-de-unidad-de-arranque-usb-hpe-microsd-de-32-gb-raid-1\/#breadcrumb"},"inLanguage":"es-MX","potentialAction":[{"@type":"ReadAction","target":["https:\/\/compuviper.mx\/tienda\/producto\/hewlett-packard-enterprise-p21868-b21-memoria-de-unidad-de-arranque-usb-hpe-microsd-de-32-gb-raid-1\/"]}]},{"@type":"BreadcrumbList","@id":"https:\/\/compuviper.mx\/tienda\/producto\/hewlett-packard-enterprise-p21868-b21-memoria-de-unidad-de-arranque-usb-hpe-microsd-de-32-gb-raid-1\/#breadcrumb","itemListElement":[{"@type":"ListItem","position":1,"name":"Inicio","item":"https:\/\/compuviper.mx\/tienda\/"},{"@type":"ListItem","position":2,"name":"Productos","item":"https:\/\/compuviper.mx\/tienda\/productos\/"},{"@type":"ListItem","position":3,"name":"Memorias","item":"https:\/\/compuviper.mx\/tienda\/categoria-producto\/memorias\/"},{"@type":"ListItem","position":4,"name":"Memoria Flash Usb","item":"https:\/\/compuviper.mx\/tienda\/categoria-producto\/memorias\/memoria-flash-usb\/"},{"@type":"ListItem","position":5,"name":"Hewlett Packard Enterprise P21868-b21 Memoria De Unidad De Arranque Usb Hpe Microsd De 32 Gb Raid 1"}]},{"@type":"WebSite","@id":"https:\/\/compuviper.mx\/tienda\/#website","url":"https:\/\/compuviper.mx\/tienda\/","name":"Compuviper","description":"Proveedor de Computadoras, Laptops, Servidores, Monitores, Puntos de Venta, Teclados,   Impresoras, T\u00f3ner, C\u00e1maras de Seguridad y m\u00e1s en tu tienda en l\u00ednea","publisher":{"@id":"https:\/\/compuviper.mx\/tienda\/#organization"},"potentialAction":[{"@type":"SearchAction","target":{"@type":"EntryPoint","urlTemplate":"https:\/\/compuviper.mx\/tienda\/?s={search_term_string}"},"query-input":"required name=search_term_string"}],"inLanguage":"es-MX"},{"@type":"Organization","@id":"https:\/\/compuviper.mx\/tienda\/#organization","name":"Compuviper","url":"https:\/\/compuviper.mx\/tienda\/","logo":{"@type":"ImageObject","inLanguage":"es-MX","@id":"https:\/\/compuviper.mx\/tienda\/#\/schema\/logo\/image\/","url":"https:\/\/compuviper.mx\/tienda\/wp-content\/uploads\/2021\/08\/Logo-Compuviper-10.png","contentUrl":"https:\/\/compuviper.mx\/tienda\/wp-content\/uploads\/2021\/08\/Logo-Compuviper-10.png","width":1000,"height":500,"caption":"Compuviper"},"image":{"@id":"https:\/\/compuviper.mx\/tienda\/#\/schema\/logo\/image\/"},"sameAs":["https:\/\/www.facebook.com\/compuviper","https:\/\/www.youtube.com\/channel\/UCf73dERp9Y3cfOq7q8BhLjA?view_as=subscriber"]}]},"product_brand":"HEWLETT PACKARD ENTERPRISE","product_price_amount":"5890","product_price_currency":"MXN","og_availability":"backorder","product_availability":"available for order","product_retailer_item_id":"P21868-B21","product_condition":"new"},"_links":{"self":[{"href":"https:\/\/compuviper.mx\/tienda\/wp-json\/wp\/v2\/product\/224130"}],"collection":[{"href":"https:\/\/compuviper.mx\/tienda\/wp-json\/wp\/v2\/product"}],"about":[{"href":"https:\/\/compuviper.mx\/tienda\/wp-json\/wp\/v2\/types\/product"}],"replies":[{"embeddable":true,"href":"https:\/\/compuviper.mx\/tienda\/wp-json\/wp\/v2\/comments?post=224130"}],"wp:featuredmedia":[{"embeddable":true,"href":"https:\/\/compuviper.mx\/tienda\/wp-json\/wp\/v2\/media\/224131"}],"wp:attachment":[{"href":"https:\/\/compuviper.mx\/tienda\/wp-json\/wp\/v2\/media?parent=224130"}],"wp:term":[{"taxonomy":"product_cat","embeddable":true,"href":"https:\/\/compuviper.mx\/tienda\/wp-json\/wp\/v2\/product_cat?post=224130"},{"taxonomy":"product_tag","embeddable":true,"href":"https:\/\/compuviper.mx\/tienda\/wp-json\/wp\/v2\/product_tag?post=224130"}],"curies":[{"name":"wp","href":"https:\/\/api.w.org\/{rel}","templated":true}]}}