{"id":223986,"date":"2026-04-02T01:46:59","date_gmt":"2026-04-02T07:46:59","guid":{"rendered":"https:\/\/compuviper.mx\/tienda\/producto\/hewlett-packard-enterprise-815098-b21-memoria-ram-para-servidor-hpe-rdimm-single-16gb-2666-mhz-ddr4\/"},"modified":"2026-04-02T01:47:00","modified_gmt":"2026-04-02T07:47:00","slug":"hewlett-packard-enterprise-815098-b21-memoria-ram-para-servidor-hpe-rdimm-single-16gb-2666-mhz-ddr4","status":"publish","type":"product","link":"https:\/\/compuviper.mx\/tienda\/producto\/hewlett-packard-enterprise-815098-b21-memoria-ram-para-servidor-hpe-rdimm-single-16gb-2666-mhz-ddr4\/","title":{"rendered":"Hewlett Packard Enterprise 815098-b21 Memoria Ram Para Servidor Hpe Rdimm\/single\/16gb\/2666 Mhz\/ddr4"},"content":{"rendered":"<table class=\"descripcion\">\n<tr>\n<td>!&#8212;&#8211; informaci\u00f3n t\u00e9cnica &#8212;<\/td>\n<\/tr>\n<tr>\n<td> br  b tipo de memoria: \/b      br rdimm<\/td>\n<\/tr>\n<tr>\n<td> br  b tipo de dimm: \/b      br unico<\/td>\n<\/tr>\n<tr>\n<td> br  b capacidad de dimm: \/b      br 16gb<\/td>\n<\/tr>\n<tr>\n<td> br  b rango de dimm: \/b      br 2666 mhz<\/td>\n<\/tr>\n<tr>\n<td> br  b diferenciador de producto: \/b     br ddr4<\/td>\n<\/tr>\n<\/table>\n","protected":false},"excerpt":{"rendered":"<p>!&#8212;&#8211; informaci\u00f3n comercial -. Memoria ram para servidor proliant.  Br.  Br  a href=https:\/\/psnow.Ext.Hpe.Com\/partner\/doc\/psn1009449791mxes.Pdf?from=app target=_blank  b  u quickspecs \/b  \/u  \/a<\/p>\n","protected":false},"featured_media":223987,"comment_status":"open","ping_status":"open","template":"","meta":[],"product_cat":[1797,1793],"product_tag":[1568],"acf":[],"yoast_head":"<!-- This site is optimized with the Yoast SEO plugin v21.7 - https:\/\/yoast.com\/wordpress\/plugins\/seo\/ -->\n<title>[ Hewlett Packard Enterprise ] &#129351; 815098-b21 Memoria Ram Para Servidor Hpe Rdimm\/single\/16gb\/2666 Mhz\/ddr4<\/title>\n<meta name=\"description\" content=\"Compra 815098-b21 Memoria Ram Para Servidor Hpe Rdimm\/single\/16gb\/2666 Mhz\/ddr4 + Env\u00edo a domicilio + Pago seguro + Garant\u00eda\" \/>\n<meta name=\"robots\" content=\"index, follow, max-snippet:-1, max-image-preview:large, max-video-preview:-1\" \/>\n<link rel=\"canonical\" href=\"https:\/\/compuviper.mx\/tienda\/producto\/hewlett-packard-enterprise-815098-b21-memoria-ram-para-servidor-hpe-rdimm-single-16gb-2666-mhz-ddr4\/\" \/>\n<meta property=\"og:locale\" content=\"es_MX\" \/>\n<meta property=\"og:type\" content=\"article\" \/>\n<meta property=\"og:title\" content=\"[ Hewlett Packard Enterprise ] &#129351; 815098-b21 Memoria Ram Para Servidor Hpe Rdimm\/single\/16gb\/2666 Mhz\/ddr4\" \/>\n<meta property=\"og:description\" content=\"Compra 815098-b21 Memoria Ram Para Servidor Hpe Rdimm\/single\/16gb\/2666 Mhz\/ddr4 + Env\u00edo a domicilio + Pago seguro + Garant\u00eda\" \/>\n<meta property=\"og:url\" content=\"https:\/\/compuviper.mx\/tienda\/producto\/hewlett-packard-enterprise-815098-b21-memoria-ram-para-servidor-hpe-rdimm-single-16gb-2666-mhz-ddr4\/\" \/>\n<meta property=\"og:site_name\" content=\"Compuviper\" \/>\n<meta property=\"article:publisher\" content=\"https:\/\/www.facebook.com\/compuviper\" \/>\n<meta property=\"article:modified_time\" content=\"2026-04-02T07:47:00+00:00\" \/>\n<meta property=\"og:image\" content=\"https:\/\/compuviper.mx\/tienda\/wp-content\/uploads\/2023\/12\/Memoria-ram-para-servidor-hpe-rdimmsingle16gb2666-mhzddr4.jpg\" \/>\n\t<meta property=\"og:image:width\" content=\"200\" \/>\n\t<meta property=\"og:image:height\" content=\"200\" \/>\n\t<meta property=\"og:image:type\" content=\"image\/jpeg\" \/>\n<meta name=\"twitter:card\" content=\"summary_large_image\" \/>\n<meta name=\"twitter:label1\" content=\"Precio\" \/>\n\t<meta name=\"twitter:data1\" content=\"&#36;14,232 con IVA\" \/>\n\t<meta name=\"twitter:label2\" content=\"Availability\" \/>\n\t<meta name=\"twitter:data2\" content=\"On backorder\" \/>\n<script type=\"application\/ld+json\" class=\"yoast-schema-graph\">{\"@context\":\"https:\/\/schema.org\",\"@graph\":[{\"@type\":\"WebPage\",\"@id\":\"https:\/\/compuviper.mx\/tienda\/producto\/hewlett-packard-enterprise-815098-b21-memoria-ram-para-servidor-hpe-rdimm-single-16gb-2666-mhz-ddr4\/\",\"url\":\"https:\/\/compuviper.mx\/tienda\/producto\/hewlett-packard-enterprise-815098-b21-memoria-ram-para-servidor-hpe-rdimm-single-16gb-2666-mhz-ddr4\/\",\"name\":\"[ Hewlett Packard Enterprise ] &#129351; 815098-b21 Memoria Ram Para Servidor Hpe Rdimm\/single\/16gb\/2666 Mhz\/ddr4\",\"isPartOf\":{\"@id\":\"https:\/\/compuviper.mx\/tienda\/#website\"},\"datePublished\":\"2026-04-02T07:46:59+00:00\",\"dateModified\":\"2026-04-02T07:47:00+00:00\",\"description\":\"Compra 815098-b21 Memoria Ram Para Servidor Hpe Rdimm\/single\/16gb\/2666 Mhz\/ddr4 + Env\u00edo a domicilio + Pago seguro + Garant\u00eda\",\"breadcrumb\":{\"@id\":\"https:\/\/compuviper.mx\/tienda\/producto\/hewlett-packard-enterprise-815098-b21-memoria-ram-para-servidor-hpe-rdimm-single-16gb-2666-mhz-ddr4\/#breadcrumb\"},\"inLanguage\":\"es-MX\",\"potentialAction\":[{\"@type\":\"ReadAction\",\"target\":[\"https:\/\/compuviper.mx\/tienda\/producto\/hewlett-packard-enterprise-815098-b21-memoria-ram-para-servidor-hpe-rdimm-single-16gb-2666-mhz-ddr4\/\"]}]},{\"@type\":\"BreadcrumbList\",\"@id\":\"https:\/\/compuviper.mx\/tienda\/producto\/hewlett-packard-enterprise-815098-b21-memoria-ram-para-servidor-hpe-rdimm-single-16gb-2666-mhz-ddr4\/#breadcrumb\",\"itemListElement\":[{\"@type\":\"ListItem\",\"position\":1,\"name\":\"Inicio\",\"item\":\"https:\/\/compuviper.mx\/tienda\/\"},{\"@type\":\"ListItem\",\"position\":2,\"name\":\"Productos\",\"item\":\"https:\/\/compuviper.mx\/tienda\/productos\/\"},{\"@type\":\"ListItem\",\"position\":3,\"name\":\"Memorias\",\"item\":\"https:\/\/compuviper.mx\/tienda\/categoria-producto\/memorias\/\"},{\"@type\":\"ListItem\",\"position\":4,\"name\":\"Memoria Ram\",\"item\":\"https:\/\/compuviper.mx\/tienda\/categoria-producto\/memorias\/memoria-ram\/\"},{\"@type\":\"ListItem\",\"position\":5,\"name\":\"Hewlett Packard Enterprise 815098-b21 Memoria Ram Para Servidor Hpe Rdimm\/single\/16gb\/2666 Mhz\/ddr4\"}]},{\"@type\":\"WebSite\",\"@id\":\"https:\/\/compuviper.mx\/tienda\/#website\",\"url\":\"https:\/\/compuviper.mx\/tienda\/\",\"name\":\"Compuviper\",\"description\":\"Proveedor de Computadoras, Laptops, Servidores, Monitores, Puntos de Venta, Teclados,   Impresoras, T\u00f3ner, C\u00e1maras de Seguridad y m\u00e1s en tu tienda en l\u00ednea\",\"publisher\":{\"@id\":\"https:\/\/compuviper.mx\/tienda\/#organization\"},\"potentialAction\":[{\"@type\":\"SearchAction\",\"target\":{\"@type\":\"EntryPoint\",\"urlTemplate\":\"https:\/\/compuviper.mx\/tienda\/?s={search_term_string}\"},\"query-input\":\"required name=search_term_string\"}],\"inLanguage\":\"es-MX\"},{\"@type\":\"Organization\",\"@id\":\"https:\/\/compuviper.mx\/tienda\/#organization\",\"name\":\"Compuviper\",\"url\":\"https:\/\/compuviper.mx\/tienda\/\",\"logo\":{\"@type\":\"ImageObject\",\"inLanguage\":\"es-MX\",\"@id\":\"https:\/\/compuviper.mx\/tienda\/#\/schema\/logo\/image\/\",\"url\":\"https:\/\/compuviper.mx\/tienda\/wp-content\/uploads\/2021\/08\/Logo-Compuviper-10.png\",\"contentUrl\":\"https:\/\/compuviper.mx\/tienda\/wp-content\/uploads\/2021\/08\/Logo-Compuviper-10.png\",\"width\":1000,\"height\":500,\"caption\":\"Compuviper\"},\"image\":{\"@id\":\"https:\/\/compuviper.mx\/tienda\/#\/schema\/logo\/image\/\"},\"sameAs\":[\"https:\/\/www.facebook.com\/compuviper\",\"https:\/\/www.youtube.com\/channel\/UCf73dERp9Y3cfOq7q8BhLjA?view_as=subscriber\"]}]}<\/script>\n<meta property=\"product:brand\" content=\"HEWLETT PACKARD ENTERPRISE\" \/>\n<meta property=\"product:price:amount\" content=\"14232\" \/>\n<meta property=\"product:price:currency\" content=\"MXN\" \/>\n<meta property=\"og:availability\" content=\"backorder\" \/>\n<meta property=\"product:availability\" content=\"available for order\" \/>\n<meta property=\"product:retailer_item_id\" content=\"815098-B21\" \/>\n<meta property=\"product:condition\" content=\"new\" \/>\n<!-- \/ Yoast SEO plugin. -->","yoast_head_json":{"title":"[ Hewlett Packard Enterprise ] &#129351; 815098-b21 Memoria Ram Para Servidor Hpe Rdimm\/single\/16gb\/2666 Mhz\/ddr4","description":"Compra 815098-b21 Memoria Ram Para Servidor Hpe Rdimm\/single\/16gb\/2666 Mhz\/ddr4 + Env\u00edo a domicilio + Pago seguro + Garant\u00eda","robots":{"index":"index","follow":"follow","max-snippet":"max-snippet:-1","max-image-preview":"max-image-preview:large","max-video-preview":"max-video-preview:-1"},"canonical":"https:\/\/compuviper.mx\/tienda\/producto\/hewlett-packard-enterprise-815098-b21-memoria-ram-para-servidor-hpe-rdimm-single-16gb-2666-mhz-ddr4\/","og_locale":"es_MX","og_type":"article","og_title":"[ Hewlett Packard Enterprise ] &#129351; 815098-b21 Memoria Ram Para Servidor Hpe Rdimm\/single\/16gb\/2666 Mhz\/ddr4","og_description":"Compra 815098-b21 Memoria Ram Para Servidor Hpe Rdimm\/single\/16gb\/2666 Mhz\/ddr4 + Env\u00edo a domicilio + Pago seguro + Garant\u00eda","og_url":"https:\/\/compuviper.mx\/tienda\/producto\/hewlett-packard-enterprise-815098-b21-memoria-ram-para-servidor-hpe-rdimm-single-16gb-2666-mhz-ddr4\/","og_site_name":"Compuviper","article_publisher":"https:\/\/www.facebook.com\/compuviper","article_modified_time":"2026-04-02T07:47:00+00:00","og_image":[{"width":200,"height":200,"url":"https:\/\/compuviper.mx\/tienda\/wp-content\/uploads\/2023\/12\/Memoria-ram-para-servidor-hpe-rdimmsingle16gb2666-mhzddr4.jpg","type":"image\/jpeg"}],"twitter_card":"summary_large_image","twitter_misc":{"Precio":"&#36;14,232 con IVA","Availability":"On backorder"},"schema":{"@context":"https:\/\/schema.org","@graph":[{"@type":"WebPage","@id":"https:\/\/compuviper.mx\/tienda\/producto\/hewlett-packard-enterprise-815098-b21-memoria-ram-para-servidor-hpe-rdimm-single-16gb-2666-mhz-ddr4\/","url":"https:\/\/compuviper.mx\/tienda\/producto\/hewlett-packard-enterprise-815098-b21-memoria-ram-para-servidor-hpe-rdimm-single-16gb-2666-mhz-ddr4\/","name":"[ Hewlett Packard Enterprise ] &#129351; 815098-b21 Memoria Ram Para Servidor Hpe Rdimm\/single\/16gb\/2666 Mhz\/ddr4","isPartOf":{"@id":"https:\/\/compuviper.mx\/tienda\/#website"},"datePublished":"2026-04-02T07:46:59+00:00","dateModified":"2026-04-02T07:47:00+00:00","description":"Compra 815098-b21 Memoria Ram Para Servidor Hpe Rdimm\/single\/16gb\/2666 Mhz\/ddr4 + Env\u00edo a domicilio + Pago seguro + Garant\u00eda","breadcrumb":{"@id":"https:\/\/compuviper.mx\/tienda\/producto\/hewlett-packard-enterprise-815098-b21-memoria-ram-para-servidor-hpe-rdimm-single-16gb-2666-mhz-ddr4\/#breadcrumb"},"inLanguage":"es-MX","potentialAction":[{"@type":"ReadAction","target":["https:\/\/compuviper.mx\/tienda\/producto\/hewlett-packard-enterprise-815098-b21-memoria-ram-para-servidor-hpe-rdimm-single-16gb-2666-mhz-ddr4\/"]}]},{"@type":"BreadcrumbList","@id":"https:\/\/compuviper.mx\/tienda\/producto\/hewlett-packard-enterprise-815098-b21-memoria-ram-para-servidor-hpe-rdimm-single-16gb-2666-mhz-ddr4\/#breadcrumb","itemListElement":[{"@type":"ListItem","position":1,"name":"Inicio","item":"https:\/\/compuviper.mx\/tienda\/"},{"@type":"ListItem","position":2,"name":"Productos","item":"https:\/\/compuviper.mx\/tienda\/productos\/"},{"@type":"ListItem","position":3,"name":"Memorias","item":"https:\/\/compuviper.mx\/tienda\/categoria-producto\/memorias\/"},{"@type":"ListItem","position":4,"name":"Memoria Ram","item":"https:\/\/compuviper.mx\/tienda\/categoria-producto\/memorias\/memoria-ram\/"},{"@type":"ListItem","position":5,"name":"Hewlett Packard Enterprise 815098-b21 Memoria Ram Para Servidor Hpe Rdimm\/single\/16gb\/2666 Mhz\/ddr4"}]},{"@type":"WebSite","@id":"https:\/\/compuviper.mx\/tienda\/#website","url":"https:\/\/compuviper.mx\/tienda\/","name":"Compuviper","description":"Proveedor de Computadoras, Laptops, Servidores, Monitores, Puntos de Venta, Teclados,   Impresoras, T\u00f3ner, C\u00e1maras de Seguridad y m\u00e1s en tu tienda en l\u00ednea","publisher":{"@id":"https:\/\/compuviper.mx\/tienda\/#organization"},"potentialAction":[{"@type":"SearchAction","target":{"@type":"EntryPoint","urlTemplate":"https:\/\/compuviper.mx\/tienda\/?s={search_term_string}"},"query-input":"required name=search_term_string"}],"inLanguage":"es-MX"},{"@type":"Organization","@id":"https:\/\/compuviper.mx\/tienda\/#organization","name":"Compuviper","url":"https:\/\/compuviper.mx\/tienda\/","logo":{"@type":"ImageObject","inLanguage":"es-MX","@id":"https:\/\/compuviper.mx\/tienda\/#\/schema\/logo\/image\/","url":"https:\/\/compuviper.mx\/tienda\/wp-content\/uploads\/2021\/08\/Logo-Compuviper-10.png","contentUrl":"https:\/\/compuviper.mx\/tienda\/wp-content\/uploads\/2021\/08\/Logo-Compuviper-10.png","width":1000,"height":500,"caption":"Compuviper"},"image":{"@id":"https:\/\/compuviper.mx\/tienda\/#\/schema\/logo\/image\/"},"sameAs":["https:\/\/www.facebook.com\/compuviper","https:\/\/www.youtube.com\/channel\/UCf73dERp9Y3cfOq7q8BhLjA?view_as=subscriber"]}]},"product_brand":"HEWLETT PACKARD ENTERPRISE","product_price_amount":"14232","product_price_currency":"MXN","og_availability":"backorder","product_availability":"available for order","product_retailer_item_id":"815098-B21","product_condition":"new"},"_links":{"self":[{"href":"https:\/\/compuviper.mx\/tienda\/wp-json\/wp\/v2\/product\/223986"}],"collection":[{"href":"https:\/\/compuviper.mx\/tienda\/wp-json\/wp\/v2\/product"}],"about":[{"href":"https:\/\/compuviper.mx\/tienda\/wp-json\/wp\/v2\/types\/product"}],"replies":[{"embeddable":true,"href":"https:\/\/compuviper.mx\/tienda\/wp-json\/wp\/v2\/comments?post=223986"}],"wp:featuredmedia":[{"embeddable":true,"href":"https:\/\/compuviper.mx\/tienda\/wp-json\/wp\/v2\/media\/223987"}],"wp:attachment":[{"href":"https:\/\/compuviper.mx\/tienda\/wp-json\/wp\/v2\/media?parent=223986"}],"wp:term":[{"taxonomy":"product_cat","embeddable":true,"href":"https:\/\/compuviper.mx\/tienda\/wp-json\/wp\/v2\/product_cat?post=223986"},{"taxonomy":"product_tag","embeddable":true,"href":"https:\/\/compuviper.mx\/tienda\/wp-json\/wp\/v2\/product_tag?post=223986"}],"curies":[{"name":"wp","href":"https:\/\/api.w.org\/{rel}","templated":true}]}}