{"id":223872,"date":"2026-04-02T23:19:02","date_gmt":"2026-04-03T05:19:02","guid":{"rendered":"https:\/\/compuviper.mx\/tienda\/producto\/epson-c11cj71301-impresora-l1250-ppm-33-negro-15-color-tinta-continua-ecotank-usb-wifi-wifi-direct\/"},"modified":"2026-04-02T23:19:02","modified_gmt":"2026-04-03T05:19:02","slug":"epson-c11cj71301-impresora-l1250-ppm-33-negro-15-color-tinta-continua-ecotank-usb-wifi-wifi-direct","status":"publish","type":"product","link":"https:\/\/compuviper.mx\/tienda\/producto\/epson-c11cj71301-impresora-l1250-ppm-33-negro-15-color-tinta-continua-ecotank-usb-wifi-wifi-direct\/","title":{"rendered":"Epson C11cj71301 Impresora  L1250, Ppm 33 Negro\/15 Color, Tinta Continua, Ecotank, Usb, Wifi, Wifi Direct"},"content":{"rendered":"<table class=\"descripcion\">\n<tr>\n<td>La impresora epson l1250 es ideal para el hogar y estudiantes<\/td>\n<\/tr>\n<tr>\n<td>Economica, confiable y conveniente, permite imprimir desde cualquier dispositivo movil a traves de su aplicacion epson smart panel<\/td>\n<\/tr>\n<tr>\n<td>Impresion<\/td>\n<\/tr>\n<tr>\n<td>* tecnologia de impresion: inyeccion de tinta heat-free micro piezo de 4 colores (cmyk)<\/td>\n<\/tr>\n<tr>\n<td>* resolucion maxima de impresion: hasta 5760 dpi x 1440 dpi<\/td>\n<\/tr>\n<tr>\n<td>* velocidad de impresion maxima: negro 33 ppm y color 15 ppm (borrador, a4\/carta)<\/td>\n<\/tr>\n<tr>\n<td>* velocidad de impresion iso: negro 10 ppm y color 5 ppm (a4\/carta)<\/td>\n<\/tr>\n<tr>\n<td>* impresion inalambrica desde dispositivos inteligentes: epson conect, epson smart panel, aplicaciones ios y android, epson email print<\/td>\n<\/tr>\n<tr>\n<td>Interfaz y conectividad<\/td>\n<\/tr>\n<tr>\n<td>* interfaz y conectividad: usb de alta velocidad, (compatible con 2.0), wifi y wifi direct<\/td>\n<\/tr>\n<tr>\n<td>* compatibilidad con sistemas operativos: windows vista \/ 7 \/ 8 \/ 8.1 \/10 (32bit, 64bit) o mas reciente (64bit) windows server 2003 (sp2) o mas reciente, mac os x 10.7.5 o mas reciente, mac os 11 o mas reciente<\/td>\n<\/tr>\n<tr>\n<td>* protocolos de impresion en red: tcp\/ipv4, tcp\/ipv6<\/td>\n<\/tr>\n<tr>\n<td>* protocolos para gestion de redes: snmp, http, dhcp, apipa, ping, ddns, mdns, slp, wsd, lltd<\/td>\n<\/tr>\n<tr>\n<td>* seguridad wlan: wep (64bit\/128bit), wpa-psk (tkip), wpa2-psk (aes), wpa3-sae (aes)<\/td>\n<\/tr>\n<tr>\n<td>Manejo de papel y medios<\/td>\n<\/tr>\n<tr>\n<td>* tama\u00f1o maximo de impresion: 215.9 mm x 1.200 mm<\/td>\n<\/tr>\n<tr>\n<td>* tipos de papeles soportados: papel normal, papel especial epson (photo glossy\/semi-gloss, presentation paper matte, high quality ink jet paper y sobres)<\/td>\n<\/tr>\n<tr>\n<td>* tama\u00f1os de papeles soportados: estandar: a4, carta, oficio (21,59 cm x 35,56 cm), mexico-oficio (21,59 cm x 34,04 cm), oficio 9 (21,49 cm x 31,5 cm), folio (21,59 cm x 33,02 cm), ejecutivo, media carta, a6 sobres: #10 (105 mm x 241 mm) &#8211; definido por el usuario:<\/td>\n<\/tr>\n<tr>\n<td>54 mm x 86 mm &#8211; 215.9 mm x 1.200 mm<\/td>\n<\/tr>\n<tr>\n<td>* capacidad de carga: alimentacion trasera: hasta 100 hojas (a4\/carta)<\/td>\n<\/tr>\n<tr>\n<td>General<\/td>\n<\/tr>\n<tr>\n<td>* software incluido: cd: printer driver, epson photo+<\/td>\n<\/tr>\n<tr>\n<td>* dimensiones (ancho x profundidad x altura): abierto: 37.5 cm x 57.8 cm x 25.3 cm &#8211; cerrado: 37.5 cm x 34.7 cm x 16.9 cm<\/td>\n<\/tr>\n<tr>\n<td>* peso: 2.9 kg<\/td>\n<\/tr>\n<tr>\n<td>* que hay en la caja: impresora epson ecotank l1250, guia de instalacion, cd con controladores, cable de alimentacion, cable usb.<\/td>\n<\/tr>\n<tr>\n<td>* pais de origen: filipinas<\/td>\n<\/tr>\n<tr>\n<td>* garantia limitada: 2 a\u00f1os con registro del producto<\/td>\n<\/tr>\n<tr>\n<td>* consumo de energia aproximado: 12 w (en modo operacion)<\/td>\n<\/tr>\n<tr>\n<td>* tension y frecuencia nominal: ecotank l1250 (110v) c11cj71301: ac 100 &#8211; 240 v \/ 50 &#8211; 60 hz<\/td>\n<\/tr>\n<tr>\n<td>Ecotank l1250 (220v) c11cj71303: ac 100 &#8211; 240 v \/ 50 &#8211; 60 hz<\/td>\n<\/tr>\n<tr>\n<td>Rendimiento de tintas<\/td>\n<\/tr>\n<tr>\n<td>* botellas de tinta de reemplazo original: 1 botella con tinta negra rinde hasta 4.500 paginas, 3 botellas a color (cian, magenta, amarillo) rinden hasta 7.500 paginas, la ecotank l1250 fue dise\u00f1ada para usar exclusivamente con las botellas de tinta originales marca epson. epson recomienda el uso de tinta original para asegurar el mejor rendimiento y calidad de impresion y no arriesgar la garantia limitada.<\/td>\n<\/tr>\n<\/table>\n","protected":false},"excerpt":{"rendered":"<p>La impresora epson l1250 es ideal para el hogar y estudiantes. Economica, confiable y conveniente, permite imprimir desde cualquier dispositivo movil a traves de su aplicacion epson smart panel. Impresion. * tecnologia de impresion: inyeccion de tinta heat-free micro piezo de 4 colores (cmyk. * resolucion maxima de impresion: hasta 5760 dpi x 1440 dpi. * velocidad de impresion maxima: negro 33 ppm y color 15 ppm (borrador, a4\/carta. * velocidad de impresion iso: negro 10 ppm y color 5 ppm (a4\/carta. * impresion inalambrica desde dispositivos inteligentes: epson conect, epson smart panel, aplicaciones ios y android, epson email print. Interfaz y conectividad. * interfaz y conectividad: usb de alta velocidad, (compatible con 2.0), wifi y wifi direct. * compatibilidad con sistemas operativos: windows vista \/ 7 \/ 8 \/ 8.1 \/10 (32bit, 64bit) o mas reciente (64bit) windows server 2003 (sp2) o mas reciente, mac os x 10.7.5 o mas reciente, mac os 11 o mas reciente. * protocolos de impresion en red: tcp\/ipv4, tcp\/ipv6. * protocolos para gestion de redes: snmp, http, dhcp, apipa, ping, ddns, mdns, slp, wsd, lltd. * seguridad wlan: wep (64bit\/128bit), wpa-psk (tkip), wpa2-psk (aes), wpa3-sae (aes. Manejo de papel y medios. * tama\u00f1o maximo de impresion: 215.9 mm x 1.200 mm. * tipos de papeles soportados: papel normal, papel especial epson (photo glossy\/semi-gloss, presentation paper matte, high quality ink jet paper y sobres. * tama\u00f1os de papeles soportados: estandar: a4, carta, oficio (21,59 cm x 35,56 cm), mexico-oficio (21,59 cm x 34,04 cm), oficio 9 (21,49 cm x 31,5 cm), folio (21,59 cm x 33,02 cm), ejecutivo, media carta, a6 sobres: #10 (105 mm x 241 mm) &#8211; definido por el usuario. 54 mm x 86 mm &#8211; 215.9 mm x 1.200 mm. * capacidad de carga: alimentacion trasera: hasta 100 hojas (a4\/carta. General. * software incluido: cd: printer driver, epson photo. * dimensiones (ancho x profundidad x altura): abierto: 37.5 cm x 57.8 cm x 25.3 cm &#8211; cerrado: 37.5 cm x 34.7 cm x 16.9 cm. * peso: 2.9 kg. * que hay en la caja: impresora epson ecotank l1250, guia de instalacion, cd con controladores, cable de alimentacion, cable usb. * pais de origen: filipinas. * garantia limitada: 2 a\u00f1os con registro del producto. * consumo de energia aproximado: 12 w (en modo operacion. * tension y frecuencia nominal: ecotank l1250 (110v) c11cj71301: ac 100 &#8211; 240 v \/ 50 &#8211; 60 hz. Ecotank l1250 (220v) c11cj71303: ac 100 &#8211; 240 v \/ 50 &#8211; 60 hz. Rendimiento de tintas. * botellas de tinta de reemplazo original: 1 botella con tinta negra rinde hasta 4.500 paginas, 3 botellas a color (cian, magenta, amarillo) rinden hasta 7.500 paginas, la ecotank l1250 fue dise\u00f1ada para usar exclusivamente con las botellas de tinta originales marca epson. Epson recomienda el uso de tinta original para asegurar el mejor rendimiento y calidad de impresion y no arriesgar la garantia limitada.<\/p>\n","protected":false},"featured_media":223873,"comment_status":"open","ping_status":"open","template":"","meta":[],"product_cat":[1777,1785],"product_tag":[1624],"acf":[],"yoast_head":"<!-- This site is optimized with the Yoast SEO plugin v21.7 - https:\/\/yoast.com\/wordpress\/plugins\/seo\/ -->\n<title>[ Epson ] &#129351; C11cj71301 Impresora L1250, Ppm 33 Negro\/15 Color, Tinta Continua, Ecotank, Usb, Wifi, Wifi Direct<\/title>\n<meta name=\"description\" content=\"Compra C11cj71301 Impresora L1250, Ppm 33 Negro\/15 Color, Tinta Continua, Ecotank, Usb, Wifi, Wifi Direct + Env\u00edo a domicilio + Pago seguro + Garant\u00eda\" \/>\n<meta name=\"robots\" content=\"index, follow, max-snippet:-1, max-image-preview:large, max-video-preview:-1\" \/>\n<link rel=\"canonical\" href=\"https:\/\/compuviper.mx\/tienda\/producto\/epson-c11cj71301-impresora-l1250-ppm-33-negro-15-color-tinta-continua-ecotank-usb-wifi-wifi-direct\/\" \/>\n<meta property=\"og:locale\" content=\"es_MX\" \/>\n<meta property=\"og:type\" content=\"article\" \/>\n<meta property=\"og:title\" content=\"[ Epson ] &#129351; C11cj71301 Impresora L1250, Ppm 33 Negro\/15 Color, Tinta Continua, Ecotank, Usb, Wifi, Wifi Direct\" \/>\n<meta property=\"og:description\" content=\"Compra C11cj71301 Impresora L1250, Ppm 33 Negro\/15 Color, Tinta Continua, Ecotank, Usb, Wifi, Wifi Direct + Env\u00edo a domicilio + Pago seguro + Garant\u00eda\" \/>\n<meta property=\"og:url\" content=\"https:\/\/compuviper.mx\/tienda\/producto\/epson-c11cj71301-impresora-l1250-ppm-33-negro-15-color-tinta-continua-ecotank-usb-wifi-wifi-direct\/\" \/>\n<meta property=\"og:site_name\" content=\"Compuviper\" \/>\n<meta property=\"article:publisher\" content=\"https:\/\/www.facebook.com\/compuviper\" \/>\n<meta property=\"og:image\" content=\"https:\/\/compuviper.mx\/tienda\/wp-content\/uploads\/2023\/12\/Impresora-epson-l1250-ppm-33-negro15-color-tinta-continua-ecotank-usb-wifi-wifi-direct.jpg\" \/>\n\t<meta property=\"og:image:width\" content=\"200\" \/>\n\t<meta property=\"og:image:height\" content=\"200\" \/>\n\t<meta property=\"og:image:type\" content=\"image\/jpeg\" \/>\n<meta name=\"twitter:card\" content=\"summary_large_image\" \/>\n<meta name=\"twitter:label1\" content=\"Precio\" \/>\n\t<meta name=\"twitter:data1\" content=\"&#36;3,016 con IVA\" \/>\n\t<meta name=\"twitter:label2\" content=\"Availability\" \/>\n\t<meta name=\"twitter:data2\" content=\"In stock\" \/>\n<script type=\"application\/ld+json\" class=\"yoast-schema-graph\">{\"@context\":\"https:\/\/schema.org\",\"@graph\":[{\"@type\":\"WebPage\",\"@id\":\"https:\/\/compuviper.mx\/tienda\/producto\/epson-c11cj71301-impresora-l1250-ppm-33-negro-15-color-tinta-continua-ecotank-usb-wifi-wifi-direct\/\",\"url\":\"https:\/\/compuviper.mx\/tienda\/producto\/epson-c11cj71301-impresora-l1250-ppm-33-negro-15-color-tinta-continua-ecotank-usb-wifi-wifi-direct\/\",\"name\":\"[ Epson ] &#129351; C11cj71301 Impresora L1250, Ppm 33 Negro\/15 Color, Tinta Continua, Ecotank, Usb, Wifi, Wifi Direct\",\"isPartOf\":{\"@id\":\"https:\/\/compuviper.mx\/tienda\/#website\"},\"datePublished\":\"2026-04-03T05:19:02+00:00\",\"dateModified\":\"2026-04-03T05:19:02+00:00\",\"description\":\"Compra C11cj71301 Impresora L1250, Ppm 33 Negro\/15 Color, Tinta Continua, Ecotank, Usb, Wifi, Wifi Direct + Env\u00edo a domicilio + Pago seguro + Garant\u00eda\",\"breadcrumb\":{\"@id\":\"https:\/\/compuviper.mx\/tienda\/producto\/epson-c11cj71301-impresora-l1250-ppm-33-negro-15-color-tinta-continua-ecotank-usb-wifi-wifi-direct\/#breadcrumb\"},\"inLanguage\":\"es-MX\",\"potentialAction\":[{\"@type\":\"ReadAction\",\"target\":[\"https:\/\/compuviper.mx\/tienda\/producto\/epson-c11cj71301-impresora-l1250-ppm-33-negro-15-color-tinta-continua-ecotank-usb-wifi-wifi-direct\/\"]}]},{\"@type\":\"BreadcrumbList\",\"@id\":\"https:\/\/compuviper.mx\/tienda\/producto\/epson-c11cj71301-impresora-l1250-ppm-33-negro-15-color-tinta-continua-ecotank-usb-wifi-wifi-direct\/#breadcrumb\",\"itemListElement\":[{\"@type\":\"ListItem\",\"position\":1,\"name\":\"Inicio\",\"item\":\"https:\/\/compuviper.mx\/tienda\/\"},{\"@type\":\"ListItem\",\"position\":2,\"name\":\"Productos\",\"item\":\"https:\/\/compuviper.mx\/tienda\/productos\/\"},{\"@type\":\"ListItem\",\"position\":3,\"name\":\"Impresoras\",\"item\":\"https:\/\/compuviper.mx\/tienda\/categoria-producto\/impresoras\/\"},{\"@type\":\"ListItem\",\"position\":4,\"name\":\"Tanque De Tinta\",\"item\":\"https:\/\/compuviper.mx\/tienda\/categoria-producto\/impresoras\/tanque-de-tinta\/\"},{\"@type\":\"ListItem\",\"position\":5,\"name\":\"Epson C11cj71301 Impresora L1250, Ppm 33 Negro\/15 Color, Tinta Continua, Ecotank, Usb, Wifi, Wifi Direct\"}]},{\"@type\":\"WebSite\",\"@id\":\"https:\/\/compuviper.mx\/tienda\/#website\",\"url\":\"https:\/\/compuviper.mx\/tienda\/\",\"name\":\"Compuviper\",\"description\":\"Proveedor de Computadoras, Laptops, Servidores, Monitores, Puntos de Venta, Teclados,   Impresoras, T\u00f3ner, C\u00e1maras de Seguridad y m\u00e1s en tu tienda en l\u00ednea\",\"publisher\":{\"@id\":\"https:\/\/compuviper.mx\/tienda\/#organization\"},\"potentialAction\":[{\"@type\":\"SearchAction\",\"target\":{\"@type\":\"EntryPoint\",\"urlTemplate\":\"https:\/\/compuviper.mx\/tienda\/?s={search_term_string}\"},\"query-input\":\"required name=search_term_string\"}],\"inLanguage\":\"es-MX\"},{\"@type\":\"Organization\",\"@id\":\"https:\/\/compuviper.mx\/tienda\/#organization\",\"name\":\"Compuviper\",\"url\":\"https:\/\/compuviper.mx\/tienda\/\",\"logo\":{\"@type\":\"ImageObject\",\"inLanguage\":\"es-MX\",\"@id\":\"https:\/\/compuviper.mx\/tienda\/#\/schema\/logo\/image\/\",\"url\":\"https:\/\/compuviper.mx\/tienda\/wp-content\/uploads\/2021\/08\/Logo-Compuviper-10.png\",\"contentUrl\":\"https:\/\/compuviper.mx\/tienda\/wp-content\/uploads\/2021\/08\/Logo-Compuviper-10.png\",\"width\":1000,\"height\":500,\"caption\":\"Compuviper\"},\"image\":{\"@id\":\"https:\/\/compuviper.mx\/tienda\/#\/schema\/logo\/image\/\"},\"sameAs\":[\"https:\/\/www.facebook.com\/compuviper\",\"https:\/\/www.youtube.com\/channel\/UCf73dERp9Y3cfOq7q8BhLjA?view_as=subscriber\"]}]}<\/script>\n<meta property=\"product:brand\" content=\"EPSON\" \/>\n<meta property=\"product:price:amount\" content=\"3016\" \/>\n<meta property=\"product:price:currency\" content=\"MXN\" \/>\n<meta property=\"og:availability\" content=\"instock\" \/>\n<meta property=\"product:availability\" content=\"instock\" \/>\n<meta property=\"product:retailer_item_id\" content=\"C11CJ71301\" \/>\n<meta property=\"product:condition\" content=\"new\" \/>\n<!-- \/ Yoast SEO plugin. -->","yoast_head_json":{"title":"[ Epson ] &#129351; C11cj71301 Impresora L1250, Ppm 33 Negro\/15 Color, Tinta Continua, Ecotank, Usb, Wifi, Wifi Direct","description":"Compra C11cj71301 Impresora L1250, Ppm 33 Negro\/15 Color, Tinta Continua, Ecotank, Usb, Wifi, Wifi Direct + Env\u00edo a domicilio + Pago seguro + Garant\u00eda","robots":{"index":"index","follow":"follow","max-snippet":"max-snippet:-1","max-image-preview":"max-image-preview:large","max-video-preview":"max-video-preview:-1"},"canonical":"https:\/\/compuviper.mx\/tienda\/producto\/epson-c11cj71301-impresora-l1250-ppm-33-negro-15-color-tinta-continua-ecotank-usb-wifi-wifi-direct\/","og_locale":"es_MX","og_type":"article","og_title":"[ Epson ] &#129351; C11cj71301 Impresora L1250, Ppm 33 Negro\/15 Color, Tinta Continua, Ecotank, Usb, Wifi, Wifi Direct","og_description":"Compra C11cj71301 Impresora L1250, Ppm 33 Negro\/15 Color, Tinta Continua, Ecotank, Usb, Wifi, Wifi Direct + Env\u00edo a domicilio + Pago seguro + Garant\u00eda","og_url":"https:\/\/compuviper.mx\/tienda\/producto\/epson-c11cj71301-impresora-l1250-ppm-33-negro-15-color-tinta-continua-ecotank-usb-wifi-wifi-direct\/","og_site_name":"Compuviper","article_publisher":"https:\/\/www.facebook.com\/compuviper","og_image":[{"width":200,"height":200,"url":"https:\/\/compuviper.mx\/tienda\/wp-content\/uploads\/2023\/12\/Impresora-epson-l1250-ppm-33-negro15-color-tinta-continua-ecotank-usb-wifi-wifi-direct.jpg","type":"image\/jpeg"}],"twitter_card":"summary_large_image","twitter_misc":{"Precio":"&#36;3,016 con IVA","Availability":"In stock"},"schema":{"@context":"https:\/\/schema.org","@graph":[{"@type":"WebPage","@id":"https:\/\/compuviper.mx\/tienda\/producto\/epson-c11cj71301-impresora-l1250-ppm-33-negro-15-color-tinta-continua-ecotank-usb-wifi-wifi-direct\/","url":"https:\/\/compuviper.mx\/tienda\/producto\/epson-c11cj71301-impresora-l1250-ppm-33-negro-15-color-tinta-continua-ecotank-usb-wifi-wifi-direct\/","name":"[ Epson ] &#129351; C11cj71301 Impresora L1250, Ppm 33 Negro\/15 Color, Tinta Continua, Ecotank, Usb, Wifi, Wifi Direct","isPartOf":{"@id":"https:\/\/compuviper.mx\/tienda\/#website"},"datePublished":"2026-04-03T05:19:02+00:00","dateModified":"2026-04-03T05:19:02+00:00","description":"Compra C11cj71301 Impresora L1250, Ppm 33 Negro\/15 Color, Tinta Continua, Ecotank, Usb, Wifi, Wifi Direct + Env\u00edo a domicilio + Pago seguro + Garant\u00eda","breadcrumb":{"@id":"https:\/\/compuviper.mx\/tienda\/producto\/epson-c11cj71301-impresora-l1250-ppm-33-negro-15-color-tinta-continua-ecotank-usb-wifi-wifi-direct\/#breadcrumb"},"inLanguage":"es-MX","potentialAction":[{"@type":"ReadAction","target":["https:\/\/compuviper.mx\/tienda\/producto\/epson-c11cj71301-impresora-l1250-ppm-33-negro-15-color-tinta-continua-ecotank-usb-wifi-wifi-direct\/"]}]},{"@type":"BreadcrumbList","@id":"https:\/\/compuviper.mx\/tienda\/producto\/epson-c11cj71301-impresora-l1250-ppm-33-negro-15-color-tinta-continua-ecotank-usb-wifi-wifi-direct\/#breadcrumb","itemListElement":[{"@type":"ListItem","position":1,"name":"Inicio","item":"https:\/\/compuviper.mx\/tienda\/"},{"@type":"ListItem","position":2,"name":"Productos","item":"https:\/\/compuviper.mx\/tienda\/productos\/"},{"@type":"ListItem","position":3,"name":"Impresoras","item":"https:\/\/compuviper.mx\/tienda\/categoria-producto\/impresoras\/"},{"@type":"ListItem","position":4,"name":"Tanque De Tinta","item":"https:\/\/compuviper.mx\/tienda\/categoria-producto\/impresoras\/tanque-de-tinta\/"},{"@type":"ListItem","position":5,"name":"Epson C11cj71301 Impresora L1250, Ppm 33 Negro\/15 Color, Tinta Continua, Ecotank, Usb, Wifi, Wifi Direct"}]},{"@type":"WebSite","@id":"https:\/\/compuviper.mx\/tienda\/#website","url":"https:\/\/compuviper.mx\/tienda\/","name":"Compuviper","description":"Proveedor de Computadoras, Laptops, Servidores, Monitores, Puntos de Venta, Teclados,   Impresoras, T\u00f3ner, C\u00e1maras de Seguridad y m\u00e1s en tu tienda en l\u00ednea","publisher":{"@id":"https:\/\/compuviper.mx\/tienda\/#organization"},"potentialAction":[{"@type":"SearchAction","target":{"@type":"EntryPoint","urlTemplate":"https:\/\/compuviper.mx\/tienda\/?s={search_term_string}"},"query-input":"required name=search_term_string"}],"inLanguage":"es-MX"},{"@type":"Organization","@id":"https:\/\/compuviper.mx\/tienda\/#organization","name":"Compuviper","url":"https:\/\/compuviper.mx\/tienda\/","logo":{"@type":"ImageObject","inLanguage":"es-MX","@id":"https:\/\/compuviper.mx\/tienda\/#\/schema\/logo\/image\/","url":"https:\/\/compuviper.mx\/tienda\/wp-content\/uploads\/2021\/08\/Logo-Compuviper-10.png","contentUrl":"https:\/\/compuviper.mx\/tienda\/wp-content\/uploads\/2021\/08\/Logo-Compuviper-10.png","width":1000,"height":500,"caption":"Compuviper"},"image":{"@id":"https:\/\/compuviper.mx\/tienda\/#\/schema\/logo\/image\/"},"sameAs":["https:\/\/www.facebook.com\/compuviper","https:\/\/www.youtube.com\/channel\/UCf73dERp9Y3cfOq7q8BhLjA?view_as=subscriber"]}]},"product_brand":"EPSON","product_price_amount":"3016","product_price_currency":"MXN","og_availability":"instock","product_availability":"instock","product_retailer_item_id":"C11CJ71301","product_condition":"new"},"_links":{"self":[{"href":"https:\/\/compuviper.mx\/tienda\/wp-json\/wp\/v2\/product\/223872"}],"collection":[{"href":"https:\/\/compuviper.mx\/tienda\/wp-json\/wp\/v2\/product"}],"about":[{"href":"https:\/\/compuviper.mx\/tienda\/wp-json\/wp\/v2\/types\/product"}],"replies":[{"embeddable":true,"href":"https:\/\/compuviper.mx\/tienda\/wp-json\/wp\/v2\/comments?post=223872"}],"wp:featuredmedia":[{"embeddable":true,"href":"https:\/\/compuviper.mx\/tienda\/wp-json\/wp\/v2\/media\/223873"}],"wp:attachment":[{"href":"https:\/\/compuviper.mx\/tienda\/wp-json\/wp\/v2\/media?parent=223872"}],"wp:term":[{"taxonomy":"product_cat","embeddable":true,"href":"https:\/\/compuviper.mx\/tienda\/wp-json\/wp\/v2\/product_cat?post=223872"},{"taxonomy":"product_tag","embeddable":true,"href":"https:\/\/compuviper.mx\/tienda\/wp-json\/wp\/v2\/product_tag?post=223872"}],"curies":[{"name":"wp","href":"https:\/\/api.w.org\/{rel}","templated":true}]}}