{"id":223862,"date":"2026-04-17T01:45:20","date_gmt":"2026-04-17T07:45:20","guid":{"rendered":"https:\/\/compuviper.mx\/tienda\/producto\/dataproducts-28-883-6179-impresora-credenciales-pvc-dascom-dc-2300-sublimacion-300-dpi-usb-ethernet-red-duplex-incluye-software-de-edicin-card-editor-version-basica\/"},"modified":"2026-04-17T01:45:20","modified_gmt":"2026-04-17T07:45:20","slug":"dataproducts-28-883-6179-impresora-dascom-dc-2300-de-credenciales-pvc-sublimacion-300-dpi-usb-ethernet-red-duplex-incluye-software-de-edicion-card-editor-version-basica","status":"publish","type":"product","link":"https:\/\/compuviper.mx\/tienda\/producto\/dataproducts-28-883-6179-impresora-dascom-dc-2300-de-credenciales-pvc-sublimacion-300-dpi-usb-ethernet-red-duplex-incluye-software-de-edicion-card-editor-version-basica\/","title":{"rendered":"Dataproducts 28.883.6179 Impresora Dascom Dc-2300, De Credenciales Pvc, Sublimacion, 300 Dpi, Usb, Ethernet Red, Duplex, Incluye Software De Edicion Card Editor Version Basica"},"content":{"rendered":"<table class=\"descripcion\">\n<tr>\n<td>&#8211; velocidad de impresi\u00f3n 180 tarjetas por hora a color o 450 tarjetas por hora en monocrom\u00e1tico<\/td>\n<\/tr>\n<tr>\n<td>&#8211; capacidad de impresi\u00f3n duplex<\/td>\n<\/tr>\n<tr>\n<td>&#8211; resoluci\u00f3n 300 dpi con posibilidad de 300 x 600 dpi y 300 x 1200 dpi<\/td>\n<\/tr>\n<tr>\n<td>&#8211; capacidad del alimentador 100 tarjetas de 0.76 mm de espesor<\/td>\n<\/tr>\n<tr>\n<td>&#8211; grosor de la tarjeta 0.25 \u0096 1.25 mm<\/td>\n<\/tr>\n<tr>\n<td>&#8211; m\u00e9todo de impresi\u00f3n tecnolog\u00eda de sublimaci\u00f3n de tinta directa a tarjeta<\/td>\n<\/tr>\n<tr>\n<td>&#8211; memoria ram 32 mb, rom 2 mb + 4 mb<\/td>\n<\/tr>\n<tr>\n<td>&#8211; procesador circuito integrado \/ stmicroelectronics<\/td>\n<\/tr>\n<tr>\n<td>&#8211; procesador de gr\u00e1ficos semiconductor de celos\u00eda \/ fpga<\/td>\n<\/tr>\n<tr>\n<td>&#8211; caracter\u00edsticas de seguridad marca de agua personalizadas, cintas encriptadas rfid, protecci\u00f3n de datos usando solo cinta k<\/td>\n<\/tr>\n<tr>\n<td>&#8211; humedad 15 \u0096 35 \u00b0 c, humedad 20 \u0096 65 %<\/td>\n<\/tr>\n<tr>\n<td>&#8211; condiciones de almacenaje -5 \u0096 70 \u00b0 c, humedad 35 \u0096 96 %<\/td>\n<\/tr>\n<tr>\n<td>&#8211; dimensiones 352 cm x 199 cm x 210 cm (13.85 x 7.83 x 8.26 pulgadas)<\/td>\n<\/tr>\n<tr>\n<td>&#8211; peso 6 ks<\/td>\n<\/tr>\n<tr>\n<td>&#8211; driver windows xp, vista, 7, 8, 10 (32 y 64 bits)<\/td>\n<\/tr>\n<tr>\n<td>&#8211; fuente de alimentaci\u00f3n 100-240 vac input. 50\/60 hz<\/td>\n<\/tr>\n<tr>\n<td>&#8211; tarjetas compatibles pvc,abs, pet, pet-g;85.6 x 53.98 mm (iso id-1 \/ cr-80 size)<\/td>\n<\/tr>\n<tr>\n<td>&#8211; interface usb 2.0, usb host, ethernet 10\/100<\/td>\n<\/tr>\n<tr>\n<td>&#8211; certificaciones fccsdoc, 2014\/53\/eu (red),emc, etl, cb + lvd, ccc<\/td>\n<\/tr>\n<\/table>\n","protected":false},"excerpt":{"rendered":"<p>Con la tecnolog\u00eda de dascom la impresora dc-2300genera colores brillantes de alta resoluci\u00f3n, y con el sistema de seguridad ayudan a mitigar el compromiso de sus datos comerciales importantes y tarjetas<\/p>\n","protected":false},"featured_media":223863,"comment_status":"open","ping_status":"open","template":"","meta":[],"product_cat":[2134,1777],"product_tag":[1647],"acf":[],"yoast_head":"<!-- This site is optimized with the Yoast SEO plugin v21.7 - https:\/\/yoast.com\/wordpress\/plugins\/seo\/ -->\n<title>[ Dataproducts ] &#129351; 28.883.6179 Impresora Dascom Dc-2300, De Credenciales Pvc, Sublimacion, 300 Dpi, Usb, Ethernet Red, Duplex, Incluye Software De Edicion Card Editor Version Basica<\/title>\n<meta name=\"description\" content=\"Compra 28.883.6179 Impresora Dascom Dc-2300, De Credenciales Pvc, Sublimacion, 300 Dpi, Usb, Ethernet Red, Duplex, Incluye Software De Edicion Card Editor Version Basica + Env\u00edo a domicilio + Pago seguro + Garant\u00eda\" \/>\n<meta name=\"robots\" content=\"index, follow, max-snippet:-1, max-image-preview:large, max-video-preview:-1\" \/>\n<link rel=\"canonical\" href=\"https:\/\/compuviper.mx\/tienda\/producto\/dataproducts-28-883-6179-impresora-dascom-dc-2300-de-credenciales-pvc-sublimacion-300-dpi-usb-ethernet-red-duplex-incluye-software-de-edicion-card-editor-version-basica\/\" \/>\n<meta property=\"og:locale\" content=\"es_MX\" \/>\n<meta property=\"og:type\" content=\"article\" \/>\n<meta property=\"og:title\" content=\"[ Dataproducts ] &#129351; 28.883.6179 Impresora Dascom Dc-2300, De Credenciales Pvc, Sublimacion, 300 Dpi, Usb, Ethernet Red, Duplex, Incluye Software De Edicion Card Editor Version Basica\" \/>\n<meta property=\"og:description\" content=\"Compra 28.883.6179 Impresora Dascom Dc-2300, De Credenciales Pvc, Sublimacion, 300 Dpi, Usb, Ethernet Red, Duplex, Incluye Software De Edicion Card Editor Version Basica + Env\u00edo a domicilio + Pago seguro + Garant\u00eda\" \/>\n<meta property=\"og:url\" content=\"https:\/\/compuviper.mx\/tienda\/producto\/dataproducts-28-883-6179-impresora-dascom-dc-2300-de-credenciales-pvc-sublimacion-300-dpi-usb-ethernet-red-duplex-incluye-software-de-edicion-card-editor-version-basica\/\" \/>\n<meta property=\"og:site_name\" content=\"Compuviper\" \/>\n<meta property=\"article:publisher\" content=\"https:\/\/www.facebook.com\/compuviper\" \/>\n<meta property=\"og:image\" content=\"https:\/\/compuviper.mx\/tienda\/wp-content\/uploads\/2023\/12\/Impresora-credenciales-pvc-dascom-dc-2300-sublimacion-300-dpi-usb-ethernet-red-duplex-incluye-software-de-edicin-card-editor-version-basica.jpg\" \/>\n\t<meta property=\"og:image:width\" content=\"200\" \/>\n\t<meta property=\"og:image:height\" content=\"200\" \/>\n\t<meta property=\"og:image:type\" content=\"image\/jpeg\" \/>\n<meta name=\"twitter:card\" content=\"summary_large_image\" \/>\n<meta name=\"twitter:label1\" content=\"Precio\" \/>\n\t<meta name=\"twitter:data1\" content=\"&#36;19,669 con IVA\" \/>\n\t<meta name=\"twitter:label2\" content=\"Availability\" \/>\n\t<meta name=\"twitter:data2\" content=\"Out of stock\" \/>\n<script type=\"application\/ld+json\" class=\"yoast-schema-graph\">{\"@context\":\"https:\/\/schema.org\",\"@graph\":[{\"@type\":\"WebPage\",\"@id\":\"https:\/\/compuviper.mx\/tienda\/producto\/dataproducts-28-883-6179-impresora-dascom-dc-2300-de-credenciales-pvc-sublimacion-300-dpi-usb-ethernet-red-duplex-incluye-software-de-edicion-card-editor-version-basica\/\",\"url\":\"https:\/\/compuviper.mx\/tienda\/producto\/dataproducts-28-883-6179-impresora-dascom-dc-2300-de-credenciales-pvc-sublimacion-300-dpi-usb-ethernet-red-duplex-incluye-software-de-edicion-card-editor-version-basica\/\",\"name\":\"[ Dataproducts ] &#129351; 28.883.6179 Impresora Dascom Dc-2300, De Credenciales Pvc, Sublimacion, 300 Dpi, Usb, Ethernet Red, Duplex, Incluye Software De Edicion Card Editor Version Basica\",\"isPartOf\":{\"@id\":\"https:\/\/compuviper.mx\/tienda\/#website\"},\"datePublished\":\"2026-04-17T07:45:20+00:00\",\"dateModified\":\"2026-04-17T07:45:20+00:00\",\"description\":\"Compra 28.883.6179 Impresora Dascom Dc-2300, De Credenciales Pvc, Sublimacion, 300 Dpi, Usb, Ethernet Red, Duplex, Incluye Software De Edicion Card Editor Version Basica + Env\u00edo a domicilio + Pago seguro + Garant\u00eda\",\"breadcrumb\":{\"@id\":\"https:\/\/compuviper.mx\/tienda\/producto\/dataproducts-28-883-6179-impresora-dascom-dc-2300-de-credenciales-pvc-sublimacion-300-dpi-usb-ethernet-red-duplex-incluye-software-de-edicion-card-editor-version-basica\/#breadcrumb\"},\"inLanguage\":\"es-MX\",\"potentialAction\":[{\"@type\":\"ReadAction\",\"target\":[\"https:\/\/compuviper.mx\/tienda\/producto\/dataproducts-28-883-6179-impresora-dascom-dc-2300-de-credenciales-pvc-sublimacion-300-dpi-usb-ethernet-red-duplex-incluye-software-de-edicion-card-editor-version-basica\/\"]}]},{\"@type\":\"BreadcrumbList\",\"@id\":\"https:\/\/compuviper.mx\/tienda\/producto\/dataproducts-28-883-6179-impresora-dascom-dc-2300-de-credenciales-pvc-sublimacion-300-dpi-usb-ethernet-red-duplex-incluye-software-de-edicion-card-editor-version-basica\/#breadcrumb\",\"itemListElement\":[{\"@type\":\"ListItem\",\"position\":1,\"name\":\"Inicio\",\"item\":\"https:\/\/compuviper.mx\/tienda\/\"},{\"@type\":\"ListItem\",\"position\":2,\"name\":\"Productos\",\"item\":\"https:\/\/compuviper.mx\/tienda\/productos\/\"},{\"@type\":\"ListItem\",\"position\":3,\"name\":\"Impresoras\",\"item\":\"https:\/\/compuviper.mx\/tienda\/categoria-producto\/impresoras\/\"},{\"@type\":\"ListItem\",\"position\":4,\"name\":\"Tarjetas Pvc\",\"item\":\"https:\/\/compuviper.mx\/tienda\/categoria-producto\/impresoras\/tarjetas-pvc\/\"},{\"@type\":\"ListItem\",\"position\":5,\"name\":\"Dataproducts 28.883.6179 Impresora Dascom Dc-2300, De Credenciales Pvc, Sublimacion, 300 Dpi, Usb, Ethernet Red, Duplex, Incluye Software De Edicion Card Editor Version Basica\"}]},{\"@type\":\"WebSite\",\"@id\":\"https:\/\/compuviper.mx\/tienda\/#website\",\"url\":\"https:\/\/compuviper.mx\/tienda\/\",\"name\":\"Compuviper\",\"description\":\"Proveedor de Computadoras, Laptops, Servidores, Monitores, Puntos de Venta, Teclados,   Impresoras, T\u00f3ner, C\u00e1maras de Seguridad y m\u00e1s en tu tienda en l\u00ednea\",\"publisher\":{\"@id\":\"https:\/\/compuviper.mx\/tienda\/#organization\"},\"potentialAction\":[{\"@type\":\"SearchAction\",\"target\":{\"@type\":\"EntryPoint\",\"urlTemplate\":\"https:\/\/compuviper.mx\/tienda\/?s={search_term_string}\"},\"query-input\":\"required name=search_term_string\"}],\"inLanguage\":\"es-MX\"},{\"@type\":\"Organization\",\"@id\":\"https:\/\/compuviper.mx\/tienda\/#organization\",\"name\":\"Compuviper\",\"url\":\"https:\/\/compuviper.mx\/tienda\/\",\"logo\":{\"@type\":\"ImageObject\",\"inLanguage\":\"es-MX\",\"@id\":\"https:\/\/compuviper.mx\/tienda\/#\/schema\/logo\/image\/\",\"url\":\"https:\/\/compuviper.mx\/tienda\/wp-content\/uploads\/2021\/08\/Logo-Compuviper-10.png\",\"contentUrl\":\"https:\/\/compuviper.mx\/tienda\/wp-content\/uploads\/2021\/08\/Logo-Compuviper-10.png\",\"width\":1000,\"height\":500,\"caption\":\"Compuviper\"},\"image\":{\"@id\":\"https:\/\/compuviper.mx\/tienda\/#\/schema\/logo\/image\/\"},\"sameAs\":[\"https:\/\/www.facebook.com\/compuviper\",\"https:\/\/www.youtube.com\/channel\/UCf73dERp9Y3cfOq7q8BhLjA?view_as=subscriber\"]}]}<\/script>\n<meta property=\"product:brand\" content=\"DATAPRODUCTS\" \/>\n<meta property=\"product:price:amount\" content=\"19669\" \/>\n<meta property=\"product:price:currency\" content=\"MXN\" \/>\n<meta property=\"og:availability\" content=\"out of stock\" \/>\n<meta property=\"product:availability\" content=\"out of stock\" \/>\n<meta property=\"product:retailer_item_id\" content=\"28.883.6179\" \/>\n<meta property=\"product:condition\" content=\"new\" \/>\n<!-- \/ Yoast SEO plugin. -->","yoast_head_json":{"title":"[ Dataproducts ] &#129351; 28.883.6179 Impresora Dascom Dc-2300, De Credenciales Pvc, Sublimacion, 300 Dpi, Usb, Ethernet Red, Duplex, Incluye Software De Edicion Card Editor Version Basica","description":"Compra 28.883.6179 Impresora Dascom Dc-2300, De Credenciales Pvc, Sublimacion, 300 Dpi, Usb, Ethernet Red, Duplex, Incluye Software De Edicion Card Editor Version Basica + Env\u00edo a domicilio + Pago seguro + Garant\u00eda","robots":{"index":"index","follow":"follow","max-snippet":"max-snippet:-1","max-image-preview":"max-image-preview:large","max-video-preview":"max-video-preview:-1"},"canonical":"https:\/\/compuviper.mx\/tienda\/producto\/dataproducts-28-883-6179-impresora-dascom-dc-2300-de-credenciales-pvc-sublimacion-300-dpi-usb-ethernet-red-duplex-incluye-software-de-edicion-card-editor-version-basica\/","og_locale":"es_MX","og_type":"article","og_title":"[ Dataproducts ] &#129351; 28.883.6179 Impresora Dascom Dc-2300, De Credenciales Pvc, Sublimacion, 300 Dpi, Usb, Ethernet Red, Duplex, Incluye Software De Edicion Card Editor Version Basica","og_description":"Compra 28.883.6179 Impresora Dascom Dc-2300, De Credenciales Pvc, Sublimacion, 300 Dpi, Usb, Ethernet Red, Duplex, Incluye Software De Edicion Card Editor Version Basica + Env\u00edo a domicilio + Pago seguro + Garant\u00eda","og_url":"https:\/\/compuviper.mx\/tienda\/producto\/dataproducts-28-883-6179-impresora-dascom-dc-2300-de-credenciales-pvc-sublimacion-300-dpi-usb-ethernet-red-duplex-incluye-software-de-edicion-card-editor-version-basica\/","og_site_name":"Compuviper","article_publisher":"https:\/\/www.facebook.com\/compuviper","og_image":[{"width":200,"height":200,"url":"https:\/\/compuviper.mx\/tienda\/wp-content\/uploads\/2023\/12\/Impresora-credenciales-pvc-dascom-dc-2300-sublimacion-300-dpi-usb-ethernet-red-duplex-incluye-software-de-edicin-card-editor-version-basica.jpg","type":"image\/jpeg"}],"twitter_card":"summary_large_image","twitter_misc":{"Precio":"&#36;19,669 con IVA","Availability":"Out of stock"},"schema":{"@context":"https:\/\/schema.org","@graph":[{"@type":"WebPage","@id":"https:\/\/compuviper.mx\/tienda\/producto\/dataproducts-28-883-6179-impresora-dascom-dc-2300-de-credenciales-pvc-sublimacion-300-dpi-usb-ethernet-red-duplex-incluye-software-de-edicion-card-editor-version-basica\/","url":"https:\/\/compuviper.mx\/tienda\/producto\/dataproducts-28-883-6179-impresora-dascom-dc-2300-de-credenciales-pvc-sublimacion-300-dpi-usb-ethernet-red-duplex-incluye-software-de-edicion-card-editor-version-basica\/","name":"[ Dataproducts ] &#129351; 28.883.6179 Impresora Dascom Dc-2300, De Credenciales Pvc, Sublimacion, 300 Dpi, Usb, Ethernet Red, Duplex, Incluye Software De Edicion Card Editor Version Basica","isPartOf":{"@id":"https:\/\/compuviper.mx\/tienda\/#website"},"datePublished":"2026-04-17T07:45:20+00:00","dateModified":"2026-04-17T07:45:20+00:00","description":"Compra 28.883.6179 Impresora Dascom Dc-2300, De Credenciales Pvc, Sublimacion, 300 Dpi, Usb, Ethernet Red, Duplex, Incluye Software De Edicion Card Editor Version Basica + Env\u00edo a domicilio + Pago seguro + Garant\u00eda","breadcrumb":{"@id":"https:\/\/compuviper.mx\/tienda\/producto\/dataproducts-28-883-6179-impresora-dascom-dc-2300-de-credenciales-pvc-sublimacion-300-dpi-usb-ethernet-red-duplex-incluye-software-de-edicion-card-editor-version-basica\/#breadcrumb"},"inLanguage":"es-MX","potentialAction":[{"@type":"ReadAction","target":["https:\/\/compuviper.mx\/tienda\/producto\/dataproducts-28-883-6179-impresora-dascom-dc-2300-de-credenciales-pvc-sublimacion-300-dpi-usb-ethernet-red-duplex-incluye-software-de-edicion-card-editor-version-basica\/"]}]},{"@type":"BreadcrumbList","@id":"https:\/\/compuviper.mx\/tienda\/producto\/dataproducts-28-883-6179-impresora-dascom-dc-2300-de-credenciales-pvc-sublimacion-300-dpi-usb-ethernet-red-duplex-incluye-software-de-edicion-card-editor-version-basica\/#breadcrumb","itemListElement":[{"@type":"ListItem","position":1,"name":"Inicio","item":"https:\/\/compuviper.mx\/tienda\/"},{"@type":"ListItem","position":2,"name":"Productos","item":"https:\/\/compuviper.mx\/tienda\/productos\/"},{"@type":"ListItem","position":3,"name":"Impresoras","item":"https:\/\/compuviper.mx\/tienda\/categoria-producto\/impresoras\/"},{"@type":"ListItem","position":4,"name":"Tarjetas Pvc","item":"https:\/\/compuviper.mx\/tienda\/categoria-producto\/impresoras\/tarjetas-pvc\/"},{"@type":"ListItem","position":5,"name":"Dataproducts 28.883.6179 Impresora Dascom Dc-2300, De Credenciales Pvc, Sublimacion, 300 Dpi, Usb, Ethernet Red, Duplex, Incluye Software De Edicion Card Editor Version Basica"}]},{"@type":"WebSite","@id":"https:\/\/compuviper.mx\/tienda\/#website","url":"https:\/\/compuviper.mx\/tienda\/","name":"Compuviper","description":"Proveedor de Computadoras, Laptops, Servidores, Monitores, Puntos de Venta, Teclados,   Impresoras, T\u00f3ner, C\u00e1maras de Seguridad y m\u00e1s en tu tienda en l\u00ednea","publisher":{"@id":"https:\/\/compuviper.mx\/tienda\/#organization"},"potentialAction":[{"@type":"SearchAction","target":{"@type":"EntryPoint","urlTemplate":"https:\/\/compuviper.mx\/tienda\/?s={search_term_string}"},"query-input":"required name=search_term_string"}],"inLanguage":"es-MX"},{"@type":"Organization","@id":"https:\/\/compuviper.mx\/tienda\/#organization","name":"Compuviper","url":"https:\/\/compuviper.mx\/tienda\/","logo":{"@type":"ImageObject","inLanguage":"es-MX","@id":"https:\/\/compuviper.mx\/tienda\/#\/schema\/logo\/image\/","url":"https:\/\/compuviper.mx\/tienda\/wp-content\/uploads\/2021\/08\/Logo-Compuviper-10.png","contentUrl":"https:\/\/compuviper.mx\/tienda\/wp-content\/uploads\/2021\/08\/Logo-Compuviper-10.png","width":1000,"height":500,"caption":"Compuviper"},"image":{"@id":"https:\/\/compuviper.mx\/tienda\/#\/schema\/logo\/image\/"},"sameAs":["https:\/\/www.facebook.com\/compuviper","https:\/\/www.youtube.com\/channel\/UCf73dERp9Y3cfOq7q8BhLjA?view_as=subscriber"]}]},"product_brand":"DATAPRODUCTS","product_price_amount":"19669","product_price_currency":"MXN","og_availability":"out of stock","product_availability":"out of stock","product_retailer_item_id":"28.883.6179","product_condition":"new"},"_links":{"self":[{"href":"https:\/\/compuviper.mx\/tienda\/wp-json\/wp\/v2\/product\/223862"}],"collection":[{"href":"https:\/\/compuviper.mx\/tienda\/wp-json\/wp\/v2\/product"}],"about":[{"href":"https:\/\/compuviper.mx\/tienda\/wp-json\/wp\/v2\/types\/product"}],"replies":[{"embeddable":true,"href":"https:\/\/compuviper.mx\/tienda\/wp-json\/wp\/v2\/comments?post=223862"}],"wp:featuredmedia":[{"embeddable":true,"href":"https:\/\/compuviper.mx\/tienda\/wp-json\/wp\/v2\/media\/223863"}],"wp:attachment":[{"href":"https:\/\/compuviper.mx\/tienda\/wp-json\/wp\/v2\/media?parent=223862"}],"wp:term":[{"taxonomy":"product_cat","embeddable":true,"href":"https:\/\/compuviper.mx\/tienda\/wp-json\/wp\/v2\/product_cat?post=223862"},{"taxonomy":"product_tag","embeddable":true,"href":"https:\/\/compuviper.mx\/tienda\/wp-json\/wp\/v2\/product_tag?post=223862"}],"curies":[{"name":"wp","href":"https:\/\/api.w.org\/{rel}","templated":true}]}}