{"id":223712,"date":"2026-04-10T01:36:35","date_gmt":"2026-04-10T07:36:35","guid":{"rendered":"https:\/\/compuviper.mx\/tienda\/producto\/canon-2316c004ab-multifuncional-g4110-tinta-continua-ipm-8-8-negro-5-0-color-usb-wifi-simplex-cama-plana-carta-adf-oficio-8-5x14-consumibles-gi-190\/"},"modified":"2026-04-10T01:36:35","modified_gmt":"2026-04-10T07:36:35","slug":"canon-2316c004ac2316c004ab-multifuncional-g4110-tinta-continua-ppm-8-8-negro-5-0-color-usb-wifi-cama-plana-carta-adf-oficio-consumibles-gi-190","status":"publish","type":"product","link":"https:\/\/compuviper.mx\/tienda\/producto\/canon-2316c004ac2316c004ab-multifuncional-g4110-tinta-continua-ppm-8-8-negro-5-0-color-usb-wifi-cama-plana-carta-adf-oficio-consumibles-gi-190\/","title":{"rendered":"Canon 2316c004ac,2316c004ab Multifuncional  G4110, Tinta Continua, Ppm 8.8 Negro\/5.0 Color, Usb, Wifi, Cama Plana Carta, Adf Oficio, Consumibles Gi-190"},"content":{"rendered":"<table class=\"descripcion\">\n<tr>\n<td>Impresora:<\/td>\n<\/tr>\n<tr>\n<td>Tipo de impresora: multifuncional de inyecci\u00f3n de tinta a color<\/td>\n<\/tr>\n<tr>\n<td>Velocidad de impresi\u00f3n (hasta):<\/td>\n<\/tr>\n<tr>\n<td>Fotograf\u00eda sin bordes de 10&#215;15 cm: aprox. 60 segundos<\/td>\n<\/tr>\n<tr>\n<td>Negro: esat: aprox. 8.8 ipm<\/td>\n<\/tr>\n<tr>\n<td>Color: esat: aprox. 5.0 ipm<\/td>\n<\/tr>\n<tr>\n<td>Cantidad de boquillas: color: 1,152 \/ pigmento negro: 320 \/ total: 1,472<\/td>\n<\/tr>\n<tr>\n<td>Resoluci\u00f3n de impresi\u00f3n (hasta): 4800 x 1200 dpi<\/td>\n<\/tr>\n<tr>\n<td>Compatibilidad de tinta:<\/td>\n<\/tr>\n<tr>\n<td>&#8211; gi-190 botella de tinta negra (135 ml)<\/td>\n<\/tr>\n<tr>\n<td>&#8211; gi-190 botella de tinta cian (70 ml)<\/td>\n<\/tr>\n<tr>\n<td>&#8211; gi-190 botella de tinta magenta (70 ml)<\/td>\n<\/tr>\n<tr>\n<td>&#8211; gi-190 botella de tinta amarilla (70 ml)<\/td>\n<\/tr>\n<tr>\n<td>Tama\u00f1os de papel: a4, a5, b5, carta, oficio, sobres u.s. n\u00fam. 10, 4\u00bf x 6\u00bf (10cm x 15 cm), 5\u00bf x 7\u00bf (13 cm x 18 cm), 8\u00bf x 10\u00bf (20 cm x 25 cm), cuadrado (5\u00bf x 5\u00bf) (13cm x 13 cm), tarjeta de presentaci\u00f3n, tama\u00f1o personalizado (anchura de 55 mm a 215.9 mm, longitud de 89 mm a 676 mm)<\/td>\n<\/tr>\n<tr>\n<td>Compatibilidad de papel:<\/td>\n<\/tr>\n<tr>\n<td>&#8211; com\u00fan: papel com\u00fan, papel de alta resoluci\u00f3n<\/td>\n<\/tr>\n<tr>\n<td>&#8211; brilloso: papel fotogr\u00e1fico brilloso plus ii, papel fotogr\u00e1fico brilloso<\/td>\n<\/tr>\n<tr>\n<td>&#8211; mate: papel fotogr\u00e1fico mate<\/td>\n<\/tr>\n<tr>\n<td>&#8211; sobres: sobres u.s. n\u00fam. 10<\/td>\n<\/tr>\n<tr>\n<td>Caracter\u00edsticas de la impresora: correcci\u00f3n autom\u00e1tica de im\u00e1genes ii, impresi\u00f3n sin bordes, impresi\u00f3n con bordes, impresi\u00f3n de documentos, impresi\u00f3n fotogr\u00e1fica, airprint, easy web print ex, impresi\u00f3n completa de escenas de videos en hd, google cloud print, my image garden, canon print app, pixma cloud link, modo silencioso, efectos de filtros divertidos, impresi\u00f3n inal\u00e1mbrica, mopria device printing, easy-photoprint+, message in print, copia desde dispositivo inteligente, poster artist lite (compatible)<\/td>\n<\/tr>\n<tr>\n<td>Capacidad de la bandeja de salida: 100 hojas de papel com\u00fan o 20 hojas de papel fotogr\u00e1fico 4&#8243;x6&#8243; (10&#215;15 cm)<\/td>\n<\/tr>\n<tr>\n<td>  copiadora:<\/td>\n<\/tr>\n<tr>\n<td>Velocidad de copiado (hasta): tiempo de entrega de la primera copia (en color): aprox. 24 segundos<\/td>\n<\/tr>\n<tr>\n<td>Reducci\u00f3n \/ ampliaci\u00f3n: 25% &#8211; 400%<\/td>\n<\/tr>\n<tr>\n<td>Caracter\u00edsticas de copiado: 4 en 1 \/ 2 en 1, copiado sin bordes, copiado compaginado (adf solamente), copia de reservaci\u00f3n de trabajos, recordatorio para remover documento, ajustar a p\u00e1gina, copia con borrado de marco, copia de tarjetas de identificaci\u00f3n, porcentajes de copiado predeterminados, copiado est\u00e1ndar<\/td>\n<\/tr>\n<tr>\n<td>  esc\u00e1ner:<\/td>\n<\/tr>\n<tr>\n<td>Tipo de esc\u00e1ner: esc\u00e1ner plano<\/td>\n<\/tr>\n<tr>\n<td>Elemento de escaneo: sensor de imagen por contacto de color (cis, por sus siglas en ingl\u00e9s)<\/td>\n<\/tr>\n<tr>\n<td>Resoluci\u00f3n m\u00e1xima:<\/td>\n<\/tr>\n<tr>\n<td>&#8211; \u00f3ptica: 600 x 1200 dpi<\/td>\n<\/tr>\n<tr>\n<td>&#8211; interpolada: 19,200 x 19,200 dpi<\/td>\n<\/tr>\n<tr>\n<td>Caracter\u00edsticas del esc\u00e1ner: modo de escaneo autom\u00e1tico, escaneo en red, escaneo inal\u00e1mbrico, recordatorio para remover documentos, guardar en pc, escanear a la aplicaci\u00f3n canon print<\/td>\n<\/tr>\n<tr>\n<td>Profundidad de color: 48 bits interno \/ 24 bits externo<\/td>\n<\/tr>\n<tr>\n<td>Tama\u00f1o m\u00e1ximo del documento:                                                                                              &#8211; esc\u00e1ner plano: a4, 8.5\u00bf x 11\u00bf (21.6 cm x 29.72 cm) (carta)<\/td>\n<\/tr>\n<tr>\n<td>&#8211; adf: a4, 8.5\u00bf x 11\u00bf (21.6 cm x 29.72 cm) (carta), 8.5\u00bf x 14\u00bf (21.6 cm x 35.56 cm) (oficio)<\/td>\n<\/tr>\n<tr>\n<td>  fax:<\/td>\n<\/tr>\n<tr>\n<td>Velocidad del m\u00f3dem: 33.6 kbps (fax super g3 en color)<\/td>\n<\/tr>\n<tr>\n<td>Velocidad de trasmisi\u00f3n (aprox.)<\/td>\n<\/tr>\n<tr>\n<td>&#8211; negro: aprox. 3 segundos por p\u00e1gina<\/td>\n<\/tr>\n<tr>\n<td>&#8211; color: aprox. 1 minuto por p\u00e1gina<\/td>\n<\/tr>\n<tr>\n<td>Capacidad de memoria: aprox. 50 p\u00e1ginas<\/td>\n<\/tr>\n<tr>\n<td>Discado r\u00e1pido: 19 lugares<\/td>\n<\/tr>\n<tr>\n<td>Otras caracter\u00edsticas: conectividad de la m\u00e1quina contestadora, rechazo de la persona que llama, revisi\u00f3n de la informaci\u00f3n del fax recibido, rechazo de la recepci\u00f3n del fax, transmisi\u00f3n de memoria , rediscado, recepci\u00f3n remota , modo extra fino, b\u00fasqueda de discado<\/td>\n<\/tr>\n<\/table>\n","protected":false},"excerpt":{"rendered":"<p>La multifuncional pixma  g4110 tambi\u00e9n cuenta con un fax, un alimentador autom\u00e1tico de documentos de 20 p\u00e1ginas y una pantalla lcd de 2 l\u00edneas para una experiencia de impresi\u00f3n personalizada. Acceda f\u00e1cilmente e imprima desde servicios en la nube mejor clasificados con nuestra aplicaci\u00f3n canon print app1. Imprima de forma inal\u00e1mbrica directamente desde su dispositivo m\u00f3vil sin un router.<\/p>\n","protected":false},"featured_media":223713,"comment_status":"open","ping_status":"open","template":"","meta":[],"product_cat":[1780,1781],"product_tag":[1554],"acf":[],"yoast_head":"<!-- This site is optimized with the Yoast SEO plugin v21.7 - https:\/\/yoast.com\/wordpress\/plugins\/seo\/ -->\n<title>[ Canon ] &#129351; 2316c004ac,2316c004ab Multifuncional G4110, Tinta Continua, Ppm 8.8 Negro\/5.0 Color, Usb, Wifi, Cama Plana Carta, Adf Oficio, Consumibles Gi-190<\/title>\n<meta name=\"description\" content=\"Compra 2316c004ac,2316c004ab Multifuncional G4110, Tinta Continua, Ppm 8.8 Negro\/5.0 Color, Usb, Wifi, Cama Plana Carta, Adf Oficio, Consumibles Gi-190 + Env\u00edo a domicilio + Pago seguro + Garant\u00eda\" \/>\n<meta name=\"robots\" content=\"index, follow, max-snippet:-1, max-image-preview:large, max-video-preview:-1\" \/>\n<link rel=\"canonical\" href=\"https:\/\/compuviper.mx\/tienda\/producto\/canon-2316c004ac2316c004ab-multifuncional-g4110-tinta-continua-ppm-8-8-negro-5-0-color-usb-wifi-cama-plana-carta-adf-oficio-consumibles-gi-190\/\" \/>\n<meta property=\"og:locale\" content=\"es_MX\" \/>\n<meta property=\"og:type\" content=\"article\" \/>\n<meta property=\"og:title\" content=\"[ Canon ] &#129351; 2316c004ac,2316c004ab Multifuncional G4110, Tinta Continua, Ppm 8.8 Negro\/5.0 Color, Usb, Wifi, Cama Plana Carta, Adf Oficio, Consumibles Gi-190\" \/>\n<meta property=\"og:description\" content=\"Compra 2316c004ac,2316c004ab Multifuncional G4110, Tinta Continua, Ppm 8.8 Negro\/5.0 Color, Usb, Wifi, Cama Plana Carta, Adf Oficio, Consumibles Gi-190 + Env\u00edo a domicilio + Pago seguro + Garant\u00eda\" \/>\n<meta property=\"og:url\" content=\"https:\/\/compuviper.mx\/tienda\/producto\/canon-2316c004ac2316c004ab-multifuncional-g4110-tinta-continua-ppm-8-8-negro-5-0-color-usb-wifi-cama-plana-carta-adf-oficio-consumibles-gi-190\/\" \/>\n<meta property=\"og:site_name\" content=\"Compuviper\" \/>\n<meta property=\"article:publisher\" content=\"https:\/\/www.facebook.com\/compuviper\" \/>\n<meta property=\"og:image\" content=\"https:\/\/compuviper.mx\/tienda\/wp-content\/uploads\/2023\/12\/Multifuncional-canon-g4110-tinta-continua-ipm-8.8-negro5.0-color-usb-wifi-simplex-cama-plana-carta-adf-oficio8.5x14-consumibles-gi-190.jpg\" \/>\n\t<meta property=\"og:image:width\" content=\"200\" \/>\n\t<meta property=\"og:image:height\" content=\"200\" \/>\n\t<meta property=\"og:image:type\" content=\"image\/jpeg\" \/>\n<meta name=\"twitter:card\" content=\"summary_large_image\" \/>\n<meta name=\"twitter:label1\" content=\"Precio\" \/>\n\t<meta name=\"twitter:data1\" content=\"&#36;4,540 &#36;3,715 con IVA\" \/>\n\t<meta name=\"twitter:label2\" content=\"Availability\" \/>\n\t<meta name=\"twitter:data2\" content=\"In stock\" \/>\n<script type=\"application\/ld+json\" class=\"yoast-schema-graph\">{\"@context\":\"https:\/\/schema.org\",\"@graph\":[{\"@type\":\"WebPage\",\"@id\":\"https:\/\/compuviper.mx\/tienda\/producto\/canon-2316c004ac2316c004ab-multifuncional-g4110-tinta-continua-ppm-8-8-negro-5-0-color-usb-wifi-cama-plana-carta-adf-oficio-consumibles-gi-190\/\",\"url\":\"https:\/\/compuviper.mx\/tienda\/producto\/canon-2316c004ac2316c004ab-multifuncional-g4110-tinta-continua-ppm-8-8-negro-5-0-color-usb-wifi-cama-plana-carta-adf-oficio-consumibles-gi-190\/\",\"name\":\"[ Canon ] &#129351; 2316c004ac,2316c004ab Multifuncional G4110, Tinta Continua, Ppm 8.8 Negro\/5.0 Color, Usb, Wifi, Cama Plana Carta, Adf Oficio, Consumibles Gi-190\",\"isPartOf\":{\"@id\":\"https:\/\/compuviper.mx\/tienda\/#website\"},\"datePublished\":\"2026-04-10T07:36:35+00:00\",\"dateModified\":\"2026-04-10T07:36:35+00:00\",\"description\":\"Compra 2316c004ac,2316c004ab Multifuncional G4110, Tinta Continua, Ppm 8.8 Negro\/5.0 Color, Usb, Wifi, Cama Plana Carta, Adf Oficio, Consumibles Gi-190 + Env\u00edo a domicilio + Pago seguro + Garant\u00eda\",\"breadcrumb\":{\"@id\":\"https:\/\/compuviper.mx\/tienda\/producto\/canon-2316c004ac2316c004ab-multifuncional-g4110-tinta-continua-ppm-8-8-negro-5-0-color-usb-wifi-cama-plana-carta-adf-oficio-consumibles-gi-190\/#breadcrumb\"},\"inLanguage\":\"es-MX\",\"potentialAction\":[{\"@type\":\"ReadAction\",\"target\":[\"https:\/\/compuviper.mx\/tienda\/producto\/canon-2316c004ac2316c004ab-multifuncional-g4110-tinta-continua-ppm-8-8-negro-5-0-color-usb-wifi-cama-plana-carta-adf-oficio-consumibles-gi-190\/\"]}]},{\"@type\":\"BreadcrumbList\",\"@id\":\"https:\/\/compuviper.mx\/tienda\/producto\/canon-2316c004ac2316c004ab-multifuncional-g4110-tinta-continua-ppm-8-8-negro-5-0-color-usb-wifi-cama-plana-carta-adf-oficio-consumibles-gi-190\/#breadcrumb\",\"itemListElement\":[{\"@type\":\"ListItem\",\"position\":1,\"name\":\"Inicio\",\"item\":\"https:\/\/compuviper.mx\/tienda\/\"},{\"@type\":\"ListItem\",\"position\":2,\"name\":\"Productos\",\"item\":\"https:\/\/compuviper.mx\/tienda\/productos\/\"},{\"@type\":\"ListItem\",\"position\":3,\"name\":\"Multifuncionales\",\"item\":\"https:\/\/compuviper.mx\/tienda\/categoria-producto\/multifuncionales\/\"},{\"@type\":\"ListItem\",\"position\":4,\"name\":\"Inyeccion De Tinta\",\"item\":\"https:\/\/compuviper.mx\/tienda\/categoria-producto\/multifuncionales\/inyeccion-de-tinta\/\"},{\"@type\":\"ListItem\",\"position\":5,\"name\":\"Canon 2316c004ac,2316c004ab Multifuncional G4110, Tinta Continua, Ppm 8.8 Negro\/5.0 Color, Usb, Wifi, Cama Plana Carta, Adf Oficio, Consumibles Gi-190\"}]},{\"@type\":\"WebSite\",\"@id\":\"https:\/\/compuviper.mx\/tienda\/#website\",\"url\":\"https:\/\/compuviper.mx\/tienda\/\",\"name\":\"Compuviper\",\"description\":\"Proveedor de Computadoras, Laptops, Servidores, Monitores, Puntos de Venta, Teclados,   Impresoras, T\u00f3ner, C\u00e1maras de Seguridad y m\u00e1s en tu tienda en l\u00ednea\",\"publisher\":{\"@id\":\"https:\/\/compuviper.mx\/tienda\/#organization\"},\"potentialAction\":[{\"@type\":\"SearchAction\",\"target\":{\"@type\":\"EntryPoint\",\"urlTemplate\":\"https:\/\/compuviper.mx\/tienda\/?s={search_term_string}\"},\"query-input\":\"required name=search_term_string\"}],\"inLanguage\":\"es-MX\"},{\"@type\":\"Organization\",\"@id\":\"https:\/\/compuviper.mx\/tienda\/#organization\",\"name\":\"Compuviper\",\"url\":\"https:\/\/compuviper.mx\/tienda\/\",\"logo\":{\"@type\":\"ImageObject\",\"inLanguage\":\"es-MX\",\"@id\":\"https:\/\/compuviper.mx\/tienda\/#\/schema\/logo\/image\/\",\"url\":\"https:\/\/compuviper.mx\/tienda\/wp-content\/uploads\/2021\/08\/Logo-Compuviper-10.png\",\"contentUrl\":\"https:\/\/compuviper.mx\/tienda\/wp-content\/uploads\/2021\/08\/Logo-Compuviper-10.png\",\"width\":1000,\"height\":500,\"caption\":\"Compuviper\"},\"image\":{\"@id\":\"https:\/\/compuviper.mx\/tienda\/#\/schema\/logo\/image\/\"},\"sameAs\":[\"https:\/\/www.facebook.com\/compuviper\",\"https:\/\/www.youtube.com\/channel\/UCf73dERp9Y3cfOq7q8BhLjA?view_as=subscriber\"]}]}<\/script>\n<meta property=\"product:brand\" content=\"CANON\" \/>\n<meta property=\"product:price:amount\" content=\"3715\" \/>\n<meta property=\"product:price:currency\" content=\"MXN\" \/>\n<meta property=\"og:availability\" content=\"instock\" \/>\n<meta property=\"product:availability\" content=\"instock\" \/>\n<meta property=\"product:retailer_item_id\" content=\"2316C004AC,2316C004AB\" \/>\n<meta property=\"product:condition\" content=\"new\" \/>\n<!-- \/ Yoast SEO plugin. -->","yoast_head_json":{"title":"[ Canon ] &#129351; 2316c004ac,2316c004ab Multifuncional G4110, Tinta Continua, Ppm 8.8 Negro\/5.0 Color, Usb, Wifi, Cama Plana Carta, Adf Oficio, Consumibles Gi-190","description":"Compra 2316c004ac,2316c004ab Multifuncional G4110, Tinta Continua, Ppm 8.8 Negro\/5.0 Color, Usb, Wifi, Cama Plana Carta, Adf Oficio, Consumibles Gi-190 + Env\u00edo a domicilio + Pago seguro + Garant\u00eda","robots":{"index":"index","follow":"follow","max-snippet":"max-snippet:-1","max-image-preview":"max-image-preview:large","max-video-preview":"max-video-preview:-1"},"canonical":"https:\/\/compuviper.mx\/tienda\/producto\/canon-2316c004ac2316c004ab-multifuncional-g4110-tinta-continua-ppm-8-8-negro-5-0-color-usb-wifi-cama-plana-carta-adf-oficio-consumibles-gi-190\/","og_locale":"es_MX","og_type":"article","og_title":"[ Canon ] &#129351; 2316c004ac,2316c004ab Multifuncional G4110, Tinta Continua, Ppm 8.8 Negro\/5.0 Color, Usb, Wifi, Cama Plana Carta, Adf Oficio, Consumibles Gi-190","og_description":"Compra 2316c004ac,2316c004ab Multifuncional G4110, Tinta Continua, Ppm 8.8 Negro\/5.0 Color, Usb, Wifi, Cama Plana Carta, Adf Oficio, Consumibles Gi-190 + Env\u00edo a domicilio + Pago seguro + Garant\u00eda","og_url":"https:\/\/compuviper.mx\/tienda\/producto\/canon-2316c004ac2316c004ab-multifuncional-g4110-tinta-continua-ppm-8-8-negro-5-0-color-usb-wifi-cama-plana-carta-adf-oficio-consumibles-gi-190\/","og_site_name":"Compuviper","article_publisher":"https:\/\/www.facebook.com\/compuviper","og_image":[{"width":200,"height":200,"url":"https:\/\/compuviper.mx\/tienda\/wp-content\/uploads\/2023\/12\/Multifuncional-canon-g4110-tinta-continua-ipm-8.8-negro5.0-color-usb-wifi-simplex-cama-plana-carta-adf-oficio8.5x14-consumibles-gi-190.jpg","type":"image\/jpeg"}],"twitter_card":"summary_large_image","twitter_misc":{"Precio":"&#36;4,540 &#36;3,715 con IVA","Availability":"In stock"},"schema":{"@context":"https:\/\/schema.org","@graph":[{"@type":"WebPage","@id":"https:\/\/compuviper.mx\/tienda\/producto\/canon-2316c004ac2316c004ab-multifuncional-g4110-tinta-continua-ppm-8-8-negro-5-0-color-usb-wifi-cama-plana-carta-adf-oficio-consumibles-gi-190\/","url":"https:\/\/compuviper.mx\/tienda\/producto\/canon-2316c004ac2316c004ab-multifuncional-g4110-tinta-continua-ppm-8-8-negro-5-0-color-usb-wifi-cama-plana-carta-adf-oficio-consumibles-gi-190\/","name":"[ Canon ] &#129351; 2316c004ac,2316c004ab Multifuncional G4110, Tinta Continua, Ppm 8.8 Negro\/5.0 Color, Usb, Wifi, Cama Plana Carta, Adf Oficio, Consumibles Gi-190","isPartOf":{"@id":"https:\/\/compuviper.mx\/tienda\/#website"},"datePublished":"2026-04-10T07:36:35+00:00","dateModified":"2026-04-10T07:36:35+00:00","description":"Compra 2316c004ac,2316c004ab Multifuncional G4110, Tinta Continua, Ppm 8.8 Negro\/5.0 Color, Usb, Wifi, Cama Plana Carta, Adf Oficio, Consumibles Gi-190 + Env\u00edo a domicilio + Pago seguro + Garant\u00eda","breadcrumb":{"@id":"https:\/\/compuviper.mx\/tienda\/producto\/canon-2316c004ac2316c004ab-multifuncional-g4110-tinta-continua-ppm-8-8-negro-5-0-color-usb-wifi-cama-plana-carta-adf-oficio-consumibles-gi-190\/#breadcrumb"},"inLanguage":"es-MX","potentialAction":[{"@type":"ReadAction","target":["https:\/\/compuviper.mx\/tienda\/producto\/canon-2316c004ac2316c004ab-multifuncional-g4110-tinta-continua-ppm-8-8-negro-5-0-color-usb-wifi-cama-plana-carta-adf-oficio-consumibles-gi-190\/"]}]},{"@type":"BreadcrumbList","@id":"https:\/\/compuviper.mx\/tienda\/producto\/canon-2316c004ac2316c004ab-multifuncional-g4110-tinta-continua-ppm-8-8-negro-5-0-color-usb-wifi-cama-plana-carta-adf-oficio-consumibles-gi-190\/#breadcrumb","itemListElement":[{"@type":"ListItem","position":1,"name":"Inicio","item":"https:\/\/compuviper.mx\/tienda\/"},{"@type":"ListItem","position":2,"name":"Productos","item":"https:\/\/compuviper.mx\/tienda\/productos\/"},{"@type":"ListItem","position":3,"name":"Multifuncionales","item":"https:\/\/compuviper.mx\/tienda\/categoria-producto\/multifuncionales\/"},{"@type":"ListItem","position":4,"name":"Inyeccion De Tinta","item":"https:\/\/compuviper.mx\/tienda\/categoria-producto\/multifuncionales\/inyeccion-de-tinta\/"},{"@type":"ListItem","position":5,"name":"Canon 2316c004ac,2316c004ab Multifuncional G4110, Tinta Continua, Ppm 8.8 Negro\/5.0 Color, Usb, Wifi, Cama Plana Carta, Adf Oficio, Consumibles Gi-190"}]},{"@type":"WebSite","@id":"https:\/\/compuviper.mx\/tienda\/#website","url":"https:\/\/compuviper.mx\/tienda\/","name":"Compuviper","description":"Proveedor de Computadoras, Laptops, Servidores, Monitores, Puntos de Venta, Teclados,   Impresoras, T\u00f3ner, C\u00e1maras de Seguridad y m\u00e1s en tu tienda en l\u00ednea","publisher":{"@id":"https:\/\/compuviper.mx\/tienda\/#organization"},"potentialAction":[{"@type":"SearchAction","target":{"@type":"EntryPoint","urlTemplate":"https:\/\/compuviper.mx\/tienda\/?s={search_term_string}"},"query-input":"required name=search_term_string"}],"inLanguage":"es-MX"},{"@type":"Organization","@id":"https:\/\/compuviper.mx\/tienda\/#organization","name":"Compuviper","url":"https:\/\/compuviper.mx\/tienda\/","logo":{"@type":"ImageObject","inLanguage":"es-MX","@id":"https:\/\/compuviper.mx\/tienda\/#\/schema\/logo\/image\/","url":"https:\/\/compuviper.mx\/tienda\/wp-content\/uploads\/2021\/08\/Logo-Compuviper-10.png","contentUrl":"https:\/\/compuviper.mx\/tienda\/wp-content\/uploads\/2021\/08\/Logo-Compuviper-10.png","width":1000,"height":500,"caption":"Compuviper"},"image":{"@id":"https:\/\/compuviper.mx\/tienda\/#\/schema\/logo\/image\/"},"sameAs":["https:\/\/www.facebook.com\/compuviper","https:\/\/www.youtube.com\/channel\/UCf73dERp9Y3cfOq7q8BhLjA?view_as=subscriber"]}]},"product_brand":"CANON","product_price_amount":"3715","product_price_currency":"MXN","og_availability":"instock","product_availability":"instock","product_retailer_item_id":"2316C004AC,2316C004AB","product_condition":"new"},"_links":{"self":[{"href":"https:\/\/compuviper.mx\/tienda\/wp-json\/wp\/v2\/product\/223712"}],"collection":[{"href":"https:\/\/compuviper.mx\/tienda\/wp-json\/wp\/v2\/product"}],"about":[{"href":"https:\/\/compuviper.mx\/tienda\/wp-json\/wp\/v2\/types\/product"}],"replies":[{"embeddable":true,"href":"https:\/\/compuviper.mx\/tienda\/wp-json\/wp\/v2\/comments?post=223712"}],"wp:featuredmedia":[{"embeddable":true,"href":"https:\/\/compuviper.mx\/tienda\/wp-json\/wp\/v2\/media\/223713"}],"wp:attachment":[{"href":"https:\/\/compuviper.mx\/tienda\/wp-json\/wp\/v2\/media?parent=223712"}],"wp:term":[{"taxonomy":"product_cat","embeddable":true,"href":"https:\/\/compuviper.mx\/tienda\/wp-json\/wp\/v2\/product_cat?post=223712"},{"taxonomy":"product_tag","embeddable":true,"href":"https:\/\/compuviper.mx\/tienda\/wp-json\/wp\/v2\/product_tag?post=223712"}],"curies":[{"name":"wp","href":"https:\/\/api.w.org\/{rel}","templated":true}]}}