{"id":223662,"date":"2026-05-07T01:39:14","date_gmt":"2026-05-07T07:39:14","guid":{"rendered":"https:\/\/compuviper.mx\/tienda\/producto\/epson-sct5470m-plotter-multifuncional-sure-color-t5470m-36-pulgadas-91-44-cm-red-y-usb-4-tintas-2-400-x-1-200-dpi\/"},"modified":"2026-05-07T01:39:15","modified_gmt":"2026-05-07T07:39:15","slug":"epson-sct5470m010343938878-plotter-surecolor-t5470m-multifuncional-36-pulgadas-91-cm-usb-ethernet-red-4-tintas-2400-x-1200-dpi","status":"publish","type":"product","link":"https:\/\/compuviper.mx\/tienda\/producto\/epson-sct5470m010343938878-plotter-surecolor-t5470m-multifuncional-36-pulgadas-91-cm-usb-ethernet-red-4-tintas-2400-x-1200-dpi\/","title":{"rendered":"Epson Sct5470m,010343938878 Plotter  Surecolor T5470m, Multifuncional, 36 Pulgadas, 91 Cm, Usb, Ethernet Red 4 Tintas, 2400 X 1200 Dpi"},"content":{"rendered":"<table class=\"descripcion\">\n<tr>\n<td>Especificaciones generales:<\/td>\n<\/tr>\n<tr>\n<td>* tecnologia de impresion: cabezal de impresion precisioncore microtfp de 4 canales<\/td>\n<\/tr>\n<tr>\n<td>* resolucion maxima de impresion: 2400 x 1200 dpi<\/td>\n<\/tr>\n<tr>\n<td>* velocidad de impresion: tama\u00f1o a1\/d 22 seg<\/td>\n<\/tr>\n<tr>\n<td>* tama\u00f1o minimo de la gota de tinta: 4 picolitros; la tecnologia gota variable puede producir hasta tres diferentes medidas por linea<\/td>\n<\/tr>\n<tr>\n<td>* configuracion del cabezal: cabezales de color y monocromaticos; 800 boquillas x 4 canales<\/td>\n<\/tr>\n<tr>\n<td>* pantalla: pantalla tactil de 4,3<\/td>\n<\/tr>\n<tr>\n<td>* lenguaje de la impresora: epson esc\/p raster hp-gl\/2, hp rtl<\/td>\n<\/tr>\n<tr>\n<td>* interfaces: superspeed usb (compatible with usb 3.0 specification), usb direct, wireless lan ieee (802.11 b\/g\/n)4, wired ethernet (1000 base-t\/100 base-tx\/10 base-t), wi-fi direct4<\/td>\n<\/tr>\n<tr>\n<td>Manejo de papel en hoja:<\/td>\n<\/tr>\n<tr>\n<td>* alimentacion de hojas: alimentador de hojas de hasta 914,4 mm de ancho \/ alimentador automatico de hojas de hasta 210,06 mm x 279,4 mm (8,27 x 11)<\/td>\n<\/tr>\n<tr>\n<td>* hojas sueltas, alimentacion superior: hasta 91,4 cm<\/td>\n<\/tr>\n<tr>\n<td>* margenes izquierdo\/derecho: 0 a 3 mm cada uno (0,24 total)<\/td>\n<\/tr>\n<tr>\n<td>Manejo de papel en rollo:<\/td>\n<\/tr>\n<tr>\n<td>* rollo sencillo \/ hojas sueltas de carga superior: 91,4 cm de ancho<\/td>\n<\/tr>\n<tr>\n<td>* nucleo de rollo: diametro de nucleo de 50,8 mm o 76,2 mm ajustables por el usuario a traves de los adaptadores del rollo<\/td>\n<\/tr>\n<tr>\n<td>* diametro maximo del rollo: hasta 6.6, 16,76 cm<\/td>\n<\/tr>\n<tr>\n<td>* grosor del sustrato: hasta 11,8 mm<\/td>\n<\/tr>\n<tr>\n<td>* rollo de corte: cortador de papel rotatorio de alta velocidad (automatico o manual)<\/td>\n<\/tr>\n<tr>\n<td>* rollo de papel remanente: el papel remanente en el rollo puede ser manejado desde el panel de control<\/td>\n<\/tr>\n<tr>\n<td>* ancho de impresion sin bordes: 25,4 cm (10), 30 cm (11,8), 33 cm (13), 40,6 cm (16), 43,2 cm (17), 50 cm (19,7), 51,6 cm (20,3), 58,4 cm (23), 61 cm (24), 70,1 cm (27,6), 73 cm (28,7), 84,1 cm (33,1), 91,4 cm (36)<\/td>\n<\/tr>\n<tr>\n<td>Especificaciones del escaner:<\/td>\n<\/tr>\n<tr>\n<td>* tipo de escaner: fitros cis con rgb<\/td>\n<\/tr>\n<tr>\n<td>* caracteristicas del escaner: digitalizar para archivos de red, para servidor ftp, para e-mail, para usb<\/td>\n<\/tr>\n<tr>\n<td>* tipos de archivos soportados: pdf \/ tiff \/ jpeg<\/td>\n<\/tr>\n<tr>\n<td>* funciones de seguridad: soporte a pdfs encriptados<\/td>\n<\/tr>\n<tr>\n<td>* maxima superficie de digitalizacion: ancho maxima: hasta 91,4 cm \/ largo maximo: hasta 30,49 m<\/td>\n<\/tr>\n<tr>\n<td>* velocidad de escaneo: cores: hasta 4.5 ips \/ mono: hasta 7.5 ips<\/td>\n<\/tr>\n<tr>\n<td>* modos de copia \/ digitalizacion: texto\/contornos, papel vegetal, papel reciclado, planta, planta invertida, poster, dibujo acuarela.<\/td>\n<\/tr>\n<tr>\n<td>* reduccion \/ ampliacion: 25% a 400%, copias maximas: hasta 99<\/td>\n<\/tr>\n<\/table>\n","protected":false},"excerpt":{"rendered":"<p>Epson plotter multifuncional t5470m. Optimiza la colaboracion y simplifica tu flujo de trabajo con la surecolor t5470m. Combinando una impresora de 36&#8243; y un escaner integrado en un dise\u00f1o elegante que ahorra espacio, la t5470m ofrece una solucion multifuncion mas rapida para imprimir, compartir y guardar sus documentos comerciales.<\/p>\n","protected":false},"featured_media":223663,"comment_status":"open","ping_status":"open","template":"","meta":[],"product_cat":[1790,1791],"product_tag":[1624],"acf":[],"yoast_head":"<!-- This site is optimized with the Yoast SEO plugin v21.7 - https:\/\/yoast.com\/wordpress\/plugins\/seo\/ -->\n<title>[ Epson ] &#129351; Sct5470m,010343938878 Plotter Surecolor T5470m, Multifuncional, 36 Pulgadas, 91 Cm, Usb, Ethernet Red 4 Tintas, 2400 X 1200 Dpi<\/title>\n<meta name=\"description\" content=\"Compra Sct5470m,010343938878 Plotter Surecolor T5470m, Multifuncional, 36 Pulgadas, 91 Cm, Usb, Ethernet Red 4 Tintas, 2400 X 1200 Dpi + Env\u00edo a domicilio + Pago seguro + Garant\u00eda\" \/>\n<meta name=\"robots\" content=\"index, follow, max-snippet:-1, max-image-preview:large, max-video-preview:-1\" \/>\n<link rel=\"canonical\" href=\"https:\/\/compuviper.mx\/tienda\/producto\/epson-sct5470m010343938878-plotter-surecolor-t5470m-multifuncional-36-pulgadas-91-cm-usb-ethernet-red-4-tintas-2400-x-1200-dpi\/\" \/>\n<meta property=\"og:locale\" content=\"es_MX\" \/>\n<meta property=\"og:type\" content=\"article\" \/>\n<meta property=\"og:title\" content=\"[ Epson ] &#129351; Sct5470m,010343938878 Plotter Surecolor T5470m, Multifuncional, 36 Pulgadas, 91 Cm, Usb, Ethernet Red 4 Tintas, 2400 X 1200 Dpi\" \/>\n<meta property=\"og:description\" content=\"Compra Sct5470m,010343938878 Plotter Surecolor T5470m, Multifuncional, 36 Pulgadas, 91 Cm, Usb, Ethernet Red 4 Tintas, 2400 X 1200 Dpi + Env\u00edo a domicilio + Pago seguro + Garant\u00eda\" \/>\n<meta property=\"og:url\" content=\"https:\/\/compuviper.mx\/tienda\/producto\/epson-sct5470m010343938878-plotter-surecolor-t5470m-multifuncional-36-pulgadas-91-cm-usb-ethernet-red-4-tintas-2400-x-1200-dpi\/\" \/>\n<meta property=\"og:site_name\" content=\"Compuviper\" \/>\n<meta property=\"article:publisher\" content=\"https:\/\/www.facebook.com\/compuviper\" \/>\n<meta property=\"article:modified_time\" content=\"2026-05-07T07:39:15+00:00\" \/>\n<meta property=\"og:image\" content=\"https:\/\/compuviper.mx\/tienda\/wp-content\/uploads\/2023\/12\/Plotter-multifuncional-epson-sure-color-t5470m-36-pulgadas-91.44-cm-red-y-usb-4-tintas-2.400-x-1.200-dpi.jpg\" \/>\n\t<meta property=\"og:image:width\" content=\"200\" \/>\n\t<meta property=\"og:image:height\" content=\"200\" \/>\n\t<meta property=\"og:image:type\" content=\"image\/jpeg\" \/>\n<meta name=\"twitter:card\" content=\"summary_large_image\" \/>\n<meta name=\"twitter:label1\" content=\"Precio\" \/>\n\t<meta name=\"twitter:data1\" content=\"&#36;97,947 &#36;95,392 con IVA\" \/>\n\t<meta name=\"twitter:label2\" content=\"Availability\" \/>\n\t<meta name=\"twitter:data2\" content=\"In stock\" \/>\n<script type=\"application\/ld+json\" class=\"yoast-schema-graph\">{\"@context\":\"https:\/\/schema.org\",\"@graph\":[{\"@type\":\"WebPage\",\"@id\":\"https:\/\/compuviper.mx\/tienda\/producto\/epson-sct5470m010343938878-plotter-surecolor-t5470m-multifuncional-36-pulgadas-91-cm-usb-ethernet-red-4-tintas-2400-x-1200-dpi\/\",\"url\":\"https:\/\/compuviper.mx\/tienda\/producto\/epson-sct5470m010343938878-plotter-surecolor-t5470m-multifuncional-36-pulgadas-91-cm-usb-ethernet-red-4-tintas-2400-x-1200-dpi\/\",\"name\":\"[ Epson ] &#129351; Sct5470m,010343938878 Plotter Surecolor T5470m, Multifuncional, 36 Pulgadas, 91 Cm, Usb, Ethernet Red 4 Tintas, 2400 X 1200 Dpi\",\"isPartOf\":{\"@id\":\"https:\/\/compuviper.mx\/tienda\/#website\"},\"datePublished\":\"2026-05-07T07:39:14+00:00\",\"dateModified\":\"2026-05-07T07:39:15+00:00\",\"description\":\"Compra Sct5470m,010343938878 Plotter Surecolor T5470m, Multifuncional, 36 Pulgadas, 91 Cm, Usb, Ethernet Red 4 Tintas, 2400 X 1200 Dpi + Env\u00edo a domicilio + Pago seguro + Garant\u00eda\",\"breadcrumb\":{\"@id\":\"https:\/\/compuviper.mx\/tienda\/producto\/epson-sct5470m010343938878-plotter-surecolor-t5470m-multifuncional-36-pulgadas-91-cm-usb-ethernet-red-4-tintas-2400-x-1200-dpi\/#breadcrumb\"},\"inLanguage\":\"es-MX\",\"potentialAction\":[{\"@type\":\"ReadAction\",\"target\":[\"https:\/\/compuviper.mx\/tienda\/producto\/epson-sct5470m010343938878-plotter-surecolor-t5470m-multifuncional-36-pulgadas-91-cm-usb-ethernet-red-4-tintas-2400-x-1200-dpi\/\"]}]},{\"@type\":\"BreadcrumbList\",\"@id\":\"https:\/\/compuviper.mx\/tienda\/producto\/epson-sct5470m010343938878-plotter-surecolor-t5470m-multifuncional-36-pulgadas-91-cm-usb-ethernet-red-4-tintas-2400-x-1200-dpi\/#breadcrumb\",\"itemListElement\":[{\"@type\":\"ListItem\",\"position\":1,\"name\":\"Inicio\",\"item\":\"https:\/\/compuviper.mx\/tienda\/\"},{\"@type\":\"ListItem\",\"position\":2,\"name\":\"Productos\",\"item\":\"https:\/\/compuviper.mx\/tienda\/productos\/\"},{\"@type\":\"ListItem\",\"position\":3,\"name\":\"Impresora De Amplio Formato (plotter)\",\"item\":\"https:\/\/compuviper.mx\/tienda\/categoria-producto\/impresora-de-amplio-formato-plotter\/\"},{\"@type\":\"ListItem\",\"position\":4,\"name\":\"Sin Categor\u00eda\",\"item\":\"https:\/\/compuviper.mx\/tienda\/categoria-producto\/impresora-de-amplio-formato-plotter\/sin-categoria-impresora-de-amplio-formato-plotter\/\"},{\"@type\":\"ListItem\",\"position\":5,\"name\":\"Epson Sct5470m,010343938878 Plotter Surecolor T5470m, Multifuncional, 36 Pulgadas, 91 Cm, Usb, Ethernet Red 4 Tintas, 2400 X 1200 Dpi\"}]},{\"@type\":\"WebSite\",\"@id\":\"https:\/\/compuviper.mx\/tienda\/#website\",\"url\":\"https:\/\/compuviper.mx\/tienda\/\",\"name\":\"Compuviper\",\"description\":\"Proveedor de Computadoras, Laptops, Servidores, Monitores, Puntos de Venta, Teclados,   Impresoras, T\u00f3ner, C\u00e1maras de Seguridad y m\u00e1s en tu tienda en l\u00ednea\",\"publisher\":{\"@id\":\"https:\/\/compuviper.mx\/tienda\/#organization\"},\"potentialAction\":[{\"@type\":\"SearchAction\",\"target\":{\"@type\":\"EntryPoint\",\"urlTemplate\":\"https:\/\/compuviper.mx\/tienda\/?s={search_term_string}\"},\"query-input\":\"required name=search_term_string\"}],\"inLanguage\":\"es-MX\"},{\"@type\":\"Organization\",\"@id\":\"https:\/\/compuviper.mx\/tienda\/#organization\",\"name\":\"Compuviper\",\"url\":\"https:\/\/compuviper.mx\/tienda\/\",\"logo\":{\"@type\":\"ImageObject\",\"inLanguage\":\"es-MX\",\"@id\":\"https:\/\/compuviper.mx\/tienda\/#\/schema\/logo\/image\/\",\"url\":\"https:\/\/compuviper.mx\/tienda\/wp-content\/uploads\/2021\/08\/Logo-Compuviper-10.png\",\"contentUrl\":\"https:\/\/compuviper.mx\/tienda\/wp-content\/uploads\/2021\/08\/Logo-Compuviper-10.png\",\"width\":1000,\"height\":500,\"caption\":\"Compuviper\"},\"image\":{\"@id\":\"https:\/\/compuviper.mx\/tienda\/#\/schema\/logo\/image\/\"},\"sameAs\":[\"https:\/\/www.facebook.com\/compuviper\",\"https:\/\/www.youtube.com\/channel\/UCf73dERp9Y3cfOq7q8BhLjA?view_as=subscriber\"]}]}<\/script>\n<meta property=\"product:brand\" content=\"EPSON\" \/>\n<meta property=\"product:price:amount\" content=\"95392\" \/>\n<meta property=\"product:price:currency\" content=\"MXN\" \/>\n<meta property=\"og:availability\" content=\"instock\" \/>\n<meta property=\"product:availability\" content=\"instock\" \/>\n<meta property=\"product:retailer_item_id\" content=\"SCT5470M,010343938878\" \/>\n<meta property=\"product:condition\" content=\"new\" \/>\n<!-- \/ Yoast SEO plugin. -->","yoast_head_json":{"title":"[ Epson ] &#129351; Sct5470m,010343938878 Plotter Surecolor T5470m, Multifuncional, 36 Pulgadas, 91 Cm, Usb, Ethernet Red 4 Tintas, 2400 X 1200 Dpi","description":"Compra Sct5470m,010343938878 Plotter Surecolor T5470m, Multifuncional, 36 Pulgadas, 91 Cm, Usb, Ethernet Red 4 Tintas, 2400 X 1200 Dpi + Env\u00edo a domicilio + Pago seguro + Garant\u00eda","robots":{"index":"index","follow":"follow","max-snippet":"max-snippet:-1","max-image-preview":"max-image-preview:large","max-video-preview":"max-video-preview:-1"},"canonical":"https:\/\/compuviper.mx\/tienda\/producto\/epson-sct5470m010343938878-plotter-surecolor-t5470m-multifuncional-36-pulgadas-91-cm-usb-ethernet-red-4-tintas-2400-x-1200-dpi\/","og_locale":"es_MX","og_type":"article","og_title":"[ Epson ] &#129351; Sct5470m,010343938878 Plotter Surecolor T5470m, Multifuncional, 36 Pulgadas, 91 Cm, Usb, Ethernet Red 4 Tintas, 2400 X 1200 Dpi","og_description":"Compra Sct5470m,010343938878 Plotter Surecolor T5470m, Multifuncional, 36 Pulgadas, 91 Cm, Usb, Ethernet Red 4 Tintas, 2400 X 1200 Dpi + Env\u00edo a domicilio + Pago seguro + Garant\u00eda","og_url":"https:\/\/compuviper.mx\/tienda\/producto\/epson-sct5470m010343938878-plotter-surecolor-t5470m-multifuncional-36-pulgadas-91-cm-usb-ethernet-red-4-tintas-2400-x-1200-dpi\/","og_site_name":"Compuviper","article_publisher":"https:\/\/www.facebook.com\/compuviper","article_modified_time":"2026-05-07T07:39:15+00:00","og_image":[{"width":200,"height":200,"url":"https:\/\/compuviper.mx\/tienda\/wp-content\/uploads\/2023\/12\/Plotter-multifuncional-epson-sure-color-t5470m-36-pulgadas-91.44-cm-red-y-usb-4-tintas-2.400-x-1.200-dpi.jpg","type":"image\/jpeg"}],"twitter_card":"summary_large_image","twitter_misc":{"Precio":"&#36;97,947 &#36;95,392 con IVA","Availability":"In stock"},"schema":{"@context":"https:\/\/schema.org","@graph":[{"@type":"WebPage","@id":"https:\/\/compuviper.mx\/tienda\/producto\/epson-sct5470m010343938878-plotter-surecolor-t5470m-multifuncional-36-pulgadas-91-cm-usb-ethernet-red-4-tintas-2400-x-1200-dpi\/","url":"https:\/\/compuviper.mx\/tienda\/producto\/epson-sct5470m010343938878-plotter-surecolor-t5470m-multifuncional-36-pulgadas-91-cm-usb-ethernet-red-4-tintas-2400-x-1200-dpi\/","name":"[ Epson ] &#129351; Sct5470m,010343938878 Plotter Surecolor T5470m, Multifuncional, 36 Pulgadas, 91 Cm, Usb, Ethernet Red 4 Tintas, 2400 X 1200 Dpi","isPartOf":{"@id":"https:\/\/compuviper.mx\/tienda\/#website"},"datePublished":"2026-05-07T07:39:14+00:00","dateModified":"2026-05-07T07:39:15+00:00","description":"Compra Sct5470m,010343938878 Plotter Surecolor T5470m, Multifuncional, 36 Pulgadas, 91 Cm, Usb, Ethernet Red 4 Tintas, 2400 X 1200 Dpi + Env\u00edo a domicilio + Pago seguro + Garant\u00eda","breadcrumb":{"@id":"https:\/\/compuviper.mx\/tienda\/producto\/epson-sct5470m010343938878-plotter-surecolor-t5470m-multifuncional-36-pulgadas-91-cm-usb-ethernet-red-4-tintas-2400-x-1200-dpi\/#breadcrumb"},"inLanguage":"es-MX","potentialAction":[{"@type":"ReadAction","target":["https:\/\/compuviper.mx\/tienda\/producto\/epson-sct5470m010343938878-plotter-surecolor-t5470m-multifuncional-36-pulgadas-91-cm-usb-ethernet-red-4-tintas-2400-x-1200-dpi\/"]}]},{"@type":"BreadcrumbList","@id":"https:\/\/compuviper.mx\/tienda\/producto\/epson-sct5470m010343938878-plotter-surecolor-t5470m-multifuncional-36-pulgadas-91-cm-usb-ethernet-red-4-tintas-2400-x-1200-dpi\/#breadcrumb","itemListElement":[{"@type":"ListItem","position":1,"name":"Inicio","item":"https:\/\/compuviper.mx\/tienda\/"},{"@type":"ListItem","position":2,"name":"Productos","item":"https:\/\/compuviper.mx\/tienda\/productos\/"},{"@type":"ListItem","position":3,"name":"Impresora De Amplio Formato (plotter)","item":"https:\/\/compuviper.mx\/tienda\/categoria-producto\/impresora-de-amplio-formato-plotter\/"},{"@type":"ListItem","position":4,"name":"Sin Categor\u00eda","item":"https:\/\/compuviper.mx\/tienda\/categoria-producto\/impresora-de-amplio-formato-plotter\/sin-categoria-impresora-de-amplio-formato-plotter\/"},{"@type":"ListItem","position":5,"name":"Epson Sct5470m,010343938878 Plotter Surecolor T5470m, Multifuncional, 36 Pulgadas, 91 Cm, Usb, Ethernet Red 4 Tintas, 2400 X 1200 Dpi"}]},{"@type":"WebSite","@id":"https:\/\/compuviper.mx\/tienda\/#website","url":"https:\/\/compuviper.mx\/tienda\/","name":"Compuviper","description":"Proveedor de Computadoras, Laptops, Servidores, Monitores, Puntos de Venta, Teclados,   Impresoras, T\u00f3ner, C\u00e1maras de Seguridad y m\u00e1s en tu tienda en l\u00ednea","publisher":{"@id":"https:\/\/compuviper.mx\/tienda\/#organization"},"potentialAction":[{"@type":"SearchAction","target":{"@type":"EntryPoint","urlTemplate":"https:\/\/compuviper.mx\/tienda\/?s={search_term_string}"},"query-input":"required name=search_term_string"}],"inLanguage":"es-MX"},{"@type":"Organization","@id":"https:\/\/compuviper.mx\/tienda\/#organization","name":"Compuviper","url":"https:\/\/compuviper.mx\/tienda\/","logo":{"@type":"ImageObject","inLanguage":"es-MX","@id":"https:\/\/compuviper.mx\/tienda\/#\/schema\/logo\/image\/","url":"https:\/\/compuviper.mx\/tienda\/wp-content\/uploads\/2021\/08\/Logo-Compuviper-10.png","contentUrl":"https:\/\/compuviper.mx\/tienda\/wp-content\/uploads\/2021\/08\/Logo-Compuviper-10.png","width":1000,"height":500,"caption":"Compuviper"},"image":{"@id":"https:\/\/compuviper.mx\/tienda\/#\/schema\/logo\/image\/"},"sameAs":["https:\/\/www.facebook.com\/compuviper","https:\/\/www.youtube.com\/channel\/UCf73dERp9Y3cfOq7q8BhLjA?view_as=subscriber"]}]},"product_brand":"EPSON","product_price_amount":"95392","product_price_currency":"MXN","og_availability":"instock","product_availability":"instock","product_retailer_item_id":"SCT5470M,010343938878","product_condition":"new"},"_links":{"self":[{"href":"https:\/\/compuviper.mx\/tienda\/wp-json\/wp\/v2\/product\/223662"}],"collection":[{"href":"https:\/\/compuviper.mx\/tienda\/wp-json\/wp\/v2\/product"}],"about":[{"href":"https:\/\/compuviper.mx\/tienda\/wp-json\/wp\/v2\/types\/product"}],"replies":[{"embeddable":true,"href":"https:\/\/compuviper.mx\/tienda\/wp-json\/wp\/v2\/comments?post=223662"}],"wp:featuredmedia":[{"embeddable":true,"href":"https:\/\/compuviper.mx\/tienda\/wp-json\/wp\/v2\/media\/223663"}],"wp:attachment":[{"href":"https:\/\/compuviper.mx\/tienda\/wp-json\/wp\/v2\/media?parent=223662"}],"wp:term":[{"taxonomy":"product_cat","embeddable":true,"href":"https:\/\/compuviper.mx\/tienda\/wp-json\/wp\/v2\/product_cat?post=223662"},{"taxonomy":"product_tag","embeddable":true,"href":"https:\/\/compuviper.mx\/tienda\/wp-json\/wp\/v2\/product_tag?post=223662"}],"curies":[{"name":"wp","href":"https:\/\/api.w.org\/{rel}","templated":true}]}}