{"id":223638,"date":"2026-04-02T01:43:01","date_gmt":"2026-04-02T07:43:01","guid":{"rendered":"https:\/\/compuviper.mx\/tienda\/producto\/3nstar-ldt114-impresora-de-etiquetas-termica-directa-negro-127-mm-s-usb-ethernet-red-1d-2d\/"},"modified":"2026-04-02T01:43:02","modified_gmt":"2026-04-02T07:43:02","slug":"3nstar-ldt114-impresora-de-etiquetas-termica-directa-negro-127-mm-s-usb-ethernet-red-1d-2d","status":"publish","type":"product","link":"https:\/\/compuviper.mx\/tienda\/producto\/3nstar-ldt114-impresora-de-etiquetas-termica-directa-negro-127-mm-s-usb-ethernet-red-1d-2d\/","title":{"rendered":"3nstar Ldt114 Impresora De Etiquetas  , Termica Directa, Negro, 127 Mm\/s, Usb, Ethernet Red, 1d, 2d"},"content":{"rendered":"<table class=\"descripcion\">\n<tr>\n<td>Caracter\u00edsticas f\u00edsicas<\/td>\n<\/tr>\n<tr>\n<td>Dimensiones: 215 mm (w) \u00d7 178 mm (d)\u00d7 155 mm (h)<\/td>\n<\/tr>\n<tr>\n<td>Peso neto: 1.31kg.<\/td>\n<\/tr>\n<tr>\n<td>Color: negro<\/td>\n<\/tr>\n<tr>\n<td>Impresi\u00f3n<\/td>\n<\/tr>\n<tr>\n<td>M\u00e9todo de impresi\u00f3n: t\u00e9rmica directo<\/td>\n<\/tr>\n<tr>\n<td>Velocidad de impresi\u00f3n: 152mm\/s (6 ips)<\/td>\n<\/tr>\n<tr>\n<td>Resoluci\u00f3n: 8 dots\/mm(203dpi)<\/td>\n<\/tr>\n<tr>\n<td>M\u00e1ximo ancho de impresi\u00f3n: 108 mm (4.25\u0094)<\/td>\n<\/tr>\n<tr>\n<td>M\u00e1ximo largo de impresi\u00f3n: 1778 mm (70\u0094)<\/td>\n<\/tr>\n<tr>\n<td>Especificaciones de los suministros<\/td>\n<\/tr>\n<tr>\n<td>Tipo de etiquetas: continuo, espacio, marca negra, pliegue en abanico y agujero perforado<\/td>\n<\/tr>\n<tr>\n<td>Ancho del rollo: 20-115mm (0.78\u0094-4.5\u0094)<\/td>\n<\/tr>\n<tr>\n<td>Grueso de la etiqueta: 0.06~0.25mm (0.0236~0.063)<\/td>\n<\/tr>\n<tr>\n<td>Largo m\u00e1ximo de la etiqueta: 10~1,778mm (0.4\u0094~70\u0094)<\/td>\n<\/tr>\n<tr>\n<td>Di\u00e1metro m\u00e1ximo del rollo de etiquetas: 127 mm (5\u0093)<\/td>\n<\/tr>\n<tr>\n<td>M\u00e9todo de suministro: 24.5mm (1) min<\/td>\n<\/tr>\n<tr>\n<td>Caracter\u00edsticas de la impresora<\/td>\n<\/tr>\n<tr>\n<td>Sensor: sensor reflectivo de marca negra, sensor de cubierta abierta, sensor de espacios entre etiquetas<\/td>\n<\/tr>\n<tr>\n<td>Memoria: memoria flash de 8mb, sdram de 8mb, lector de tarjetas sd para expansi\u00f3n de memoria flash hasta 4 gb<\/td>\n<\/tr>\n<tr>\n<td>Interface: usb 2.0 y ethernet<\/td>\n<\/tr>\n<tr>\n<td>Software<\/td>\n<\/tr>\n<tr>\n<td>Emulaci\u00f3n: tspl, epl, zpl, dpl driver win 7\/win 8\/win 10<\/td>\n<\/tr>\n<tr>\n<td>Impresi\u00f3n de c\u00f3digo de barras 1d: code 39, code 93, code 128ucc, code 128, subsets a, b, c, codabar, interleaved 2 of 5, ean-8,ean-13, ean-128, upc-a, upc-e, ean and upc 2(5) digits add-on, msi, plessey, postnet, china post, gs1 databar, code11<\/td>\n<\/tr>\n<tr>\n<td>Impresi\u00f3n de c\u00f3digo de barras 2d: pdf-417, maxicode, datamatrix, qr code, aztec<\/td>\n<\/tr>\n<tr>\n<td>Rotaci\u00f3n de fuentes y c\u00f3digo de barras: 0\u00b0, 90\u00b0, 180\u00b0, 270\u00b0<\/td>\n<\/tr>\n<tr>\n<td>El\u00e9ctricos<\/td>\n<\/tr>\n<tr>\n<td>Entrada de corriente: ac 110v\/220v,50~60hz (adaptador)<\/td>\n<\/tr>\n<tr>\n<td>Salida de corriente: dc 24v\/2.5a<\/td>\n<\/tr>\n<tr>\n<td>Emc: fcc, ce, ccc, cb, rohs<\/td>\n<\/tr>\n<tr>\n<td>Ambientales<\/td>\n<\/tr>\n<tr>\n<td>Temperatura de operaci\u00f3n: -10\u00b0c ~ 50\u00b0c (14 ~ 122 \u00b0f)<\/td>\n<\/tr>\n<tr>\n<td>Humedad de operaci\u00f3n:  10 ~ 90% sin condensaci\u00f3n<\/td>\n<\/tr>\n<tr>\n<td>Temperatura de almacenamiento: -40\u00b0 ~ 60\u00b0c (-40 ~ 140 \u00b0f)<\/td>\n<\/tr>\n<tr>\n<td>Humedad de almacenamiento: 10 ~ 90% sin condensaci\u00f3n<\/td>\n<\/tr>\n<tr>\n<td>Empaque<\/td>\n<\/tr>\n<tr>\n<td>Contenido de la caja: software de impresi\u00f3n de etiquetas bajo windows y manual de usuario cd, gu\u00eda de inicio r\u00e1pido, cable usb, cable de alimentaci\u00f3n, adaptador de alimentaci\u00f3n de conmutaci\u00f3n externa<\/td>\n<\/tr>\n<tr>\n<td>Dimensiones de la caja: 220 mm (w) \u00d7 325 mm (d)\u00d7 196 mm (h)<\/td>\n<\/tr>\n<tr>\n<td>Peso bruto: 2.32kg<\/td>\n<\/tr>\n<tr>\n<td>Garant\u00eda 1 a\u00f1o<\/td>\n<\/tr>\n<\/table>\n","protected":false},"excerpt":{"rendered":"<p>La impresora de etiquetas ldt114 ofrece impresi\u00f3n profesional y se adapta a cualquier presupuesto. Es f\u00e1cil de usar y vers\u00e1til, lo que la hace ideal para una variedad de aplicaciones de etiquetado. Aunque tiene un precio razonable, estas impresoras est\u00e1n dise\u00f1adas para brindar confiabilidad y longevidad. La ldt114 tiene una construcci\u00f3n enmarcada de doble pared y un cabezal de impresi\u00f3n totalmente met\u00e1lico para reducir los costos de mantenimiento y el tiempo de inactividad de la impresora.<\/p>\n","protected":false},"featured_media":223639,"comment_status":"open","ping_status":"open","template":"","meta":[],"product_cat":[1777,1788],"product_tag":[1570],"acf":[],"yoast_head":"<!-- This site is optimized with the Yoast SEO plugin v21.7 - https:\/\/yoast.com\/wordpress\/plugins\/seo\/ -->\n<title>[ 3nstar ] &#129351; Ldt114 Impresora De Etiquetas , Termica Directa, Negro, 127 Mm\/s, Usb, Ethernet Red, 1d, 2d<\/title>\n<meta name=\"description\" content=\"Compra Ldt114 Impresora De Etiquetas , Termica Directa, Negro, 127 Mm\/s, Usb, Ethernet Red, 1d, 2d + Env\u00edo a domicilio + Pago seguro + Garant\u00eda\" \/>\n<meta name=\"robots\" content=\"index, follow, max-snippet:-1, max-image-preview:large, max-video-preview:-1\" \/>\n<link rel=\"canonical\" href=\"https:\/\/compuviper.mx\/tienda\/producto\/3nstar-ldt114-impresora-de-etiquetas-termica-directa-negro-127-mm-s-usb-ethernet-red-1d-2d\/\" \/>\n<meta property=\"og:locale\" content=\"es_MX\" \/>\n<meta property=\"og:type\" content=\"article\" \/>\n<meta property=\"og:title\" content=\"[ 3nstar ] &#129351; Ldt114 Impresora De Etiquetas , Termica Directa, Negro, 127 Mm\/s, Usb, Ethernet Red, 1d, 2d\" \/>\n<meta property=\"og:description\" content=\"Compra Ldt114 Impresora De Etiquetas , Termica Directa, Negro, 127 Mm\/s, Usb, Ethernet Red, 1d, 2d + Env\u00edo a domicilio + Pago seguro + Garant\u00eda\" \/>\n<meta property=\"og:url\" content=\"https:\/\/compuviper.mx\/tienda\/producto\/3nstar-ldt114-impresora-de-etiquetas-termica-directa-negro-127-mm-s-usb-ethernet-red-1d-2d\/\" \/>\n<meta property=\"og:site_name\" content=\"Compuviper\" \/>\n<meta property=\"article:publisher\" content=\"https:\/\/www.facebook.com\/compuviper\" \/>\n<meta property=\"article:modified_time\" content=\"2026-04-02T07:43:02+00:00\" \/>\n<meta property=\"og:image\" content=\"https:\/\/compuviper.mx\/tienda\/wp-content\/uploads\/2023\/12\/Impresora-de-etiquetas-3nstar-ldt114-termica-directa-negro-127-mms-usb-ethernet-red-1d-2d.jpg\" \/>\n\t<meta property=\"og:image:width\" content=\"200\" \/>\n\t<meta property=\"og:image:height\" content=\"200\" \/>\n\t<meta property=\"og:image:type\" content=\"image\/jpeg\" \/>\n<meta name=\"twitter:card\" content=\"summary_large_image\" \/>\n<meta name=\"twitter:label1\" content=\"Precio\" \/>\n\t<meta name=\"twitter:data1\" content=\"&#36;1,973 con IVA\" \/>\n\t<meta name=\"twitter:label2\" content=\"Availability\" \/>\n\t<meta name=\"twitter:data2\" content=\"In stock\" \/>\n<script type=\"application\/ld+json\" class=\"yoast-schema-graph\">{\"@context\":\"https:\/\/schema.org\",\"@graph\":[{\"@type\":\"WebPage\",\"@id\":\"https:\/\/compuviper.mx\/tienda\/producto\/3nstar-ldt114-impresora-de-etiquetas-termica-directa-negro-127-mm-s-usb-ethernet-red-1d-2d\/\",\"url\":\"https:\/\/compuviper.mx\/tienda\/producto\/3nstar-ldt114-impresora-de-etiquetas-termica-directa-negro-127-mm-s-usb-ethernet-red-1d-2d\/\",\"name\":\"[ 3nstar ] &#129351; Ldt114 Impresora De Etiquetas , Termica Directa, Negro, 127 Mm\/s, Usb, Ethernet Red, 1d, 2d\",\"isPartOf\":{\"@id\":\"https:\/\/compuviper.mx\/tienda\/#website\"},\"datePublished\":\"2026-04-02T07:43:01+00:00\",\"dateModified\":\"2026-04-02T07:43:02+00:00\",\"description\":\"Compra Ldt114 Impresora De Etiquetas , Termica Directa, Negro, 127 Mm\/s, Usb, Ethernet Red, 1d, 2d + Env\u00edo a domicilio + Pago seguro + Garant\u00eda\",\"breadcrumb\":{\"@id\":\"https:\/\/compuviper.mx\/tienda\/producto\/3nstar-ldt114-impresora-de-etiquetas-termica-directa-negro-127-mm-s-usb-ethernet-red-1d-2d\/#breadcrumb\"},\"inLanguage\":\"es-MX\",\"potentialAction\":[{\"@type\":\"ReadAction\",\"target\":[\"https:\/\/compuviper.mx\/tienda\/producto\/3nstar-ldt114-impresora-de-etiquetas-termica-directa-negro-127-mm-s-usb-ethernet-red-1d-2d\/\"]}]},{\"@type\":\"BreadcrumbList\",\"@id\":\"https:\/\/compuviper.mx\/tienda\/producto\/3nstar-ldt114-impresora-de-etiquetas-termica-directa-negro-127-mm-s-usb-ethernet-red-1d-2d\/#breadcrumb\",\"itemListElement\":[{\"@type\":\"ListItem\",\"position\":1,\"name\":\"Inicio\",\"item\":\"https:\/\/compuviper.mx\/tienda\/\"},{\"@type\":\"ListItem\",\"position\":2,\"name\":\"Productos\",\"item\":\"https:\/\/compuviper.mx\/tienda\/productos\/\"},{\"@type\":\"ListItem\",\"position\":3,\"name\":\"Impresoras\",\"item\":\"https:\/\/compuviper.mx\/tienda\/categoria-producto\/impresoras\/\"},{\"@type\":\"ListItem\",\"position\":4,\"name\":\"Etiquetas\",\"item\":\"https:\/\/compuviper.mx\/tienda\/categoria-producto\/impresoras\/etiquetas\/\"},{\"@type\":\"ListItem\",\"position\":5,\"name\":\"3nstar Ldt114 Impresora De Etiquetas , Termica Directa, Negro, 127 Mm\/s, Usb, Ethernet Red, 1d, 2d\"}]},{\"@type\":\"WebSite\",\"@id\":\"https:\/\/compuviper.mx\/tienda\/#website\",\"url\":\"https:\/\/compuviper.mx\/tienda\/\",\"name\":\"Compuviper\",\"description\":\"Proveedor de Computadoras, Laptops, Servidores, Monitores, Puntos de Venta, Teclados,   Impresoras, T\u00f3ner, C\u00e1maras de Seguridad y m\u00e1s en tu tienda en l\u00ednea\",\"publisher\":{\"@id\":\"https:\/\/compuviper.mx\/tienda\/#organization\"},\"potentialAction\":[{\"@type\":\"SearchAction\",\"target\":{\"@type\":\"EntryPoint\",\"urlTemplate\":\"https:\/\/compuviper.mx\/tienda\/?s={search_term_string}\"},\"query-input\":\"required name=search_term_string\"}],\"inLanguage\":\"es-MX\"},{\"@type\":\"Organization\",\"@id\":\"https:\/\/compuviper.mx\/tienda\/#organization\",\"name\":\"Compuviper\",\"url\":\"https:\/\/compuviper.mx\/tienda\/\",\"logo\":{\"@type\":\"ImageObject\",\"inLanguage\":\"es-MX\",\"@id\":\"https:\/\/compuviper.mx\/tienda\/#\/schema\/logo\/image\/\",\"url\":\"https:\/\/compuviper.mx\/tienda\/wp-content\/uploads\/2021\/08\/Logo-Compuviper-10.png\",\"contentUrl\":\"https:\/\/compuviper.mx\/tienda\/wp-content\/uploads\/2021\/08\/Logo-Compuviper-10.png\",\"width\":1000,\"height\":500,\"caption\":\"Compuviper\"},\"image\":{\"@id\":\"https:\/\/compuviper.mx\/tienda\/#\/schema\/logo\/image\/\"},\"sameAs\":[\"https:\/\/www.facebook.com\/compuviper\",\"https:\/\/www.youtube.com\/channel\/UCf73dERp9Y3cfOq7q8BhLjA?view_as=subscriber\"]}]}<\/script>\n<meta property=\"product:brand\" content=\"3NSTAR\" \/>\n<meta property=\"product:price:amount\" content=\"1973\" \/>\n<meta property=\"product:price:currency\" content=\"MXN\" \/>\n<meta property=\"og:availability\" content=\"instock\" \/>\n<meta property=\"product:availability\" content=\"instock\" \/>\n<meta property=\"product:retailer_item_id\" content=\"LDT114\" \/>\n<meta property=\"product:condition\" content=\"new\" \/>\n<!-- \/ Yoast SEO plugin. -->","yoast_head_json":{"title":"[ 3nstar ] &#129351; Ldt114 Impresora De Etiquetas , Termica Directa, Negro, 127 Mm\/s, Usb, Ethernet Red, 1d, 2d","description":"Compra Ldt114 Impresora De Etiquetas , Termica Directa, Negro, 127 Mm\/s, Usb, Ethernet Red, 1d, 2d + Env\u00edo a domicilio + Pago seguro + Garant\u00eda","robots":{"index":"index","follow":"follow","max-snippet":"max-snippet:-1","max-image-preview":"max-image-preview:large","max-video-preview":"max-video-preview:-1"},"canonical":"https:\/\/compuviper.mx\/tienda\/producto\/3nstar-ldt114-impresora-de-etiquetas-termica-directa-negro-127-mm-s-usb-ethernet-red-1d-2d\/","og_locale":"es_MX","og_type":"article","og_title":"[ 3nstar ] &#129351; Ldt114 Impresora De Etiquetas , Termica Directa, Negro, 127 Mm\/s, Usb, Ethernet Red, 1d, 2d","og_description":"Compra Ldt114 Impresora De Etiquetas , Termica Directa, Negro, 127 Mm\/s, Usb, Ethernet Red, 1d, 2d + Env\u00edo a domicilio + Pago seguro + Garant\u00eda","og_url":"https:\/\/compuviper.mx\/tienda\/producto\/3nstar-ldt114-impresora-de-etiquetas-termica-directa-negro-127-mm-s-usb-ethernet-red-1d-2d\/","og_site_name":"Compuviper","article_publisher":"https:\/\/www.facebook.com\/compuviper","article_modified_time":"2026-04-02T07:43:02+00:00","og_image":[{"width":200,"height":200,"url":"https:\/\/compuviper.mx\/tienda\/wp-content\/uploads\/2023\/12\/Impresora-de-etiquetas-3nstar-ldt114-termica-directa-negro-127-mms-usb-ethernet-red-1d-2d.jpg","type":"image\/jpeg"}],"twitter_card":"summary_large_image","twitter_misc":{"Precio":"&#36;1,973 con IVA","Availability":"In stock"},"schema":{"@context":"https:\/\/schema.org","@graph":[{"@type":"WebPage","@id":"https:\/\/compuviper.mx\/tienda\/producto\/3nstar-ldt114-impresora-de-etiquetas-termica-directa-negro-127-mm-s-usb-ethernet-red-1d-2d\/","url":"https:\/\/compuviper.mx\/tienda\/producto\/3nstar-ldt114-impresora-de-etiquetas-termica-directa-negro-127-mm-s-usb-ethernet-red-1d-2d\/","name":"[ 3nstar ] &#129351; Ldt114 Impresora De Etiquetas , Termica Directa, Negro, 127 Mm\/s, Usb, Ethernet Red, 1d, 2d","isPartOf":{"@id":"https:\/\/compuviper.mx\/tienda\/#website"},"datePublished":"2026-04-02T07:43:01+00:00","dateModified":"2026-04-02T07:43:02+00:00","description":"Compra Ldt114 Impresora De Etiquetas , Termica Directa, Negro, 127 Mm\/s, Usb, Ethernet Red, 1d, 2d + Env\u00edo a domicilio + Pago seguro + Garant\u00eda","breadcrumb":{"@id":"https:\/\/compuviper.mx\/tienda\/producto\/3nstar-ldt114-impresora-de-etiquetas-termica-directa-negro-127-mm-s-usb-ethernet-red-1d-2d\/#breadcrumb"},"inLanguage":"es-MX","potentialAction":[{"@type":"ReadAction","target":["https:\/\/compuviper.mx\/tienda\/producto\/3nstar-ldt114-impresora-de-etiquetas-termica-directa-negro-127-mm-s-usb-ethernet-red-1d-2d\/"]}]},{"@type":"BreadcrumbList","@id":"https:\/\/compuviper.mx\/tienda\/producto\/3nstar-ldt114-impresora-de-etiquetas-termica-directa-negro-127-mm-s-usb-ethernet-red-1d-2d\/#breadcrumb","itemListElement":[{"@type":"ListItem","position":1,"name":"Inicio","item":"https:\/\/compuviper.mx\/tienda\/"},{"@type":"ListItem","position":2,"name":"Productos","item":"https:\/\/compuviper.mx\/tienda\/productos\/"},{"@type":"ListItem","position":3,"name":"Impresoras","item":"https:\/\/compuviper.mx\/tienda\/categoria-producto\/impresoras\/"},{"@type":"ListItem","position":4,"name":"Etiquetas","item":"https:\/\/compuviper.mx\/tienda\/categoria-producto\/impresoras\/etiquetas\/"},{"@type":"ListItem","position":5,"name":"3nstar Ldt114 Impresora De Etiquetas , Termica Directa, Negro, 127 Mm\/s, Usb, Ethernet Red, 1d, 2d"}]},{"@type":"WebSite","@id":"https:\/\/compuviper.mx\/tienda\/#website","url":"https:\/\/compuviper.mx\/tienda\/","name":"Compuviper","description":"Proveedor de Computadoras, Laptops, Servidores, Monitores, Puntos de Venta, Teclados,   Impresoras, T\u00f3ner, C\u00e1maras de Seguridad y m\u00e1s en tu tienda en l\u00ednea","publisher":{"@id":"https:\/\/compuviper.mx\/tienda\/#organization"},"potentialAction":[{"@type":"SearchAction","target":{"@type":"EntryPoint","urlTemplate":"https:\/\/compuviper.mx\/tienda\/?s={search_term_string}"},"query-input":"required name=search_term_string"}],"inLanguage":"es-MX"},{"@type":"Organization","@id":"https:\/\/compuviper.mx\/tienda\/#organization","name":"Compuviper","url":"https:\/\/compuviper.mx\/tienda\/","logo":{"@type":"ImageObject","inLanguage":"es-MX","@id":"https:\/\/compuviper.mx\/tienda\/#\/schema\/logo\/image\/","url":"https:\/\/compuviper.mx\/tienda\/wp-content\/uploads\/2021\/08\/Logo-Compuviper-10.png","contentUrl":"https:\/\/compuviper.mx\/tienda\/wp-content\/uploads\/2021\/08\/Logo-Compuviper-10.png","width":1000,"height":500,"caption":"Compuviper"},"image":{"@id":"https:\/\/compuviper.mx\/tienda\/#\/schema\/logo\/image\/"},"sameAs":["https:\/\/www.facebook.com\/compuviper","https:\/\/www.youtube.com\/channel\/UCf73dERp9Y3cfOq7q8BhLjA?view_as=subscriber"]}]},"product_brand":"3NSTAR","product_price_amount":"1973","product_price_currency":"MXN","og_availability":"instock","product_availability":"instock","product_retailer_item_id":"LDT114","product_condition":"new"},"_links":{"self":[{"href":"https:\/\/compuviper.mx\/tienda\/wp-json\/wp\/v2\/product\/223638"}],"collection":[{"href":"https:\/\/compuviper.mx\/tienda\/wp-json\/wp\/v2\/product"}],"about":[{"href":"https:\/\/compuviper.mx\/tienda\/wp-json\/wp\/v2\/types\/product"}],"replies":[{"embeddable":true,"href":"https:\/\/compuviper.mx\/tienda\/wp-json\/wp\/v2\/comments?post=223638"}],"wp:featuredmedia":[{"embeddable":true,"href":"https:\/\/compuviper.mx\/tienda\/wp-json\/wp\/v2\/media\/223639"}],"wp:attachment":[{"href":"https:\/\/compuviper.mx\/tienda\/wp-json\/wp\/v2\/media?parent=223638"}],"wp:term":[{"taxonomy":"product_cat","embeddable":true,"href":"https:\/\/compuviper.mx\/tienda\/wp-json\/wp\/v2\/product_cat?post=223638"},{"taxonomy":"product_tag","embeddable":true,"href":"https:\/\/compuviper.mx\/tienda\/wp-json\/wp\/v2\/product_tag?post=223638"}],"curies":[{"name":"wp","href":"https:\/\/api.w.org\/{rel}","templated":true}]}}