{"id":223454,"date":"2026-04-17T01:44:41","date_gmt":"2026-04-17T07:44:41","guid":{"rendered":"https:\/\/compuviper.mx\/tienda\/producto\/epson-c11cf37201-impresora-de-matriz-de-punto-fx-890-ii-matriz-9-agujas-10-pulgadas-738-cps-paralelo-usb\/"},"modified":"2026-04-17T01:44:41","modified_gmt":"2026-04-17T07:44:41","slug":"epson-c11cf37201-impresora-de-matriz-de-punto-fx-890-ii-matriz-9-agujas-10-pulgadas-738-cps-paralelo-usb","status":"publish","type":"product","link":"https:\/\/compuviper.mx\/tienda\/producto\/epson-c11cf37201-impresora-de-matriz-de-punto-fx-890-ii-matriz-9-agujas-10-pulgadas-738-cps-paralelo-usb\/","title":{"rendered":"Epson C11cf37201 Impresora De Matriz De Punto  Fx-890 Ii, Matriz 9 Agujas, 10 Pulgadas, 738 Cps, Paralelo, Usb"},"content":{"rendered":"<table class=\"descripcion\">\n<tr>\n<td>Metodo de impresion:<\/td>\n<\/tr>\n<tr>\n<td>        * matricial de  9 puntas<\/td>\n<\/tr>\n<tr>\n<td>Direccion de impresion:<\/td>\n<\/tr>\n<tr>\n<td>        * bidireccional con busqueda de logica para texto y graficos la impresion de texto o grafica unidireccional se puede seleccionar mediante los comandos de software<\/td>\n<\/tr>\n<tr>\n<td>Velocidad de impresion:<\/td>\n<\/tr>\n<tr>\n<td>        * borrador de velocidad ultra rapida 738 cps (12 cpi)  \/ 615 cps (10 cpi)<\/td>\n<\/tr>\n<tr>\n<td>       *  borrador de alta velocidad 612 cps (10 cpi)<\/td>\n<\/tr>\n<tr>\n<td>        * borrador 463 cps (10 cpi)<\/td>\n<\/tr>\n<tr>\n<td>        * calidad de letra 115 cps (10 cpi)<\/td>\n<\/tr>\n<tr>\n<td>Fuentes residentes:<\/td>\n<\/tr>\n<tr>\n<td>        * borrador de velocidad ultra rapida 10, 12 cpi<\/td>\n<\/tr>\n<tr>\n<td>        * borrador de alta velocidad 10, 12, 15, 17, 20 cpi<\/td>\n<\/tr>\n<tr>\n<td>        * borrador 10, 12, 15, 17, 20 cpi<\/td>\n<\/tr>\n<tr>\n<td>Fuentes parta codigos de barras:<\/td>\n<\/tr>\n<tr>\n<td>        * nlq (roman\/sans serif) 10, 12, 15, 17, 20 cpi proporcional<\/td>\n<\/tr>\n<tr>\n<td>       *  ean-13, ean-8, interleaved 2 of 5, upc-a, upc-e, code 39, code 128,<\/td>\n<\/tr>\n<tr>\n<td>       *  postnet, codabar (nw-7), industrial 2 of 5, matrix 2 of 5<\/td>\n<\/tr>\n<tr>\n<td>Columnas imprimibles:<\/td>\n<\/tr>\n<tr>\n<td>       *  80 (10 cpi), 96 (12 cpi), 120 (15 cpi), 137 (17 cpi), 160 (20 cpi)<\/td>\n<\/tr>\n<tr>\n<td>Formato:<\/td>\n<\/tr>\n<tr>\n<td>        * espacio entre lineas 4,23mm (1\/6) o programable en incrementos de 0,059 mm (1\/432).<\/td>\n<\/tr>\n<tr>\n<td>Mecanismo de alimentacion del papel:<\/td>\n<\/tr>\n<tr>\n<td>        * alimentacion por friccion (delantera, trasera)<\/td>\n<\/tr>\n<tr>\n<td>        * tractor de empuje (delantero, trasero)<\/td>\n<\/tr>\n<tr>\n<td>        * tractor de traccion (delantero, debajo trasero)<\/td>\n<\/tr>\n<tr>\n<td>        * tractor de empuje y traccion (delantero, debajo trasero)<\/td>\n<\/tr>\n<tr>\n<td>        * alimentador con hoja de corte (opcional)<\/td>\n<\/tr>\n<tr>\n<td>        * base de papel en rollo (opcional).<\/td>\n<\/tr>\n<tr>\n<td>        * velocidad del dispensador de papel: 4,23mm (1\/6) en 45 milesimas de segundo \/ 13,46cm (5,3) por segundo de                 alimentacion continua.<\/td>\n<\/tr>\n<tr>\n<td>Acceso del papel<\/td>\n<\/tr>\n<tr>\n<td>        * insercion manual: entrada delantera o trasera, salida superior<\/td>\n<\/tr>\n<tr>\n<td>        * alimentador con hoja de corte: entrada trasera, salida superior<\/td>\n<\/tr>\n<tr>\n<td>        * tractor: entrada delantera o inferior, salida superior<\/td>\n<\/tr>\n<tr>\n<td>        * tractor de estiro y traccion: entrada delantera o trasera, salida superior.<\/td>\n<\/tr>\n<tr>\n<td>* buffer de entrada: tama\u00f1o 128kb<\/td>\n<\/tr>\n<tr>\n<td>* sistema operativo requerido: windows vista, 7, xp, 8, 10, server 2003, 2008, 2012 y 2016.<\/td>\n<\/tr>\n<tr>\n<td>* interfaz: estandar bidireccional paralela (ieee 1284 modo nibble), usb 2.0<\/td>\n<\/tr>\n<tr>\n<td>Lenguajes de impresora:<\/td>\n<\/tr>\n<tr>\n<td>        * epson esc\/p<\/td>\n<\/tr>\n<tr>\n<td>        * ibm ppds<\/td>\n<\/tr>\n<tr>\n<td>        * okidata microlineas (solo con el modo okidata)<\/td>\n<\/tr>\n<tr>\n<td>Manejo del papel:<\/td>\n<\/tr>\n<tr>\n<td>        * tipo de medio : formularios, continuo, multiparte original + 5 copias sin carbon, 1 + 6 copias con tractor de         traccion (opcional), sobre no.6, sobre no.10, etiquetas, y rollo de papel<\/td>\n<\/tr>\n<tr>\n<td>        * grosor maximo: 0,4572mm (0,018)<\/td>\n<\/tr>\n<tr>\n<td>        * ancho:  una pagina 9,906cm &#8211; 25,654cm (3,9 &#8211; 10,1) \/ continuo 10,16cm &#8211; 25,4cm (4 &#8211; 10) \/ alimentador de hojas sueltas 18,288cm &#8211; 21,59cm (7,2 &#8211; 8,5).<\/td>\n<\/tr>\n<tr>\n<td>        * longitud: una pagina 9,906cm &#8211; 36,322cm (3,9 &#8211; 14,3) \/ continuo 10,16cm &#8211; 55,88cm (4 &#8211; 22) \/<\/td>\n<\/tr>\n<tr>\n<td>Alimentador de hojas sueltas 25,654cm &#8211; 35,56cm (10,1 &#8211; 14).<\/td>\n<\/tr>\n<tr>\n<td>Nivel de ruido:<\/td>\n<\/tr>\n<tr>\n<td>        * ruido 55dba (patron iso 7779)<\/td>\n<\/tr>\n<tr>\n<td>Requisitos electricos:<\/td>\n<\/tr>\n<tr>\n<td>        * voltaje ac 100v &#8211; 240v,<\/td>\n<\/tr>\n<tr>\n<td>        * rango de voltaje de entrada de ac 90 hasta 264v,<\/td>\n<\/tr>\n<tr>\n<td>        * rango de frecuencia de 50 hasta 60hz,<\/td>\n<\/tr>\n<tr>\n<td>        * rango de frecuencia de entrada de 49,5 hasta 60,5hz.<\/td>\n<\/tr>\n<tr>\n<td>Consumo de energia:<\/td>\n<\/tr>\n<tr>\n<td>        * modo operativo 57w aproximadamente (patron de letra iso\/iec 10561)<\/td>\n<\/tr>\n<tr>\n<td>Dimensiones fisicas:<\/td>\n<\/tr>\n<tr>\n<td>        * 437mm x 375mm x 176,5mm (ancho x prof.x alto)<\/td>\n<\/tr>\n<tr>\n<td>        * peso 7,2 kg<\/td>\n<\/tr>\n<tr>\n<td>Confi\u00acabilidad:<\/td>\n<\/tr>\n<tr>\n<td>        * mtbf: 25.000 poh (ciclo de trabajo del 25%)<\/td>\n<\/tr>\n<tr>\n<td>        * mvbf: 52 millones de lineas (con excepcion de cabeza de impresion<\/td>\n<\/tr>\n<tr>\n<td>        * duracion cabeza de impresion: 400 millones de caracteres (14 puntos\/caracter)<\/td>\n<\/tr>\n<tr>\n<td>        * duracion de cinta de impresi\u00f3n: 7,5 millones de caracteres (14 puntos\/caracter)<\/td>\n<\/tr>\n<\/table>\n","protected":false},"excerpt":{"rendered":"<p>La epson fx-890ii ofrece durabilidad y facilidad de uso para las necesidades diarias e importantes. Tiene 9 puntas y carro estrecho, larga duracion y velocidades de hasta 738 cps. Su cartucho2 de cinta de hasta 7,5 millones de caracteres reduce las intervenciones del usuario y el costo por pagina. Puede integrarse en cualquier sistema con los lenguajes de impresora epson esc\/p, ibm ppds y microline. Este caballo de batalla es ideal para ambientes exigentes e imprime velozmente hojas sueltas, formularios continuos o de hasta 7 copias con un panel de control intuitivo para la facil instalacion y configuracion.<\/p>\n","protected":false},"featured_media":223455,"comment_status":"open","ping_status":"open","template":"","meta":[],"product_cat":[1777,1789],"product_tag":[1624],"acf":[],"yoast_head":"<!-- This site is optimized with the Yoast SEO plugin v21.7 - https:\/\/yoast.com\/wordpress\/plugins\/seo\/ -->\n<title>[ Epson ] &#129351; C11cf37201 Impresora De Matriz De Punto Fx-890 Ii, Matriz 9 Agujas, 10 Pulgadas, 738 Cps, Paralelo, Usb<\/title>\n<meta name=\"description\" content=\"Compra C11cf37201 Impresora De Matriz De Punto Fx-890 Ii, Matriz 9 Agujas, 10 Pulgadas, 738 Cps, Paralelo, Usb + Env\u00edo a domicilio + Pago seguro + Garant\u00eda\" \/>\n<meta name=\"robots\" content=\"index, follow, max-snippet:-1, max-image-preview:large, max-video-preview:-1\" \/>\n<link rel=\"canonical\" href=\"https:\/\/compuviper.mx\/tienda\/producto\/epson-c11cf37201-impresora-de-matriz-de-punto-fx-890-ii-matriz-9-agujas-10-pulgadas-738-cps-paralelo-usb\/\" \/>\n<meta property=\"og:locale\" content=\"es_MX\" \/>\n<meta property=\"og:type\" content=\"article\" \/>\n<meta property=\"og:title\" content=\"[ Epson ] &#129351; C11cf37201 Impresora De Matriz De Punto Fx-890 Ii, Matriz 9 Agujas, 10 Pulgadas, 738 Cps, Paralelo, Usb\" \/>\n<meta property=\"og:description\" content=\"Compra C11cf37201 Impresora De Matriz De Punto Fx-890 Ii, Matriz 9 Agujas, 10 Pulgadas, 738 Cps, Paralelo, Usb + Env\u00edo a domicilio + Pago seguro + Garant\u00eda\" \/>\n<meta property=\"og:url\" content=\"https:\/\/compuviper.mx\/tienda\/producto\/epson-c11cf37201-impresora-de-matriz-de-punto-fx-890-ii-matriz-9-agujas-10-pulgadas-738-cps-paralelo-usb\/\" \/>\n<meta property=\"og:site_name\" content=\"Compuviper\" \/>\n<meta property=\"article:publisher\" content=\"https:\/\/www.facebook.com\/compuviper\" \/>\n<meta property=\"og:image\" content=\"https:\/\/compuviper.mx\/tienda\/wp-content\/uploads\/2023\/12\/Impresora-de-matriz-de-punto-epson-fx-890-ii-matriz-9-agujas-10-pulgadas-738-cps-paralelo-usb.jpg\" \/>\n\t<meta property=\"og:image:width\" content=\"200\" \/>\n\t<meta property=\"og:image:height\" content=\"200\" \/>\n\t<meta property=\"og:image:type\" content=\"image\/jpeg\" \/>\n<meta name=\"twitter:card\" content=\"summary_large_image\" \/>\n<meta name=\"twitter:label1\" content=\"Precio\" \/>\n\t<meta name=\"twitter:data1\" content=\"&#36;9,542 con IVA\" \/>\n\t<meta name=\"twitter:label2\" content=\"Availability\" \/>\n\t<meta name=\"twitter:data2\" content=\"Out of stock\" \/>\n<script type=\"application\/ld+json\" class=\"yoast-schema-graph\">{\"@context\":\"https:\/\/schema.org\",\"@graph\":[{\"@type\":\"WebPage\",\"@id\":\"https:\/\/compuviper.mx\/tienda\/producto\/epson-c11cf37201-impresora-de-matriz-de-punto-fx-890-ii-matriz-9-agujas-10-pulgadas-738-cps-paralelo-usb\/\",\"url\":\"https:\/\/compuviper.mx\/tienda\/producto\/epson-c11cf37201-impresora-de-matriz-de-punto-fx-890-ii-matriz-9-agujas-10-pulgadas-738-cps-paralelo-usb\/\",\"name\":\"[ Epson ] &#129351; C11cf37201 Impresora De Matriz De Punto Fx-890 Ii, Matriz 9 Agujas, 10 Pulgadas, 738 Cps, Paralelo, Usb\",\"isPartOf\":{\"@id\":\"https:\/\/compuviper.mx\/tienda\/#website\"},\"datePublished\":\"2026-04-17T07:44:41+00:00\",\"dateModified\":\"2026-04-17T07:44:41+00:00\",\"description\":\"Compra C11cf37201 Impresora De Matriz De Punto Fx-890 Ii, Matriz 9 Agujas, 10 Pulgadas, 738 Cps, Paralelo, Usb + Env\u00edo a domicilio + Pago seguro + Garant\u00eda\",\"breadcrumb\":{\"@id\":\"https:\/\/compuviper.mx\/tienda\/producto\/epson-c11cf37201-impresora-de-matriz-de-punto-fx-890-ii-matriz-9-agujas-10-pulgadas-738-cps-paralelo-usb\/#breadcrumb\"},\"inLanguage\":\"es-MX\",\"potentialAction\":[{\"@type\":\"ReadAction\",\"target\":[\"https:\/\/compuviper.mx\/tienda\/producto\/epson-c11cf37201-impresora-de-matriz-de-punto-fx-890-ii-matriz-9-agujas-10-pulgadas-738-cps-paralelo-usb\/\"]}]},{\"@type\":\"BreadcrumbList\",\"@id\":\"https:\/\/compuviper.mx\/tienda\/producto\/epson-c11cf37201-impresora-de-matriz-de-punto-fx-890-ii-matriz-9-agujas-10-pulgadas-738-cps-paralelo-usb\/#breadcrumb\",\"itemListElement\":[{\"@type\":\"ListItem\",\"position\":1,\"name\":\"Inicio\",\"item\":\"https:\/\/compuviper.mx\/tienda\/\"},{\"@type\":\"ListItem\",\"position\":2,\"name\":\"Productos\",\"item\":\"https:\/\/compuviper.mx\/tienda\/productos\/\"},{\"@type\":\"ListItem\",\"position\":3,\"name\":\"Impresoras\",\"item\":\"https:\/\/compuviper.mx\/tienda\/categoria-producto\/impresoras\/\"},{\"@type\":\"ListItem\",\"position\":4,\"name\":\"Matriz De Linea\",\"item\":\"https:\/\/compuviper.mx\/tienda\/categoria-producto\/impresoras\/matriz-de-linea\/\"},{\"@type\":\"ListItem\",\"position\":5,\"name\":\"Epson C11cf37201 Impresora De Matriz De Punto Fx-890 Ii, Matriz 9 Agujas, 10 Pulgadas, 738 Cps, Paralelo, Usb\"}]},{\"@type\":\"WebSite\",\"@id\":\"https:\/\/compuviper.mx\/tienda\/#website\",\"url\":\"https:\/\/compuviper.mx\/tienda\/\",\"name\":\"Compuviper\",\"description\":\"Proveedor de Computadoras, Laptops, Servidores, Monitores, Puntos de Venta, Teclados,   Impresoras, T\u00f3ner, C\u00e1maras de Seguridad y m\u00e1s en tu tienda en l\u00ednea\",\"publisher\":{\"@id\":\"https:\/\/compuviper.mx\/tienda\/#organization\"},\"potentialAction\":[{\"@type\":\"SearchAction\",\"target\":{\"@type\":\"EntryPoint\",\"urlTemplate\":\"https:\/\/compuviper.mx\/tienda\/?s={search_term_string}\"},\"query-input\":\"required name=search_term_string\"}],\"inLanguage\":\"es-MX\"},{\"@type\":\"Organization\",\"@id\":\"https:\/\/compuviper.mx\/tienda\/#organization\",\"name\":\"Compuviper\",\"url\":\"https:\/\/compuviper.mx\/tienda\/\",\"logo\":{\"@type\":\"ImageObject\",\"inLanguage\":\"es-MX\",\"@id\":\"https:\/\/compuviper.mx\/tienda\/#\/schema\/logo\/image\/\",\"url\":\"https:\/\/compuviper.mx\/tienda\/wp-content\/uploads\/2021\/08\/Logo-Compuviper-10.png\",\"contentUrl\":\"https:\/\/compuviper.mx\/tienda\/wp-content\/uploads\/2021\/08\/Logo-Compuviper-10.png\",\"width\":1000,\"height\":500,\"caption\":\"Compuviper\"},\"image\":{\"@id\":\"https:\/\/compuviper.mx\/tienda\/#\/schema\/logo\/image\/\"},\"sameAs\":[\"https:\/\/www.facebook.com\/compuviper\",\"https:\/\/www.youtube.com\/channel\/UCf73dERp9Y3cfOq7q8BhLjA?view_as=subscriber\"]}]}<\/script>\n<meta property=\"product:brand\" content=\"EPSON\" \/>\n<meta property=\"product:price:amount\" content=\"9542\" \/>\n<meta property=\"product:price:currency\" content=\"MXN\" \/>\n<meta property=\"og:availability\" content=\"out of stock\" \/>\n<meta property=\"product:availability\" content=\"out of stock\" \/>\n<meta property=\"product:retailer_item_id\" content=\"C11CF37201\" \/>\n<meta property=\"product:condition\" content=\"new\" \/>\n<!-- \/ Yoast SEO plugin. -->","yoast_head_json":{"title":"[ Epson ] &#129351; C11cf37201 Impresora De Matriz De Punto Fx-890 Ii, Matriz 9 Agujas, 10 Pulgadas, 738 Cps, Paralelo, Usb","description":"Compra C11cf37201 Impresora De Matriz De Punto Fx-890 Ii, Matriz 9 Agujas, 10 Pulgadas, 738 Cps, Paralelo, Usb + Env\u00edo a domicilio + Pago seguro + Garant\u00eda","robots":{"index":"index","follow":"follow","max-snippet":"max-snippet:-1","max-image-preview":"max-image-preview:large","max-video-preview":"max-video-preview:-1"},"canonical":"https:\/\/compuviper.mx\/tienda\/producto\/epson-c11cf37201-impresora-de-matriz-de-punto-fx-890-ii-matriz-9-agujas-10-pulgadas-738-cps-paralelo-usb\/","og_locale":"es_MX","og_type":"article","og_title":"[ Epson ] &#129351; C11cf37201 Impresora De Matriz De Punto Fx-890 Ii, Matriz 9 Agujas, 10 Pulgadas, 738 Cps, Paralelo, Usb","og_description":"Compra C11cf37201 Impresora De Matriz De Punto Fx-890 Ii, Matriz 9 Agujas, 10 Pulgadas, 738 Cps, Paralelo, Usb + Env\u00edo a domicilio + Pago seguro + Garant\u00eda","og_url":"https:\/\/compuviper.mx\/tienda\/producto\/epson-c11cf37201-impresora-de-matriz-de-punto-fx-890-ii-matriz-9-agujas-10-pulgadas-738-cps-paralelo-usb\/","og_site_name":"Compuviper","article_publisher":"https:\/\/www.facebook.com\/compuviper","og_image":[{"width":200,"height":200,"url":"https:\/\/compuviper.mx\/tienda\/wp-content\/uploads\/2023\/12\/Impresora-de-matriz-de-punto-epson-fx-890-ii-matriz-9-agujas-10-pulgadas-738-cps-paralelo-usb.jpg","type":"image\/jpeg"}],"twitter_card":"summary_large_image","twitter_misc":{"Precio":"&#36;9,542 con IVA","Availability":"Out of stock"},"schema":{"@context":"https:\/\/schema.org","@graph":[{"@type":"WebPage","@id":"https:\/\/compuviper.mx\/tienda\/producto\/epson-c11cf37201-impresora-de-matriz-de-punto-fx-890-ii-matriz-9-agujas-10-pulgadas-738-cps-paralelo-usb\/","url":"https:\/\/compuviper.mx\/tienda\/producto\/epson-c11cf37201-impresora-de-matriz-de-punto-fx-890-ii-matriz-9-agujas-10-pulgadas-738-cps-paralelo-usb\/","name":"[ Epson ] &#129351; C11cf37201 Impresora De Matriz De Punto Fx-890 Ii, Matriz 9 Agujas, 10 Pulgadas, 738 Cps, Paralelo, Usb","isPartOf":{"@id":"https:\/\/compuviper.mx\/tienda\/#website"},"datePublished":"2026-04-17T07:44:41+00:00","dateModified":"2026-04-17T07:44:41+00:00","description":"Compra C11cf37201 Impresora De Matriz De Punto Fx-890 Ii, Matriz 9 Agujas, 10 Pulgadas, 738 Cps, Paralelo, Usb + Env\u00edo a domicilio + Pago seguro + Garant\u00eda","breadcrumb":{"@id":"https:\/\/compuviper.mx\/tienda\/producto\/epson-c11cf37201-impresora-de-matriz-de-punto-fx-890-ii-matriz-9-agujas-10-pulgadas-738-cps-paralelo-usb\/#breadcrumb"},"inLanguage":"es-MX","potentialAction":[{"@type":"ReadAction","target":["https:\/\/compuviper.mx\/tienda\/producto\/epson-c11cf37201-impresora-de-matriz-de-punto-fx-890-ii-matriz-9-agujas-10-pulgadas-738-cps-paralelo-usb\/"]}]},{"@type":"BreadcrumbList","@id":"https:\/\/compuviper.mx\/tienda\/producto\/epson-c11cf37201-impresora-de-matriz-de-punto-fx-890-ii-matriz-9-agujas-10-pulgadas-738-cps-paralelo-usb\/#breadcrumb","itemListElement":[{"@type":"ListItem","position":1,"name":"Inicio","item":"https:\/\/compuviper.mx\/tienda\/"},{"@type":"ListItem","position":2,"name":"Productos","item":"https:\/\/compuviper.mx\/tienda\/productos\/"},{"@type":"ListItem","position":3,"name":"Impresoras","item":"https:\/\/compuviper.mx\/tienda\/categoria-producto\/impresoras\/"},{"@type":"ListItem","position":4,"name":"Matriz De Linea","item":"https:\/\/compuviper.mx\/tienda\/categoria-producto\/impresoras\/matriz-de-linea\/"},{"@type":"ListItem","position":5,"name":"Epson C11cf37201 Impresora De Matriz De Punto Fx-890 Ii, Matriz 9 Agujas, 10 Pulgadas, 738 Cps, Paralelo, Usb"}]},{"@type":"WebSite","@id":"https:\/\/compuviper.mx\/tienda\/#website","url":"https:\/\/compuviper.mx\/tienda\/","name":"Compuviper","description":"Proveedor de Computadoras, Laptops, Servidores, Monitores, Puntos de Venta, Teclados,   Impresoras, T\u00f3ner, C\u00e1maras de Seguridad y m\u00e1s en tu tienda en l\u00ednea","publisher":{"@id":"https:\/\/compuviper.mx\/tienda\/#organization"},"potentialAction":[{"@type":"SearchAction","target":{"@type":"EntryPoint","urlTemplate":"https:\/\/compuviper.mx\/tienda\/?s={search_term_string}"},"query-input":"required name=search_term_string"}],"inLanguage":"es-MX"},{"@type":"Organization","@id":"https:\/\/compuviper.mx\/tienda\/#organization","name":"Compuviper","url":"https:\/\/compuviper.mx\/tienda\/","logo":{"@type":"ImageObject","inLanguage":"es-MX","@id":"https:\/\/compuviper.mx\/tienda\/#\/schema\/logo\/image\/","url":"https:\/\/compuviper.mx\/tienda\/wp-content\/uploads\/2021\/08\/Logo-Compuviper-10.png","contentUrl":"https:\/\/compuviper.mx\/tienda\/wp-content\/uploads\/2021\/08\/Logo-Compuviper-10.png","width":1000,"height":500,"caption":"Compuviper"},"image":{"@id":"https:\/\/compuviper.mx\/tienda\/#\/schema\/logo\/image\/"},"sameAs":["https:\/\/www.facebook.com\/compuviper","https:\/\/www.youtube.com\/channel\/UCf73dERp9Y3cfOq7q8BhLjA?view_as=subscriber"]}]},"product_brand":"EPSON","product_price_amount":"9542","product_price_currency":"MXN","og_availability":"out of stock","product_availability":"out of stock","product_retailer_item_id":"C11CF37201","product_condition":"new"},"_links":{"self":[{"href":"https:\/\/compuviper.mx\/tienda\/wp-json\/wp\/v2\/product\/223454"}],"collection":[{"href":"https:\/\/compuviper.mx\/tienda\/wp-json\/wp\/v2\/product"}],"about":[{"href":"https:\/\/compuviper.mx\/tienda\/wp-json\/wp\/v2\/types\/product"}],"replies":[{"embeddable":true,"href":"https:\/\/compuviper.mx\/tienda\/wp-json\/wp\/v2\/comments?post=223454"}],"wp:featuredmedia":[{"embeddable":true,"href":"https:\/\/compuviper.mx\/tienda\/wp-json\/wp\/v2\/media\/223455"}],"wp:attachment":[{"href":"https:\/\/compuviper.mx\/tienda\/wp-json\/wp\/v2\/media?parent=223454"}],"wp:term":[{"taxonomy":"product_cat","embeddable":true,"href":"https:\/\/compuviper.mx\/tienda\/wp-json\/wp\/v2\/product_cat?post=223454"},{"taxonomy":"product_tag","embeddable":true,"href":"https:\/\/compuviper.mx\/tienda\/wp-json\/wp\/v2\/product_tag?post=223454"}],"curies":[{"name":"wp","href":"https:\/\/api.w.org\/{rel}","templated":true}]}}