{"id":223395,"date":"2026-04-16T01:40:23","date_gmt":"2026-04-16T07:40:23","guid":{"rendered":"https:\/\/compuviper.mx\/tienda\/producto\/ec-line-ec-vp-1100i3-256-win-terminal-aiotouch-procesador-intel-core-i3-8-gb-memoria-ram-256-gb-almacenamiento-ssd-sistema-operativo-windows-10-iot-enterprise-64\/"},"modified":"2026-04-16T01:40:23","modified_gmt":"2026-04-16T07:40:23","slug":"ec-line-ec-vp-1100i3-256-win-terminal-punto-de-venta-negro-pantalla-touch-aio-15-pulgadas-intel-core-i3-8gb-ram-256gb-ssd-windows-10-iot-enterprise-64-bits","status":"publish","type":"product","link":"https:\/\/compuviper.mx\/tienda\/producto\/ec-line-ec-vp-1100i3-256-win-terminal-punto-de-venta-negro-pantalla-touch-aio-15-pulgadas-intel-core-i3-8gb-ram-256gb-ssd-windows-10-iot-enterprise-64-bits\/","title":{"rendered":"Ec Line Ec-vp-1100i3-256-win Terminal Punto De Venta  , Negro, Pantalla Touch Aio, 15 Pulgadas, Intel Core I3, 8gb Ram, 256gb Ssd, Windows 10 Iot Enterprise 64 Bits"},"content":{"rendered":"<table class=\"descripcion\">\n<tr>\n<td>Pu intel\u00ae core i3<\/td>\n<\/tr>\n<tr>\n<td>Memoria ram 8 gb<\/td>\n<\/tr>\n<tr>\n<td>Almacenamiento 256 gb ssd<\/td>\n<\/tr>\n<tr>\n<td>Lan 10\/100\/1000 mbps\/ gigabit ethernet<\/td>\n<\/tr>\n<tr>\n<td>Lan gigabit rj45 de 1<\/td>\n<\/tr>\n<tr>\n<td>1 vga<\/td>\n<\/tr>\n<tr>\n<td>6 usb (1 rear usb 3.0: 3 usb 2.0, 2 msr)<\/td>\n<\/tr>\n<tr>\n<td>Sistema operativo windows iot ent 64<\/td>\n<\/tr>\n<tr>\n<td>Resolucion de pantalla 1024 x 768<\/td>\n<\/tr>\n<tr>\n<td>Color de la pantalla tiempo de 16.777.216 colores<\/td>\n<\/tr>\n<tr>\n<td>Angulo devision<\/td>\n<\/tr>\n<tr>\n<td>(arriba, abajo, izquierda, derecha) 80\u00b0 \/ 80\u00b0 \/ 70\u00b0 \/ 70\u00b0<\/td>\n<\/tr>\n<tr>\n<td>Luminancia tacto capacitivo 450 cd\/m<\/td>\n<\/tr>\n<tr>\n<td>Entrada universa ac 100-240v<\/td>\n<\/tr>\n<tr>\n<td>Salida dc + 12v<\/td>\n<\/tr>\n<tr>\n<td>Rotaci\u00f3n 180\u00b0<\/td>\n<\/tr>\n<tr>\n<td>Montaje vesa<\/td>\n<\/tr>\n<tr>\n<td>Sistema operativo windows 10 iot enterprise 64 bit<\/td>\n<\/tr>\n<tr>\n<td>Punto de venta ec line de 15 sin bisel<\/td>\n<\/tr>\n<tr>\n<td>Dise\u00f1o delgado y ligero<\/td>\n<\/tr>\n<tr>\n<td>Excelnte ergonom\u00eda<\/td>\n<\/tr>\n<\/table>\n","protected":false},"excerpt":{"rendered":"<p>Ideal para negocios robustos. R\u00e1pidez de procesamiento gracias a un cpu intel core i3. Montaje vesa para ahorrar espacio<\/p>\n","protected":false},"featured_media":243186,"comment_status":"open","ping_status":"open","template":"","meta":[],"product_cat":[1532,1533],"product_tag":[1600],"acf":[],"yoast_head":"<!-- This site is optimized with the Yoast SEO plugin v21.7 - https:\/\/yoast.com\/wordpress\/plugins\/seo\/ -->\n<title>[ Ec Line ] &#129351; Ec-vp-1100i3-256-win Terminal Punto De Venta , Negro, Pantalla Touch Aio, 15 Pulgadas, Intel Core I3, 8gb Ram, 256gb Ssd, Windows 10 Iot Enterprise 64 Bits<\/title>\n<meta name=\"description\" content=\"Compra Ec-vp-1100i3-256-win Terminal Punto De Venta , Negro, Pantalla Touch Aio, 15 Pulgadas, Intel Core I3, 8gb Ram, 256gb Ssd, Windows 10 Iot Enterprise 64 Bits + Env\u00edo a domicilio + Pago seguro + Garant\u00eda\" \/>\n<meta name=\"robots\" content=\"index, follow, max-snippet:-1, max-image-preview:large, max-video-preview:-1\" \/>\n<link rel=\"canonical\" href=\"https:\/\/compuviper.mx\/tienda\/producto\/ec-line-ec-vp-1100i3-256-win-terminal-punto-de-venta-negro-pantalla-touch-aio-15-pulgadas-intel-core-i3-8gb-ram-256gb-ssd-windows-10-iot-enterprise-64-bits\/\" \/>\n<meta property=\"og:locale\" content=\"es_MX\" \/>\n<meta property=\"og:type\" content=\"article\" \/>\n<meta property=\"og:title\" content=\"[ Ec Line ] &#129351; Ec-vp-1100i3-256-win Terminal Punto De Venta , Negro, Pantalla Touch Aio, 15 Pulgadas, Intel Core I3, 8gb Ram, 256gb Ssd, Windows 10 Iot Enterprise 64 Bits\" \/>\n<meta property=\"og:description\" content=\"Compra Ec-vp-1100i3-256-win Terminal Punto De Venta , Negro, Pantalla Touch Aio, 15 Pulgadas, Intel Core I3, 8gb Ram, 256gb Ssd, Windows 10 Iot Enterprise 64 Bits + Env\u00edo a domicilio + Pago seguro + Garant\u00eda\" \/>\n<meta property=\"og:url\" content=\"https:\/\/compuviper.mx\/tienda\/producto\/ec-line-ec-vp-1100i3-256-win-terminal-punto-de-venta-negro-pantalla-touch-aio-15-pulgadas-intel-core-i3-8gb-ram-256gb-ssd-windows-10-iot-enterprise-64-bits\/\" \/>\n<meta property=\"og:site_name\" content=\"Compuviper\" \/>\n<meta property=\"article:publisher\" content=\"https:\/\/www.facebook.com\/compuviper\" \/>\n<meta property=\"og:image\" content=\"https:\/\/compuviper.mx\/tienda\/wp-content\/uploads\/2024\/09\/Terminal-aiotouch-ec-line-ec-vp-1100i3-256-win-procesador-intel-core-i3-8-gb-memoria-ram-256-gb-almacenamiento-ssd-sistema-operativo-windows-10-iot-enterprise-64.jpg\" \/>\n\t<meta property=\"og:image:width\" content=\"200\" \/>\n\t<meta property=\"og:image:height\" content=\"200\" \/>\n\t<meta property=\"og:image:type\" content=\"image\/jpeg\" \/>\n<meta name=\"twitter:card\" content=\"summary_large_image\" \/>\n<meta name=\"twitter:label1\" content=\"Precio\" \/>\n\t<meta name=\"twitter:data1\" content=\"&#36;22,689 con IVA\" \/>\n\t<meta name=\"twitter:label2\" content=\"Availability\" \/>\n\t<meta name=\"twitter:data2\" content=\"Out of stock\" \/>\n<script type=\"application\/ld+json\" class=\"yoast-schema-graph\">{\"@context\":\"https:\/\/schema.org\",\"@graph\":[{\"@type\":\"WebPage\",\"@id\":\"https:\/\/compuviper.mx\/tienda\/producto\/ec-line-ec-vp-1100i3-256-win-terminal-punto-de-venta-negro-pantalla-touch-aio-15-pulgadas-intel-core-i3-8gb-ram-256gb-ssd-windows-10-iot-enterprise-64-bits\/\",\"url\":\"https:\/\/compuviper.mx\/tienda\/producto\/ec-line-ec-vp-1100i3-256-win-terminal-punto-de-venta-negro-pantalla-touch-aio-15-pulgadas-intel-core-i3-8gb-ram-256gb-ssd-windows-10-iot-enterprise-64-bits\/\",\"name\":\"[ Ec Line ] &#129351; Ec-vp-1100i3-256-win Terminal Punto De Venta , Negro, Pantalla Touch Aio, 15 Pulgadas, Intel Core I3, 8gb Ram, 256gb Ssd, Windows 10 Iot Enterprise 64 Bits\",\"isPartOf\":{\"@id\":\"https:\/\/compuviper.mx\/tienda\/#website\"},\"datePublished\":\"2026-04-16T07:40:23+00:00\",\"dateModified\":\"2026-04-16T07:40:23+00:00\",\"description\":\"Compra Ec-vp-1100i3-256-win Terminal Punto De Venta , Negro, Pantalla Touch Aio, 15 Pulgadas, Intel Core I3, 8gb Ram, 256gb Ssd, Windows 10 Iot Enterprise 64 Bits + Env\u00edo a domicilio + Pago seguro + Garant\u00eda\",\"breadcrumb\":{\"@id\":\"https:\/\/compuviper.mx\/tienda\/producto\/ec-line-ec-vp-1100i3-256-win-terminal-punto-de-venta-negro-pantalla-touch-aio-15-pulgadas-intel-core-i3-8gb-ram-256gb-ssd-windows-10-iot-enterprise-64-bits\/#breadcrumb\"},\"inLanguage\":\"es-MX\",\"potentialAction\":[{\"@type\":\"ReadAction\",\"target\":[\"https:\/\/compuviper.mx\/tienda\/producto\/ec-line-ec-vp-1100i3-256-win-terminal-punto-de-venta-negro-pantalla-touch-aio-15-pulgadas-intel-core-i3-8gb-ram-256gb-ssd-windows-10-iot-enterprise-64-bits\/\"]}]},{\"@type\":\"BreadcrumbList\",\"@id\":\"https:\/\/compuviper.mx\/tienda\/producto\/ec-line-ec-vp-1100i3-256-win-terminal-punto-de-venta-negro-pantalla-touch-aio-15-pulgadas-intel-core-i3-8gb-ram-256gb-ssd-windows-10-iot-enterprise-64-bits\/#breadcrumb\",\"itemListElement\":[{\"@type\":\"ListItem\",\"position\":1,\"name\":\"Inicio\",\"item\":\"https:\/\/compuviper.mx\/tienda\/\"},{\"@type\":\"ListItem\",\"position\":2,\"name\":\"Productos\",\"item\":\"https:\/\/compuviper.mx\/tienda\/productos\/\"},{\"@type\":\"ListItem\",\"position\":3,\"name\":\"Terminal Pos\",\"item\":\"https:\/\/compuviper.mx\/tienda\/categoria-producto\/terminal-pos\/\"},{\"@type\":\"ListItem\",\"position\":4,\"name\":\"Sin Categor\u00eda\",\"item\":\"https:\/\/compuviper.mx\/tienda\/categoria-producto\/terminal-pos\/sin-categoria-terminal-pos\/\"},{\"@type\":\"ListItem\",\"position\":5,\"name\":\"Ec Line Ec-vp-1100i3-256-win Terminal Punto De Venta , Negro, Pantalla Touch Aio, 15 Pulgadas, Intel Core I3, 8gb Ram, 256gb Ssd, Windows 10 Iot Enterprise 64 Bits\"}]},{\"@type\":\"WebSite\",\"@id\":\"https:\/\/compuviper.mx\/tienda\/#website\",\"url\":\"https:\/\/compuviper.mx\/tienda\/\",\"name\":\"Compuviper\",\"description\":\"Proveedor de Computadoras, Laptops, Servidores, Monitores, Puntos de Venta, Teclados,   Impresoras, T\u00f3ner, C\u00e1maras de Seguridad y m\u00e1s en tu tienda en l\u00ednea\",\"publisher\":{\"@id\":\"https:\/\/compuviper.mx\/tienda\/#organization\"},\"potentialAction\":[{\"@type\":\"SearchAction\",\"target\":{\"@type\":\"EntryPoint\",\"urlTemplate\":\"https:\/\/compuviper.mx\/tienda\/?s={search_term_string}\"},\"query-input\":\"required name=search_term_string\"}],\"inLanguage\":\"es-MX\"},{\"@type\":\"Organization\",\"@id\":\"https:\/\/compuviper.mx\/tienda\/#organization\",\"name\":\"Compuviper\",\"url\":\"https:\/\/compuviper.mx\/tienda\/\",\"logo\":{\"@type\":\"ImageObject\",\"inLanguage\":\"es-MX\",\"@id\":\"https:\/\/compuviper.mx\/tienda\/#\/schema\/logo\/image\/\",\"url\":\"https:\/\/compuviper.mx\/tienda\/wp-content\/uploads\/2021\/08\/Logo-Compuviper-10.png\",\"contentUrl\":\"https:\/\/compuviper.mx\/tienda\/wp-content\/uploads\/2021\/08\/Logo-Compuviper-10.png\",\"width\":1000,\"height\":500,\"caption\":\"Compuviper\"},\"image\":{\"@id\":\"https:\/\/compuviper.mx\/tienda\/#\/schema\/logo\/image\/\"},\"sameAs\":[\"https:\/\/www.facebook.com\/compuviper\",\"https:\/\/www.youtube.com\/channel\/UCf73dERp9Y3cfOq7q8BhLjA?view_as=subscriber\"]}]}<\/script>\n<meta property=\"product:brand\" content=\"EC LINE\" \/>\n<meta property=\"product:price:amount\" content=\"22689\" \/>\n<meta property=\"product:price:currency\" content=\"MXN\" \/>\n<meta property=\"og:availability\" content=\"out of stock\" \/>\n<meta property=\"product:availability\" content=\"out of stock\" \/>\n<meta property=\"product:retailer_item_id\" content=\"EC-VP-1100I3-256-WIN\" \/>\n<meta property=\"product:condition\" content=\"new\" \/>\n<!-- \/ Yoast SEO plugin. -->","yoast_head_json":{"title":"[ Ec Line ] &#129351; Ec-vp-1100i3-256-win Terminal Punto De Venta , Negro, Pantalla Touch Aio, 15 Pulgadas, Intel Core I3, 8gb Ram, 256gb Ssd, Windows 10 Iot Enterprise 64 Bits","description":"Compra Ec-vp-1100i3-256-win Terminal Punto De Venta , Negro, Pantalla Touch Aio, 15 Pulgadas, Intel Core I3, 8gb Ram, 256gb Ssd, Windows 10 Iot Enterprise 64 Bits + Env\u00edo a domicilio + Pago seguro + Garant\u00eda","robots":{"index":"index","follow":"follow","max-snippet":"max-snippet:-1","max-image-preview":"max-image-preview:large","max-video-preview":"max-video-preview:-1"},"canonical":"https:\/\/compuviper.mx\/tienda\/producto\/ec-line-ec-vp-1100i3-256-win-terminal-punto-de-venta-negro-pantalla-touch-aio-15-pulgadas-intel-core-i3-8gb-ram-256gb-ssd-windows-10-iot-enterprise-64-bits\/","og_locale":"es_MX","og_type":"article","og_title":"[ Ec Line ] &#129351; Ec-vp-1100i3-256-win Terminal Punto De Venta , Negro, Pantalla Touch Aio, 15 Pulgadas, Intel Core I3, 8gb Ram, 256gb Ssd, Windows 10 Iot Enterprise 64 Bits","og_description":"Compra Ec-vp-1100i3-256-win Terminal Punto De Venta , Negro, Pantalla Touch Aio, 15 Pulgadas, Intel Core I3, 8gb Ram, 256gb Ssd, Windows 10 Iot Enterprise 64 Bits + Env\u00edo a domicilio + Pago seguro + Garant\u00eda","og_url":"https:\/\/compuviper.mx\/tienda\/producto\/ec-line-ec-vp-1100i3-256-win-terminal-punto-de-venta-negro-pantalla-touch-aio-15-pulgadas-intel-core-i3-8gb-ram-256gb-ssd-windows-10-iot-enterprise-64-bits\/","og_site_name":"Compuviper","article_publisher":"https:\/\/www.facebook.com\/compuviper","og_image":[{"width":200,"height":200,"url":"https:\/\/compuviper.mx\/tienda\/wp-content\/uploads\/2024\/09\/Terminal-aiotouch-ec-line-ec-vp-1100i3-256-win-procesador-intel-core-i3-8-gb-memoria-ram-256-gb-almacenamiento-ssd-sistema-operativo-windows-10-iot-enterprise-64.jpg","type":"image\/jpeg"}],"twitter_card":"summary_large_image","twitter_misc":{"Precio":"&#36;22,689 con IVA","Availability":"Out of stock"},"schema":{"@context":"https:\/\/schema.org","@graph":[{"@type":"WebPage","@id":"https:\/\/compuviper.mx\/tienda\/producto\/ec-line-ec-vp-1100i3-256-win-terminal-punto-de-venta-negro-pantalla-touch-aio-15-pulgadas-intel-core-i3-8gb-ram-256gb-ssd-windows-10-iot-enterprise-64-bits\/","url":"https:\/\/compuviper.mx\/tienda\/producto\/ec-line-ec-vp-1100i3-256-win-terminal-punto-de-venta-negro-pantalla-touch-aio-15-pulgadas-intel-core-i3-8gb-ram-256gb-ssd-windows-10-iot-enterprise-64-bits\/","name":"[ Ec Line ] &#129351; Ec-vp-1100i3-256-win Terminal Punto De Venta , Negro, Pantalla Touch Aio, 15 Pulgadas, Intel Core I3, 8gb Ram, 256gb Ssd, Windows 10 Iot Enterprise 64 Bits","isPartOf":{"@id":"https:\/\/compuviper.mx\/tienda\/#website"},"datePublished":"2026-04-16T07:40:23+00:00","dateModified":"2026-04-16T07:40:23+00:00","description":"Compra Ec-vp-1100i3-256-win Terminal Punto De Venta , Negro, Pantalla Touch Aio, 15 Pulgadas, Intel Core I3, 8gb Ram, 256gb Ssd, Windows 10 Iot Enterprise 64 Bits + Env\u00edo a domicilio + Pago seguro + Garant\u00eda","breadcrumb":{"@id":"https:\/\/compuviper.mx\/tienda\/producto\/ec-line-ec-vp-1100i3-256-win-terminal-punto-de-venta-negro-pantalla-touch-aio-15-pulgadas-intel-core-i3-8gb-ram-256gb-ssd-windows-10-iot-enterprise-64-bits\/#breadcrumb"},"inLanguage":"es-MX","potentialAction":[{"@type":"ReadAction","target":["https:\/\/compuviper.mx\/tienda\/producto\/ec-line-ec-vp-1100i3-256-win-terminal-punto-de-venta-negro-pantalla-touch-aio-15-pulgadas-intel-core-i3-8gb-ram-256gb-ssd-windows-10-iot-enterprise-64-bits\/"]}]},{"@type":"BreadcrumbList","@id":"https:\/\/compuviper.mx\/tienda\/producto\/ec-line-ec-vp-1100i3-256-win-terminal-punto-de-venta-negro-pantalla-touch-aio-15-pulgadas-intel-core-i3-8gb-ram-256gb-ssd-windows-10-iot-enterprise-64-bits\/#breadcrumb","itemListElement":[{"@type":"ListItem","position":1,"name":"Inicio","item":"https:\/\/compuviper.mx\/tienda\/"},{"@type":"ListItem","position":2,"name":"Productos","item":"https:\/\/compuviper.mx\/tienda\/productos\/"},{"@type":"ListItem","position":3,"name":"Terminal Pos","item":"https:\/\/compuviper.mx\/tienda\/categoria-producto\/terminal-pos\/"},{"@type":"ListItem","position":4,"name":"Sin Categor\u00eda","item":"https:\/\/compuviper.mx\/tienda\/categoria-producto\/terminal-pos\/sin-categoria-terminal-pos\/"},{"@type":"ListItem","position":5,"name":"Ec Line Ec-vp-1100i3-256-win Terminal Punto De Venta , Negro, Pantalla Touch Aio, 15 Pulgadas, Intel Core I3, 8gb Ram, 256gb Ssd, Windows 10 Iot Enterprise 64 Bits"}]},{"@type":"WebSite","@id":"https:\/\/compuviper.mx\/tienda\/#website","url":"https:\/\/compuviper.mx\/tienda\/","name":"Compuviper","description":"Proveedor de Computadoras, Laptops, Servidores, Monitores, Puntos de Venta, Teclados,   Impresoras, T\u00f3ner, C\u00e1maras de Seguridad y m\u00e1s en tu tienda en l\u00ednea","publisher":{"@id":"https:\/\/compuviper.mx\/tienda\/#organization"},"potentialAction":[{"@type":"SearchAction","target":{"@type":"EntryPoint","urlTemplate":"https:\/\/compuviper.mx\/tienda\/?s={search_term_string}"},"query-input":"required name=search_term_string"}],"inLanguage":"es-MX"},{"@type":"Organization","@id":"https:\/\/compuviper.mx\/tienda\/#organization","name":"Compuviper","url":"https:\/\/compuviper.mx\/tienda\/","logo":{"@type":"ImageObject","inLanguage":"es-MX","@id":"https:\/\/compuviper.mx\/tienda\/#\/schema\/logo\/image\/","url":"https:\/\/compuviper.mx\/tienda\/wp-content\/uploads\/2021\/08\/Logo-Compuviper-10.png","contentUrl":"https:\/\/compuviper.mx\/tienda\/wp-content\/uploads\/2021\/08\/Logo-Compuviper-10.png","width":1000,"height":500,"caption":"Compuviper"},"image":{"@id":"https:\/\/compuviper.mx\/tienda\/#\/schema\/logo\/image\/"},"sameAs":["https:\/\/www.facebook.com\/compuviper","https:\/\/www.youtube.com\/channel\/UCf73dERp9Y3cfOq7q8BhLjA?view_as=subscriber"]}]},"product_brand":"EC LINE","product_price_amount":"22689","product_price_currency":"MXN","og_availability":"out of stock","product_availability":"out of stock","product_retailer_item_id":"EC-VP-1100I3-256-WIN","product_condition":"new"},"_links":{"self":[{"href":"https:\/\/compuviper.mx\/tienda\/wp-json\/wp\/v2\/product\/223395"}],"collection":[{"href":"https:\/\/compuviper.mx\/tienda\/wp-json\/wp\/v2\/product"}],"about":[{"href":"https:\/\/compuviper.mx\/tienda\/wp-json\/wp\/v2\/types\/product"}],"replies":[{"embeddable":true,"href":"https:\/\/compuviper.mx\/tienda\/wp-json\/wp\/v2\/comments?post=223395"}],"wp:featuredmedia":[{"embeddable":true,"href":"https:\/\/compuviper.mx\/tienda\/wp-json\/wp\/v2\/media\/243186"}],"wp:attachment":[{"href":"https:\/\/compuviper.mx\/tienda\/wp-json\/wp\/v2\/media?parent=223395"}],"wp:term":[{"taxonomy":"product_cat","embeddable":true,"href":"https:\/\/compuviper.mx\/tienda\/wp-json\/wp\/v2\/product_cat?post=223395"},{"taxonomy":"product_tag","embeddable":true,"href":"https:\/\/compuviper.mx\/tienda\/wp-json\/wp\/v2\/product_tag?post=223395"}],"curies":[{"name":"wp","href":"https:\/\/api.w.org\/{rel}","templated":true}]}}