{"id":222512,"date":"2026-04-02T01:35:20","date_gmt":"2026-04-02T07:35:20","guid":{"rendered":"https:\/\/compuviper.mx\/tienda\/producto\/lenovo-5ws0g14994-poliza-de-garantia-p-monitores-3-year-on-site-nbd-product-exchange\/"},"modified":"2026-04-02T01:35:21","modified_gmt":"2026-04-02T07:35:21","slug":"lenovo-5ws0g14994-poliza-de-garantia-p-monitores-3-year-on-site-nbd-product-exchange","status":"publish","type":"product","link":"https:\/\/compuviper.mx\/tienda\/producto\/lenovo-5ws0g14994-poliza-de-garantia-p-monitores-3-year-on-site-nbd-product-exchange\/","title":{"rendered":"Lenovo 5ws0g14994 Poliza De Garantia P\/monitores  3 Year On Site Nbd Product Exchange"},"content":{"rendered":"<table class=\"descripcion\">\n<tr>\n<td>Ampliaci\u00f3n de garant\u00eda a 3 a\u00f1os en domicilio para monitores tft hasta 17 con respuesta d\u00eda h\u00e1bil siguiente.<\/td>\n<\/tr>\n<\/table>\n","protected":false},"excerpt":{"rendered":"<p>Servicios thinkplus y lenovo care. Extensiones de garantiathinkplusservices y lenovo careservices. Si lo que busca es la tranquilidad de saber que su inversion esta protegida y que cuenta con el respaldo de una amplia red de soporte nacional e internacional, lo que usted necesita.Es un servicio thinkplus o lenovo care. Las extensiones de garantiathinkplus y lenovocare son opciones de servicio que ofrecen extender el periodo de garantia base de los equipos a 2, 3 o 4 anios y\/o ampliar el nivel de servicio (atencion en sitio o bien en horarios fuera de los estandares). Se pueden adquirir al momento de la compra del equipo o hasta dentro de los primeros 90 dias de adquirido el equipo. Amplie y\/o extienda su garantia original con una de nuestras opciones de servicios thinkplus y lenovo care que mejor se adecue a sus necesidades.  Adquiera: planes de extension de periodos de garantia. Ampliaciones de niveles de servicio con atencion en centro de reparacion o en sitio. Servicios especializados (a la medida de su necesidad. Seleccione la opcion de servicio que mejor se adapte al plan de vida util de sus equipos y elija el nivel de servicio que mejor satisfaga sus necesidades. La compra se puede hacer junto con sus equipos portatiles, de escritorio y visuales o bien durante el periodo posterior a la compra de los mismos.  \u00bfcomo funciona. Las ampliaciones de garantia se podran adquirir dentro de los 90 dias de adquirido el equipo. Por ejemplo, si usted compro un equipo con un anio de garantia el 2 de febrero de 2010, podra adquirir la extension de garantia del mismo hasta el 1 de mayo de 2010. Si en marzo de 2010 compra una actualizacion por cuatro anios, su cobertura terminara el 1 de febrero de 2014. Cada servicio thinkplus o lenovo care esta ligado directamente a un equipo particular (modelo y numero de serie), de esta manera usted puede tener la tranquilidad de que su equipo esta registrado especificamente con esta cobertura ampliada, ademas de la garantia base que viene desde fabrica con el modelo. Para validar cual es la fecha de caducidad de su garantia original o ampliada consulte aqui.  \u00bfcomo hago efectivo el servicio. Contamos con una amplia red de centros de servicio, tanto a nivel nacional como internacional para responderle ante una necesidad de soporte. \u00a1es correcto! su extension de garantia no solo es valida en el pais de origen, sino cuando usted viaja al extranjero, bajo los terminos de la extension que compro y los de nuestra garantia internacional (en caso que aplique).  Para solicitar servicio de garantia puede llamar sin costo a nuestro centro de soporte donde un tecnico especializado le ayudara a encontrar la solucion. Equipos think: 001 866 434 2080. Equipos idea: 01 800 9253 6686<\/p>\n","protected":false},"featured_media":222513,"comment_status":"open","ping_status":"open","template":"","meta":[],"product_cat":[1984,1985],"product_tag":[1578],"acf":[],"yoast_head":"<!-- This site is optimized with the Yoast SEO plugin v21.7 - https:\/\/yoast.com\/wordpress\/plugins\/seo\/ -->\n<title>[ Lenovo ] &#129351; 5ws0g14994 Poliza De Garantia P\/monitores 3 Year On Site Nbd Product Exchange<\/title>\n<meta name=\"description\" content=\"Compra 5ws0g14994 Poliza De Garantia P\/monitores 3 Year On Site Nbd Product Exchange + Env\u00edo a domicilio + Pago seguro + Garant\u00eda\" \/>\n<meta name=\"robots\" content=\"index, follow, max-snippet:-1, max-image-preview:large, max-video-preview:-1\" \/>\n<link rel=\"canonical\" href=\"https:\/\/compuviper.mx\/tienda\/producto\/lenovo-5ws0g14994-poliza-de-garantia-p-monitores-3-year-on-site-nbd-product-exchange\/\" \/>\n<meta property=\"og:locale\" content=\"es_MX\" \/>\n<meta property=\"og:type\" content=\"article\" \/>\n<meta property=\"og:title\" content=\"[ Lenovo ] &#129351; 5ws0g14994 Poliza De Garantia P\/monitores 3 Year On Site Nbd Product Exchange\" \/>\n<meta property=\"og:description\" content=\"Compra 5ws0g14994 Poliza De Garantia P\/monitores 3 Year On Site Nbd Product Exchange + Env\u00edo a domicilio + Pago seguro + Garant\u00eda\" \/>\n<meta property=\"og:url\" content=\"https:\/\/compuviper.mx\/tienda\/producto\/lenovo-5ws0g14994-poliza-de-garantia-p-monitores-3-year-on-site-nbd-product-exchange\/\" \/>\n<meta property=\"og:site_name\" content=\"Compuviper\" \/>\n<meta property=\"article:publisher\" content=\"https:\/\/www.facebook.com\/compuviper\" \/>\n<meta property=\"article:modified_time\" content=\"2026-04-02T07:35:21+00:00\" \/>\n<meta property=\"og:image\" content=\"https:\/\/compuviper.mx\/tienda\/wp-content\/uploads\/2023\/12\/Poliza-de-garantia-pmonitores-lenovo-3-year-on-site-nbd-product-exchange.jpg\" \/>\n\t<meta property=\"og:image:width\" content=\"200\" \/>\n\t<meta property=\"og:image:height\" content=\"200\" \/>\n\t<meta property=\"og:image:type\" content=\"image\/jpeg\" \/>\n<meta name=\"twitter:card\" content=\"summary_large_image\" \/>\n<meta name=\"twitter:label1\" content=\"Precio\" \/>\n\t<meta name=\"twitter:data1\" content=\"&#36;269 con IVA\" \/>\n\t<meta name=\"twitter:label2\" content=\"Availability\" \/>\n\t<meta name=\"twitter:data2\" content=\"In stock\" \/>\n<script type=\"application\/ld+json\" class=\"yoast-schema-graph\">{\"@context\":\"https:\/\/schema.org\",\"@graph\":[{\"@type\":\"WebPage\",\"@id\":\"https:\/\/compuviper.mx\/tienda\/producto\/lenovo-5ws0g14994-poliza-de-garantia-p-monitores-3-year-on-site-nbd-product-exchange\/\",\"url\":\"https:\/\/compuviper.mx\/tienda\/producto\/lenovo-5ws0g14994-poliza-de-garantia-p-monitores-3-year-on-site-nbd-product-exchange\/\",\"name\":\"[ Lenovo ] &#129351; 5ws0g14994 Poliza De Garantia P\/monitores 3 Year On Site Nbd Product Exchange\",\"isPartOf\":{\"@id\":\"https:\/\/compuviper.mx\/tienda\/#website\"},\"datePublished\":\"2026-04-02T07:35:20+00:00\",\"dateModified\":\"2026-04-02T07:35:21+00:00\",\"description\":\"Compra 5ws0g14994 Poliza De Garantia P\/monitores 3 Year On Site Nbd Product Exchange + Env\u00edo a domicilio + Pago seguro + Garant\u00eda\",\"breadcrumb\":{\"@id\":\"https:\/\/compuviper.mx\/tienda\/producto\/lenovo-5ws0g14994-poliza-de-garantia-p-monitores-3-year-on-site-nbd-product-exchange\/#breadcrumb\"},\"inLanguage\":\"es-MX\",\"potentialAction\":[{\"@type\":\"ReadAction\",\"target\":[\"https:\/\/compuviper.mx\/tienda\/producto\/lenovo-5ws0g14994-poliza-de-garantia-p-monitores-3-year-on-site-nbd-product-exchange\/\"]}]},{\"@type\":\"BreadcrumbList\",\"@id\":\"https:\/\/compuviper.mx\/tienda\/producto\/lenovo-5ws0g14994-poliza-de-garantia-p-monitores-3-year-on-site-nbd-product-exchange\/#breadcrumb\",\"itemListElement\":[{\"@type\":\"ListItem\",\"position\":1,\"name\":\"Inicio\",\"item\":\"https:\/\/compuviper.mx\/tienda\/\"},{\"@type\":\"ListItem\",\"position\":2,\"name\":\"Productos\",\"item\":\"https:\/\/compuviper.mx\/tienda\/productos\/\"},{\"@type\":\"ListItem\",\"position\":3,\"name\":\"Polizas De Garantia\",\"item\":\"https:\/\/compuviper.mx\/tienda\/categoria-producto\/polizas-de-garantia\/\"},{\"@type\":\"ListItem\",\"position\":4,\"name\":\"Sin Categor\u00eda\",\"item\":\"https:\/\/compuviper.mx\/tienda\/categoria-producto\/polizas-de-garantia\/sin-categoria-polizas-de-garantia\/\"},{\"@type\":\"ListItem\",\"position\":5,\"name\":\"Lenovo 5ws0g14994 Poliza De Garantia P\/monitores 3 Year On Site Nbd Product Exchange\"}]},{\"@type\":\"WebSite\",\"@id\":\"https:\/\/compuviper.mx\/tienda\/#website\",\"url\":\"https:\/\/compuviper.mx\/tienda\/\",\"name\":\"Compuviper\",\"description\":\"Proveedor de Computadoras, Laptops, Servidores, Monitores, Puntos de Venta, Teclados,   Impresoras, T\u00f3ner, C\u00e1maras de Seguridad y m\u00e1s en tu tienda en l\u00ednea\",\"publisher\":{\"@id\":\"https:\/\/compuviper.mx\/tienda\/#organization\"},\"potentialAction\":[{\"@type\":\"SearchAction\",\"target\":{\"@type\":\"EntryPoint\",\"urlTemplate\":\"https:\/\/compuviper.mx\/tienda\/?s={search_term_string}\"},\"query-input\":\"required name=search_term_string\"}],\"inLanguage\":\"es-MX\"},{\"@type\":\"Organization\",\"@id\":\"https:\/\/compuviper.mx\/tienda\/#organization\",\"name\":\"Compuviper\",\"url\":\"https:\/\/compuviper.mx\/tienda\/\",\"logo\":{\"@type\":\"ImageObject\",\"inLanguage\":\"es-MX\",\"@id\":\"https:\/\/compuviper.mx\/tienda\/#\/schema\/logo\/image\/\",\"url\":\"https:\/\/compuviper.mx\/tienda\/wp-content\/uploads\/2021\/08\/Logo-Compuviper-10.png\",\"contentUrl\":\"https:\/\/compuviper.mx\/tienda\/wp-content\/uploads\/2021\/08\/Logo-Compuviper-10.png\",\"width\":1000,\"height\":500,\"caption\":\"Compuviper\"},\"image\":{\"@id\":\"https:\/\/compuviper.mx\/tienda\/#\/schema\/logo\/image\/\"},\"sameAs\":[\"https:\/\/www.facebook.com\/compuviper\",\"https:\/\/www.youtube.com\/channel\/UCf73dERp9Y3cfOq7q8BhLjA?view_as=subscriber\"]}]}<\/script>\n<meta property=\"product:brand\" content=\"LENOVO\" \/>\n<meta property=\"product:price:amount\" content=\"269\" \/>\n<meta property=\"product:price:currency\" content=\"MXN\" \/>\n<meta property=\"og:availability\" content=\"instock\" \/>\n<meta property=\"product:availability\" content=\"instock\" \/>\n<meta property=\"product:retailer_item_id\" content=\"5WS0G14994\" \/>\n<meta property=\"product:condition\" content=\"new\" \/>\n<!-- \/ Yoast SEO plugin. -->","yoast_head_json":{"title":"[ Lenovo ] &#129351; 5ws0g14994 Poliza De Garantia P\/monitores 3 Year On Site Nbd Product Exchange","description":"Compra 5ws0g14994 Poliza De Garantia P\/monitores 3 Year On Site Nbd Product Exchange + Env\u00edo a domicilio + Pago seguro + Garant\u00eda","robots":{"index":"index","follow":"follow","max-snippet":"max-snippet:-1","max-image-preview":"max-image-preview:large","max-video-preview":"max-video-preview:-1"},"canonical":"https:\/\/compuviper.mx\/tienda\/producto\/lenovo-5ws0g14994-poliza-de-garantia-p-monitores-3-year-on-site-nbd-product-exchange\/","og_locale":"es_MX","og_type":"article","og_title":"[ Lenovo ] &#129351; 5ws0g14994 Poliza De Garantia P\/monitores 3 Year On Site Nbd Product Exchange","og_description":"Compra 5ws0g14994 Poliza De Garantia P\/monitores 3 Year On Site Nbd Product Exchange + Env\u00edo a domicilio + Pago seguro + Garant\u00eda","og_url":"https:\/\/compuviper.mx\/tienda\/producto\/lenovo-5ws0g14994-poliza-de-garantia-p-monitores-3-year-on-site-nbd-product-exchange\/","og_site_name":"Compuviper","article_publisher":"https:\/\/www.facebook.com\/compuviper","article_modified_time":"2026-04-02T07:35:21+00:00","og_image":[{"width":200,"height":200,"url":"https:\/\/compuviper.mx\/tienda\/wp-content\/uploads\/2023\/12\/Poliza-de-garantia-pmonitores-lenovo-3-year-on-site-nbd-product-exchange.jpg","type":"image\/jpeg"}],"twitter_card":"summary_large_image","twitter_misc":{"Precio":"&#36;269 con IVA","Availability":"In stock"},"schema":{"@context":"https:\/\/schema.org","@graph":[{"@type":"WebPage","@id":"https:\/\/compuviper.mx\/tienda\/producto\/lenovo-5ws0g14994-poliza-de-garantia-p-monitores-3-year-on-site-nbd-product-exchange\/","url":"https:\/\/compuviper.mx\/tienda\/producto\/lenovo-5ws0g14994-poliza-de-garantia-p-monitores-3-year-on-site-nbd-product-exchange\/","name":"[ Lenovo ] &#129351; 5ws0g14994 Poliza De Garantia P\/monitores 3 Year On Site Nbd Product Exchange","isPartOf":{"@id":"https:\/\/compuviper.mx\/tienda\/#website"},"datePublished":"2026-04-02T07:35:20+00:00","dateModified":"2026-04-02T07:35:21+00:00","description":"Compra 5ws0g14994 Poliza De Garantia P\/monitores 3 Year On Site Nbd Product Exchange + Env\u00edo a domicilio + Pago seguro + Garant\u00eda","breadcrumb":{"@id":"https:\/\/compuviper.mx\/tienda\/producto\/lenovo-5ws0g14994-poliza-de-garantia-p-monitores-3-year-on-site-nbd-product-exchange\/#breadcrumb"},"inLanguage":"es-MX","potentialAction":[{"@type":"ReadAction","target":["https:\/\/compuviper.mx\/tienda\/producto\/lenovo-5ws0g14994-poliza-de-garantia-p-monitores-3-year-on-site-nbd-product-exchange\/"]}]},{"@type":"BreadcrumbList","@id":"https:\/\/compuviper.mx\/tienda\/producto\/lenovo-5ws0g14994-poliza-de-garantia-p-monitores-3-year-on-site-nbd-product-exchange\/#breadcrumb","itemListElement":[{"@type":"ListItem","position":1,"name":"Inicio","item":"https:\/\/compuviper.mx\/tienda\/"},{"@type":"ListItem","position":2,"name":"Productos","item":"https:\/\/compuviper.mx\/tienda\/productos\/"},{"@type":"ListItem","position":3,"name":"Polizas De Garantia","item":"https:\/\/compuviper.mx\/tienda\/categoria-producto\/polizas-de-garantia\/"},{"@type":"ListItem","position":4,"name":"Sin Categor\u00eda","item":"https:\/\/compuviper.mx\/tienda\/categoria-producto\/polizas-de-garantia\/sin-categoria-polizas-de-garantia\/"},{"@type":"ListItem","position":5,"name":"Lenovo 5ws0g14994 Poliza De Garantia P\/monitores 3 Year On Site Nbd Product Exchange"}]},{"@type":"WebSite","@id":"https:\/\/compuviper.mx\/tienda\/#website","url":"https:\/\/compuviper.mx\/tienda\/","name":"Compuviper","description":"Proveedor de Computadoras, Laptops, Servidores, Monitores, Puntos de Venta, Teclados,   Impresoras, T\u00f3ner, C\u00e1maras de Seguridad y m\u00e1s en tu tienda en l\u00ednea","publisher":{"@id":"https:\/\/compuviper.mx\/tienda\/#organization"},"potentialAction":[{"@type":"SearchAction","target":{"@type":"EntryPoint","urlTemplate":"https:\/\/compuviper.mx\/tienda\/?s={search_term_string}"},"query-input":"required name=search_term_string"}],"inLanguage":"es-MX"},{"@type":"Organization","@id":"https:\/\/compuviper.mx\/tienda\/#organization","name":"Compuviper","url":"https:\/\/compuviper.mx\/tienda\/","logo":{"@type":"ImageObject","inLanguage":"es-MX","@id":"https:\/\/compuviper.mx\/tienda\/#\/schema\/logo\/image\/","url":"https:\/\/compuviper.mx\/tienda\/wp-content\/uploads\/2021\/08\/Logo-Compuviper-10.png","contentUrl":"https:\/\/compuviper.mx\/tienda\/wp-content\/uploads\/2021\/08\/Logo-Compuviper-10.png","width":1000,"height":500,"caption":"Compuviper"},"image":{"@id":"https:\/\/compuviper.mx\/tienda\/#\/schema\/logo\/image\/"},"sameAs":["https:\/\/www.facebook.com\/compuviper","https:\/\/www.youtube.com\/channel\/UCf73dERp9Y3cfOq7q8BhLjA?view_as=subscriber"]}]},"product_brand":"LENOVO","product_price_amount":"269","product_price_currency":"MXN","og_availability":"instock","product_availability":"instock","product_retailer_item_id":"5WS0G14994","product_condition":"new"},"_links":{"self":[{"href":"https:\/\/compuviper.mx\/tienda\/wp-json\/wp\/v2\/product\/222512"}],"collection":[{"href":"https:\/\/compuviper.mx\/tienda\/wp-json\/wp\/v2\/product"}],"about":[{"href":"https:\/\/compuviper.mx\/tienda\/wp-json\/wp\/v2\/types\/product"}],"replies":[{"embeddable":true,"href":"https:\/\/compuviper.mx\/tienda\/wp-json\/wp\/v2\/comments?post=222512"}],"wp:featuredmedia":[{"embeddable":true,"href":"https:\/\/compuviper.mx\/tienda\/wp-json\/wp\/v2\/media\/222513"}],"wp:attachment":[{"href":"https:\/\/compuviper.mx\/tienda\/wp-json\/wp\/v2\/media?parent=222512"}],"wp:term":[{"taxonomy":"product_cat","embeddable":true,"href":"https:\/\/compuviper.mx\/tienda\/wp-json\/wp\/v2\/product_cat?post=222512"},{"taxonomy":"product_tag","embeddable":true,"href":"https:\/\/compuviper.mx\/tienda\/wp-json\/wp\/v2\/product_tag?post=222512"}],"curies":[{"name":"wp","href":"https:\/\/api.w.org\/{rel}","templated":true}]}}