{"id":222043,"date":"2026-04-11T01:22:26","date_gmt":"2026-04-11T07:22:26","guid":{"rendered":"https:\/\/compuviper.mx\/tienda\/producto\/dahua-dhi-nvr1104hs-p-s3-h-nvr-de-4-canales-ip-serie-lite-4-puertos-poe-h-265-80-mbps-hdmi-vga-1-interfaz-sata-de-hasta-8tb-soporta-camaras-onvif-y-rtsp\/"},"modified":"2026-04-12T00:00:17","modified_gmt":"2026-04-12T06:00:17","slug":"dahua-dhi-nvr1104hs-p-s3-h-nvr-de-4-canales-ip-serie-lite-4-puertos-poe-h-265-80-mbps-hdmi-vga-1-interfaz-sata-de-hasta-8tb-soporta-camaras-onvif-y-rtsp","status":"publish","type":"product","link":"https:\/\/compuviper.mx\/tienda\/producto\/dahua-dhi-nvr1104hs-p-s3-h-nvr-de-4-canales-ip-serie-lite-4-puertos-poe-h-265-80-mbps-hdmi-vga-1-interfaz-sata-de-hasta-8tb-soporta-camaras-onvif-y-rtsp\/","title":{"rendered":"Dahua Dhi-nvr1104hs-p-s3\/h Nvr  De 4 Canales Ip\/ Serie Lite\/ 4 Puertos Poe \/ H.265\/ 80 Mbps\/ Hdmi\/ Vga\/ 1 Interfaz Sata De Hasta 8tb\/ Soporta Camaras Onvif Y Rtsp"},"content":{"rendered":"<table class=\"descripcion\">\n<tr>\n<td>4 canales ip.<\/td>\n<\/tr>\n<tr>\n<td>Compresi\u00f3n de video smart h.265+\/h.265\/smart h.264+\/h.264<\/td>\n<\/tr>\n<tr>\n<td>Ancho de banda m\u00e1ximo 80 mbps para acceso, 80 mbps para almacenamiento y 60 mbps para reenv\u00edo.<\/td>\n<\/tr>\n<tr>\n<td>Capacidad de decodificaci\u00f3n 1\u0096ch@8mp(30fps) o 1\u0096ch@5mp(30fps) o 2\u0096ch@4mp(30fps) o 2\u0096ch@3mp(30fps) o 4\u0096ch@1080p(30fps)<\/td>\n<\/tr>\n<tr>\n<td>Salida simult\u00e1nea hdmi\/vga, resoluci\u00f3n m\u00e1xima de salida hdmi 1080p.<\/td>\n<\/tr>\n<tr>\n<td>Poe total 36w, salida m\u00e1xima poe por puerto es de 25.5w.<\/td>\n<\/tr>\n<tr>\n<td>1 puerto sata hasta 8tb.<\/td>\n<\/tr>\n<tr>\n<td>2 puertos usb (1 trasero usb 2.0 , 1 delantero usb 2.0 ).<\/td>\n<\/tr>\n<tr>\n<td>4 puertos poe.<\/td>\n<\/tr>\n<tr>\n<td>1 puerto rj-45 (10\/100 mbps).<\/td>\n<\/tr>\n<tr>\n<td>Fuente de alimentaci\u00f3n 48v dc, 1.25amp.<\/td>\n<\/tr>\n<tr>\n<td>Consumo de energ\u00eda nvr:  10w ( con disco duro ).<\/td>\n<\/tr>\n<tr>\n<td>Condiciones de operaci\u00f3n -10\u00bac a 45\u00bac.<\/td>\n<\/tr>\n<tr>\n<td>Dimensiones 260 mm\u00d7225 mm\u00d747.6 mm.<\/td>\n<\/tr>\n<tr>\n<td>Peso 0.84 kg.<\/td>\n<\/tr>\n<\/table>\n","protected":false},"excerpt":{"rendered":"<p>El modelo nvr1104hs-p-s3\/h l es un grabador de red para c\u00e1maras ip, soporta 4 canales ip. Soporta el formato h.265 y h264. Este modelo ofrece una potente vista previa, grabaci\u00f3n, reproducci\u00f3n y funcionamiento de red gracias a sus 80mb\/s de capacidad de codificaci\u00f3n de video. Para una grabaci\u00f3n correcta consulte el apartado de capacidad de decodificaci\u00f3n.<\/p>\n","protected":false},"featured_media":222044,"comment_status":"open","ping_status":"open","template":"","meta":[],"product_cat":[1689,1768],"product_tag":[1555],"acf":[],"yoast_head":"<!-- This site is optimized with the Yoast SEO plugin v21.7 - https:\/\/yoast.com\/wordpress\/plugins\/seo\/ -->\n<title>[ Dahua ] &#129351; Dhi-nvr1104hs-p-s3\/h Nvr De 4 Canales Ip\/ Serie Lite\/ 4 Puertos Poe \/ H.265\/ 80 Mbps\/ Hdmi\/ Vga\/ 1 Interfaz Sata De Hasta 8tb\/ Soporta Camaras Onvif Y Rtsp<\/title>\n<meta name=\"description\" content=\"Compra Dhi-nvr1104hs-p-s3\/h Nvr De 4 Canales Ip\/ Serie Lite\/ 4 Puertos Poe \/ H.265\/ 80 Mbps\/ Hdmi\/ Vga\/ 1 Interfaz Sata De Hasta 8tb\/ Soporta Camaras Onvif Y Rtsp + Env\u00edo a domicilio + Pago seguro + Garant\u00eda\" \/>\n<meta name=\"robots\" content=\"index, follow, max-snippet:-1, max-image-preview:large, max-video-preview:-1\" \/>\n<link rel=\"canonical\" href=\"https:\/\/compuviper.mx\/tienda\/producto\/dahua-dhi-nvr1104hs-p-s3-h-nvr-de-4-canales-ip-serie-lite-4-puertos-poe-h-265-80-mbps-hdmi-vga-1-interfaz-sata-de-hasta-8tb-soporta-camaras-onvif-y-rtsp\/\" \/>\n<meta property=\"og:locale\" content=\"es_MX\" \/>\n<meta property=\"og:type\" content=\"article\" \/>\n<meta property=\"og:title\" content=\"[ Dahua ] &#129351; Dhi-nvr1104hs-p-s3\/h Nvr De 4 Canales Ip\/ Serie Lite\/ 4 Puertos Poe \/ H.265\/ 80 Mbps\/ Hdmi\/ Vga\/ 1 Interfaz Sata De Hasta 8tb\/ Soporta Camaras Onvif Y Rtsp\" \/>\n<meta property=\"og:description\" content=\"Compra Dhi-nvr1104hs-p-s3\/h Nvr De 4 Canales Ip\/ Serie Lite\/ 4 Puertos Poe \/ H.265\/ 80 Mbps\/ Hdmi\/ Vga\/ 1 Interfaz Sata De Hasta 8tb\/ Soporta Camaras Onvif Y Rtsp + Env\u00edo a domicilio + Pago seguro + Garant\u00eda\" \/>\n<meta property=\"og:url\" content=\"https:\/\/compuviper.mx\/tienda\/producto\/dahua-dhi-nvr1104hs-p-s3-h-nvr-de-4-canales-ip-serie-lite-4-puertos-poe-h-265-80-mbps-hdmi-vga-1-interfaz-sata-de-hasta-8tb-soporta-camaras-onvif-y-rtsp\/\" \/>\n<meta property=\"og:site_name\" content=\"Compuviper\" \/>\n<meta property=\"article:publisher\" content=\"https:\/\/www.facebook.com\/compuviper\" \/>\n<meta property=\"article:modified_time\" content=\"2026-04-12T06:00:17+00:00\" \/>\n<meta property=\"og:image\" content=\"https:\/\/compuviper.mx\/tienda\/wp-content\/uploads\/2023\/12\/Nvr-dahua-de-4-canales-ip-serie-lite-4-puertos-poe-h.265-80-mbps-hdmi-vga-1-interfaz-sata-de-hasta-8tb-soporta-camaras-onvif-y-rtsp.jpg\" \/>\n\t<meta property=\"og:image:width\" content=\"200\" \/>\n\t<meta property=\"og:image:height\" content=\"200\" \/>\n\t<meta property=\"og:image:type\" content=\"image\/jpeg\" \/>\n<meta name=\"twitter:card\" content=\"summary_large_image\" \/>\n<meta name=\"twitter:label1\" content=\"Precio\" \/>\n\t<meta name=\"twitter:data1\" content=\"&#36;1,344 con IVA\" \/>\n\t<meta name=\"twitter:label2\" content=\"Availability\" \/>\n\t<meta name=\"twitter:data2\" content=\"Out of stock\" \/>\n<script type=\"application\/ld+json\" class=\"yoast-schema-graph\">{\"@context\":\"https:\/\/schema.org\",\"@graph\":[{\"@type\":\"WebPage\",\"@id\":\"https:\/\/compuviper.mx\/tienda\/producto\/dahua-dhi-nvr1104hs-p-s3-h-nvr-de-4-canales-ip-serie-lite-4-puertos-poe-h-265-80-mbps-hdmi-vga-1-interfaz-sata-de-hasta-8tb-soporta-camaras-onvif-y-rtsp\/\",\"url\":\"https:\/\/compuviper.mx\/tienda\/producto\/dahua-dhi-nvr1104hs-p-s3-h-nvr-de-4-canales-ip-serie-lite-4-puertos-poe-h-265-80-mbps-hdmi-vga-1-interfaz-sata-de-hasta-8tb-soporta-camaras-onvif-y-rtsp\/\",\"name\":\"[ Dahua ] &#129351; Dhi-nvr1104hs-p-s3\/h Nvr De 4 Canales Ip\/ Serie Lite\/ 4 Puertos Poe \/ H.265\/ 80 Mbps\/ Hdmi\/ Vga\/ 1 Interfaz Sata De Hasta 8tb\/ Soporta Camaras Onvif Y Rtsp\",\"isPartOf\":{\"@id\":\"https:\/\/compuviper.mx\/tienda\/#website\"},\"datePublished\":\"2026-04-11T07:22:26+00:00\",\"dateModified\":\"2026-04-12T06:00:17+00:00\",\"description\":\"Compra Dhi-nvr1104hs-p-s3\/h Nvr De 4 Canales Ip\/ Serie Lite\/ 4 Puertos Poe \/ H.265\/ 80 Mbps\/ Hdmi\/ Vga\/ 1 Interfaz Sata De Hasta 8tb\/ Soporta Camaras Onvif Y Rtsp + Env\u00edo a domicilio + Pago seguro + Garant\u00eda\",\"breadcrumb\":{\"@id\":\"https:\/\/compuviper.mx\/tienda\/producto\/dahua-dhi-nvr1104hs-p-s3-h-nvr-de-4-canales-ip-serie-lite-4-puertos-poe-h-265-80-mbps-hdmi-vga-1-interfaz-sata-de-hasta-8tb-soporta-camaras-onvif-y-rtsp\/#breadcrumb\"},\"inLanguage\":\"es-MX\",\"potentialAction\":[{\"@type\":\"ReadAction\",\"target\":[\"https:\/\/compuviper.mx\/tienda\/producto\/dahua-dhi-nvr1104hs-p-s3-h-nvr-de-4-canales-ip-serie-lite-4-puertos-poe-h-265-80-mbps-hdmi-vga-1-interfaz-sata-de-hasta-8tb-soporta-camaras-onvif-y-rtsp\/\"]}]},{\"@type\":\"BreadcrumbList\",\"@id\":\"https:\/\/compuviper.mx\/tienda\/producto\/dahua-dhi-nvr1104hs-p-s3-h-nvr-de-4-canales-ip-serie-lite-4-puertos-poe-h-265-80-mbps-hdmi-vga-1-interfaz-sata-de-hasta-8tb-soporta-camaras-onvif-y-rtsp\/#breadcrumb\",\"itemListElement\":[{\"@type\":\"ListItem\",\"position\":1,\"name\":\"Inicio\",\"item\":\"https:\/\/compuviper.mx\/tienda\/\"},{\"@type\":\"ListItem\",\"position\":2,\"name\":\"Productos\",\"item\":\"https:\/\/compuviper.mx\/tienda\/productos\/\"},{\"@type\":\"ListItem\",\"position\":3,\"name\":\"Videograbadores\",\"item\":\"https:\/\/compuviper.mx\/tienda\/categoria-producto\/videograbadores\/\"},{\"@type\":\"ListItem\",\"position\":4,\"name\":\"Nvr\",\"item\":\"https:\/\/compuviper.mx\/tienda\/categoria-producto\/videograbadores\/nvr\/\"},{\"@type\":\"ListItem\",\"position\":5,\"name\":\"Dahua Dhi-nvr1104hs-p-s3\/h Nvr De 4 Canales Ip\/ Serie Lite\/ 4 Puertos Poe \/ H.265\/ 80 Mbps\/ Hdmi\/ Vga\/ 1 Interfaz Sata De Hasta 8tb\/ Soporta Camaras Onvif Y Rtsp\"}]},{\"@type\":\"WebSite\",\"@id\":\"https:\/\/compuviper.mx\/tienda\/#website\",\"url\":\"https:\/\/compuviper.mx\/tienda\/\",\"name\":\"Compuviper\",\"description\":\"Proveedor de Computadoras, Laptops, Servidores, Monitores, Puntos de Venta, Teclados,   Impresoras, T\u00f3ner, C\u00e1maras de Seguridad y m\u00e1s en tu tienda en l\u00ednea\",\"publisher\":{\"@id\":\"https:\/\/compuviper.mx\/tienda\/#organization\"},\"potentialAction\":[{\"@type\":\"SearchAction\",\"target\":{\"@type\":\"EntryPoint\",\"urlTemplate\":\"https:\/\/compuviper.mx\/tienda\/?s={search_term_string}\"},\"query-input\":\"required name=search_term_string\"}],\"inLanguage\":\"es-MX\"},{\"@type\":\"Organization\",\"@id\":\"https:\/\/compuviper.mx\/tienda\/#organization\",\"name\":\"Compuviper\",\"url\":\"https:\/\/compuviper.mx\/tienda\/\",\"logo\":{\"@type\":\"ImageObject\",\"inLanguage\":\"es-MX\",\"@id\":\"https:\/\/compuviper.mx\/tienda\/#\/schema\/logo\/image\/\",\"url\":\"https:\/\/compuviper.mx\/tienda\/wp-content\/uploads\/2021\/08\/Logo-Compuviper-10.png\",\"contentUrl\":\"https:\/\/compuviper.mx\/tienda\/wp-content\/uploads\/2021\/08\/Logo-Compuviper-10.png\",\"width\":1000,\"height\":500,\"caption\":\"Compuviper\"},\"image\":{\"@id\":\"https:\/\/compuviper.mx\/tienda\/#\/schema\/logo\/image\/\"},\"sameAs\":[\"https:\/\/www.facebook.com\/compuviper\",\"https:\/\/www.youtube.com\/channel\/UCf73dERp9Y3cfOq7q8BhLjA?view_as=subscriber\"]}]}<\/script>\n<meta property=\"product:brand\" content=\"DAHUA\" \/>\n<meta property=\"product:price:amount\" content=\"1344\" \/>\n<meta property=\"product:price:currency\" content=\"MXN\" \/>\n<meta property=\"og:availability\" content=\"out of stock\" \/>\n<meta property=\"product:availability\" content=\"out of stock\" \/>\n<meta property=\"product:retailer_item_id\" content=\"DHI-NVR1104HS-P-S3\/H\" \/>\n<meta property=\"product:condition\" content=\"new\" \/>\n<!-- \/ Yoast SEO plugin. -->","yoast_head_json":{"title":"[ Dahua ] &#129351; Dhi-nvr1104hs-p-s3\/h Nvr De 4 Canales Ip\/ Serie Lite\/ 4 Puertos Poe \/ H.265\/ 80 Mbps\/ Hdmi\/ Vga\/ 1 Interfaz Sata De Hasta 8tb\/ Soporta Camaras Onvif Y Rtsp","description":"Compra Dhi-nvr1104hs-p-s3\/h Nvr De 4 Canales Ip\/ Serie Lite\/ 4 Puertos Poe \/ H.265\/ 80 Mbps\/ Hdmi\/ Vga\/ 1 Interfaz Sata De Hasta 8tb\/ Soporta Camaras Onvif Y Rtsp + Env\u00edo a domicilio + Pago seguro + Garant\u00eda","robots":{"index":"index","follow":"follow","max-snippet":"max-snippet:-1","max-image-preview":"max-image-preview:large","max-video-preview":"max-video-preview:-1"},"canonical":"https:\/\/compuviper.mx\/tienda\/producto\/dahua-dhi-nvr1104hs-p-s3-h-nvr-de-4-canales-ip-serie-lite-4-puertos-poe-h-265-80-mbps-hdmi-vga-1-interfaz-sata-de-hasta-8tb-soporta-camaras-onvif-y-rtsp\/","og_locale":"es_MX","og_type":"article","og_title":"[ Dahua ] &#129351; Dhi-nvr1104hs-p-s3\/h Nvr De 4 Canales Ip\/ Serie Lite\/ 4 Puertos Poe \/ H.265\/ 80 Mbps\/ Hdmi\/ Vga\/ 1 Interfaz Sata De Hasta 8tb\/ Soporta Camaras Onvif Y Rtsp","og_description":"Compra Dhi-nvr1104hs-p-s3\/h Nvr De 4 Canales Ip\/ Serie Lite\/ 4 Puertos Poe \/ H.265\/ 80 Mbps\/ Hdmi\/ Vga\/ 1 Interfaz Sata De Hasta 8tb\/ Soporta Camaras Onvif Y Rtsp + Env\u00edo a domicilio + Pago seguro + Garant\u00eda","og_url":"https:\/\/compuviper.mx\/tienda\/producto\/dahua-dhi-nvr1104hs-p-s3-h-nvr-de-4-canales-ip-serie-lite-4-puertos-poe-h-265-80-mbps-hdmi-vga-1-interfaz-sata-de-hasta-8tb-soporta-camaras-onvif-y-rtsp\/","og_site_name":"Compuviper","article_publisher":"https:\/\/www.facebook.com\/compuviper","article_modified_time":"2026-04-12T06:00:17+00:00","og_image":[{"width":200,"height":200,"url":"https:\/\/compuviper.mx\/tienda\/wp-content\/uploads\/2023\/12\/Nvr-dahua-de-4-canales-ip-serie-lite-4-puertos-poe-h.265-80-mbps-hdmi-vga-1-interfaz-sata-de-hasta-8tb-soporta-camaras-onvif-y-rtsp.jpg","type":"image\/jpeg"}],"twitter_card":"summary_large_image","twitter_misc":{"Precio":"&#36;1,344 con IVA","Availability":"Out of stock"},"schema":{"@context":"https:\/\/schema.org","@graph":[{"@type":"WebPage","@id":"https:\/\/compuviper.mx\/tienda\/producto\/dahua-dhi-nvr1104hs-p-s3-h-nvr-de-4-canales-ip-serie-lite-4-puertos-poe-h-265-80-mbps-hdmi-vga-1-interfaz-sata-de-hasta-8tb-soporta-camaras-onvif-y-rtsp\/","url":"https:\/\/compuviper.mx\/tienda\/producto\/dahua-dhi-nvr1104hs-p-s3-h-nvr-de-4-canales-ip-serie-lite-4-puertos-poe-h-265-80-mbps-hdmi-vga-1-interfaz-sata-de-hasta-8tb-soporta-camaras-onvif-y-rtsp\/","name":"[ Dahua ] &#129351; Dhi-nvr1104hs-p-s3\/h Nvr De 4 Canales Ip\/ Serie Lite\/ 4 Puertos Poe \/ H.265\/ 80 Mbps\/ Hdmi\/ Vga\/ 1 Interfaz Sata De Hasta 8tb\/ Soporta Camaras Onvif Y Rtsp","isPartOf":{"@id":"https:\/\/compuviper.mx\/tienda\/#website"},"datePublished":"2026-04-11T07:22:26+00:00","dateModified":"2026-04-12T06:00:17+00:00","description":"Compra Dhi-nvr1104hs-p-s3\/h Nvr De 4 Canales Ip\/ Serie Lite\/ 4 Puertos Poe \/ H.265\/ 80 Mbps\/ Hdmi\/ Vga\/ 1 Interfaz Sata De Hasta 8tb\/ Soporta Camaras Onvif Y Rtsp + Env\u00edo a domicilio + Pago seguro + Garant\u00eda","breadcrumb":{"@id":"https:\/\/compuviper.mx\/tienda\/producto\/dahua-dhi-nvr1104hs-p-s3-h-nvr-de-4-canales-ip-serie-lite-4-puertos-poe-h-265-80-mbps-hdmi-vga-1-interfaz-sata-de-hasta-8tb-soporta-camaras-onvif-y-rtsp\/#breadcrumb"},"inLanguage":"es-MX","potentialAction":[{"@type":"ReadAction","target":["https:\/\/compuviper.mx\/tienda\/producto\/dahua-dhi-nvr1104hs-p-s3-h-nvr-de-4-canales-ip-serie-lite-4-puertos-poe-h-265-80-mbps-hdmi-vga-1-interfaz-sata-de-hasta-8tb-soporta-camaras-onvif-y-rtsp\/"]}]},{"@type":"BreadcrumbList","@id":"https:\/\/compuviper.mx\/tienda\/producto\/dahua-dhi-nvr1104hs-p-s3-h-nvr-de-4-canales-ip-serie-lite-4-puertos-poe-h-265-80-mbps-hdmi-vga-1-interfaz-sata-de-hasta-8tb-soporta-camaras-onvif-y-rtsp\/#breadcrumb","itemListElement":[{"@type":"ListItem","position":1,"name":"Inicio","item":"https:\/\/compuviper.mx\/tienda\/"},{"@type":"ListItem","position":2,"name":"Productos","item":"https:\/\/compuviper.mx\/tienda\/productos\/"},{"@type":"ListItem","position":3,"name":"Videograbadores","item":"https:\/\/compuviper.mx\/tienda\/categoria-producto\/videograbadores\/"},{"@type":"ListItem","position":4,"name":"Nvr","item":"https:\/\/compuviper.mx\/tienda\/categoria-producto\/videograbadores\/nvr\/"},{"@type":"ListItem","position":5,"name":"Dahua Dhi-nvr1104hs-p-s3\/h Nvr De 4 Canales Ip\/ Serie Lite\/ 4 Puertos Poe \/ H.265\/ 80 Mbps\/ Hdmi\/ Vga\/ 1 Interfaz Sata De Hasta 8tb\/ Soporta Camaras Onvif Y Rtsp"}]},{"@type":"WebSite","@id":"https:\/\/compuviper.mx\/tienda\/#website","url":"https:\/\/compuviper.mx\/tienda\/","name":"Compuviper","description":"Proveedor de Computadoras, Laptops, Servidores, Monitores, Puntos de Venta, Teclados,   Impresoras, T\u00f3ner, C\u00e1maras de Seguridad y m\u00e1s en tu tienda en l\u00ednea","publisher":{"@id":"https:\/\/compuviper.mx\/tienda\/#organization"},"potentialAction":[{"@type":"SearchAction","target":{"@type":"EntryPoint","urlTemplate":"https:\/\/compuviper.mx\/tienda\/?s={search_term_string}"},"query-input":"required name=search_term_string"}],"inLanguage":"es-MX"},{"@type":"Organization","@id":"https:\/\/compuviper.mx\/tienda\/#organization","name":"Compuviper","url":"https:\/\/compuviper.mx\/tienda\/","logo":{"@type":"ImageObject","inLanguage":"es-MX","@id":"https:\/\/compuviper.mx\/tienda\/#\/schema\/logo\/image\/","url":"https:\/\/compuviper.mx\/tienda\/wp-content\/uploads\/2021\/08\/Logo-Compuviper-10.png","contentUrl":"https:\/\/compuviper.mx\/tienda\/wp-content\/uploads\/2021\/08\/Logo-Compuviper-10.png","width":1000,"height":500,"caption":"Compuviper"},"image":{"@id":"https:\/\/compuviper.mx\/tienda\/#\/schema\/logo\/image\/"},"sameAs":["https:\/\/www.facebook.com\/compuviper","https:\/\/www.youtube.com\/channel\/UCf73dERp9Y3cfOq7q8BhLjA?view_as=subscriber"]}]},"product_brand":"DAHUA","product_price_amount":"1344","product_price_currency":"MXN","og_availability":"out of stock","product_availability":"out of stock","product_retailer_item_id":"DHI-NVR1104HS-P-S3\/H","product_condition":"new"},"_links":{"self":[{"href":"https:\/\/compuviper.mx\/tienda\/wp-json\/wp\/v2\/product\/222043"}],"collection":[{"href":"https:\/\/compuviper.mx\/tienda\/wp-json\/wp\/v2\/product"}],"about":[{"href":"https:\/\/compuviper.mx\/tienda\/wp-json\/wp\/v2\/types\/product"}],"replies":[{"embeddable":true,"href":"https:\/\/compuviper.mx\/tienda\/wp-json\/wp\/v2\/comments?post=222043"}],"wp:featuredmedia":[{"embeddable":true,"href":"https:\/\/compuviper.mx\/tienda\/wp-json\/wp\/v2\/media\/222044"}],"wp:attachment":[{"href":"https:\/\/compuviper.mx\/tienda\/wp-json\/wp\/v2\/media?parent=222043"}],"wp:term":[{"taxonomy":"product_cat","embeddable":true,"href":"https:\/\/compuviper.mx\/tienda\/wp-json\/wp\/v2\/product_cat?post=222043"},{"taxonomy":"product_tag","embeddable":true,"href":"https:\/\/compuviper.mx\/tienda\/wp-json\/wp\/v2\/product_tag?post=222043"}],"curies":[{"name":"wp","href":"https:\/\/api.w.org\/{rel}","templated":true}]}}