{"id":222041,"date":"2026-04-11T01:22:25","date_gmt":"2026-04-11T07:22:25","guid":{"rendered":"https:\/\/compuviper.mx\/tienda\/producto\/dahua-dhi-nvr1108hs-8p-s3-h-nvr-8-canales-ip-h265-h264-8-puertos-poe-rendimiento-80-mbps-hdmi-vga-puerto-sata-8tb\/"},"modified":"2026-04-11T01:22:26","modified_gmt":"2026-04-11T07:22:26","slug":"dahua-dhi-nvr1108hs-8p-s3-h6923172534736dhi-nvr1108hs-8p-s3-h-nvr-8-canales-ip-h265-h264-8-puertos-poe-rendimiento-80-mbps-hdmi-vga-puerto-sata-8tb","status":"publish","type":"product","link":"https:\/\/compuviper.mx\/tienda\/producto\/dahua-dhi-nvr1108hs-8p-s3-h6923172534736dhi-nvr1108hs-8p-s3-h-nvr-8-canales-ip-h265-h264-8-puertos-poe-rendimiento-80-mbps-hdmi-vga-puerto-sata-8tb\/","title":{"rendered":"Dahua Dhi-nvr1108hs-8p-s3\/h,6923172534736,dhi-nvr1108hs-8p-s3\/h Nvr  8 Canales Ip \/ H265 H264 \/ 8 Puertos Poe \/ Rendimiento 80 Mbps \/ Hdmi \/ Vga \/ Puerto Sata 8tb"},"content":{"rendered":"<table class=\"descripcion\">\n<tr>\n<td>Sistema 1 puerto sata 2.0, hasta 8 tb para un solo hdd. la capacidad<\/td>\n<\/tr>\n<tr>\n<td>M\u00e1xima del disco duro var\u00eda con la temperatura ambiente.<\/td>\n<\/tr>\n<tr>\n<td>1 puerto usb 2.0 frontal, 1 puerto usb 2.0 trasero<\/td>\n<\/tr>\n<tr>\n<td>1<\/td>\n<\/tr>\n<tr>\n<td>1<\/td>\n<\/tr>\n<tr>\n<td>1<\/td>\n<\/tr>\n<tr>\n<td>1<\/td>\n<\/tr>\n<tr>\n<td>Ninguna<\/td>\n<\/tr>\n<tr>\n<td>1 puerto rj \u0096 45 (10\/100 mbps), 8 puertos rj \u0096 45 con fuente de alimentaci\u00f3n<\/td>\n<\/tr>\n<tr>\n<td>Poe (10\/100 mbps)<\/td>\n<\/tr>\n<tr>\n<td>Hdd<\/td>\n<\/tr>\n<tr>\n<td>Procesador principal<\/td>\n<\/tr>\n<tr>\n<td>Sistema operativo<\/td>\n<\/tr>\n<tr>\n<td>Interfaz de operaci\u00f3n<\/td>\n<\/tr>\n<tr>\n<td>Procesador integrado de grado industrial<\/td>\n<\/tr>\n<tr>\n<td>Linux integrado<\/td>\n<\/tr>\n<tr>\n<td>Web \/ operando en gui local<\/td>\n<\/tr>\n<tr>\n<td>Usb<\/td>\n<\/tr>\n<tr>\n<td>Hdmi<\/td>\n<\/tr>\n<tr>\n<td>Vga<\/td>\n<\/tr>\n<tr>\n<td>Entrada rca<\/td>\n<\/tr>\n<tr>\n<td>Salida rca<\/td>\n<\/tr>\n<tr>\n<td>Alarma<\/td>\n<\/tr>\n<tr>\n<td>Red<\/td>\n<\/tr>\n<tr>\n<td>V\u00eddeo<\/td>\n<\/tr>\n<tr>\n<td>Canal de acceso<\/td>\n<\/tr>\n<tr>\n<td>Ancho de banda de la red<\/td>\n<\/tr>\n<tr>\n<td>Resoluci\u00f3n<\/td>\n<\/tr>\n<tr>\n<td>8 canales<\/td>\n<\/tr>\n<tr>\n<td>80 mbps para acceso, 80 mbps para almacenamiento y 60 mbps para<\/td>\n<\/tr>\n<tr>\n<td>Reenv\u00edo.<\/td>\n<\/tr>\n<tr>\n<td>8mp \/ 5mp \/ 4mp \/ 3mp \/ 1080p \/ 720p \/ d1 \/ cif<\/td>\n<\/tr>\n<tr>\n<td>1\u0096 ch @ 8mp (30fps) o 1\u0096 ch @ 5mp (30fps) o 2\u0096 ch @ 4mp<\/td>\n<\/tr>\n<tr>\n<td>(30fps) o 2\u0096 ch @ 3mp (30fps) o 4\u0096 ch @ 1080p (30fps) 8\u0096<\/td>\n<\/tr>\n<tr>\n<td>Ch @ 720p ( 30fps)<\/td>\n<\/tr>\n<tr>\n<td>Salida de video simult\u00e1nea 1 vga \/ 1 hdmi, resoluci\u00f3n m\u00e1xima<\/td>\n<\/tr>\n<tr>\n<td>1080p<\/td>\n<\/tr>\n<tr>\n<td>1\/4\/8\/9<\/td>\n<\/tr>\n<tr>\n<td>Capacidad de decodificaci\u00f3n<\/td>\n<\/tr>\n<tr>\n<td>Par\u00e1metro general<\/td>\n<\/tr>\n<tr>\n<td>Salida de video<\/td>\n<\/tr>\n<tr>\n<td>Pantalla multipantalla<\/td>\n<\/tr>\n<tr>\n<td>Acceso a c\u00e1maras de terceros onvif, rtsp<\/td>\n<\/tr>\n<tr>\n<td>Fuente de alimentaci\u00f3n dc48v \/ 53v, 2a \/ 1.8a<\/td>\n<\/tr>\n<tr>\n<td>La salida total de nvr es  and #8804; 10w (sin hdd)<\/td>\n<\/tr>\n<tr>\n<td>La potencia de salida total de poe es de 72 w, la potencia de salida m\u00e1xima de un<\/td>\n<\/tr>\n<tr>\n<td>Solo puerto es de 25,5 w<\/td>\n<\/tr>\n<tr>\n<td>0,84 kg (1,85 libras)<\/td>\n<\/tr>\n<tr>\n<td>1,98 kg (4,37 libras)<\/td>\n<\/tr>\n<tr>\n<td>260 mm \u00d7 225 mm \u00d7 47,6 mm (ancho \u00d7 largo \u00d7 alto)<\/td>\n<\/tr>\n<tr>\n<td>87 mm \u00d7 331 mm \u00d7 312 mm (ancho \u00d7 largo \u00d7 alto)<\/td>\n<\/tr>\n<tr>\n<td>&#8211; 10 \u00b0 c a 45 \u00b0 c (+ 34 \u00b0 f a + 113 \u00b0 f)<\/td>\n<\/tr>\n<tr>\n<td>0 \u00b0 c a 40 \u00b0 c (+ 32 \u00b0 f a + 104 \u00b0 f)<\/td>\n<\/tr>\n<tr>\n<td>10% ~ 93%<\/td>\n<\/tr>\n<tr>\n<td>30% ~ 85%<\/td>\n<\/tr>\n<tr>\n<td>3000 m (9843 pies)<\/td>\n<\/tr>\n<tr>\n<td>Montaje en escritorio<\/td>\n<\/tr>\n<tr>\n<td>Ce \/ fcc<\/td>\n<\/tr>\n<tr>\n<td>El consumo de energ\u00eda<\/td>\n<\/tr>\n<tr>\n<td>Peso neto<\/td>\n<\/tr>\n<tr>\n<td>Peso bruto<\/td>\n<\/tr>\n<tr>\n<td>Dimensiones del producto<\/td>\n<\/tr>\n<tr>\n<td>Dimensiones de la caja<\/td>\n<\/tr>\n<tr>\n<td>Temperatura de funcionamiento<\/td>\n<\/tr>\n<tr>\n<td>Temperatura de almacenamiento<\/td>\n<\/tr>\n<tr>\n<td>Humedad de funcionamiento<\/td>\n<\/tr>\n<tr>\n<td>Humedad de almacenamiento<\/td>\n<\/tr>\n<tr>\n<td>Altitud operativa<\/td>\n<\/tr>\n<tr>\n<td>Instalaci\u00f3n<\/td>\n<\/tr>\n<tr>\n<td>Certificaci\u00f3n<\/td>\n<\/tr>\n<tr>\n<td>Compresi\u00f3n<\/td>\n<\/tr>\n<tr>\n<td>V\u00eddeo<\/td>\n<\/tr>\n<tr>\n<td>Audio<\/td>\n<\/tr>\n<tr>\n<td>Inteligente h.265 + \/ inteligente h.264 + \/ h.265 \/ h.264<\/td>\n<\/tr>\n<tr>\n<td>Pcm \/ g711a \/ g711u \/ g726 \/ aac<\/td>\n<\/tr>\n<tr>\n<td>Red<\/td>\n<\/tr>\n<tr>\n<td>Protocolo de red<\/td>\n<\/tr>\n<tr>\n<td>Acceso telef\u00f3nico m\u00f3vil<\/td>\n<\/tr>\n<tr>\n<td>Est\u00e1ndar de acceso<\/td>\n<\/tr>\n<tr>\n<td>Navegador<\/td>\n<\/tr>\n<tr>\n<td>Http, https, tcp \/ ip, ipv4, ipv6, rtsp, udp, ntp, dhcp, dns, p2p<\/td>\n<\/tr>\n<tr>\n<td>Idmss (ios), gdmss (android)<\/td>\n<\/tr>\n<tr>\n<td>Onvif (perfil t \/ perfil s \/ perfil g), cgi, sdk<\/td>\n<\/tr>\n<tr>\n<td>Chrome, ie9 o superior, firefox<\/td>\n<\/tr>\n<tr>\n<td>Reproducci\u00f3n de grabaci\u00f3n<\/td>\n<\/tr>\n<tr>\n<td>Reproducci\u00f3n multicanal reproducci\u00f3n de hasta 8 canales<\/td>\n<\/tr>\n<tr>\n<td>Prioridad del modo de grabaci\u00f3n: grabaci\u00f3n manual  grabaci\u00f3n de alarma<\/td>\n<\/tr>\n<tr>\n<td>Grabaci\u00f3n por detecci\u00f3n de movimiento  grabaci\u00f3n temporizada<\/td>\n<\/tr>\n<tr>\n<td>Hdd local y red<\/td>\n<\/tr>\n<tr>\n<td>Dispositivo usb<\/td>\n<\/tr>\n<tr>\n<td>1. reproducir, pausar, detener, avanzar r\u00e1pido, retroceder r\u00e1pido, rebobinar,<\/td>\n<\/tr>\n<tr>\n<td>Reproducir por cuadro<\/td>\n<\/tr>\n<tr>\n<td>2. pantalla completa, copia de seguridad (cortar \/ archivo), ampliar parcialmente,<\/td>\n<\/tr>\n<tr>\n<td>Activar \/ desactivar audio<\/td>\n<\/tr>\n<tr>\n<td>Recordmode 1 2 3 4 5 6 7 8<\/td>\n<\/tr>\n<tr>\n<td>Dimensiones (mm [pulgadas])<\/td>\n<\/tr>\n<tr>\n<td>Revisiones<\/td>\n<\/tr>\n<tr>\n<td>Marca de zona rev descripci\u00f3n fecha cambiado<\/td>\n<\/tr>\n<tr>\n<td>Una una<\/td>\n<\/tr>\n<tr>\n<td>Almacenamiento<\/td>\n<\/tr>\n<tr>\n<td>Apoyo<\/td>\n<\/tr>\n<tr>\n<td>Si si<\/td>\n<\/tr>\n<tr>\n<td>Funci\u00f3n de reproducci\u00f3n<\/td>\n<\/tr>\n<tr>\n<td>C c<\/td>\n<\/tr>\n<tr>\n<td>3,0 [0,12] 260,0 [10,24] 3,0 [0,12]<\/td>\n<\/tr>\n<tr>\n<td>Alarma<\/td>\n<\/tr>\n<tr>\n<td>39,0 [1,54]<\/td>\n<\/tr>\n<tr>\n<td>Alarma general<\/td>\n<\/tr>\n<tr>\n<td>Detecci\u00f3n de movimiento, enmascaramiento de privacidad, p\u00e9rdida de video, alarma<\/td>\n<\/tr>\n<tr>\n<td>Pir, alarma ipc<\/td>\n<\/tr>\n<tr>\n<td>Dispositivo de front-end fuera de l\u00ednea, error de almacenamiento, almacenamiento<\/td>\n<\/tr>\n<tr>\n<td>Completo, conflicto de ip, conflicto de mac, bloqueo de inicio de sesi\u00f3n, anomal\u00eda de<\/td>\n<\/tr>\n<tr>\n<td>Seguridad de la red<\/td>\n<\/tr>\n<tr>\n<td>Grabaci\u00f3n de video, instant\u00e1nea, registro, preajuste, recorrido<\/td>\n<\/tr>\n<\/table>\n","protected":false},"excerpt":{"rendered":"<p>Este nvr es un producto muy rentable que proporciona funciones como vista en vivo local, visualizaci\u00f3n en m\u00faltiples pantallas, almacenamiento en tiempo real en disco duro local, operaci\u00f3n r\u00e1pida con mouse y administraci\u00f3n remota y controlada.<\/p>\n","protected":false},"featured_media":222042,"comment_status":"open","ping_status":"open","template":"","meta":[],"product_cat":[1768,1689],"product_tag":[1555],"acf":[],"yoast_head":"<!-- This site is optimized with the Yoast SEO plugin v21.7 - https:\/\/yoast.com\/wordpress\/plugins\/seo\/ -->\n<title>[ Dahua ] &#129351; Dhi-nvr1108hs-8p-s3\/h,6923172534736,dhi-nvr1108hs-8p-s3\/h Nvr 8 Canales Ip \/ H265 H264 \/ 8 Puertos Poe \/ Rendimiento 80 Mbps \/ Hdmi \/ Vga \/ Puerto Sata 8tb<\/title>\n<meta name=\"description\" content=\"Compra Dhi-nvr1108hs-8p-s3\/h,6923172534736,dhi-nvr1108hs-8p-s3\/h Nvr 8 Canales Ip \/ H265 H264 \/ 8 Puertos Poe \/ Rendimiento 80 Mbps \/ Hdmi \/ Vga \/ Puerto Sata 8tb + Env\u00edo a domicilio + Pago seguro + Garant\u00eda\" \/>\n<meta name=\"robots\" content=\"index, follow, max-snippet:-1, max-image-preview:large, max-video-preview:-1\" \/>\n<link rel=\"canonical\" href=\"https:\/\/compuviper.mx\/tienda\/producto\/dahua-dhi-nvr1108hs-8p-s3-h6923172534736dhi-nvr1108hs-8p-s3-h-nvr-8-canales-ip-h265-h264-8-puertos-poe-rendimiento-80-mbps-hdmi-vga-puerto-sata-8tb\/\" \/>\n<meta property=\"og:locale\" content=\"es_MX\" \/>\n<meta property=\"og:type\" content=\"article\" \/>\n<meta property=\"og:title\" content=\"[ Dahua ] &#129351; Dhi-nvr1108hs-8p-s3\/h,6923172534736,dhi-nvr1108hs-8p-s3\/h Nvr 8 Canales Ip \/ H265 H264 \/ 8 Puertos Poe \/ Rendimiento 80 Mbps \/ Hdmi \/ Vga \/ Puerto Sata 8tb\" \/>\n<meta property=\"og:description\" content=\"Compra Dhi-nvr1108hs-8p-s3\/h,6923172534736,dhi-nvr1108hs-8p-s3\/h Nvr 8 Canales Ip \/ H265 H264 \/ 8 Puertos Poe \/ Rendimiento 80 Mbps \/ Hdmi \/ Vga \/ Puerto Sata 8tb + Env\u00edo a domicilio + Pago seguro + Garant\u00eda\" \/>\n<meta property=\"og:url\" content=\"https:\/\/compuviper.mx\/tienda\/producto\/dahua-dhi-nvr1108hs-8p-s3-h6923172534736dhi-nvr1108hs-8p-s3-h-nvr-8-canales-ip-h265-h264-8-puertos-poe-rendimiento-80-mbps-hdmi-vga-puerto-sata-8tb\/\" \/>\n<meta property=\"og:site_name\" content=\"Compuviper\" \/>\n<meta property=\"article:publisher\" content=\"https:\/\/www.facebook.com\/compuviper\" \/>\n<meta property=\"article:modified_time\" content=\"2026-04-11T07:22:26+00:00\" \/>\n<meta property=\"og:image\" content=\"https:\/\/compuviper.mx\/tienda\/wp-content\/uploads\/2023\/12\/Nvr-dahua-8-canales-ip-h265-h264-8-puertos-poe-rendimiento-80-mbps-hdmi-vga-puerto-sata-8tb.jpg\" \/>\n\t<meta property=\"og:image:width\" content=\"200\" \/>\n\t<meta property=\"og:image:height\" content=\"200\" \/>\n\t<meta property=\"og:image:type\" content=\"image\/jpeg\" \/>\n<meta name=\"twitter:card\" content=\"summary_large_image\" \/>\n<meta name=\"twitter:label1\" content=\"Precio\" \/>\n\t<meta name=\"twitter:data1\" content=\"&#36;1,780 &#36;1,726 con IVA\" \/>\n\t<meta name=\"twitter:label2\" content=\"Availability\" \/>\n\t<meta name=\"twitter:data2\" content=\"In stock\" \/>\n<script type=\"application\/ld+json\" class=\"yoast-schema-graph\">{\"@context\":\"https:\/\/schema.org\",\"@graph\":[{\"@type\":\"WebPage\",\"@id\":\"https:\/\/compuviper.mx\/tienda\/producto\/dahua-dhi-nvr1108hs-8p-s3-h6923172534736dhi-nvr1108hs-8p-s3-h-nvr-8-canales-ip-h265-h264-8-puertos-poe-rendimiento-80-mbps-hdmi-vga-puerto-sata-8tb\/\",\"url\":\"https:\/\/compuviper.mx\/tienda\/producto\/dahua-dhi-nvr1108hs-8p-s3-h6923172534736dhi-nvr1108hs-8p-s3-h-nvr-8-canales-ip-h265-h264-8-puertos-poe-rendimiento-80-mbps-hdmi-vga-puerto-sata-8tb\/\",\"name\":\"[ Dahua ] &#129351; Dhi-nvr1108hs-8p-s3\/h,6923172534736,dhi-nvr1108hs-8p-s3\/h Nvr 8 Canales Ip \/ H265 H264 \/ 8 Puertos Poe \/ Rendimiento 80 Mbps \/ Hdmi \/ Vga \/ Puerto Sata 8tb\",\"isPartOf\":{\"@id\":\"https:\/\/compuviper.mx\/tienda\/#website\"},\"datePublished\":\"2026-04-11T07:22:25+00:00\",\"dateModified\":\"2026-04-11T07:22:26+00:00\",\"description\":\"Compra Dhi-nvr1108hs-8p-s3\/h,6923172534736,dhi-nvr1108hs-8p-s3\/h Nvr 8 Canales Ip \/ H265 H264 \/ 8 Puertos Poe \/ Rendimiento 80 Mbps \/ Hdmi \/ Vga \/ Puerto Sata 8tb + Env\u00edo a domicilio + Pago seguro + Garant\u00eda\",\"breadcrumb\":{\"@id\":\"https:\/\/compuviper.mx\/tienda\/producto\/dahua-dhi-nvr1108hs-8p-s3-h6923172534736dhi-nvr1108hs-8p-s3-h-nvr-8-canales-ip-h265-h264-8-puertos-poe-rendimiento-80-mbps-hdmi-vga-puerto-sata-8tb\/#breadcrumb\"},\"inLanguage\":\"es-MX\",\"potentialAction\":[{\"@type\":\"ReadAction\",\"target\":[\"https:\/\/compuviper.mx\/tienda\/producto\/dahua-dhi-nvr1108hs-8p-s3-h6923172534736dhi-nvr1108hs-8p-s3-h-nvr-8-canales-ip-h265-h264-8-puertos-poe-rendimiento-80-mbps-hdmi-vga-puerto-sata-8tb\/\"]}]},{\"@type\":\"BreadcrumbList\",\"@id\":\"https:\/\/compuviper.mx\/tienda\/producto\/dahua-dhi-nvr1108hs-8p-s3-h6923172534736dhi-nvr1108hs-8p-s3-h-nvr-8-canales-ip-h265-h264-8-puertos-poe-rendimiento-80-mbps-hdmi-vga-puerto-sata-8tb\/#breadcrumb\",\"itemListElement\":[{\"@type\":\"ListItem\",\"position\":1,\"name\":\"Inicio\",\"item\":\"https:\/\/compuviper.mx\/tienda\/\"},{\"@type\":\"ListItem\",\"position\":2,\"name\":\"Productos\",\"item\":\"https:\/\/compuviper.mx\/tienda\/productos\/\"},{\"@type\":\"ListItem\",\"position\":3,\"name\":\"Videograbadores\",\"item\":\"https:\/\/compuviper.mx\/tienda\/categoria-producto\/videograbadores\/\"},{\"@type\":\"ListItem\",\"position\":4,\"name\":\"Nvr\",\"item\":\"https:\/\/compuviper.mx\/tienda\/categoria-producto\/videograbadores\/nvr\/\"},{\"@type\":\"ListItem\",\"position\":5,\"name\":\"Dahua Dhi-nvr1108hs-8p-s3\/h,6923172534736,dhi-nvr1108hs-8p-s3\/h Nvr 8 Canales Ip \/ H265 H264 \/ 8 Puertos Poe \/ Rendimiento 80 Mbps \/ Hdmi \/ Vga \/ Puerto Sata 8tb\"}]},{\"@type\":\"WebSite\",\"@id\":\"https:\/\/compuviper.mx\/tienda\/#website\",\"url\":\"https:\/\/compuviper.mx\/tienda\/\",\"name\":\"Compuviper\",\"description\":\"Proveedor de Computadoras, Laptops, Servidores, Monitores, Puntos de Venta, Teclados,   Impresoras, T\u00f3ner, C\u00e1maras de Seguridad y m\u00e1s en tu tienda en l\u00ednea\",\"publisher\":{\"@id\":\"https:\/\/compuviper.mx\/tienda\/#organization\"},\"potentialAction\":[{\"@type\":\"SearchAction\",\"target\":{\"@type\":\"EntryPoint\",\"urlTemplate\":\"https:\/\/compuviper.mx\/tienda\/?s={search_term_string}\"},\"query-input\":\"required name=search_term_string\"}],\"inLanguage\":\"es-MX\"},{\"@type\":\"Organization\",\"@id\":\"https:\/\/compuviper.mx\/tienda\/#organization\",\"name\":\"Compuviper\",\"url\":\"https:\/\/compuviper.mx\/tienda\/\",\"logo\":{\"@type\":\"ImageObject\",\"inLanguage\":\"es-MX\",\"@id\":\"https:\/\/compuviper.mx\/tienda\/#\/schema\/logo\/image\/\",\"url\":\"https:\/\/compuviper.mx\/tienda\/wp-content\/uploads\/2021\/08\/Logo-Compuviper-10.png\",\"contentUrl\":\"https:\/\/compuviper.mx\/tienda\/wp-content\/uploads\/2021\/08\/Logo-Compuviper-10.png\",\"width\":1000,\"height\":500,\"caption\":\"Compuviper\"},\"image\":{\"@id\":\"https:\/\/compuviper.mx\/tienda\/#\/schema\/logo\/image\/\"},\"sameAs\":[\"https:\/\/www.facebook.com\/compuviper\",\"https:\/\/www.youtube.com\/channel\/UCf73dERp9Y3cfOq7q8BhLjA?view_as=subscriber\"]}]}<\/script>\n<meta property=\"product:brand\" content=\"DAHUA\" \/>\n<meta property=\"product:price:amount\" content=\"1726\" \/>\n<meta property=\"product:price:currency\" content=\"MXN\" \/>\n<meta property=\"og:availability\" content=\"instock\" \/>\n<meta property=\"product:availability\" content=\"instock\" \/>\n<meta property=\"product:retailer_item_id\" content=\"DHI-NVR1108HS-8P-S3\/H,6923172534736,DHI-NVR1108HS-8P-S3\/H\" \/>\n<meta property=\"product:condition\" content=\"new\" \/>\n<!-- \/ Yoast SEO plugin. -->","yoast_head_json":{"title":"[ Dahua ] &#129351; Dhi-nvr1108hs-8p-s3\/h,6923172534736,dhi-nvr1108hs-8p-s3\/h Nvr 8 Canales Ip \/ H265 H264 \/ 8 Puertos Poe \/ Rendimiento 80 Mbps \/ Hdmi \/ Vga \/ Puerto Sata 8tb","description":"Compra Dhi-nvr1108hs-8p-s3\/h,6923172534736,dhi-nvr1108hs-8p-s3\/h Nvr 8 Canales Ip \/ H265 H264 \/ 8 Puertos Poe \/ Rendimiento 80 Mbps \/ Hdmi \/ Vga \/ Puerto Sata 8tb + Env\u00edo a domicilio + Pago seguro + Garant\u00eda","robots":{"index":"index","follow":"follow","max-snippet":"max-snippet:-1","max-image-preview":"max-image-preview:large","max-video-preview":"max-video-preview:-1"},"canonical":"https:\/\/compuviper.mx\/tienda\/producto\/dahua-dhi-nvr1108hs-8p-s3-h6923172534736dhi-nvr1108hs-8p-s3-h-nvr-8-canales-ip-h265-h264-8-puertos-poe-rendimiento-80-mbps-hdmi-vga-puerto-sata-8tb\/","og_locale":"es_MX","og_type":"article","og_title":"[ Dahua ] &#129351; Dhi-nvr1108hs-8p-s3\/h,6923172534736,dhi-nvr1108hs-8p-s3\/h Nvr 8 Canales Ip \/ H265 H264 \/ 8 Puertos Poe \/ Rendimiento 80 Mbps \/ Hdmi \/ Vga \/ Puerto Sata 8tb","og_description":"Compra Dhi-nvr1108hs-8p-s3\/h,6923172534736,dhi-nvr1108hs-8p-s3\/h Nvr 8 Canales Ip \/ H265 H264 \/ 8 Puertos Poe \/ Rendimiento 80 Mbps \/ Hdmi \/ Vga \/ Puerto Sata 8tb + Env\u00edo a domicilio + Pago seguro + Garant\u00eda","og_url":"https:\/\/compuviper.mx\/tienda\/producto\/dahua-dhi-nvr1108hs-8p-s3-h6923172534736dhi-nvr1108hs-8p-s3-h-nvr-8-canales-ip-h265-h264-8-puertos-poe-rendimiento-80-mbps-hdmi-vga-puerto-sata-8tb\/","og_site_name":"Compuviper","article_publisher":"https:\/\/www.facebook.com\/compuviper","article_modified_time":"2026-04-11T07:22:26+00:00","og_image":[{"width":200,"height":200,"url":"https:\/\/compuviper.mx\/tienda\/wp-content\/uploads\/2023\/12\/Nvr-dahua-8-canales-ip-h265-h264-8-puertos-poe-rendimiento-80-mbps-hdmi-vga-puerto-sata-8tb.jpg","type":"image\/jpeg"}],"twitter_card":"summary_large_image","twitter_misc":{"Precio":"&#36;1,780 &#36;1,726 con IVA","Availability":"In stock"},"schema":{"@context":"https:\/\/schema.org","@graph":[{"@type":"WebPage","@id":"https:\/\/compuviper.mx\/tienda\/producto\/dahua-dhi-nvr1108hs-8p-s3-h6923172534736dhi-nvr1108hs-8p-s3-h-nvr-8-canales-ip-h265-h264-8-puertos-poe-rendimiento-80-mbps-hdmi-vga-puerto-sata-8tb\/","url":"https:\/\/compuviper.mx\/tienda\/producto\/dahua-dhi-nvr1108hs-8p-s3-h6923172534736dhi-nvr1108hs-8p-s3-h-nvr-8-canales-ip-h265-h264-8-puertos-poe-rendimiento-80-mbps-hdmi-vga-puerto-sata-8tb\/","name":"[ Dahua ] &#129351; Dhi-nvr1108hs-8p-s3\/h,6923172534736,dhi-nvr1108hs-8p-s3\/h Nvr 8 Canales Ip \/ H265 H264 \/ 8 Puertos Poe \/ Rendimiento 80 Mbps \/ Hdmi \/ Vga \/ Puerto Sata 8tb","isPartOf":{"@id":"https:\/\/compuviper.mx\/tienda\/#website"},"datePublished":"2026-04-11T07:22:25+00:00","dateModified":"2026-04-11T07:22:26+00:00","description":"Compra Dhi-nvr1108hs-8p-s3\/h,6923172534736,dhi-nvr1108hs-8p-s3\/h Nvr 8 Canales Ip \/ H265 H264 \/ 8 Puertos Poe \/ Rendimiento 80 Mbps \/ Hdmi \/ Vga \/ Puerto Sata 8tb + Env\u00edo a domicilio + Pago seguro + Garant\u00eda","breadcrumb":{"@id":"https:\/\/compuviper.mx\/tienda\/producto\/dahua-dhi-nvr1108hs-8p-s3-h6923172534736dhi-nvr1108hs-8p-s3-h-nvr-8-canales-ip-h265-h264-8-puertos-poe-rendimiento-80-mbps-hdmi-vga-puerto-sata-8tb\/#breadcrumb"},"inLanguage":"es-MX","potentialAction":[{"@type":"ReadAction","target":["https:\/\/compuviper.mx\/tienda\/producto\/dahua-dhi-nvr1108hs-8p-s3-h6923172534736dhi-nvr1108hs-8p-s3-h-nvr-8-canales-ip-h265-h264-8-puertos-poe-rendimiento-80-mbps-hdmi-vga-puerto-sata-8tb\/"]}]},{"@type":"BreadcrumbList","@id":"https:\/\/compuviper.mx\/tienda\/producto\/dahua-dhi-nvr1108hs-8p-s3-h6923172534736dhi-nvr1108hs-8p-s3-h-nvr-8-canales-ip-h265-h264-8-puertos-poe-rendimiento-80-mbps-hdmi-vga-puerto-sata-8tb\/#breadcrumb","itemListElement":[{"@type":"ListItem","position":1,"name":"Inicio","item":"https:\/\/compuviper.mx\/tienda\/"},{"@type":"ListItem","position":2,"name":"Productos","item":"https:\/\/compuviper.mx\/tienda\/productos\/"},{"@type":"ListItem","position":3,"name":"Videograbadores","item":"https:\/\/compuviper.mx\/tienda\/categoria-producto\/videograbadores\/"},{"@type":"ListItem","position":4,"name":"Nvr","item":"https:\/\/compuviper.mx\/tienda\/categoria-producto\/videograbadores\/nvr\/"},{"@type":"ListItem","position":5,"name":"Dahua Dhi-nvr1108hs-8p-s3\/h,6923172534736,dhi-nvr1108hs-8p-s3\/h Nvr 8 Canales Ip \/ H265 H264 \/ 8 Puertos Poe \/ Rendimiento 80 Mbps \/ Hdmi \/ Vga \/ Puerto Sata 8tb"}]},{"@type":"WebSite","@id":"https:\/\/compuviper.mx\/tienda\/#website","url":"https:\/\/compuviper.mx\/tienda\/","name":"Compuviper","description":"Proveedor de Computadoras, Laptops, Servidores, Monitores, Puntos de Venta, Teclados,   Impresoras, T\u00f3ner, C\u00e1maras de Seguridad y m\u00e1s en tu tienda en l\u00ednea","publisher":{"@id":"https:\/\/compuviper.mx\/tienda\/#organization"},"potentialAction":[{"@type":"SearchAction","target":{"@type":"EntryPoint","urlTemplate":"https:\/\/compuviper.mx\/tienda\/?s={search_term_string}"},"query-input":"required name=search_term_string"}],"inLanguage":"es-MX"},{"@type":"Organization","@id":"https:\/\/compuviper.mx\/tienda\/#organization","name":"Compuviper","url":"https:\/\/compuviper.mx\/tienda\/","logo":{"@type":"ImageObject","inLanguage":"es-MX","@id":"https:\/\/compuviper.mx\/tienda\/#\/schema\/logo\/image\/","url":"https:\/\/compuviper.mx\/tienda\/wp-content\/uploads\/2021\/08\/Logo-Compuviper-10.png","contentUrl":"https:\/\/compuviper.mx\/tienda\/wp-content\/uploads\/2021\/08\/Logo-Compuviper-10.png","width":1000,"height":500,"caption":"Compuviper"},"image":{"@id":"https:\/\/compuviper.mx\/tienda\/#\/schema\/logo\/image\/"},"sameAs":["https:\/\/www.facebook.com\/compuviper","https:\/\/www.youtube.com\/channel\/UCf73dERp9Y3cfOq7q8BhLjA?view_as=subscriber"]}]},"product_brand":"DAHUA","product_price_amount":"1726","product_price_currency":"MXN","og_availability":"instock","product_availability":"instock","product_retailer_item_id":"DHI-NVR1108HS-8P-S3\/H,6923172534736,DHI-NVR1108HS-8P-S3\/H","product_condition":"new"},"_links":{"self":[{"href":"https:\/\/compuviper.mx\/tienda\/wp-json\/wp\/v2\/product\/222041"}],"collection":[{"href":"https:\/\/compuviper.mx\/tienda\/wp-json\/wp\/v2\/product"}],"about":[{"href":"https:\/\/compuviper.mx\/tienda\/wp-json\/wp\/v2\/types\/product"}],"replies":[{"embeddable":true,"href":"https:\/\/compuviper.mx\/tienda\/wp-json\/wp\/v2\/comments?post=222041"}],"wp:featuredmedia":[{"embeddable":true,"href":"https:\/\/compuviper.mx\/tienda\/wp-json\/wp\/v2\/media\/222042"}],"wp:attachment":[{"href":"https:\/\/compuviper.mx\/tienda\/wp-json\/wp\/v2\/media?parent=222041"}],"wp:term":[{"taxonomy":"product_cat","embeddable":true,"href":"https:\/\/compuviper.mx\/tienda\/wp-json\/wp\/v2\/product_cat?post=222041"},{"taxonomy":"product_tag","embeddable":true,"href":"https:\/\/compuviper.mx\/tienda\/wp-json\/wp\/v2\/product_tag?post=222041"}],"curies":[{"name":"wp","href":"https:\/\/api.w.org\/{rel}","templated":true}]}}