{"id":221555,"date":"2026-04-16T01:12:25","date_gmt":"2026-04-16T07:12:25","guid":{"rendered":"https:\/\/compuviper.mx\/tienda\/producto\/tp-link-tl-wn822n-tarjeta-de-red-tp-link-usb-inalambrica-300mbps-antena-dual-3dbi\/"},"modified":"2026-04-16T01:12:25","modified_gmt":"2026-04-16T07:12:25","slug":"tp-link-tl-wn822n-tarjeta-de-red-tp-link-usb-inalambrica-300mbps-antena-dual-3dbi","status":"publish","type":"product","link":"https:\/\/compuviper.mx\/tienda\/producto\/tp-link-tl-wn822n-tarjeta-de-red-tp-link-usb-inalambrica-300mbps-antena-dual-3dbi\/","title":{"rendered":"Tp Link Tl-wn822n Tarjeta De Red | Tp-link |  | Usb | Inalambrica | 300mbps |antena Dual 3dbi"},"content":{"rendered":"<table class=\"descripcion\">\n<tr>\n<td>Caracter\u00edsticas de hardware<\/td>\n<\/tr>\n<tr>\n<td>Interfaz: mini usb 2.0<\/td>\n<\/tr>\n<tr>\n<td>Bot\u00f3n: bot\u00f3n qss\/software<\/td>\n<\/tr>\n<tr>\n<td>Dimensiones (w x d x h): 3.5 x 2.7 x 0.7 pulgadas. (90 x 68 x 16.8mm)<\/td>\n<\/tr>\n<tr>\n<td>Tipo de antena: dual omnidireccional<\/td>\n<\/tr>\n<tr>\n<td>Ganancia de antena: 3dbi<\/td>\n<\/tr>\n<tr>\n<td>Caracter\u00edsticas inal\u00e1mbricas<\/td>\n<\/tr>\n<tr>\n<td>Est\u00e1ndares inal\u00e1mbricos: ieee 802.11n, ieee 802.11g, ieee 802.11b<\/td>\n<\/tr>\n<tr>\n<td>Frecuencia: 2.400-2.4835ghz<\/td>\n<\/tr>\n<tr>\n<td>Tasa de se\u00f1al: 11n: hasta 300mbps(din\u00e1mica)  \/  11g: hasta 54mbps(din\u00e1mica)  \/  11b: hasta 11mbps(din\u00e1mica)<\/td>\n<\/tr>\n<tr>\n<td>Sensibilidad de recepci\u00f3n: 270m: -68dbm @ 10% para  \/  130m: -68dbm @ 10% para  \/  108m: -68dbm @ 10% para  \/  54m: -68dbm @ 10% para  \/  11m: -85dbm @ 8% para<\/td>\n<\/tr>\n<tr>\n<td>6m: -88dbm @ 10% para  \/  1m: -90dbm @ 8% per<\/td>\n<\/tr>\n<tr>\n<td>Potencia de transmision:  20dbm (eirp)<\/td>\n<\/tr>\n<tr>\n<td>Modos inal\u00e1mbricos: modo ad-hoc \/ infraestructura<\/td>\n<\/tr>\n<tr>\n<td>Seguridad inal\u00e1mbrica: soporta 64\/128 bit wep, wpa-psk\/wpa2-psk<\/td>\n<\/tr>\n<tr>\n<td>Tecnolog\u00eda de modulaci\u00f3n: dbpsk, dqpsk, cck, ofdm, 16-qam, 64-qam<\/td>\n<\/tr>\n<tr>\n<td>Funciones avanzadas: wmm<\/td>\n<\/tr>\n<tr>\n<td>Otros<\/td>\n<\/tr>\n<tr>\n<td>Certificaci\u00f3n: ce, fcc, rohs<\/td>\n<\/tr>\n<tr>\n<td>Contenidos del paquete: adaptador inal\u00e1mbrico tl-wn822n  \/  cd de instalaci\u00f3n  \/  gu\u00eda de instalaci\u00f3n r\u00e1pida  \/  cable usb de 1.5m<\/td>\n<\/tr>\n<tr>\n<td>Requisitos del sistema: windows 8.1 32 \/ 64bit, windows 8 32 \/ 64bit, windows 7 (32 \/ 64bits), windows vista (32 \/ 64bits), windows xp (32 \/ 64bits)<\/td>\n<\/tr>\n<tr>\n<td>Ambiente: temperatura de funcionamiento: 0\u00bf~40 \u00bf (32 \u00bf~104\u00bf)  \/  temperatura de almacenamiento: -40\u00bf~70 \u00bf (-40 \u00bf~158\u00bf)  \/  humedad de funcionamiento: 10%~90% sin condensaci\u00f3n  \/  humedad de almacenamiento: 5%~90% sin condensaci\u00f3n<\/td>\n<\/tr>\n<\/table>\n","protected":false},"excerpt":{"rendered":"<p>Adaptador usb inal\u00e1mbrico de alta ganancia 300mbps. Tl-wn822n. * velocidad 11n permite la difusi\u00f3n de videos de alta definici\u00f3n y mejor experiencia de llamadas por internet. * dos antenas externas proporcionar una mayor recepci\u00f3n y el rendimiento de la transmisi\u00f3n. * f\u00e1cil con un solo toque de encriptaci\u00f3n inal\u00e1mbrica de seguridad con el bot\u00f3n de configuraci\u00f3n r\u00e1pida de seguridad. * 1,5 metros de cable de extensi\u00f3n usb permite una implementaci\u00f3n conveniente y flexible. * compatible con windows 2000 \/ xp \/ vista \/ 7. El adaptador usb tl-wn822n de alta ganancia es un cliente inal\u00e1mbrico de 300 mbps, que permite a los usuarios conectar una computadora o laptop a una red inal\u00e1mbrica y acceder a una conexi\u00f3n a internet de alta velocidad. Es totalmente compatible con dispositivos ieee 802.11 b \/ g \/ n inal\u00e1mbricos, ofreciendo velocidades r\u00e1pidas de 11n y se\u00f1al confiable para juegos en l\u00ednea sin demoras, llamadas por internet o incluso transmisi\u00f3n de video hd. Dise\u00f1o de estilo escritorio y 1,5 metros de cable usb. Aparte de su exterior, dise\u00f1o de estilo de escritorio del tl-wn822n es realmente beneficioso para la recepci\u00f3n de la se\u00f1al en diferentes entornos, garantizando se\u00f1ales suaves y estables. El tl-wn822n incluye tambi\u00e9n un cable usb de 1.5 metros para una conveniente instalaci\u00f3n y despliegue flexible. Antenas externas: doble antena externa de 3 dbi para facilitar la alineaci\u00f3n y lograr la mejor se\u00f1al. Wps: encriptaci\u00f3n de seguridad inal\u00e1mbrica f\u00e1cil con s\u00f3lo pulsar el bot\u00f3n wps. F\u00e1cil configuraci\u00f3n: mediante el asistente de interfaz de usuario y la configuraci\u00f3n optimizada o el asistente de configuraci\u00f3n de cd (incluido) le permitir\u00e1 obtener &#8216;online&#8217; de forma r\u00e1pida y sencilla.<\/p>\n","protected":false},"featured_media":221556,"comment_status":"open","ping_status":"open","template":"","meta":[],"product_cat":[1563,1572],"product_tag":[1562],"acf":[],"yoast_head":"<!-- This site is optimized with the Yoast SEO plugin v21.7 - https:\/\/yoast.com\/wordpress\/plugins\/seo\/ -->\n<title>[ Tp Link ] &#129351; Tl-wn822n Tarjeta De Red | Tp-link | | Usb | Inalambrica | 300mbps |antena Dual 3dbi<\/title>\n<meta name=\"description\" content=\"Compra Tl-wn822n Tarjeta De Red | Tp-link | | Usb | Inalambrica | 300mbps |antena Dual 3dbi + Env\u00edo a domicilio + Pago seguro + Garant\u00eda\" \/>\n<meta name=\"robots\" content=\"index, follow, max-snippet:-1, max-image-preview:large, max-video-preview:-1\" \/>\n<link rel=\"canonical\" href=\"https:\/\/compuviper.mx\/tienda\/producto\/tp-link-tl-wn822n-tarjeta-de-red-tp-link-usb-inalambrica-300mbps-antena-dual-3dbi\/\" \/>\n<meta property=\"og:locale\" content=\"es_MX\" \/>\n<meta property=\"og:type\" content=\"article\" \/>\n<meta property=\"og:title\" content=\"[ Tp Link ] &#129351; Tl-wn822n Tarjeta De Red | Tp-link | | Usb | Inalambrica | 300mbps |antena Dual 3dbi\" \/>\n<meta property=\"og:description\" content=\"Compra Tl-wn822n Tarjeta De Red | Tp-link | | Usb | Inalambrica | 300mbps |antena Dual 3dbi + Env\u00edo a domicilio + Pago seguro + Garant\u00eda\" \/>\n<meta property=\"og:url\" content=\"https:\/\/compuviper.mx\/tienda\/producto\/tp-link-tl-wn822n-tarjeta-de-red-tp-link-usb-inalambrica-300mbps-antena-dual-3dbi\/\" \/>\n<meta property=\"og:site_name\" content=\"Compuviper\" \/>\n<meta property=\"article:publisher\" content=\"https:\/\/www.facebook.com\/compuviper\" \/>\n<meta property=\"og:image\" content=\"https:\/\/compuviper.mx\/tienda\/wp-content\/uploads\/2023\/12\/Tarjeta-de-red-tp-link-tl-wn822n-usb-inalambrica-300mbps-antena-dual-3dbi.jpg\" \/>\n\t<meta property=\"og:image:width\" content=\"200\" \/>\n\t<meta property=\"og:image:height\" content=\"200\" \/>\n\t<meta property=\"og:image:type\" content=\"image\/jpeg\" \/>\n<meta name=\"twitter:card\" content=\"summary_large_image\" \/>\n<meta name=\"twitter:label1\" content=\"Precio\" \/>\n\t<meta name=\"twitter:data1\" content=\"&#36;190 con IVA\" \/>\n\t<meta name=\"twitter:label2\" content=\"Availability\" \/>\n\t<meta name=\"twitter:data2\" content=\"In stock\" \/>\n<script type=\"application\/ld+json\" class=\"yoast-schema-graph\">{\"@context\":\"https:\/\/schema.org\",\"@graph\":[{\"@type\":\"WebPage\",\"@id\":\"https:\/\/compuviper.mx\/tienda\/producto\/tp-link-tl-wn822n-tarjeta-de-red-tp-link-usb-inalambrica-300mbps-antena-dual-3dbi\/\",\"url\":\"https:\/\/compuviper.mx\/tienda\/producto\/tp-link-tl-wn822n-tarjeta-de-red-tp-link-usb-inalambrica-300mbps-antena-dual-3dbi\/\",\"name\":\"[ Tp Link ] &#129351; Tl-wn822n Tarjeta De Red | Tp-link | | Usb | Inalambrica | 300mbps |antena Dual 3dbi\",\"isPartOf\":{\"@id\":\"https:\/\/compuviper.mx\/tienda\/#website\"},\"datePublished\":\"2026-04-16T07:12:25+00:00\",\"dateModified\":\"2026-04-16T07:12:25+00:00\",\"description\":\"Compra Tl-wn822n Tarjeta De Red | Tp-link | | Usb | Inalambrica | 300mbps |antena Dual 3dbi + Env\u00edo a domicilio + Pago seguro + Garant\u00eda\",\"breadcrumb\":{\"@id\":\"https:\/\/compuviper.mx\/tienda\/producto\/tp-link-tl-wn822n-tarjeta-de-red-tp-link-usb-inalambrica-300mbps-antena-dual-3dbi\/#breadcrumb\"},\"inLanguage\":\"es-MX\",\"potentialAction\":[{\"@type\":\"ReadAction\",\"target\":[\"https:\/\/compuviper.mx\/tienda\/producto\/tp-link-tl-wn822n-tarjeta-de-red-tp-link-usb-inalambrica-300mbps-antena-dual-3dbi\/\"]}]},{\"@type\":\"BreadcrumbList\",\"@id\":\"https:\/\/compuviper.mx\/tienda\/producto\/tp-link-tl-wn822n-tarjeta-de-red-tp-link-usb-inalambrica-300mbps-antena-dual-3dbi\/#breadcrumb\",\"itemListElement\":[{\"@type\":\"ListItem\",\"position\":1,\"name\":\"Inicio\",\"item\":\"https:\/\/compuviper.mx\/tienda\/\"},{\"@type\":\"ListItem\",\"position\":2,\"name\":\"Productos\",\"item\":\"https:\/\/compuviper.mx\/tienda\/productos\/\"},{\"@type\":\"ListItem\",\"position\":3,\"name\":\"Redes\",\"item\":\"https:\/\/compuviper.mx\/tienda\/categoria-producto\/redes\/\"},{\"@type\":\"ListItem\",\"position\":4,\"name\":\"Tarjetas De Red\",\"item\":\"https:\/\/compuviper.mx\/tienda\/categoria-producto\/redes\/tarjetas-de-red\/\"},{\"@type\":\"ListItem\",\"position\":5,\"name\":\"Tp Link Tl-wn822n Tarjeta De Red | Tp-link | | Usb | Inalambrica | 300mbps |antena Dual 3dbi\"}]},{\"@type\":\"WebSite\",\"@id\":\"https:\/\/compuviper.mx\/tienda\/#website\",\"url\":\"https:\/\/compuviper.mx\/tienda\/\",\"name\":\"Compuviper\",\"description\":\"Proveedor de Computadoras, Laptops, Servidores, Monitores, Puntos de Venta, Teclados,   Impresoras, T\u00f3ner, C\u00e1maras de Seguridad y m\u00e1s en tu tienda en l\u00ednea\",\"publisher\":{\"@id\":\"https:\/\/compuviper.mx\/tienda\/#organization\"},\"potentialAction\":[{\"@type\":\"SearchAction\",\"target\":{\"@type\":\"EntryPoint\",\"urlTemplate\":\"https:\/\/compuviper.mx\/tienda\/?s={search_term_string}\"},\"query-input\":\"required name=search_term_string\"}],\"inLanguage\":\"es-MX\"},{\"@type\":\"Organization\",\"@id\":\"https:\/\/compuviper.mx\/tienda\/#organization\",\"name\":\"Compuviper\",\"url\":\"https:\/\/compuviper.mx\/tienda\/\",\"logo\":{\"@type\":\"ImageObject\",\"inLanguage\":\"es-MX\",\"@id\":\"https:\/\/compuviper.mx\/tienda\/#\/schema\/logo\/image\/\",\"url\":\"https:\/\/compuviper.mx\/tienda\/wp-content\/uploads\/2021\/08\/Logo-Compuviper-10.png\",\"contentUrl\":\"https:\/\/compuviper.mx\/tienda\/wp-content\/uploads\/2021\/08\/Logo-Compuviper-10.png\",\"width\":1000,\"height\":500,\"caption\":\"Compuviper\"},\"image\":{\"@id\":\"https:\/\/compuviper.mx\/tienda\/#\/schema\/logo\/image\/\"},\"sameAs\":[\"https:\/\/www.facebook.com\/compuviper\",\"https:\/\/www.youtube.com\/channel\/UCf73dERp9Y3cfOq7q8BhLjA?view_as=subscriber\"]}]}<\/script>\n<meta property=\"product:brand\" content=\"TP LINK\" \/>\n<meta property=\"product:price:amount\" content=\"190\" \/>\n<meta property=\"product:price:currency\" content=\"MXN\" \/>\n<meta property=\"og:availability\" content=\"instock\" \/>\n<meta property=\"product:availability\" content=\"instock\" \/>\n<meta property=\"product:retailer_item_id\" content=\"TL-WN822N\" \/>\n<meta property=\"product:condition\" content=\"new\" \/>\n<!-- \/ Yoast SEO plugin. -->","yoast_head_json":{"title":"[ Tp Link ] &#129351; Tl-wn822n Tarjeta De Red | Tp-link | | Usb | Inalambrica | 300mbps |antena Dual 3dbi","description":"Compra Tl-wn822n Tarjeta De Red | Tp-link | | Usb | Inalambrica | 300mbps |antena Dual 3dbi + Env\u00edo a domicilio + Pago seguro + Garant\u00eda","robots":{"index":"index","follow":"follow","max-snippet":"max-snippet:-1","max-image-preview":"max-image-preview:large","max-video-preview":"max-video-preview:-1"},"canonical":"https:\/\/compuviper.mx\/tienda\/producto\/tp-link-tl-wn822n-tarjeta-de-red-tp-link-usb-inalambrica-300mbps-antena-dual-3dbi\/","og_locale":"es_MX","og_type":"article","og_title":"[ Tp Link ] &#129351; Tl-wn822n Tarjeta De Red | Tp-link | | Usb | Inalambrica | 300mbps |antena Dual 3dbi","og_description":"Compra Tl-wn822n Tarjeta De Red | Tp-link | | Usb | Inalambrica | 300mbps |antena Dual 3dbi + Env\u00edo a domicilio + Pago seguro + Garant\u00eda","og_url":"https:\/\/compuviper.mx\/tienda\/producto\/tp-link-tl-wn822n-tarjeta-de-red-tp-link-usb-inalambrica-300mbps-antena-dual-3dbi\/","og_site_name":"Compuviper","article_publisher":"https:\/\/www.facebook.com\/compuviper","og_image":[{"width":200,"height":200,"url":"https:\/\/compuviper.mx\/tienda\/wp-content\/uploads\/2023\/12\/Tarjeta-de-red-tp-link-tl-wn822n-usb-inalambrica-300mbps-antena-dual-3dbi.jpg","type":"image\/jpeg"}],"twitter_card":"summary_large_image","twitter_misc":{"Precio":"&#36;190 con IVA","Availability":"In stock"},"schema":{"@context":"https:\/\/schema.org","@graph":[{"@type":"WebPage","@id":"https:\/\/compuviper.mx\/tienda\/producto\/tp-link-tl-wn822n-tarjeta-de-red-tp-link-usb-inalambrica-300mbps-antena-dual-3dbi\/","url":"https:\/\/compuviper.mx\/tienda\/producto\/tp-link-tl-wn822n-tarjeta-de-red-tp-link-usb-inalambrica-300mbps-antena-dual-3dbi\/","name":"[ Tp Link ] &#129351; Tl-wn822n Tarjeta De Red | Tp-link | | Usb | Inalambrica | 300mbps |antena Dual 3dbi","isPartOf":{"@id":"https:\/\/compuviper.mx\/tienda\/#website"},"datePublished":"2026-04-16T07:12:25+00:00","dateModified":"2026-04-16T07:12:25+00:00","description":"Compra Tl-wn822n Tarjeta De Red | Tp-link | | Usb | Inalambrica | 300mbps |antena Dual 3dbi + Env\u00edo a domicilio + Pago seguro + Garant\u00eda","breadcrumb":{"@id":"https:\/\/compuviper.mx\/tienda\/producto\/tp-link-tl-wn822n-tarjeta-de-red-tp-link-usb-inalambrica-300mbps-antena-dual-3dbi\/#breadcrumb"},"inLanguage":"es-MX","potentialAction":[{"@type":"ReadAction","target":["https:\/\/compuviper.mx\/tienda\/producto\/tp-link-tl-wn822n-tarjeta-de-red-tp-link-usb-inalambrica-300mbps-antena-dual-3dbi\/"]}]},{"@type":"BreadcrumbList","@id":"https:\/\/compuviper.mx\/tienda\/producto\/tp-link-tl-wn822n-tarjeta-de-red-tp-link-usb-inalambrica-300mbps-antena-dual-3dbi\/#breadcrumb","itemListElement":[{"@type":"ListItem","position":1,"name":"Inicio","item":"https:\/\/compuviper.mx\/tienda\/"},{"@type":"ListItem","position":2,"name":"Productos","item":"https:\/\/compuviper.mx\/tienda\/productos\/"},{"@type":"ListItem","position":3,"name":"Redes","item":"https:\/\/compuviper.mx\/tienda\/categoria-producto\/redes\/"},{"@type":"ListItem","position":4,"name":"Tarjetas De Red","item":"https:\/\/compuviper.mx\/tienda\/categoria-producto\/redes\/tarjetas-de-red\/"},{"@type":"ListItem","position":5,"name":"Tp Link Tl-wn822n Tarjeta De Red | Tp-link | | Usb | Inalambrica | 300mbps |antena Dual 3dbi"}]},{"@type":"WebSite","@id":"https:\/\/compuviper.mx\/tienda\/#website","url":"https:\/\/compuviper.mx\/tienda\/","name":"Compuviper","description":"Proveedor de Computadoras, Laptops, Servidores, Monitores, Puntos de Venta, Teclados,   Impresoras, T\u00f3ner, C\u00e1maras de Seguridad y m\u00e1s en tu tienda en l\u00ednea","publisher":{"@id":"https:\/\/compuviper.mx\/tienda\/#organization"},"potentialAction":[{"@type":"SearchAction","target":{"@type":"EntryPoint","urlTemplate":"https:\/\/compuviper.mx\/tienda\/?s={search_term_string}"},"query-input":"required name=search_term_string"}],"inLanguage":"es-MX"},{"@type":"Organization","@id":"https:\/\/compuviper.mx\/tienda\/#organization","name":"Compuviper","url":"https:\/\/compuviper.mx\/tienda\/","logo":{"@type":"ImageObject","inLanguage":"es-MX","@id":"https:\/\/compuviper.mx\/tienda\/#\/schema\/logo\/image\/","url":"https:\/\/compuviper.mx\/tienda\/wp-content\/uploads\/2021\/08\/Logo-Compuviper-10.png","contentUrl":"https:\/\/compuviper.mx\/tienda\/wp-content\/uploads\/2021\/08\/Logo-Compuviper-10.png","width":1000,"height":500,"caption":"Compuviper"},"image":{"@id":"https:\/\/compuviper.mx\/tienda\/#\/schema\/logo\/image\/"},"sameAs":["https:\/\/www.facebook.com\/compuviper","https:\/\/www.youtube.com\/channel\/UCf73dERp9Y3cfOq7q8BhLjA?view_as=subscriber"]}]},"product_brand":"TP LINK","product_price_amount":"190","product_price_currency":"MXN","og_availability":"instock","product_availability":"instock","product_retailer_item_id":"TL-WN822N","product_condition":"new"},"_links":{"self":[{"href":"https:\/\/compuviper.mx\/tienda\/wp-json\/wp\/v2\/product\/221555"}],"collection":[{"href":"https:\/\/compuviper.mx\/tienda\/wp-json\/wp\/v2\/product"}],"about":[{"href":"https:\/\/compuviper.mx\/tienda\/wp-json\/wp\/v2\/types\/product"}],"replies":[{"embeddable":true,"href":"https:\/\/compuviper.mx\/tienda\/wp-json\/wp\/v2\/comments?post=221555"}],"wp:featuredmedia":[{"embeddable":true,"href":"https:\/\/compuviper.mx\/tienda\/wp-json\/wp\/v2\/media\/221556"}],"wp:attachment":[{"href":"https:\/\/compuviper.mx\/tienda\/wp-json\/wp\/v2\/media?parent=221555"}],"wp:term":[{"taxonomy":"product_cat","embeddable":true,"href":"https:\/\/compuviper.mx\/tienda\/wp-json\/wp\/v2\/product_cat?post=221555"},{"taxonomy":"product_tag","embeddable":true,"href":"https:\/\/compuviper.mx\/tienda\/wp-json\/wp\/v2\/product_tag?post=221555"}],"curies":[{"name":"wp","href":"https:\/\/api.w.org\/{rel}","templated":true}]}}