{"id":221532,"date":"2026-04-18T01:11:30","date_gmt":"2026-04-18T07:11:30","guid":{"rendered":"https:\/\/compuviper.mx\/tienda\/producto\/manhattan-207942-switch-hdmi-8k60hz-2-entradas-1-salidas\/"},"modified":"2026-04-18T01:11:30","modified_gmt":"2026-04-18T07:11:30","slug":"manhattan-207942-switch-hdmi-8k60hz-2-entradas-1-salidas","status":"publish","type":"product","link":"https:\/\/compuviper.mx\/tienda\/producto\/manhattan-207942-switch-hdmi-8k60hz-2-entradas-1-salidas\/","title":{"rendered":"Manhattan 207942 Switch Hdmi,,, 8k@60hz, 2 Entradas : 1 Salidas"},"content":{"rendered":"<table class=\"descripcion\">\n<tr>\n<td>Normas y certificaciones<\/td>\n<\/tr>\n<tr>\n<td>&#8211; hdmi 2.1<\/td>\n<\/tr>\n<tr>\n<td>&#8211; hdcp 2.3<\/td>\n<\/tr>\n<tr>\n<td>&#8211; ce<\/td>\n<\/tr>\n<tr>\n<td>&#8211; fcc<\/td>\n<\/tr>\n<tr>\n<td>&#8211; rohs<\/td>\n<\/tr>\n<tr>\n<td>&#8211; reach<\/td>\n<\/tr>\n<tr>\n<td>&#8211; ukca<\/td>\n<\/tr>\n<tr>\n<td>General<\/td>\n<\/tr>\n<tr>\n<td>&#8211; resoluciones soportadas: 480p\/576i\/720p\/1080i\/1080p@240hz\/1440p@144hz\/4k@120hz\/8k@60hz<\/td>\n<\/tr>\n<tr>\n<td>&#8211; ancho de banda de v\u00eddeo m\u00e1ximo: 48 gbps \/ 1200 mhz<\/td>\n<\/tr>\n<tr>\n<td>&#8211; consumo de energ\u00eda: 5.0 w (m\u00e1x.)<\/td>\n<\/tr>\n<tr>\n<td>&#8211; transmisi\u00f3n: unidireccional<\/td>\n<\/tr>\n<tr>\n<td>Conexiones\/botones<\/td>\n<\/tr>\n<tr>\n<td>&#8211; tres entradas hdmi hembra de 19 patillas (dos entradas, una salida)<\/td>\n<\/tr>\n<tr>\n<td>&#8211; una entrada de alimentaci\u00f3n de 5.0 v dc \/ 1.0 a, micro-usb<\/td>\n<\/tr>\n<tr>\n<td>&#8211; un bot\u00f3n de selecci\u00f3n<\/td>\n<\/tr>\n<tr>\n<td>Leds<\/td>\n<\/tr>\n<tr>\n<td>&#8211; alimentaci\u00f3n<\/td>\n<\/tr>\n<tr>\n<td>&#8211; entrada 1<\/td>\n<\/tr>\n<tr>\n<td>&#8211; entrada 2<\/td>\n<\/tr>\n<tr>\n<td>&#8211; modo autom\u00e1tico<\/td>\n<\/tr>\n<tr>\n<td>&#8211; modo ir<\/td>\n<\/tr>\n<tr>\n<td>F\u00edsico<\/td>\n<\/tr>\n<tr>\n<td>&#8211; dimensiones (largo x ancho x alto): 90 x 44 x 14 mm (3.54 x 1.73 x 0.55 in.)<\/td>\n<\/tr>\n<tr>\n<td>&#8211; peso neto: 87 g (3.07 oz.)<\/td>\n<\/tr>\n<tr>\n<td>&#8211; peso bruto: 185 g (6.53 oz.)<\/td>\n<\/tr>\n<tr>\n<td>&#8211; carcasa: metal<\/td>\n<\/tr>\n<tr>\n<td>Entorno de funcionamiento<\/td>\n<\/tr>\n<tr>\n<td>&#8211; temperatura de funcionamiento: 0 &#8211; 70\u00b0c (32 &#8211; 158\u00b0f)<\/td>\n<\/tr>\n<tr>\n<td>&#8211; temperatura de almacenamiento: -20 &#8211; 80\u00b0c (-4 &#8211; 176\u00b0f)<\/td>\n<\/tr>\n<tr>\n<td>&#8211; humedad (sin condensaci\u00f3n) 5 &#8211; 90%<\/td>\n<\/tr>\n<tr>\n<td>Contenido del paquete<\/td>\n<\/tr>\n<tr>\n<td>&#8211; switch hdmi de 2 puertos 8k@60hz<\/td>\n<\/tr>\n<tr>\n<td>&#8211; cable de alimentaci\u00f3n de micro-usb a usb-a, 0.8 m (2.6 pies)<\/td>\n<\/tr>\n<tr>\n<td>&#8211; mando a distancia por infrarrojos (requiere dos pilas aaa, no incluidas)<\/td>\n<\/tr>\n<tr>\n<td>&#8211; instrucciones<\/td>\n<\/tr>\n<\/table>\n","protected":false},"excerpt":{"rendered":"<p>Switch hdmi 2.1 de alta gama con 8k60hz a prueba de futuro para conectar f\u00e1cilmente varias fuentes a una sola pantalla. El switch compacto hdmi de 2 puertos manhattan 8k@60hz te permite compartir un televisor o proyector hdmi 2.1 con dos fuentes hdmi 2.1 sin distorsionar ni degradar el v\u00eddeo. Cuenta con dos entradas de v\u00eddeo independientes que pueden soportar una resoluci\u00f3n 8k a 60 hz, lo que lo convierte en la soluci\u00f3n perfecta para conectar y ver cualquiera de las fuentes de v\u00eddeo en una pantalla que s\u00f3lo tiene un puerto hdmi 2.1 disponible. Colores y contraste brillantes con dynamic hdr y dolby vision\u0099. Este switch ofrece increibles im\u00e1genes 8k (7680 x 4320) a 60 hz r\u00e1pidos o 4k uhd a 120 hz fulminantes con dynamic hdr y dolby vision\u0099 para un contraste y unos colores perfectos. Con el submuestreo de croma completo 4:4:4, no comprime la se\u00f1al para trabajar con tasas de bits inferiores. Puede transmitir anchos de banda de hasta 48 gbps para tareas inform\u00e1ticas de alta resoluci\u00f3n. F\u00e1cil instalaci\u00f3n y amplia compatibilidad. La plena conformidad con hdmi 2.1 y hdcp 2.3 garantiza que este switch de 2 v\u00edas pueda ofrecer un rendimiento fiable. Conecte r\u00e1pidamente los cables hdmi 2.1 (no incluidos) y el cable de alimentaci\u00f3n micro-usb para completar esta soluci\u00f3n hdmi de ultra alta definici\u00f3n y 8k, sin necesidad de configuraci\u00f3n de software\/hardware ni ajustes complicados. La compatibilidad total con pantallas 4k@60hz, 4k@30hz y 1080p garantiza que funcionar\u00e1 con cualquier fuente o dispositivo de destino hdmi. Este switch 8k es ideal para aplicaciones de se\u00f1alizaci\u00f3n digital, en las que se desea mostrar varios dispositivos fuente en diferentes momentos o para compartir un proyector de gama alta entre varias fuentes de gama alta. Funcionamiento sin esfuerzo con selecci\u00f3n autom\u00e1tica o manual. Este switch garantiza un funcionamiento sin esfuerzo gracias a la selecci\u00f3n autom\u00e1tica que detecta y selecciona un dispositivo reci\u00e9n conectado, lo que tambi\u00e9n es \u00fatil cuando se requiere que la unidad est\u00e9 oculta. Tambi\u00e9n admite la selcci\u00f3n manual con el bot\u00f3n-interruptor incorporado en la parte frontal o a distancia con el control remoto de infrarojo. Cambia entre dos se\u00f1ales de audio\/v\u00eddeo hdmi hacia una sola pantalla. Admite resoluciones 8k@60hz, 4k@120hz, 1440p@144hz (wqhd) y 1080p@240hz. Hdr din\u00e1mico para un contraste superior y colores brillantes. Soporta dolby vision\u0099 y dolby atmos\u00ae. Contactos chapados en oro para conexiones libres de corrosi\u00f3n. Hasta 48 gbps de ancho de banda total con 12 gbps por canal a 1200 mhz. Totalmente compatible con pantallas 4k@30hz y 1080p. Compatible con deep color (color profundo) de 36 bits (12 bits por canal), submuestreo de croma 4:4:4. Admite el cambio de fuentes mediante el mando a distancia por infrarrojos o por cambio manual con la pulsaci\u00f3n de un bot\u00f3n. Las caracter\u00edsticas mejoradas incluyen frecuencia de actualizaci\u00f3n variable (vrr), cambio r\u00e1pido de medios (qms), transporte r\u00e1pido de cuadros (qft) y modo autom\u00e1tico de baja latencia (allm. Admite audio comprimido dts-hd master audio, audio sin comprimir lpcm de 8 canales (sonido envolvente 7.1) y dolby truehd, as\u00ed como audio de 32 canales. Compatible con todos los dispositivos hdmi: televisores, proyectores, monitores, port\u00e1tiles, pc, receptores av, cajas de transmisi\u00f3n, consolas de juegos, playstation\u00ae (ps4\/ps5), xbox\u00ae (one\/series s\/series x), reproductores de blu-ray y mucho m\u00e1s. Instalaci\u00f3n plug and play, sin necesidad de configuraci\u00f3n. Compatible con hdcp 2.3. Gabinete met\u00e1lico resistente para una m\u00e1xima durabilidad. Bases de goma para evitar que se deslice en el escritorio. Cable de alimentaci\u00f3n trenzado de micro-usb a usb-a incluido<\/p>\n","protected":false},"featured_media":234199,"comment_status":"open","ping_status":"open","template":"","meta":[],"product_cat":[1563,1564],"product_tag":[1487],"acf":[],"yoast_head":"<!-- This site is optimized with the Yoast SEO plugin v21.7 - https:\/\/yoast.com\/wordpress\/plugins\/seo\/ -->\n<title>[ Manhattan ] &#129351; 207942 Switch Hdmi,,, 8k@60hz, 2 Entradas : 1 Salidas<\/title>\n<meta name=\"description\" content=\"Compra 207942 Switch Hdmi,,, 8k@60hz, 2 Entradas : 1 Salidas + Env\u00edo a domicilio + Pago seguro + Garant\u00eda\" \/>\n<meta name=\"robots\" content=\"index, follow, max-snippet:-1, max-image-preview:large, max-video-preview:-1\" \/>\n<link rel=\"canonical\" href=\"https:\/\/compuviper.mx\/tienda\/producto\/manhattan-207942-switch-hdmi-8k60hz-2-entradas-1-salidas\/\" \/>\n<meta property=\"og:locale\" content=\"es_MX\" \/>\n<meta property=\"og:type\" content=\"article\" \/>\n<meta property=\"og:title\" content=\"[ Manhattan ] &#129351; 207942 Switch Hdmi,,, 8k@60hz, 2 Entradas : 1 Salidas\" \/>\n<meta property=\"og:description\" content=\"Compra 207942 Switch Hdmi,,, 8k@60hz, 2 Entradas : 1 Salidas + Env\u00edo a domicilio + Pago seguro + Garant\u00eda\" \/>\n<meta property=\"og:url\" content=\"https:\/\/compuviper.mx\/tienda\/producto\/manhattan-207942-switch-hdmi-8k60hz-2-entradas-1-salidas\/\" \/>\n<meta property=\"og:site_name\" content=\"Compuviper\" \/>\n<meta property=\"article:publisher\" content=\"https:\/\/www.facebook.com\/compuviper\" \/>\n<meta property=\"og:image\" content=\"https:\/\/compuviper.mx\/tienda\/wp-content\/uploads\/2024\/05\/Switch-hdmimanhattan207942-8k@60hz-2-entradas-1-salidas.jpg\" \/>\n\t<meta property=\"og:image:width\" content=\"200\" \/>\n\t<meta property=\"og:image:height\" content=\"200\" \/>\n\t<meta property=\"og:image:type\" content=\"image\/jpeg\" \/>\n<meta name=\"twitter:card\" content=\"summary_large_image\" \/>\n<meta name=\"twitter:label1\" content=\"Precio\" \/>\n\t<meta name=\"twitter:data1\" content=\"&#36;763 con IVA\" \/>\n\t<meta name=\"twitter:label2\" content=\"Availability\" \/>\n\t<meta name=\"twitter:data2\" content=\"On backorder\" \/>\n<script type=\"application\/ld+json\" class=\"yoast-schema-graph\">{\"@context\":\"https:\/\/schema.org\",\"@graph\":[{\"@type\":\"WebPage\",\"@id\":\"https:\/\/compuviper.mx\/tienda\/producto\/manhattan-207942-switch-hdmi-8k60hz-2-entradas-1-salidas\/\",\"url\":\"https:\/\/compuviper.mx\/tienda\/producto\/manhattan-207942-switch-hdmi-8k60hz-2-entradas-1-salidas\/\",\"name\":\"[ Manhattan ] &#129351; 207942 Switch Hdmi,,, 8k@60hz, 2 Entradas : 1 Salidas\",\"isPartOf\":{\"@id\":\"https:\/\/compuviper.mx\/tienda\/#website\"},\"datePublished\":\"2026-04-18T07:11:30+00:00\",\"dateModified\":\"2026-04-18T07:11:30+00:00\",\"description\":\"Compra 207942 Switch Hdmi,,, 8k@60hz, 2 Entradas : 1 Salidas + Env\u00edo a domicilio + Pago seguro + Garant\u00eda\",\"breadcrumb\":{\"@id\":\"https:\/\/compuviper.mx\/tienda\/producto\/manhattan-207942-switch-hdmi-8k60hz-2-entradas-1-salidas\/#breadcrumb\"},\"inLanguage\":\"es-MX\",\"potentialAction\":[{\"@type\":\"ReadAction\",\"target\":[\"https:\/\/compuviper.mx\/tienda\/producto\/manhattan-207942-switch-hdmi-8k60hz-2-entradas-1-salidas\/\"]}]},{\"@type\":\"BreadcrumbList\",\"@id\":\"https:\/\/compuviper.mx\/tienda\/producto\/manhattan-207942-switch-hdmi-8k60hz-2-entradas-1-salidas\/#breadcrumb\",\"itemListElement\":[{\"@type\":\"ListItem\",\"position\":1,\"name\":\"Inicio\",\"item\":\"https:\/\/compuviper.mx\/tienda\/\"},{\"@type\":\"ListItem\",\"position\":2,\"name\":\"Productos\",\"item\":\"https:\/\/compuviper.mx\/tienda\/productos\/\"},{\"@type\":\"ListItem\",\"position\":3,\"name\":\"Redes\",\"item\":\"https:\/\/compuviper.mx\/tienda\/categoria-producto\/redes\/\"},{\"@type\":\"ListItem\",\"position\":4,\"name\":\"Switch\",\"item\":\"https:\/\/compuviper.mx\/tienda\/categoria-producto\/redes\/switch\/\"},{\"@type\":\"ListItem\",\"position\":5,\"name\":\"Manhattan 207942 Switch Hdmi,,, 8k@60hz, 2 Entradas : 1 Salidas\"}]},{\"@type\":\"WebSite\",\"@id\":\"https:\/\/compuviper.mx\/tienda\/#website\",\"url\":\"https:\/\/compuviper.mx\/tienda\/\",\"name\":\"Compuviper\",\"description\":\"Proveedor de Computadoras, Laptops, Servidores, Monitores, Puntos de Venta, Teclados,   Impresoras, T\u00f3ner, C\u00e1maras de Seguridad y m\u00e1s en tu tienda en l\u00ednea\",\"publisher\":{\"@id\":\"https:\/\/compuviper.mx\/tienda\/#organization\"},\"potentialAction\":[{\"@type\":\"SearchAction\",\"target\":{\"@type\":\"EntryPoint\",\"urlTemplate\":\"https:\/\/compuviper.mx\/tienda\/?s={search_term_string}\"},\"query-input\":\"required name=search_term_string\"}],\"inLanguage\":\"es-MX\"},{\"@type\":\"Organization\",\"@id\":\"https:\/\/compuviper.mx\/tienda\/#organization\",\"name\":\"Compuviper\",\"url\":\"https:\/\/compuviper.mx\/tienda\/\",\"logo\":{\"@type\":\"ImageObject\",\"inLanguage\":\"es-MX\",\"@id\":\"https:\/\/compuviper.mx\/tienda\/#\/schema\/logo\/image\/\",\"url\":\"https:\/\/compuviper.mx\/tienda\/wp-content\/uploads\/2021\/08\/Logo-Compuviper-10.png\",\"contentUrl\":\"https:\/\/compuviper.mx\/tienda\/wp-content\/uploads\/2021\/08\/Logo-Compuviper-10.png\",\"width\":1000,\"height\":500,\"caption\":\"Compuviper\"},\"image\":{\"@id\":\"https:\/\/compuviper.mx\/tienda\/#\/schema\/logo\/image\/\"},\"sameAs\":[\"https:\/\/www.facebook.com\/compuviper\",\"https:\/\/www.youtube.com\/channel\/UCf73dERp9Y3cfOq7q8BhLjA?view_as=subscriber\"]}]}<\/script>\n<meta property=\"product:brand\" content=\"MANHATTAN\" \/>\n<meta property=\"product:price:amount\" content=\"763\" \/>\n<meta property=\"product:price:currency\" content=\"MXN\" \/>\n<meta property=\"og:availability\" content=\"backorder\" \/>\n<meta property=\"product:availability\" content=\"available for order\" \/>\n<meta property=\"product:retailer_item_id\" content=\"207942\" \/>\n<meta property=\"product:condition\" content=\"new\" \/>\n<!-- \/ Yoast SEO plugin. -->","yoast_head_json":{"title":"[ Manhattan ] &#129351; 207942 Switch Hdmi,,, 8k@60hz, 2 Entradas : 1 Salidas","description":"Compra 207942 Switch Hdmi,,, 8k@60hz, 2 Entradas : 1 Salidas + Env\u00edo a domicilio + Pago seguro + Garant\u00eda","robots":{"index":"index","follow":"follow","max-snippet":"max-snippet:-1","max-image-preview":"max-image-preview:large","max-video-preview":"max-video-preview:-1"},"canonical":"https:\/\/compuviper.mx\/tienda\/producto\/manhattan-207942-switch-hdmi-8k60hz-2-entradas-1-salidas\/","og_locale":"es_MX","og_type":"article","og_title":"[ Manhattan ] &#129351; 207942 Switch Hdmi,,, 8k@60hz, 2 Entradas : 1 Salidas","og_description":"Compra 207942 Switch Hdmi,,, 8k@60hz, 2 Entradas : 1 Salidas + Env\u00edo a domicilio + Pago seguro + Garant\u00eda","og_url":"https:\/\/compuviper.mx\/tienda\/producto\/manhattan-207942-switch-hdmi-8k60hz-2-entradas-1-salidas\/","og_site_name":"Compuviper","article_publisher":"https:\/\/www.facebook.com\/compuviper","og_image":[{"width":200,"height":200,"url":"https:\/\/compuviper.mx\/tienda\/wp-content\/uploads\/2024\/05\/Switch-hdmimanhattan207942-8k@60hz-2-entradas-1-salidas.jpg","type":"image\/jpeg"}],"twitter_card":"summary_large_image","twitter_misc":{"Precio":"&#36;763 con IVA","Availability":"On backorder"},"schema":{"@context":"https:\/\/schema.org","@graph":[{"@type":"WebPage","@id":"https:\/\/compuviper.mx\/tienda\/producto\/manhattan-207942-switch-hdmi-8k60hz-2-entradas-1-salidas\/","url":"https:\/\/compuviper.mx\/tienda\/producto\/manhattan-207942-switch-hdmi-8k60hz-2-entradas-1-salidas\/","name":"[ Manhattan ] &#129351; 207942 Switch Hdmi,,, 8k@60hz, 2 Entradas : 1 Salidas","isPartOf":{"@id":"https:\/\/compuviper.mx\/tienda\/#website"},"datePublished":"2026-04-18T07:11:30+00:00","dateModified":"2026-04-18T07:11:30+00:00","description":"Compra 207942 Switch Hdmi,,, 8k@60hz, 2 Entradas : 1 Salidas + Env\u00edo a domicilio + Pago seguro + Garant\u00eda","breadcrumb":{"@id":"https:\/\/compuviper.mx\/tienda\/producto\/manhattan-207942-switch-hdmi-8k60hz-2-entradas-1-salidas\/#breadcrumb"},"inLanguage":"es-MX","potentialAction":[{"@type":"ReadAction","target":["https:\/\/compuviper.mx\/tienda\/producto\/manhattan-207942-switch-hdmi-8k60hz-2-entradas-1-salidas\/"]}]},{"@type":"BreadcrumbList","@id":"https:\/\/compuviper.mx\/tienda\/producto\/manhattan-207942-switch-hdmi-8k60hz-2-entradas-1-salidas\/#breadcrumb","itemListElement":[{"@type":"ListItem","position":1,"name":"Inicio","item":"https:\/\/compuviper.mx\/tienda\/"},{"@type":"ListItem","position":2,"name":"Productos","item":"https:\/\/compuviper.mx\/tienda\/productos\/"},{"@type":"ListItem","position":3,"name":"Redes","item":"https:\/\/compuviper.mx\/tienda\/categoria-producto\/redes\/"},{"@type":"ListItem","position":4,"name":"Switch","item":"https:\/\/compuviper.mx\/tienda\/categoria-producto\/redes\/switch\/"},{"@type":"ListItem","position":5,"name":"Manhattan 207942 Switch Hdmi,,, 8k@60hz, 2 Entradas : 1 Salidas"}]},{"@type":"WebSite","@id":"https:\/\/compuviper.mx\/tienda\/#website","url":"https:\/\/compuviper.mx\/tienda\/","name":"Compuviper","description":"Proveedor de Computadoras, Laptops, Servidores, Monitores, Puntos de Venta, Teclados,   Impresoras, T\u00f3ner, C\u00e1maras de Seguridad y m\u00e1s en tu tienda en l\u00ednea","publisher":{"@id":"https:\/\/compuviper.mx\/tienda\/#organization"},"potentialAction":[{"@type":"SearchAction","target":{"@type":"EntryPoint","urlTemplate":"https:\/\/compuviper.mx\/tienda\/?s={search_term_string}"},"query-input":"required name=search_term_string"}],"inLanguage":"es-MX"},{"@type":"Organization","@id":"https:\/\/compuviper.mx\/tienda\/#organization","name":"Compuviper","url":"https:\/\/compuviper.mx\/tienda\/","logo":{"@type":"ImageObject","inLanguage":"es-MX","@id":"https:\/\/compuviper.mx\/tienda\/#\/schema\/logo\/image\/","url":"https:\/\/compuviper.mx\/tienda\/wp-content\/uploads\/2021\/08\/Logo-Compuviper-10.png","contentUrl":"https:\/\/compuviper.mx\/tienda\/wp-content\/uploads\/2021\/08\/Logo-Compuviper-10.png","width":1000,"height":500,"caption":"Compuviper"},"image":{"@id":"https:\/\/compuviper.mx\/tienda\/#\/schema\/logo\/image\/"},"sameAs":["https:\/\/www.facebook.com\/compuviper","https:\/\/www.youtube.com\/channel\/UCf73dERp9Y3cfOq7q8BhLjA?view_as=subscriber"]}]},"product_brand":"MANHATTAN","product_price_amount":"763","product_price_currency":"MXN","og_availability":"backorder","product_availability":"available for order","product_retailer_item_id":"207942","product_condition":"new"},"_links":{"self":[{"href":"https:\/\/compuviper.mx\/tienda\/wp-json\/wp\/v2\/product\/221532"}],"collection":[{"href":"https:\/\/compuviper.mx\/tienda\/wp-json\/wp\/v2\/product"}],"about":[{"href":"https:\/\/compuviper.mx\/tienda\/wp-json\/wp\/v2\/types\/product"}],"replies":[{"embeddable":true,"href":"https:\/\/compuviper.mx\/tienda\/wp-json\/wp\/v2\/comments?post=221532"}],"wp:featuredmedia":[{"embeddable":true,"href":"https:\/\/compuviper.mx\/tienda\/wp-json\/wp\/v2\/media\/234199"}],"wp:attachment":[{"href":"https:\/\/compuviper.mx\/tienda\/wp-json\/wp\/v2\/media?parent=221532"}],"wp:term":[{"taxonomy":"product_cat","embeddable":true,"href":"https:\/\/compuviper.mx\/tienda\/wp-json\/wp\/v2\/product_cat?post=221532"},{"taxonomy":"product_tag","embeddable":true,"href":"https:\/\/compuviper.mx\/tienda\/wp-json\/wp\/v2\/product_tag?post=221532"}],"curies":[{"name":"wp","href":"https:\/\/api.w.org\/{rel}","templated":true}]}}