{"id":221531,"date":"2026-04-18T01:11:29","date_gmt":"2026-04-18T07:11:29","guid":{"rendered":"https:\/\/compuviper.mx\/tienda\/producto\/manhattan-207997-switch-hdmi-8k60hz-bidirec-2-in-1-out\/"},"modified":"2026-04-18T01:11:30","modified_gmt":"2026-04-18T07:11:30","slug":"manhattan-207997-switch-hdmi-8k60hz-bidirec-2-in-1-out","status":"publish","type":"product","link":"https:\/\/compuviper.mx\/tienda\/producto\/manhattan-207997-switch-hdmi-8k60hz-bidirec-2-in-1-out\/","title":{"rendered":"Manhattan 207997 Switch,,, Hdmi 8k@60hz, Bidirec 2 In : 1 Out"},"content":{"rendered":"<table class=\"descripcion\">\n<tr>\n<td>Est\u00e1ndares y certificaciones<\/td>\n<\/tr>\n<tr>\n<td>Hdmi 2.1<\/td>\n<\/tr>\n<tr>\n<td>Hdcp 2.3<\/td>\n<\/tr>\n<tr>\n<td>Ce<\/td>\n<\/tr>\n<tr>\n<td>Fcc<\/td>\n<\/tr>\n<tr>\n<td>Rohs<\/td>\n<\/tr>\n<tr>\n<td>Reach<\/td>\n<\/tr>\n<tr>\n<td>Ukca<\/td>\n<\/tr>\n<tr>\n<td>General<\/td>\n<\/tr>\n<tr>\n<td>Resoluciones que soporta: 480p\/576i\/720p\/1080i\/1080p@240hz\/1440p@144hz\/4k@120hz\/8k@60hz<\/td>\n<\/tr>\n<tr>\n<td>Ancho de banda de v\u00eddeo m\u00e1ximo: 48 gbps \/ 1200 mhz<\/td>\n<\/tr>\n<tr>\n<td>Consumo de energ\u00eda: 5.0 w (m\u00e1x.)<\/td>\n<\/tr>\n<tr>\n<td>Transmisi\u00f3n: bidireccional<\/td>\n<\/tr>\n<tr>\n<td>Conexiones\/botones<\/td>\n<\/tr>\n<tr>\n<td>Tres conectores hdmi hembra de 19 pines<\/td>\n<\/tr>\n<tr>\n<td>Un bot\u00f3n de selecci\u00f3n<\/td>\n<\/tr>\n<tr>\n<td>Leds<\/td>\n<\/tr>\n<tr>\n<td>Potencia<\/td>\n<\/tr>\n<tr>\n<td>Entrada\/salida 1<\/td>\n<\/tr>\n<tr>\n<td>Entrada\/salida 2<\/td>\n<\/tr>\n<tr>\n<td>Dise\u00f1o<\/td>\n<\/tr>\n<tr>\n<td>Dimensiones (l x w x h): 74 x 32 x 15 mm (2.91 x 1.26 x 0.59 in.)<\/td>\n<\/tr>\n<tr>\n<td>Peso neto: 28 g (0.99 oz.)<\/td>\n<\/tr>\n<tr>\n<td>Peso bruto: 48 g (1.69 oz.)<\/td>\n<\/tr>\n<tr>\n<td>Cubierta: pl\u00e1stico abs<\/td>\n<\/tr>\n<tr>\n<td>Ambiente de operaci\u00f3n<\/td>\n<\/tr>\n<tr>\n<td>Temperatura de funcionamiento: 0 &#8211; 70\u00b0c (32 &#8211; 158\u00b0f)<\/td>\n<\/tr>\n<tr>\n<td>Temperatura de almacenamiento: -20 &#8211; 80\u00b0c (-4 &#8211; 176\u00b0f)<\/td>\n<\/tr>\n<tr>\n<td>Humedad (sin condensaci\u00f3n) 5 &#8211; 90%<\/td>\n<\/tr>\n<tr>\n<td>Contenido del paquete<\/td>\n<\/tr>\n<tr>\n<td>Switch hdmi bidireccional con 2 puertos 8k<\/td>\n<\/tr>\n<tr>\n<td>Instrucciones<\/td>\n<\/tr>\n<\/table>\n","protected":false},"excerpt":{"rendered":"<p>Switch hdmi bidireccional de gama alta para resoluciones 8k60hz \/ 4k120hz &#8211; cambia entre dos fuentes de video a una salida o de una fuente de video a dos salidas. . El switch hdmi bidireccional de 2 puertos de manhattan te permite compartir una pantalla, monitor o proyector hdmi 2.1 con dos fuentes hdmi 2.1 sin distorsionar o degradar el v\u00eddeo. Cuenta con dos entradas de v\u00eddeo independientes, que soportan resoluciones 8k a 60 hz, lo que lo convierte en la soluci\u00f3n perfecta para conectar y ver cualquiera de las dos fuentes de v\u00eddeo en una pantalla con un puerto hdmi 2.1. Funci\u00f3n de divisor\/splitter hdmi limitado. Como este switch es bidireccional, tambi\u00e9n funciona al rev\u00e9s: si quieres conectar una fuente de video, como una laptop o pc, a un monitor o un proyector y visualizar la imagen seg\u00fan en donde tte encuentres, ya sea en tu escritorio o en tu sof\u00e1, esta es la soluci\u00f3n para ti. Eso s\u00ed, toma en cuenta que s\u00f3lo puedes utilizar una salida a la vez. Para obtener la imagen en dos pantallas simult\u00e1neamente, necesitar\u00e1s de un splitter hdmi (tambi\u00e9n disponible en manhattan). Colores y contraste brillantes con dynamic hdr y dolby vision?. Este switch hdmi ofrece im\u00e1genes en incre\u00edbles 8k (7680 x 4320) a 60 hz r\u00e1pidos o 4k uhd a 120 hz brillantes con dynamic hdr y dolby vision\u0099 para un contraste y colores perfectos. Con el submuestreo de croma completo 4:4:4, no comprime la se\u00f1al para trabajar con tasas de bits inferiores. Puede transmitir anchos de banda de hasta 48 gbps para tareas inform\u00e1ticas de alta resoluci\u00f3n. F\u00e1cil instalaci\u00f3n y amplia compatibilidad. La plena compatibilidad con hdmi 2.1 y hdcp 2.3 garantiza que este switch de 2 v\u00edas pueda ofrecer un rendimiento fiable. Basta con conectar los cables hdmi 2.1 (no incluidos, disponibles en manhattan) para completar esta accesible soluci\u00f3n hdmi de ultra alta definici\u00f3n y 8k, sin necesidad de configurar el software o el hardware ni de realizar complicados ajustes. La compatibilidad total con pantallas 4k@60hz, 4k@30hz y 1080p asegura que funcionar\u00e1 con cualquier fuente o dispositivo de destino hdmi. Este switch 8k tambi\u00e9n es ideal para aplicaciones de se\u00f1alizaci\u00f3n digital, en las que se desea mostrar varios dispositivos fuente en diferentes momentos o para compartir un proyector de gama alta entre varias fuentes de video 4k u 8k. Cambia entre dos fuentes hdmi a una sola pantalla o entre dos pantallas a una sola fuente (no hay salida simult\u00e1nea en dos pantallas. Admite resoluciones 8k@60hz, 4k@120hz, 1440p@144hz (wqhd) y 1080p@240hz. Hdr din\u00e1mico para un contraste superior y colores brillantes. Soporta dolby vision\u0099 y dolby atmos\u00ae. Contactos en chapa de oro para conexiones libres de corrosi\u00f3n. Hasta 48 gbps de ancho de banda total con 12 gbps por canal a 1200 mhz. Totalmente compatible con pantallas 4k@30hz y 1080p. Compatible con deep color (color profundo) de 36 bits (12 bits por canal), submuestreo de croma 4:4:4. Bot\u00f3n superior para cambiar entre fuentes o pantallas. Indicadores led de encendido y activaci\u00f3n de entrada\/salida. Las caracter\u00edsticas mejoradas incluyen frecuencia de actualizaci\u00f3n variable (vrr), cambio r\u00e1pido de medios (qms), transporte r\u00e1pido de cuadros (qft) y modo autom\u00e1tico de baja latencia (allm. Admite audio comprimido dts-hd master audio, audio sin comprimir lpcm de 8 canales (sonido envolvente 7.1) y dolby truehd, as\u00ed como audio de 32 canales. Compatible con todos los dispositivos hdmi: televisores, proyectores, monitores, port\u00e1tiles, pc, receptores av, cajas de transmisi\u00f3n, consolas de juegos, playstation\u00ae (ps4\/ps5), xbox\u00ae (one\/series s\/series x), reproductores de blu-ray y mucho m\u00e1s. Instalaci\u00f3n plug and play, sin necesidad de configuraci\u00f3n. Totalmente compatible con hdcp 2.3, compatible con versiones anteriores. Base de goma para un uso antideslizante en el escritorio. Alimentado por bus &#8211; no se requiere alimentaci\u00f3n externa<\/p>\n","protected":false},"featured_media":234198,"comment_status":"open","ping_status":"open","template":"","meta":[],"product_cat":[1563,1564],"product_tag":[1487],"acf":[],"yoast_head":"<!-- This site is optimized with the Yoast SEO plugin v21.7 - https:\/\/yoast.com\/wordpress\/plugins\/seo\/ -->\n<title>[ Manhattan ] &#129351; 207997 Switch,,, Hdmi 8k@60hz, Bidirec 2 In : 1 Out<\/title>\n<meta name=\"description\" content=\"Compra 207997 Switch,,, Hdmi 8k@60hz, Bidirec 2 In : 1 Out + Env\u00edo a domicilio + Pago seguro + Garant\u00eda\" \/>\n<meta name=\"robots\" content=\"index, follow, max-snippet:-1, max-image-preview:large, max-video-preview:-1\" \/>\n<link rel=\"canonical\" href=\"https:\/\/compuviper.mx\/tienda\/producto\/manhattan-207997-switch-hdmi-8k60hz-bidirec-2-in-1-out\/\" \/>\n<meta property=\"og:locale\" content=\"es_MX\" \/>\n<meta property=\"og:type\" content=\"article\" \/>\n<meta property=\"og:title\" content=\"[ Manhattan ] &#129351; 207997 Switch,,, Hdmi 8k@60hz, Bidirec 2 In : 1 Out\" \/>\n<meta property=\"og:description\" content=\"Compra 207997 Switch,,, Hdmi 8k@60hz, Bidirec 2 In : 1 Out + Env\u00edo a domicilio + Pago seguro + Garant\u00eda\" \/>\n<meta property=\"og:url\" content=\"https:\/\/compuviper.mx\/tienda\/producto\/manhattan-207997-switch-hdmi-8k60hz-bidirec-2-in-1-out\/\" \/>\n<meta property=\"og:site_name\" content=\"Compuviper\" \/>\n<meta property=\"article:publisher\" content=\"https:\/\/www.facebook.com\/compuviper\" \/>\n<meta property=\"article:modified_time\" content=\"2026-04-18T07:11:30+00:00\" \/>\n<meta property=\"og:image\" content=\"https:\/\/compuviper.mx\/tienda\/wp-content\/uploads\/2024\/05\/Switchmanhattan207997-hdmi-8k@60hz-bidirec-2-in-1-out.jpg\" \/>\n\t<meta property=\"og:image:width\" content=\"200\" \/>\n\t<meta property=\"og:image:height\" content=\"200\" \/>\n\t<meta property=\"og:image:type\" content=\"image\/jpeg\" \/>\n<meta name=\"twitter:card\" content=\"summary_large_image\" \/>\n<meta name=\"twitter:label1\" content=\"Precio\" \/>\n\t<meta name=\"twitter:data1\" content=\"&#36;469 con IVA\" \/>\n\t<meta name=\"twitter:label2\" content=\"Availability\" \/>\n\t<meta name=\"twitter:data2\" content=\"On backorder\" \/>\n<script type=\"application\/ld+json\" class=\"yoast-schema-graph\">{\"@context\":\"https:\/\/schema.org\",\"@graph\":[{\"@type\":\"WebPage\",\"@id\":\"https:\/\/compuviper.mx\/tienda\/producto\/manhattan-207997-switch-hdmi-8k60hz-bidirec-2-in-1-out\/\",\"url\":\"https:\/\/compuviper.mx\/tienda\/producto\/manhattan-207997-switch-hdmi-8k60hz-bidirec-2-in-1-out\/\",\"name\":\"[ Manhattan ] &#129351; 207997 Switch,,, Hdmi 8k@60hz, Bidirec 2 In : 1 Out\",\"isPartOf\":{\"@id\":\"https:\/\/compuviper.mx\/tienda\/#website\"},\"datePublished\":\"2026-04-18T07:11:29+00:00\",\"dateModified\":\"2026-04-18T07:11:30+00:00\",\"description\":\"Compra 207997 Switch,,, Hdmi 8k@60hz, Bidirec 2 In : 1 Out + Env\u00edo a domicilio + Pago seguro + Garant\u00eda\",\"breadcrumb\":{\"@id\":\"https:\/\/compuviper.mx\/tienda\/producto\/manhattan-207997-switch-hdmi-8k60hz-bidirec-2-in-1-out\/#breadcrumb\"},\"inLanguage\":\"es-MX\",\"potentialAction\":[{\"@type\":\"ReadAction\",\"target\":[\"https:\/\/compuviper.mx\/tienda\/producto\/manhattan-207997-switch-hdmi-8k60hz-bidirec-2-in-1-out\/\"]}]},{\"@type\":\"BreadcrumbList\",\"@id\":\"https:\/\/compuviper.mx\/tienda\/producto\/manhattan-207997-switch-hdmi-8k60hz-bidirec-2-in-1-out\/#breadcrumb\",\"itemListElement\":[{\"@type\":\"ListItem\",\"position\":1,\"name\":\"Inicio\",\"item\":\"https:\/\/compuviper.mx\/tienda\/\"},{\"@type\":\"ListItem\",\"position\":2,\"name\":\"Productos\",\"item\":\"https:\/\/compuviper.mx\/tienda\/productos\/\"},{\"@type\":\"ListItem\",\"position\":3,\"name\":\"Redes\",\"item\":\"https:\/\/compuviper.mx\/tienda\/categoria-producto\/redes\/\"},{\"@type\":\"ListItem\",\"position\":4,\"name\":\"Switch\",\"item\":\"https:\/\/compuviper.mx\/tienda\/categoria-producto\/redes\/switch\/\"},{\"@type\":\"ListItem\",\"position\":5,\"name\":\"Manhattan 207997 Switch,,, Hdmi 8k@60hz, Bidirec 2 In : 1 Out\"}]},{\"@type\":\"WebSite\",\"@id\":\"https:\/\/compuviper.mx\/tienda\/#website\",\"url\":\"https:\/\/compuviper.mx\/tienda\/\",\"name\":\"Compuviper\",\"description\":\"Proveedor de Computadoras, Laptops, Servidores, Monitores, Puntos de Venta, Teclados,   Impresoras, T\u00f3ner, C\u00e1maras de Seguridad y m\u00e1s en tu tienda en l\u00ednea\",\"publisher\":{\"@id\":\"https:\/\/compuviper.mx\/tienda\/#organization\"},\"potentialAction\":[{\"@type\":\"SearchAction\",\"target\":{\"@type\":\"EntryPoint\",\"urlTemplate\":\"https:\/\/compuviper.mx\/tienda\/?s={search_term_string}\"},\"query-input\":\"required name=search_term_string\"}],\"inLanguage\":\"es-MX\"},{\"@type\":\"Organization\",\"@id\":\"https:\/\/compuviper.mx\/tienda\/#organization\",\"name\":\"Compuviper\",\"url\":\"https:\/\/compuviper.mx\/tienda\/\",\"logo\":{\"@type\":\"ImageObject\",\"inLanguage\":\"es-MX\",\"@id\":\"https:\/\/compuviper.mx\/tienda\/#\/schema\/logo\/image\/\",\"url\":\"https:\/\/compuviper.mx\/tienda\/wp-content\/uploads\/2021\/08\/Logo-Compuviper-10.png\",\"contentUrl\":\"https:\/\/compuviper.mx\/tienda\/wp-content\/uploads\/2021\/08\/Logo-Compuviper-10.png\",\"width\":1000,\"height\":500,\"caption\":\"Compuviper\"},\"image\":{\"@id\":\"https:\/\/compuviper.mx\/tienda\/#\/schema\/logo\/image\/\"},\"sameAs\":[\"https:\/\/www.facebook.com\/compuviper\",\"https:\/\/www.youtube.com\/channel\/UCf73dERp9Y3cfOq7q8BhLjA?view_as=subscriber\"]}]}<\/script>\n<meta property=\"product:brand\" content=\"MANHATTAN\" \/>\n<meta property=\"product:price:amount\" content=\"469\" \/>\n<meta property=\"product:price:currency\" content=\"MXN\" \/>\n<meta property=\"og:availability\" content=\"backorder\" \/>\n<meta property=\"product:availability\" content=\"available for order\" \/>\n<meta property=\"product:retailer_item_id\" content=\"207997\" \/>\n<meta property=\"product:condition\" content=\"new\" \/>\n<!-- \/ Yoast SEO plugin. -->","yoast_head_json":{"title":"[ Manhattan ] &#129351; 207997 Switch,,, Hdmi 8k@60hz, Bidirec 2 In : 1 Out","description":"Compra 207997 Switch,,, Hdmi 8k@60hz, Bidirec 2 In : 1 Out + Env\u00edo a domicilio + Pago seguro + Garant\u00eda","robots":{"index":"index","follow":"follow","max-snippet":"max-snippet:-1","max-image-preview":"max-image-preview:large","max-video-preview":"max-video-preview:-1"},"canonical":"https:\/\/compuviper.mx\/tienda\/producto\/manhattan-207997-switch-hdmi-8k60hz-bidirec-2-in-1-out\/","og_locale":"es_MX","og_type":"article","og_title":"[ Manhattan ] &#129351; 207997 Switch,,, Hdmi 8k@60hz, Bidirec 2 In : 1 Out","og_description":"Compra 207997 Switch,,, Hdmi 8k@60hz, Bidirec 2 In : 1 Out + Env\u00edo a domicilio + Pago seguro + Garant\u00eda","og_url":"https:\/\/compuviper.mx\/tienda\/producto\/manhattan-207997-switch-hdmi-8k60hz-bidirec-2-in-1-out\/","og_site_name":"Compuviper","article_publisher":"https:\/\/www.facebook.com\/compuviper","article_modified_time":"2026-04-18T07:11:30+00:00","og_image":[{"width":200,"height":200,"url":"https:\/\/compuviper.mx\/tienda\/wp-content\/uploads\/2024\/05\/Switchmanhattan207997-hdmi-8k@60hz-bidirec-2-in-1-out.jpg","type":"image\/jpeg"}],"twitter_card":"summary_large_image","twitter_misc":{"Precio":"&#36;469 con IVA","Availability":"On backorder"},"schema":{"@context":"https:\/\/schema.org","@graph":[{"@type":"WebPage","@id":"https:\/\/compuviper.mx\/tienda\/producto\/manhattan-207997-switch-hdmi-8k60hz-bidirec-2-in-1-out\/","url":"https:\/\/compuviper.mx\/tienda\/producto\/manhattan-207997-switch-hdmi-8k60hz-bidirec-2-in-1-out\/","name":"[ Manhattan ] &#129351; 207997 Switch,,, Hdmi 8k@60hz, Bidirec 2 In : 1 Out","isPartOf":{"@id":"https:\/\/compuviper.mx\/tienda\/#website"},"datePublished":"2026-04-18T07:11:29+00:00","dateModified":"2026-04-18T07:11:30+00:00","description":"Compra 207997 Switch,,, Hdmi 8k@60hz, Bidirec 2 In : 1 Out + Env\u00edo a domicilio + Pago seguro + Garant\u00eda","breadcrumb":{"@id":"https:\/\/compuviper.mx\/tienda\/producto\/manhattan-207997-switch-hdmi-8k60hz-bidirec-2-in-1-out\/#breadcrumb"},"inLanguage":"es-MX","potentialAction":[{"@type":"ReadAction","target":["https:\/\/compuviper.mx\/tienda\/producto\/manhattan-207997-switch-hdmi-8k60hz-bidirec-2-in-1-out\/"]}]},{"@type":"BreadcrumbList","@id":"https:\/\/compuviper.mx\/tienda\/producto\/manhattan-207997-switch-hdmi-8k60hz-bidirec-2-in-1-out\/#breadcrumb","itemListElement":[{"@type":"ListItem","position":1,"name":"Inicio","item":"https:\/\/compuviper.mx\/tienda\/"},{"@type":"ListItem","position":2,"name":"Productos","item":"https:\/\/compuviper.mx\/tienda\/productos\/"},{"@type":"ListItem","position":3,"name":"Redes","item":"https:\/\/compuviper.mx\/tienda\/categoria-producto\/redes\/"},{"@type":"ListItem","position":4,"name":"Switch","item":"https:\/\/compuviper.mx\/tienda\/categoria-producto\/redes\/switch\/"},{"@type":"ListItem","position":5,"name":"Manhattan 207997 Switch,,, Hdmi 8k@60hz, Bidirec 2 In : 1 Out"}]},{"@type":"WebSite","@id":"https:\/\/compuviper.mx\/tienda\/#website","url":"https:\/\/compuviper.mx\/tienda\/","name":"Compuviper","description":"Proveedor de Computadoras, Laptops, Servidores, Monitores, Puntos de Venta, Teclados,   Impresoras, T\u00f3ner, C\u00e1maras de Seguridad y m\u00e1s en tu tienda en l\u00ednea","publisher":{"@id":"https:\/\/compuviper.mx\/tienda\/#organization"},"potentialAction":[{"@type":"SearchAction","target":{"@type":"EntryPoint","urlTemplate":"https:\/\/compuviper.mx\/tienda\/?s={search_term_string}"},"query-input":"required name=search_term_string"}],"inLanguage":"es-MX"},{"@type":"Organization","@id":"https:\/\/compuviper.mx\/tienda\/#organization","name":"Compuviper","url":"https:\/\/compuviper.mx\/tienda\/","logo":{"@type":"ImageObject","inLanguage":"es-MX","@id":"https:\/\/compuviper.mx\/tienda\/#\/schema\/logo\/image\/","url":"https:\/\/compuviper.mx\/tienda\/wp-content\/uploads\/2021\/08\/Logo-Compuviper-10.png","contentUrl":"https:\/\/compuviper.mx\/tienda\/wp-content\/uploads\/2021\/08\/Logo-Compuviper-10.png","width":1000,"height":500,"caption":"Compuviper"},"image":{"@id":"https:\/\/compuviper.mx\/tienda\/#\/schema\/logo\/image\/"},"sameAs":["https:\/\/www.facebook.com\/compuviper","https:\/\/www.youtube.com\/channel\/UCf73dERp9Y3cfOq7q8BhLjA?view_as=subscriber"]}]},"product_brand":"MANHATTAN","product_price_amount":"469","product_price_currency":"MXN","og_availability":"backorder","product_availability":"available for order","product_retailer_item_id":"207997","product_condition":"new"},"_links":{"self":[{"href":"https:\/\/compuviper.mx\/tienda\/wp-json\/wp\/v2\/product\/221531"}],"collection":[{"href":"https:\/\/compuviper.mx\/tienda\/wp-json\/wp\/v2\/product"}],"about":[{"href":"https:\/\/compuviper.mx\/tienda\/wp-json\/wp\/v2\/types\/product"}],"replies":[{"embeddable":true,"href":"https:\/\/compuviper.mx\/tienda\/wp-json\/wp\/v2\/comments?post=221531"}],"wp:featuredmedia":[{"embeddable":true,"href":"https:\/\/compuviper.mx\/tienda\/wp-json\/wp\/v2\/media\/234198"}],"wp:attachment":[{"href":"https:\/\/compuviper.mx\/tienda\/wp-json\/wp\/v2\/media?parent=221531"}],"wp:term":[{"taxonomy":"product_cat","embeddable":true,"href":"https:\/\/compuviper.mx\/tienda\/wp-json\/wp\/v2\/product_cat?post=221531"},{"taxonomy":"product_tag","embeddable":true,"href":"https:\/\/compuviper.mx\/tienda\/wp-json\/wp\/v2\/product_tag?post=221531"}],"curies":[{"name":"wp","href":"https:\/\/api.w.org\/{rel}","templated":true}]}}