{"id":221495,"date":"2026-04-18T01:11:18","date_gmt":"2026-04-18T07:11:18","guid":{"rendered":"https:\/\/compuviper.mx\/tienda\/producto\/qnap-qxg-100g2sf-e810-tarjeta-de-red-dual-port-100-gbe-network-expansion-card-intel-ethernet-controller-e810-cam2-2-puertos-qsfp28-pcie-4-0x16\/"},"modified":"2026-04-18T01:11:18","modified_gmt":"2026-04-18T07:11:18","slug":"qnap-qxg-100g2sf-e810-tarjeta-de-red-dual-port-100-gbe-network-expansion-card-intel-ethernet-controller-e810-cam2-2-puertos-qsfp28-pcie-4-0x16","status":"publish","type":"product","link":"https:\/\/compuviper.mx\/tienda\/producto\/qnap-qxg-100g2sf-e810-tarjeta-de-red-dual-port-100-gbe-network-expansion-card-intel-ethernet-controller-e810-cam2-2-puertos-qsfp28-pcie-4-0x16\/","title":{"rendered":"Qnap Qxg-100g2sf-e810 Tarjeta De Red   \/ Dual-port 100 Gbe Network Expansion Card \/ Intel Ethernet Controller E810-cam2 \/ 2 Puertos Qsfp28 \/ Pcie 4.0&#215;16"},"content":{"rendered":"<table class=\"descripcion\">\n<tr>\n<td>Qxg-100g2sf-e810<\/td>\n<\/tr>\n<tr>\n<td>Dual-port 100 gbe network expansion card<\/td>\n<\/tr>\n<tr>\n<td>Controller: intel ethernet controller e810-cam2<\/td>\n<\/tr>\n<tr>\n<td>Number of ports: 2 x qsfp28 ports<\/td>\n<\/tr>\n<tr>\n<td>Connector: qsfp28<\/td>\n<\/tr>\n<tr>\n<td>Pcie and lanes: pcie 4.0 x16 (compatible to pcie 3.0 x16)<\/td>\n<\/tr>\n<tr>\n<td>Transmission rates: 100gbps<\/td>\n<\/tr>\n<tr>\n<td>Ieee standards:<\/td>\n<\/tr>\n<tr>\n<td>     ieee std 802.3-2018<\/td>\n<\/tr>\n<tr>\n<td>     ieee std 802.3cd-2018<\/td>\n<\/tr>\n<tr>\n<td>     ieee p802.3bd-2011<\/td>\n<\/tr>\n<tr>\n<td>     ieee std 802.1d-2004<\/td>\n<\/tr>\n<tr>\n<td>     ieee std 802.1q-2011<\/td>\n<\/tr>\n<tr>\n<td>     ieee std 802.1ax-2008<\/td>\n<\/tr>\n<tr>\n<td>     ieee p802.1qbb-2011<\/td>\n<\/tr>\n<tr>\n<td>     ieee p802.1qbg-2012<\/td>\n<\/tr>\n<tr>\n<td>     ieee p802.1br\/d3.3<\/td>\n<\/tr>\n<tr>\n<td>     ieee std 802.1ab-2009<\/td>\n<\/tr>\n<tr>\n<td>Bracket: low-profile bracket pre-installed; full-height and specialized (for selected qnap nas) brackets are bundled<\/td>\n<\/tr>\n<tr>\n<td>Sr-iov support: si<\/td>\n<\/tr>\n<tr>\n<td>Iser support: si<\/td>\n<\/tr>\n<tr>\n<td>Nvgre, vxlan, geneve support: si<\/td>\n<\/tr>\n<tr>\n<td>1k ingress and egress qos levels: on-chip qos<\/td>\n<\/tr>\n<tr>\n<td>Supported nas operating systems: qts \/ quts hero (recommend an upgrade to the latest version) and #65307;windows (driver required) and #65307;linux (driver required)<\/td>\n<\/tr>\n<tr>\n<td>Supported qnap nas: models with pcie slot(s) (1 free slot required)<\/td>\n<\/tr>\n<tr>\n<td>Support ubuntu commercial linux distribution: ubuntu 18.04\/20.04<\/td>\n<\/tr>\n<tr>\n<td>Port and cable: qsfp28 dac cable or optic transceiver<\/td>\n<\/tr>\n<tr>\n<td>Package contents: 1 x network card; 1 x qig; 2 x brackets<\/td>\n<\/tr>\n<\/table>\n","protected":false},"excerpt":{"rendered":"<p>La tarjeta de expansi\u00f3n de red de 100 gbe qxg-100g2sf-e810 de dos puertos con el controlador intel\u00ae ethernet e810 admite pcie 4.0 y proporciona un ancho de banda de hasta 100gbps para resolver los cuellos de botella de rendimiento. Gracias a la compatibilidad con iwarp\/rdma y sr-iov (disponible pronto), el qxg-100g2sf-e810 mejora considerablemente la eficiencia de la red y resulta ideal para centros de datos y aplicaciones de virtualizaci\u00f3n con un uso intensivo de la e\/s y sensibles a la latencia. El qxg-100g2sf-e810 es un complemento perfecto para el almacenamiento all-flash., ya que permite aprovechar todo el potencial de rendimiento para los cada vez m\u00e1s exigentes desaf\u00edos de ti.<\/p>\n","protected":false},"featured_media":221496,"comment_status":"open","ping_status":"open","template":"","meta":[],"product_cat":[1563,1572],"product_tag":[2110],"acf":[],"yoast_head":"<!-- This site is optimized with the Yoast SEO plugin v21.7 - https:\/\/yoast.com\/wordpress\/plugins\/seo\/ -->\n<title>[ Qnap ] &#129351; Qxg-100g2sf-e810 Tarjeta De Red \/ Dual-port 100 Gbe Network Expansion Card \/ Intel Ethernet Controller E810-cam2 \/ 2 Puertos Qsfp28 \/ Pcie 4.0x16<\/title>\n<meta name=\"description\" content=\"Compra Qxg-100g2sf-e810 Tarjeta De Red \/ Dual-port 100 Gbe Network Expansion Card \/ Intel Ethernet Controller E810-cam2 \/ 2 Puertos Qsfp28 \/ Pcie 4.0x16 + Env\u00edo a domicilio + Pago seguro + Garant\u00eda\" \/>\n<meta name=\"robots\" content=\"index, follow, max-snippet:-1, max-image-preview:large, max-video-preview:-1\" \/>\n<link rel=\"canonical\" href=\"https:\/\/compuviper.mx\/tienda\/producto\/qnap-qxg-100g2sf-e810-tarjeta-de-red-dual-port-100-gbe-network-expansion-card-intel-ethernet-controller-e810-cam2-2-puertos-qsfp28-pcie-4-0x16\/\" \/>\n<meta property=\"og:locale\" content=\"es_MX\" \/>\n<meta property=\"og:type\" content=\"article\" \/>\n<meta property=\"og:title\" content=\"[ Qnap ] &#129351; Qxg-100g2sf-e810 Tarjeta De Red \/ Dual-port 100 Gbe Network Expansion Card \/ Intel Ethernet Controller E810-cam2 \/ 2 Puertos Qsfp28 \/ Pcie 4.0x16\" \/>\n<meta property=\"og:description\" content=\"Compra Qxg-100g2sf-e810 Tarjeta De Red \/ Dual-port 100 Gbe Network Expansion Card \/ Intel Ethernet Controller E810-cam2 \/ 2 Puertos Qsfp28 \/ Pcie 4.0x16 + Env\u00edo a domicilio + Pago seguro + Garant\u00eda\" \/>\n<meta property=\"og:url\" content=\"https:\/\/compuviper.mx\/tienda\/producto\/qnap-qxg-100g2sf-e810-tarjeta-de-red-dual-port-100-gbe-network-expansion-card-intel-ethernet-controller-e810-cam2-2-puertos-qsfp28-pcie-4-0x16\/\" \/>\n<meta property=\"og:site_name\" content=\"Compuviper\" \/>\n<meta property=\"article:publisher\" content=\"https:\/\/www.facebook.com\/compuviper\" \/>\n<meta property=\"og:image\" content=\"https:\/\/compuviper.mx\/tienda\/wp-content\/uploads\/2023\/12\/Tarjeta-de-red-qnap-qxg-100g2sf-e810-dual-port-100-gbe-network-expansion-card-intel-ethernet-controller-e810-cam2-2-puertos-qsfp28-pcie-4.0x16.jpg\" \/>\n\t<meta property=\"og:image:width\" content=\"200\" \/>\n\t<meta property=\"og:image:height\" content=\"200\" \/>\n\t<meta property=\"og:image:type\" content=\"image\/jpeg\" \/>\n<meta name=\"twitter:card\" content=\"summary_large_image\" \/>\n<meta name=\"twitter:label1\" content=\"Precio\" \/>\n\t<meta name=\"twitter:data1\" content=\"&#36;19,168 con IVA\" \/>\n\t<meta name=\"twitter:label2\" content=\"Availability\" \/>\n\t<meta name=\"twitter:data2\" content=\"On backorder\" \/>\n<script type=\"application\/ld+json\" class=\"yoast-schema-graph\">{\"@context\":\"https:\/\/schema.org\",\"@graph\":[{\"@type\":\"WebPage\",\"@id\":\"https:\/\/compuviper.mx\/tienda\/producto\/qnap-qxg-100g2sf-e810-tarjeta-de-red-dual-port-100-gbe-network-expansion-card-intel-ethernet-controller-e810-cam2-2-puertos-qsfp28-pcie-4-0x16\/\",\"url\":\"https:\/\/compuviper.mx\/tienda\/producto\/qnap-qxg-100g2sf-e810-tarjeta-de-red-dual-port-100-gbe-network-expansion-card-intel-ethernet-controller-e810-cam2-2-puertos-qsfp28-pcie-4-0x16\/\",\"name\":\"[ Qnap ] &#129351; Qxg-100g2sf-e810 Tarjeta De Red \/ Dual-port 100 Gbe Network Expansion Card \/ Intel Ethernet Controller E810-cam2 \/ 2 Puertos Qsfp28 \/ Pcie 4.0x16\",\"isPartOf\":{\"@id\":\"https:\/\/compuviper.mx\/tienda\/#website\"},\"datePublished\":\"2026-04-18T07:11:18+00:00\",\"dateModified\":\"2026-04-18T07:11:18+00:00\",\"description\":\"Compra Qxg-100g2sf-e810 Tarjeta De Red \/ Dual-port 100 Gbe Network Expansion Card \/ Intel Ethernet Controller E810-cam2 \/ 2 Puertos Qsfp28 \/ Pcie 4.0x16 + Env\u00edo a domicilio + Pago seguro + Garant\u00eda\",\"breadcrumb\":{\"@id\":\"https:\/\/compuviper.mx\/tienda\/producto\/qnap-qxg-100g2sf-e810-tarjeta-de-red-dual-port-100-gbe-network-expansion-card-intel-ethernet-controller-e810-cam2-2-puertos-qsfp28-pcie-4-0x16\/#breadcrumb\"},\"inLanguage\":\"es-MX\",\"potentialAction\":[{\"@type\":\"ReadAction\",\"target\":[\"https:\/\/compuviper.mx\/tienda\/producto\/qnap-qxg-100g2sf-e810-tarjeta-de-red-dual-port-100-gbe-network-expansion-card-intel-ethernet-controller-e810-cam2-2-puertos-qsfp28-pcie-4-0x16\/\"]}]},{\"@type\":\"BreadcrumbList\",\"@id\":\"https:\/\/compuviper.mx\/tienda\/producto\/qnap-qxg-100g2sf-e810-tarjeta-de-red-dual-port-100-gbe-network-expansion-card-intel-ethernet-controller-e810-cam2-2-puertos-qsfp28-pcie-4-0x16\/#breadcrumb\",\"itemListElement\":[{\"@type\":\"ListItem\",\"position\":1,\"name\":\"Inicio\",\"item\":\"https:\/\/compuviper.mx\/tienda\/\"},{\"@type\":\"ListItem\",\"position\":2,\"name\":\"Productos\",\"item\":\"https:\/\/compuviper.mx\/tienda\/productos\/\"},{\"@type\":\"ListItem\",\"position\":3,\"name\":\"Redes\",\"item\":\"https:\/\/compuviper.mx\/tienda\/categoria-producto\/redes\/\"},{\"@type\":\"ListItem\",\"position\":4,\"name\":\"Tarjetas De Red\",\"item\":\"https:\/\/compuviper.mx\/tienda\/categoria-producto\/redes\/tarjetas-de-red\/\"},{\"@type\":\"ListItem\",\"position\":5,\"name\":\"Qnap Qxg-100g2sf-e810 Tarjeta De Red \/ Dual-port 100 Gbe Network Expansion Card \/ Intel Ethernet Controller E810-cam2 \/ 2 Puertos Qsfp28 \/ Pcie 4.0&#215;16\"}]},{\"@type\":\"WebSite\",\"@id\":\"https:\/\/compuviper.mx\/tienda\/#website\",\"url\":\"https:\/\/compuviper.mx\/tienda\/\",\"name\":\"Compuviper\",\"description\":\"Proveedor de Computadoras, Laptops, Servidores, Monitores, Puntos de Venta, Teclados,   Impresoras, T\u00f3ner, C\u00e1maras de Seguridad y m\u00e1s en tu tienda en l\u00ednea\",\"publisher\":{\"@id\":\"https:\/\/compuviper.mx\/tienda\/#organization\"},\"potentialAction\":[{\"@type\":\"SearchAction\",\"target\":{\"@type\":\"EntryPoint\",\"urlTemplate\":\"https:\/\/compuviper.mx\/tienda\/?s={search_term_string}\"},\"query-input\":\"required name=search_term_string\"}],\"inLanguage\":\"es-MX\"},{\"@type\":\"Organization\",\"@id\":\"https:\/\/compuviper.mx\/tienda\/#organization\",\"name\":\"Compuviper\",\"url\":\"https:\/\/compuviper.mx\/tienda\/\",\"logo\":{\"@type\":\"ImageObject\",\"inLanguage\":\"es-MX\",\"@id\":\"https:\/\/compuviper.mx\/tienda\/#\/schema\/logo\/image\/\",\"url\":\"https:\/\/compuviper.mx\/tienda\/wp-content\/uploads\/2021\/08\/Logo-Compuviper-10.png\",\"contentUrl\":\"https:\/\/compuviper.mx\/tienda\/wp-content\/uploads\/2021\/08\/Logo-Compuviper-10.png\",\"width\":1000,\"height\":500,\"caption\":\"Compuviper\"},\"image\":{\"@id\":\"https:\/\/compuviper.mx\/tienda\/#\/schema\/logo\/image\/\"},\"sameAs\":[\"https:\/\/www.facebook.com\/compuviper\",\"https:\/\/www.youtube.com\/channel\/UCf73dERp9Y3cfOq7q8BhLjA?view_as=subscriber\"]}]}<\/script>\n<meta property=\"product:brand\" content=\"Qnap\" \/>\n<meta property=\"product:price:amount\" content=\"19168\" \/>\n<meta property=\"product:price:currency\" content=\"MXN\" \/>\n<meta property=\"og:availability\" content=\"backorder\" \/>\n<meta property=\"product:availability\" content=\"available for order\" \/>\n<meta property=\"product:retailer_item_id\" content=\"QXG-100G2SF-E810\" \/>\n<meta property=\"product:condition\" content=\"new\" \/>\n<!-- \/ Yoast SEO plugin. -->","yoast_head_json":{"title":"[ Qnap ] &#129351; Qxg-100g2sf-e810 Tarjeta De Red \/ Dual-port 100 Gbe Network Expansion Card \/ Intel Ethernet Controller E810-cam2 \/ 2 Puertos Qsfp28 \/ Pcie 4.0x16","description":"Compra Qxg-100g2sf-e810 Tarjeta De Red \/ Dual-port 100 Gbe Network Expansion Card \/ Intel Ethernet Controller E810-cam2 \/ 2 Puertos Qsfp28 \/ Pcie 4.0x16 + Env\u00edo a domicilio + Pago seguro + Garant\u00eda","robots":{"index":"index","follow":"follow","max-snippet":"max-snippet:-1","max-image-preview":"max-image-preview:large","max-video-preview":"max-video-preview:-1"},"canonical":"https:\/\/compuviper.mx\/tienda\/producto\/qnap-qxg-100g2sf-e810-tarjeta-de-red-dual-port-100-gbe-network-expansion-card-intel-ethernet-controller-e810-cam2-2-puertos-qsfp28-pcie-4-0x16\/","og_locale":"es_MX","og_type":"article","og_title":"[ Qnap ] &#129351; Qxg-100g2sf-e810 Tarjeta De Red \/ Dual-port 100 Gbe Network Expansion Card \/ Intel Ethernet Controller E810-cam2 \/ 2 Puertos Qsfp28 \/ Pcie 4.0x16","og_description":"Compra Qxg-100g2sf-e810 Tarjeta De Red \/ Dual-port 100 Gbe Network Expansion Card \/ Intel Ethernet Controller E810-cam2 \/ 2 Puertos Qsfp28 \/ Pcie 4.0x16 + Env\u00edo a domicilio + Pago seguro + Garant\u00eda","og_url":"https:\/\/compuviper.mx\/tienda\/producto\/qnap-qxg-100g2sf-e810-tarjeta-de-red-dual-port-100-gbe-network-expansion-card-intel-ethernet-controller-e810-cam2-2-puertos-qsfp28-pcie-4-0x16\/","og_site_name":"Compuviper","article_publisher":"https:\/\/www.facebook.com\/compuviper","og_image":[{"width":200,"height":200,"url":"https:\/\/compuviper.mx\/tienda\/wp-content\/uploads\/2023\/12\/Tarjeta-de-red-qnap-qxg-100g2sf-e810-dual-port-100-gbe-network-expansion-card-intel-ethernet-controller-e810-cam2-2-puertos-qsfp28-pcie-4.0x16.jpg","type":"image\/jpeg"}],"twitter_card":"summary_large_image","twitter_misc":{"Precio":"&#36;19,168 con IVA","Availability":"On backorder"},"schema":{"@context":"https:\/\/schema.org","@graph":[{"@type":"WebPage","@id":"https:\/\/compuviper.mx\/tienda\/producto\/qnap-qxg-100g2sf-e810-tarjeta-de-red-dual-port-100-gbe-network-expansion-card-intel-ethernet-controller-e810-cam2-2-puertos-qsfp28-pcie-4-0x16\/","url":"https:\/\/compuviper.mx\/tienda\/producto\/qnap-qxg-100g2sf-e810-tarjeta-de-red-dual-port-100-gbe-network-expansion-card-intel-ethernet-controller-e810-cam2-2-puertos-qsfp28-pcie-4-0x16\/","name":"[ Qnap ] &#129351; Qxg-100g2sf-e810 Tarjeta De Red \/ Dual-port 100 Gbe Network Expansion Card \/ Intel Ethernet Controller E810-cam2 \/ 2 Puertos Qsfp28 \/ Pcie 4.0x16","isPartOf":{"@id":"https:\/\/compuviper.mx\/tienda\/#website"},"datePublished":"2026-04-18T07:11:18+00:00","dateModified":"2026-04-18T07:11:18+00:00","description":"Compra Qxg-100g2sf-e810 Tarjeta De Red \/ Dual-port 100 Gbe Network Expansion Card \/ Intel Ethernet Controller E810-cam2 \/ 2 Puertos Qsfp28 \/ Pcie 4.0x16 + Env\u00edo a domicilio + Pago seguro + Garant\u00eda","breadcrumb":{"@id":"https:\/\/compuviper.mx\/tienda\/producto\/qnap-qxg-100g2sf-e810-tarjeta-de-red-dual-port-100-gbe-network-expansion-card-intel-ethernet-controller-e810-cam2-2-puertos-qsfp28-pcie-4-0x16\/#breadcrumb"},"inLanguage":"es-MX","potentialAction":[{"@type":"ReadAction","target":["https:\/\/compuviper.mx\/tienda\/producto\/qnap-qxg-100g2sf-e810-tarjeta-de-red-dual-port-100-gbe-network-expansion-card-intel-ethernet-controller-e810-cam2-2-puertos-qsfp28-pcie-4-0x16\/"]}]},{"@type":"BreadcrumbList","@id":"https:\/\/compuviper.mx\/tienda\/producto\/qnap-qxg-100g2sf-e810-tarjeta-de-red-dual-port-100-gbe-network-expansion-card-intel-ethernet-controller-e810-cam2-2-puertos-qsfp28-pcie-4-0x16\/#breadcrumb","itemListElement":[{"@type":"ListItem","position":1,"name":"Inicio","item":"https:\/\/compuviper.mx\/tienda\/"},{"@type":"ListItem","position":2,"name":"Productos","item":"https:\/\/compuviper.mx\/tienda\/productos\/"},{"@type":"ListItem","position":3,"name":"Redes","item":"https:\/\/compuviper.mx\/tienda\/categoria-producto\/redes\/"},{"@type":"ListItem","position":4,"name":"Tarjetas De Red","item":"https:\/\/compuviper.mx\/tienda\/categoria-producto\/redes\/tarjetas-de-red\/"},{"@type":"ListItem","position":5,"name":"Qnap Qxg-100g2sf-e810 Tarjeta De Red \/ Dual-port 100 Gbe Network Expansion Card \/ Intel Ethernet Controller E810-cam2 \/ 2 Puertos Qsfp28 \/ Pcie 4.0&#215;16"}]},{"@type":"WebSite","@id":"https:\/\/compuviper.mx\/tienda\/#website","url":"https:\/\/compuviper.mx\/tienda\/","name":"Compuviper","description":"Proveedor de Computadoras, Laptops, Servidores, Monitores, Puntos de Venta, Teclados,   Impresoras, T\u00f3ner, C\u00e1maras de Seguridad y m\u00e1s en tu tienda en l\u00ednea","publisher":{"@id":"https:\/\/compuviper.mx\/tienda\/#organization"},"potentialAction":[{"@type":"SearchAction","target":{"@type":"EntryPoint","urlTemplate":"https:\/\/compuviper.mx\/tienda\/?s={search_term_string}"},"query-input":"required name=search_term_string"}],"inLanguage":"es-MX"},{"@type":"Organization","@id":"https:\/\/compuviper.mx\/tienda\/#organization","name":"Compuviper","url":"https:\/\/compuviper.mx\/tienda\/","logo":{"@type":"ImageObject","inLanguage":"es-MX","@id":"https:\/\/compuviper.mx\/tienda\/#\/schema\/logo\/image\/","url":"https:\/\/compuviper.mx\/tienda\/wp-content\/uploads\/2021\/08\/Logo-Compuviper-10.png","contentUrl":"https:\/\/compuviper.mx\/tienda\/wp-content\/uploads\/2021\/08\/Logo-Compuviper-10.png","width":1000,"height":500,"caption":"Compuviper"},"image":{"@id":"https:\/\/compuviper.mx\/tienda\/#\/schema\/logo\/image\/"},"sameAs":["https:\/\/www.facebook.com\/compuviper","https:\/\/www.youtube.com\/channel\/UCf73dERp9Y3cfOq7q8BhLjA?view_as=subscriber"]}]},"product_brand":"Qnap","product_price_amount":"19168","product_price_currency":"MXN","og_availability":"backorder","product_availability":"available for order","product_retailer_item_id":"QXG-100G2SF-E810","product_condition":"new"},"_links":{"self":[{"href":"https:\/\/compuviper.mx\/tienda\/wp-json\/wp\/v2\/product\/221495"}],"collection":[{"href":"https:\/\/compuviper.mx\/tienda\/wp-json\/wp\/v2\/product"}],"about":[{"href":"https:\/\/compuviper.mx\/tienda\/wp-json\/wp\/v2\/types\/product"}],"replies":[{"embeddable":true,"href":"https:\/\/compuviper.mx\/tienda\/wp-json\/wp\/v2\/comments?post=221495"}],"wp:featuredmedia":[{"embeddable":true,"href":"https:\/\/compuviper.mx\/tienda\/wp-json\/wp\/v2\/media\/221496"}],"wp:attachment":[{"href":"https:\/\/compuviper.mx\/tienda\/wp-json\/wp\/v2\/media?parent=221495"}],"wp:term":[{"taxonomy":"product_cat","embeddable":true,"href":"https:\/\/compuviper.mx\/tienda\/wp-json\/wp\/v2\/product_cat?post=221495"},{"taxonomy":"product_tag","embeddable":true,"href":"https:\/\/compuviper.mx\/tienda\/wp-json\/wp\/v2\/product_tag?post=221495"}],"curies":[{"name":"wp","href":"https:\/\/api.w.org\/{rel}","templated":true}]}}