{"id":221477,"date":"2026-04-18T01:11:14","date_gmt":"2026-04-18T07:11:14","guid":{"rendered":"https:\/\/compuviper.mx\/tienda\/producto\/tp-link-archer-ax12-router-tp-link-wifi-6-ax1500-5ghz-1201-mbps-2-4-ghz-300mbps-ofdma-y-mu-mimo\/"},"modified":"2026-04-18T01:11:14","modified_gmt":"2026-04-18T07:11:14","slug":"tp-link-archer-ax12-router-tp-link-wifi-6-ax1500-5ghz-1201-mbps-2-4-ghz-300mbps-ofdma-y-mu-mimo","status":"publish","type":"product","link":"https:\/\/compuviper.mx\/tienda\/producto\/tp-link-archer-ax12-router-tp-link-wifi-6-ax1500-5ghz-1201-mbps-2-4-ghz-300mbps-ofdma-y-mu-mimo\/","title":{"rendered":"Tp Link Archer Ax12 Router | Tp-link  |  | Wifi 6 | Ax1500 | 5ghz 1201 Mbps 2.4 Ghz 300mbps | Ofdma Y Mu-mimo"},"content":{"rendered":"<table class=\"descripcion\">\n<tr>\n<td>Inal\u00e1mbrico<\/td>\n<\/tr>\n<tr>\n<td>Est\u00e1ndares wifi 6<\/td>\n<\/tr>\n<tr>\n<td>Ieee 802.11ax\/ac\/n\/a 5 ghz<\/td>\n<\/tr>\n<tr>\n<td>Ieee 802.11n\/b\/g 2,4 ghz<\/td>\n<\/tr>\n<tr>\n<td>Velocidades wifi ax1500<\/td>\n<\/tr>\n<tr>\n<td>5 ghz: 1201 mbps (802.11ax)<\/td>\n<\/tr>\n<tr>\n<td>2,4 ghz: 300 mbps (802.11n)<\/td>\n<\/tr>\n<tr>\n<td>Alcance wifi casas de 2-3 habitaciones 4 \u00d7 antenas fijas de alto rendimiento<\/td>\n<\/tr>\n<tr>\n<td>M\u00faltiples antenas forman un conjunto de refuerzo de se\u00f1al para cubrir m\u00e1s direcciones y \u00e1reas grandes<\/td>\n<\/tr>\n<tr>\n<td>Formaci\u00f3n de haces<\/td>\n<\/tr>\n<tr>\n<td>Concentra la fuerza de la se\u00f1al inal\u00e1mbrica hacia los clientes para expandir el rango wifi<\/td>\n<\/tr>\n<tr>\n<td>Capacidad wi-fi altadoble banda<\/td>\n<\/tr>\n<tr>\n<td>Asigne dispositivos a diferentes bandas para un rendimiento \u00f3ptimo<\/td>\n<\/tr>\n<tr>\n<td>Ofdma<\/td>\n<\/tr>\n<tr>\n<td>Se comunica simult\u00e1neamente con m\u00faltiples clientes wi-fi 6<\/td>\n<\/tr>\n<tr>\n<td>Equidad de tiempo aire<\/td>\n<\/tr>\n<tr>\n<td>Mejora la eficiencia de la red al limitar la ocupaci\u00f3n excesiva<\/td>\n<\/tr>\n<tr>\n<td>4 flujos<\/td>\n<\/tr>\n<tr>\n<td>Conecta tus dispositivos a m\u00e1s ancho de banda<\/td>\n<\/tr>\n<tr>\n<td>Modos de trabajo modo de enrutador<\/td>\n<\/tr>\n<tr>\n<td>Modo de punto de acceso<\/td>\n<\/tr>\n<tr>\n<td>Hardware<\/td>\n<\/tr>\n<tr>\n<td>Puertos ethernet 1 puerto wan gigabit<\/td>\n<\/tr>\n<tr>\n<td>3 puertos lan gigabit<\/td>\n<\/tr>\n<tr>\n<td>Botones wps\/reset button<\/td>\n<\/tr>\n<tr>\n<td>Alimentaci\u00f3n 12 v  and #9107; 1 a<\/td>\n<\/tr>\n<tr>\n<td>Seguridad<\/td>\n<\/tr>\n<tr>\n<td>Cifrado wi-fi wpa2-psk<\/td>\n<\/tr>\n<tr>\n<td>Wpa2-psk\/wpa-psk<\/td>\n<\/tr>\n<tr>\n<td>Wpa3-personal<\/td>\n<\/tr>\n<tr>\n<td>Wpa3-personal\/wpa2-psk<\/td>\n<\/tr>\n<tr>\n<td>Wpa2-empresa<\/td>\n<\/tr>\n<tr>\n<td>Cifrados wpa\/wpa2-enterprise<\/td>\n<\/tr>\n<tr>\n<td>Cortafuegos spi de seguridad de red<\/td>\n<\/tr>\n<tr>\n<td>Control de acceso<\/td>\n<\/tr>\n<tr>\n<td>Enlace ip y mac<\/td>\n<\/tr>\n<tr>\n<td>Puerta de enlace de la capa de aplicaci\u00f3n<\/td>\n<\/tr>\n<tr>\n<td>Red de invitados 1 \u00d7 red de invitados de 5 ghz<\/td>\n<\/tr>\n<tr>\n<td>1 \u00d7 red de invitados de 2,4 ghz<\/td>\n<\/tr>\n<tr>\n<td>Servidor vpn openvpn<\/td>\n<\/tr>\n<tr>\n<td>Pptp<\/td>\n<\/tr>\n<tr>\n<td>Software<\/td>\n<\/tr>\n<tr>\n<td>Protocolos ipv4<\/td>\n<\/tr>\n<tr>\n<td>Ipv6<\/td>\n<\/tr>\n<tr>\n<td>Filtrado de url de controles parentales<\/td>\n<\/tr>\n<tr>\n<td>Controles de tiempo<\/td>\n<\/tr>\n<tr>\n<td>Tipos de wan ip din\u00e1mica<\/td>\n<\/tr>\n<tr>\n<td>Ip est\u00e1tica<\/td>\n<\/tr>\n<tr>\n<td>Pppoe\/pptp (acceso doble)\/l2tp (acceso doble)<\/td>\n<\/tr>\n<tr>\n<td>Calidad de servicio qos por dispositivo<\/td>\n<\/tr>\n<tr>\n<td>Actualizaci\u00f3n autom\u00e1tica del firmware del servicio en la nube<\/td>\n<\/tr>\n<tr>\n<td>Actualizaci\u00f3n de firmware ota<\/td>\n<\/tr>\n<tr>\n<td>Identificaci\u00f3n de tp-link<\/td>\n<\/tr>\n<tr>\n<td>Ddns<\/td>\n<\/tr>\n<tr>\n<td>Reenv\u00edo nat reenv\u00edo de puertos<\/td>\n<\/tr>\n<tr>\n<td>Activaci\u00f3n de puertos<\/td>\n<\/tr>\n<tr>\n<td>Dmz<\/td>\n<\/tr>\n<tr>\n<td>Upnp<\/td>\n<\/tr>\n<tr>\n<td>Proxy iptv igmp<\/td>\n<\/tr>\n<tr>\n<td>Indagaci\u00f3n igmp<\/td>\n<\/tr>\n<tr>\n<td>Puente<\/td>\n<\/tr>\n<tr>\n<td>Etiquetar vlan<\/td>\n<\/tr>\n<tr>\n<td>Reserva de direcciones dhcp<\/td>\n<\/tr>\n<tr>\n<td>Lista de clientes dhcp<\/td>\n<\/tr>\n<tr>\n<td>Servidor<\/td>\n<\/tr>\n<tr>\n<td>Tp-link de ddns<\/td>\n<\/tr>\n<tr>\n<td>Sin ip<\/td>\n<\/tr>\n<tr>\n<td>Dns din\u00e1mico<\/td>\n<\/tr>\n<tr>\n<td>Aplicaci\u00f3n tether de gesti\u00f3n<\/td>\n<\/tr>\n<tr>\n<td>P\u00e1gina web<\/td>\n<\/tr>\n<tr>\n<td>Compruebe el emulador web<\/td>\n<\/tr>\n<tr>\n<td>Otro<\/td>\n<\/tr>\n<tr>\n<td>Requisitos del sistema microsoft windows 98se\/nt\/2000\/xp\/vista\u0099\/7\/8\/8.1\/10\/11, mac<\/td>\n<\/tr>\n<tr>\n<td>So, netware, unix o linux<\/td>\n<\/tr>\n<tr>\n<td>Internet explorer 11, firefox 12.0, chrome 20.0, safari 4.0 u otros<\/td>\n<\/tr>\n<tr>\n<td>Navegador habilitado para java<\/td>\n<\/tr>\n<tr>\n<td>M\u00f3dem por cable o dsl<\/td>\n<\/tr>\n<tr>\n<td>Suscripci\u00f3n con un proveedor de servicios de internet (para acceso a internet)<\/td>\n<\/tr>\n<tr>\n<td>Certificaciones fcc, ce, rohs<\/td>\n<\/tr>\n<tr>\n<td>Ambiente temperatura de funcionamiento: 0  and #8451; ~ 40  and #8451; (32  and #8457; ~ 104  and #8457;)<\/td>\n<\/tr>\n<tr>\n<td>Temperatura de almacenamiento: -40  and #8451; ~ 60  and #8451; (-40  and #8457; ~ 140  and #8457;)<\/td>\n<\/tr>\n<tr>\n<td>Humedad de funcionamiento: 10 %~90 % sin condensaci\u00f3n<\/td>\n<\/tr>\n<tr>\n<td>Humedad de almacenamiento: 5 %~90 % sin condensaci\u00f3n<\/td>\n<\/tr>\n<tr>\n<td>Datos de prueba<\/td>\n<\/tr>\n<tr>\n<td>Potencia de transmisi\u00f3n wifi ce:<\/td>\n<\/tr>\n<tr>\n<td> 20dbm (2,4 ghz)<\/td>\n<\/tr>\n<tr>\n<td> 23dbm (5,15 ghz~5,25 ghz)<\/td>\n<\/tr>\n<tr>\n<td>Fcc:<\/td>\n<\/tr>\n<tr>\n<td> 30dbm (2,4 ghz y 5,15 ghz~5,825 ghz)<\/td>\n<\/tr>\n<tr>\n<td>Sensibilidad de recepci\u00f3n wifi 5 ghz:<\/td>\n<\/tr>\n<tr>\n<td>11a 6mbps:-95dbm, 11a 54mbps:-79dbm<\/td>\n<\/tr>\n<tr>\n<td>11ac vht20_mcs0:-96dbm, 11ac vht20_mcs8:-66dbm<\/td>\n<\/tr>\n<tr>\n<td>11ac vht40_mcs0:-94dbm, 11ac vht40_mcs9:-63dbm<\/td>\n<\/tr>\n<tr>\n<td>11ac vht80_mcs0:-91dbm, 11ac vht80_mcs9:-60dbm<\/td>\n<\/tr>\n<tr>\n<td>11ax he20_mcs0:-95dbm, 11ax he20_mcs11:-66dbm<\/td>\n<\/tr>\n<tr>\n<td>11ax he40_mcs0:-92dbm, 11ax he40_mcs11:-65dbm<\/td>\n<\/tr>\n<tr>\n<td>11ax he80_mcs0:-89dbm, 11ax he80_mcs11:-62dbm<\/td>\n<\/tr>\n<tr>\n<td>2,4 ghz:<\/td>\n<\/tr>\n<tr>\n<td>11g 6mbps: -96 54mbps: -80<\/td>\n<\/tr>\n<tr>\n<td>Ht20-mcs0: -97 mcs7: -78<\/td>\n<\/tr>\n<tr>\n<td>Ht40-mcs0: -94 mcs7: -75<\/td>\n<\/tr>\n<tr>\n<td>F\u00edsico<\/td>\n<\/tr>\n<tr>\n<td>Dimensiones (an. \u00d7 pr. \u00d7 al.) 8,5 \u00d7 4,6 \u00d7 1,3 pulg.<\/td>\n<\/tr>\n<tr>\n<td>(215 \u00d7 117 \u00d7 32 mm)<\/td>\n<\/tr>\n<tr>\n<td>Contenido del paquete router inal\u00e1mbrico archer ax12<\/td>\n<\/tr>\n<tr>\n<td>Adaptador de corriente<\/td>\n<\/tr>\n<tr>\n<td>Cable ethernet rj45<\/td>\n<\/tr>\n<tr>\n<td>Gu\u00eda de instalaci\u00f3n r\u00e1pida<\/td>\n<\/tr>\n<\/table>\n","protected":false},"excerpt":{"rendered":"<p>Router archer ax12. Con tecnologia wifi 6, conecte mas dispositivos con la cobertura mas confiable ,configuracion facil,compatible con versiones anteriores, mayor duracion en la bateria<\/p>\n","protected":false},"featured_media":221478,"comment_status":"open","ping_status":"open","template":"","meta":[],"product_cat":[1563,1753],"product_tag":[1562],"acf":[],"yoast_head":"<!-- This site is optimized with the Yoast SEO plugin v21.7 - https:\/\/yoast.com\/wordpress\/plugins\/seo\/ -->\n<title>[ Tp Link ] &#129351; Archer Ax12 Router | Tp-link | | Wifi 6 | Ax1500 | 5ghz 1201 Mbps 2.4 Ghz 300mbps | Ofdma Y Mu-mimo<\/title>\n<meta name=\"description\" content=\"Compra Archer Ax12 Router | Tp-link | | Wifi 6 | Ax1500 | 5ghz 1201 Mbps 2.4 Ghz 300mbps | Ofdma Y Mu-mimo + Env\u00edo a domicilio + Pago seguro + Garant\u00eda\" \/>\n<meta name=\"robots\" content=\"index, follow, max-snippet:-1, max-image-preview:large, max-video-preview:-1\" \/>\n<link rel=\"canonical\" href=\"https:\/\/compuviper.mx\/tienda\/producto\/tp-link-archer-ax12-router-tp-link-wifi-6-ax1500-5ghz-1201-mbps-2-4-ghz-300mbps-ofdma-y-mu-mimo\/\" \/>\n<meta property=\"og:locale\" content=\"es_MX\" \/>\n<meta property=\"og:type\" content=\"article\" \/>\n<meta property=\"og:title\" content=\"[ Tp Link ] &#129351; Archer Ax12 Router | Tp-link | | Wifi 6 | Ax1500 | 5ghz 1201 Mbps 2.4 Ghz 300mbps | Ofdma Y Mu-mimo\" \/>\n<meta property=\"og:description\" content=\"Compra Archer Ax12 Router | Tp-link | | Wifi 6 | Ax1500 | 5ghz 1201 Mbps 2.4 Ghz 300mbps | Ofdma Y Mu-mimo + Env\u00edo a domicilio + Pago seguro + Garant\u00eda\" \/>\n<meta property=\"og:url\" content=\"https:\/\/compuviper.mx\/tienda\/producto\/tp-link-archer-ax12-router-tp-link-wifi-6-ax1500-5ghz-1201-mbps-2-4-ghz-300mbps-ofdma-y-mu-mimo\/\" \/>\n<meta property=\"og:site_name\" content=\"Compuviper\" \/>\n<meta property=\"article:publisher\" content=\"https:\/\/www.facebook.com\/compuviper\" \/>\n<meta property=\"og:image\" content=\"https:\/\/compuviper.mx\/tienda\/wp-content\/uploads\/2023\/12\/Router-tp-link-archer-ax12-wifi-6-ax1500-5ghz-1201-mbps-2.4-ghz-300mbps-ofdma-y-mu-mimo.jpg\" \/>\n\t<meta property=\"og:image:width\" content=\"200\" \/>\n\t<meta property=\"og:image:height\" content=\"200\" \/>\n\t<meta property=\"og:image:type\" content=\"image\/jpeg\" \/>\n<meta name=\"twitter:card\" content=\"summary_large_image\" \/>\n<meta name=\"twitter:label1\" content=\"Precio\" \/>\n\t<meta name=\"twitter:data1\" content=\"&#36;590 con IVA\" \/>\n\t<meta name=\"twitter:label2\" content=\"Availability\" \/>\n\t<meta name=\"twitter:data2\" content=\"In stock\" \/>\n<script type=\"application\/ld+json\" class=\"yoast-schema-graph\">{\"@context\":\"https:\/\/schema.org\",\"@graph\":[{\"@type\":\"WebPage\",\"@id\":\"https:\/\/compuviper.mx\/tienda\/producto\/tp-link-archer-ax12-router-tp-link-wifi-6-ax1500-5ghz-1201-mbps-2-4-ghz-300mbps-ofdma-y-mu-mimo\/\",\"url\":\"https:\/\/compuviper.mx\/tienda\/producto\/tp-link-archer-ax12-router-tp-link-wifi-6-ax1500-5ghz-1201-mbps-2-4-ghz-300mbps-ofdma-y-mu-mimo\/\",\"name\":\"[ Tp Link ] &#129351; Archer Ax12 Router | Tp-link | | Wifi 6 | Ax1500 | 5ghz 1201 Mbps 2.4 Ghz 300mbps | Ofdma Y Mu-mimo\",\"isPartOf\":{\"@id\":\"https:\/\/compuviper.mx\/tienda\/#website\"},\"datePublished\":\"2026-04-18T07:11:14+00:00\",\"dateModified\":\"2026-04-18T07:11:14+00:00\",\"description\":\"Compra Archer Ax12 Router | Tp-link | | Wifi 6 | Ax1500 | 5ghz 1201 Mbps 2.4 Ghz 300mbps | Ofdma Y Mu-mimo + Env\u00edo a domicilio + Pago seguro + Garant\u00eda\",\"breadcrumb\":{\"@id\":\"https:\/\/compuviper.mx\/tienda\/producto\/tp-link-archer-ax12-router-tp-link-wifi-6-ax1500-5ghz-1201-mbps-2-4-ghz-300mbps-ofdma-y-mu-mimo\/#breadcrumb\"},\"inLanguage\":\"es-MX\",\"potentialAction\":[{\"@type\":\"ReadAction\",\"target\":[\"https:\/\/compuviper.mx\/tienda\/producto\/tp-link-archer-ax12-router-tp-link-wifi-6-ax1500-5ghz-1201-mbps-2-4-ghz-300mbps-ofdma-y-mu-mimo\/\"]}]},{\"@type\":\"BreadcrumbList\",\"@id\":\"https:\/\/compuviper.mx\/tienda\/producto\/tp-link-archer-ax12-router-tp-link-wifi-6-ax1500-5ghz-1201-mbps-2-4-ghz-300mbps-ofdma-y-mu-mimo\/#breadcrumb\",\"itemListElement\":[{\"@type\":\"ListItem\",\"position\":1,\"name\":\"Inicio\",\"item\":\"https:\/\/compuviper.mx\/tienda\/\"},{\"@type\":\"ListItem\",\"position\":2,\"name\":\"Productos\",\"item\":\"https:\/\/compuviper.mx\/tienda\/productos\/\"},{\"@type\":\"ListItem\",\"position\":3,\"name\":\"Redes\",\"item\":\"https:\/\/compuviper.mx\/tienda\/categoria-producto\/redes\/\"},{\"@type\":\"ListItem\",\"position\":4,\"name\":\"Router\",\"item\":\"https:\/\/compuviper.mx\/tienda\/categoria-producto\/redes\/router\/\"},{\"@type\":\"ListItem\",\"position\":5,\"name\":\"Tp Link Archer Ax12 Router | Tp-link | | Wifi 6 | Ax1500 | 5ghz 1201 Mbps 2.4 Ghz 300mbps | Ofdma Y Mu-mimo\"}]},{\"@type\":\"WebSite\",\"@id\":\"https:\/\/compuviper.mx\/tienda\/#website\",\"url\":\"https:\/\/compuviper.mx\/tienda\/\",\"name\":\"Compuviper\",\"description\":\"Proveedor de Computadoras, Laptops, Servidores, Monitores, Puntos de Venta, Teclados,   Impresoras, T\u00f3ner, C\u00e1maras de Seguridad y m\u00e1s en tu tienda en l\u00ednea\",\"publisher\":{\"@id\":\"https:\/\/compuviper.mx\/tienda\/#organization\"},\"potentialAction\":[{\"@type\":\"SearchAction\",\"target\":{\"@type\":\"EntryPoint\",\"urlTemplate\":\"https:\/\/compuviper.mx\/tienda\/?s={search_term_string}\"},\"query-input\":\"required name=search_term_string\"}],\"inLanguage\":\"es-MX\"},{\"@type\":\"Organization\",\"@id\":\"https:\/\/compuviper.mx\/tienda\/#organization\",\"name\":\"Compuviper\",\"url\":\"https:\/\/compuviper.mx\/tienda\/\",\"logo\":{\"@type\":\"ImageObject\",\"inLanguage\":\"es-MX\",\"@id\":\"https:\/\/compuviper.mx\/tienda\/#\/schema\/logo\/image\/\",\"url\":\"https:\/\/compuviper.mx\/tienda\/wp-content\/uploads\/2021\/08\/Logo-Compuviper-10.png\",\"contentUrl\":\"https:\/\/compuviper.mx\/tienda\/wp-content\/uploads\/2021\/08\/Logo-Compuviper-10.png\",\"width\":1000,\"height\":500,\"caption\":\"Compuviper\"},\"image\":{\"@id\":\"https:\/\/compuviper.mx\/tienda\/#\/schema\/logo\/image\/\"},\"sameAs\":[\"https:\/\/www.facebook.com\/compuviper\",\"https:\/\/www.youtube.com\/channel\/UCf73dERp9Y3cfOq7q8BhLjA?view_as=subscriber\"]}]}<\/script>\n<meta property=\"product:brand\" content=\"TP LINK\" \/>\n<meta property=\"product:price:amount\" content=\"590\" \/>\n<meta property=\"product:price:currency\" content=\"MXN\" \/>\n<meta property=\"og:availability\" content=\"instock\" \/>\n<meta property=\"product:availability\" content=\"instock\" \/>\n<meta property=\"product:retailer_item_id\" content=\"ARCHER AX12\" \/>\n<meta property=\"product:condition\" content=\"new\" \/>\n<!-- \/ Yoast SEO plugin. -->","yoast_head_json":{"title":"[ Tp Link ] &#129351; Archer Ax12 Router | Tp-link | | Wifi 6 | Ax1500 | 5ghz 1201 Mbps 2.4 Ghz 300mbps | Ofdma Y Mu-mimo","description":"Compra Archer Ax12 Router | Tp-link | | Wifi 6 | Ax1500 | 5ghz 1201 Mbps 2.4 Ghz 300mbps | Ofdma Y Mu-mimo + Env\u00edo a domicilio + Pago seguro + Garant\u00eda","robots":{"index":"index","follow":"follow","max-snippet":"max-snippet:-1","max-image-preview":"max-image-preview:large","max-video-preview":"max-video-preview:-1"},"canonical":"https:\/\/compuviper.mx\/tienda\/producto\/tp-link-archer-ax12-router-tp-link-wifi-6-ax1500-5ghz-1201-mbps-2-4-ghz-300mbps-ofdma-y-mu-mimo\/","og_locale":"es_MX","og_type":"article","og_title":"[ Tp Link ] &#129351; Archer Ax12 Router | Tp-link | | Wifi 6 | Ax1500 | 5ghz 1201 Mbps 2.4 Ghz 300mbps | Ofdma Y Mu-mimo","og_description":"Compra Archer Ax12 Router | Tp-link | | Wifi 6 | Ax1500 | 5ghz 1201 Mbps 2.4 Ghz 300mbps | Ofdma Y Mu-mimo + Env\u00edo a domicilio + Pago seguro + Garant\u00eda","og_url":"https:\/\/compuviper.mx\/tienda\/producto\/tp-link-archer-ax12-router-tp-link-wifi-6-ax1500-5ghz-1201-mbps-2-4-ghz-300mbps-ofdma-y-mu-mimo\/","og_site_name":"Compuviper","article_publisher":"https:\/\/www.facebook.com\/compuviper","og_image":[{"width":200,"height":200,"url":"https:\/\/compuviper.mx\/tienda\/wp-content\/uploads\/2023\/12\/Router-tp-link-archer-ax12-wifi-6-ax1500-5ghz-1201-mbps-2.4-ghz-300mbps-ofdma-y-mu-mimo.jpg","type":"image\/jpeg"}],"twitter_card":"summary_large_image","twitter_misc":{"Precio":"&#36;590 con IVA","Availability":"In stock"},"schema":{"@context":"https:\/\/schema.org","@graph":[{"@type":"WebPage","@id":"https:\/\/compuviper.mx\/tienda\/producto\/tp-link-archer-ax12-router-tp-link-wifi-6-ax1500-5ghz-1201-mbps-2-4-ghz-300mbps-ofdma-y-mu-mimo\/","url":"https:\/\/compuviper.mx\/tienda\/producto\/tp-link-archer-ax12-router-tp-link-wifi-6-ax1500-5ghz-1201-mbps-2-4-ghz-300mbps-ofdma-y-mu-mimo\/","name":"[ Tp Link ] &#129351; Archer Ax12 Router | Tp-link | | Wifi 6 | Ax1500 | 5ghz 1201 Mbps 2.4 Ghz 300mbps | Ofdma Y Mu-mimo","isPartOf":{"@id":"https:\/\/compuviper.mx\/tienda\/#website"},"datePublished":"2026-04-18T07:11:14+00:00","dateModified":"2026-04-18T07:11:14+00:00","description":"Compra Archer Ax12 Router | Tp-link | | Wifi 6 | Ax1500 | 5ghz 1201 Mbps 2.4 Ghz 300mbps | Ofdma Y Mu-mimo + Env\u00edo a domicilio + Pago seguro + Garant\u00eda","breadcrumb":{"@id":"https:\/\/compuviper.mx\/tienda\/producto\/tp-link-archer-ax12-router-tp-link-wifi-6-ax1500-5ghz-1201-mbps-2-4-ghz-300mbps-ofdma-y-mu-mimo\/#breadcrumb"},"inLanguage":"es-MX","potentialAction":[{"@type":"ReadAction","target":["https:\/\/compuviper.mx\/tienda\/producto\/tp-link-archer-ax12-router-tp-link-wifi-6-ax1500-5ghz-1201-mbps-2-4-ghz-300mbps-ofdma-y-mu-mimo\/"]}]},{"@type":"BreadcrumbList","@id":"https:\/\/compuviper.mx\/tienda\/producto\/tp-link-archer-ax12-router-tp-link-wifi-6-ax1500-5ghz-1201-mbps-2-4-ghz-300mbps-ofdma-y-mu-mimo\/#breadcrumb","itemListElement":[{"@type":"ListItem","position":1,"name":"Inicio","item":"https:\/\/compuviper.mx\/tienda\/"},{"@type":"ListItem","position":2,"name":"Productos","item":"https:\/\/compuviper.mx\/tienda\/productos\/"},{"@type":"ListItem","position":3,"name":"Redes","item":"https:\/\/compuviper.mx\/tienda\/categoria-producto\/redes\/"},{"@type":"ListItem","position":4,"name":"Router","item":"https:\/\/compuviper.mx\/tienda\/categoria-producto\/redes\/router\/"},{"@type":"ListItem","position":5,"name":"Tp Link Archer Ax12 Router | Tp-link | | Wifi 6 | Ax1500 | 5ghz 1201 Mbps 2.4 Ghz 300mbps | Ofdma Y Mu-mimo"}]},{"@type":"WebSite","@id":"https:\/\/compuviper.mx\/tienda\/#website","url":"https:\/\/compuviper.mx\/tienda\/","name":"Compuviper","description":"Proveedor de Computadoras, Laptops, Servidores, Monitores, Puntos de Venta, Teclados,   Impresoras, T\u00f3ner, C\u00e1maras de Seguridad y m\u00e1s en tu tienda en l\u00ednea","publisher":{"@id":"https:\/\/compuviper.mx\/tienda\/#organization"},"potentialAction":[{"@type":"SearchAction","target":{"@type":"EntryPoint","urlTemplate":"https:\/\/compuviper.mx\/tienda\/?s={search_term_string}"},"query-input":"required name=search_term_string"}],"inLanguage":"es-MX"},{"@type":"Organization","@id":"https:\/\/compuviper.mx\/tienda\/#organization","name":"Compuviper","url":"https:\/\/compuviper.mx\/tienda\/","logo":{"@type":"ImageObject","inLanguage":"es-MX","@id":"https:\/\/compuviper.mx\/tienda\/#\/schema\/logo\/image\/","url":"https:\/\/compuviper.mx\/tienda\/wp-content\/uploads\/2021\/08\/Logo-Compuviper-10.png","contentUrl":"https:\/\/compuviper.mx\/tienda\/wp-content\/uploads\/2021\/08\/Logo-Compuviper-10.png","width":1000,"height":500,"caption":"Compuviper"},"image":{"@id":"https:\/\/compuviper.mx\/tienda\/#\/schema\/logo\/image\/"},"sameAs":["https:\/\/www.facebook.com\/compuviper","https:\/\/www.youtube.com\/channel\/UCf73dERp9Y3cfOq7q8BhLjA?view_as=subscriber"]}]},"product_brand":"TP LINK","product_price_amount":"590","product_price_currency":"MXN","og_availability":"instock","product_availability":"instock","product_retailer_item_id":"ARCHER AX12","product_condition":"new"},"_links":{"self":[{"href":"https:\/\/compuviper.mx\/tienda\/wp-json\/wp\/v2\/product\/221477"}],"collection":[{"href":"https:\/\/compuviper.mx\/tienda\/wp-json\/wp\/v2\/product"}],"about":[{"href":"https:\/\/compuviper.mx\/tienda\/wp-json\/wp\/v2\/types\/product"}],"replies":[{"embeddable":true,"href":"https:\/\/compuviper.mx\/tienda\/wp-json\/wp\/v2\/comments?post=221477"}],"wp:featuredmedia":[{"embeddable":true,"href":"https:\/\/compuviper.mx\/tienda\/wp-json\/wp\/v2\/media\/221478"}],"wp:attachment":[{"href":"https:\/\/compuviper.mx\/tienda\/wp-json\/wp\/v2\/media?parent=221477"}],"wp:term":[{"taxonomy":"product_cat","embeddable":true,"href":"https:\/\/compuviper.mx\/tienda\/wp-json\/wp\/v2\/product_cat?post=221477"},{"taxonomy":"product_tag","embeddable":true,"href":"https:\/\/compuviper.mx\/tienda\/wp-json\/wp\/v2\/product_tag?post=221477"}],"curies":[{"name":"wp","href":"https:\/\/api.w.org\/{rel}","templated":true}]}}