{"id":221450,"date":"2026-04-18T01:11:10","date_gmt":"2026-04-18T07:11:10","guid":{"rendered":"https:\/\/compuviper.mx\/tienda\/producto\/tp-link-mr80x-router-mercusys-wifi-6-ax3000-doble-banda2402-mbps-5-ghz-574-mbps-2-4-ghz-mu-mimo-y-ofdma-1-puerto-wan-gigabit-3-puertos-lan-gigabit\/"},"modified":"2026-04-18T01:11:10","modified_gmt":"2026-04-18T07:11:10","slug":"tp-link-mr80x-router-mercusys-wifi-6-ax3000-doble-banda2402-mbps-5-ghz-574-mbps-2-4-ghz-mu-mimo-y-ofdma-1-puerto-wan-gigabit-3-puertos-lan-gigabit","status":"publish","type":"product","link":"https:\/\/compuviper.mx\/tienda\/producto\/tp-link-mr80x-router-mercusys-wifi-6-ax3000-doble-banda2402-mbps-5-ghz-574-mbps-2-4-ghz-mu-mimo-y-ofdma-1-puerto-wan-gigabit-3-puertos-lan-gigabit\/","title":{"rendered":"Tp Link Mr80x Router | Mercusys | Wifi 6 | Ax3000 Doble Banda,2402 Mbps (5 Ghz) + 574 Mbps (2.4 Ghz) Mu-mimo Y Ofdma | 1 Puerto Wan Gigabit + 3 Puertos Lan Gigabit"},"content":{"rendered":"<table class=\"descripcion\">\n<tr>\n<td>Inal\u00e1mbrico<\/td>\n<\/tr>\n<tr>\n<td>Est\u00e1ndares inal\u00e1mbricos<\/td>\n<\/tr>\n<tr>\n<td>Compatible con los est\u00e1ndares wi-fi 802.11ax\/ac\/a\/b\/g\/n<\/td>\n<\/tr>\n<tr>\n<td>Ratio de se\u00f1al<\/td>\n<\/tr>\n<tr>\n<td>2402 mbps (5 ghz) + 574 mbps (2.4 ghz)<\/td>\n<\/tr>\n<tr>\n<td>Sensibilidad de recepci\u00f3n<\/td>\n<\/tr>\n<tr>\n<td>11g 6mbps: -97dbm<\/td>\n<\/tr>\n<tr>\n<td>11g 54mbps: -79dbm<\/td>\n<\/tr>\n<tr>\n<td>11n ht40 mcs7:-74dbm<\/td>\n<\/tr>\n<tr>\n<td>11n ht20 mcs7:-77dbm<\/td>\n<\/tr>\n<tr>\n<td>11a 6mbps: -97dbm<\/td>\n<\/tr>\n<tr>\n<td>11a 54mbps: -79dbm<\/td>\n<\/tr>\n<tr>\n<td>11ac vht20 mcs8:-75dbm<\/td>\n<\/tr>\n<tr>\n<td>11ac vht40 mcs9:-71dbm<\/td>\n<\/tr>\n<tr>\n<td>11ac vht80 mcs9:-67dbm<\/td>\n<\/tr>\n<tr>\n<td>11ax vht20 mcs11:-67dbm<\/td>\n<\/tr>\n<tr>\n<td>11ax vht40 mcs11:-64dbm<\/td>\n<\/tr>\n<tr>\n<td>11ax vht80 mcs11:-61dbm<\/td>\n<\/tr>\n<tr>\n<td>Potencia de transmisi\u00f3n<\/td>\n<\/tr>\n<tr>\n<td>2.4 ghz   20dbm (eirp)<\/td>\n<\/tr>\n<tr>\n<td>5 ghz   23dbm (band1 and #12289; band2)<\/td>\n<\/tr>\n<tr>\n<td>5 ghz   30dbm (band3)<\/td>\n<\/tr>\n<tr>\n<td>Seguridad inal\u00e1mbrica<\/td>\n<\/tr>\n<tr>\n<td>Wep, wpa \/ wpa2-personal, wpa2 \/ wpa3-personal<\/td>\n<\/tr>\n<tr>\n<td>Funciones inal\u00e1mbricas<\/td>\n<\/tr>\n<tr>\n<td>Activar\/desactivar radio inal\u00e1mbrica, wmm<\/td>\n<\/tr>\n<tr>\n<td>Software<\/td>\n<\/tr>\n<tr>\n<td>Tipo de wan<\/td>\n<\/tr>\n<tr>\n<td>Ip din\u00e1mica\/ip est\u00e1tica\/pppoe\/l2tp\/pptp<\/td>\n<\/tr>\n<tr>\n<td>Gesti\u00f3n<\/td>\n<\/tr>\n<tr>\n<td>Control de acceso<\/td>\n<\/tr>\n<tr>\n<td>Administraci\u00f3n local<\/td>\n<\/tr>\n<tr>\n<td>Gesti\u00f3n remota<\/td>\n<\/tr>\n<tr>\n<td>Dhcp<\/td>\n<\/tr>\n<tr>\n<td>Servidor, lista de clientes dhcp<\/td>\n<\/tr>\n<tr>\n<td>Apertura de puertos<\/td>\n<\/tr>\n<tr>\n<td>Reenv\u00edo de puertos, activaci\u00f3n de puertos, upnp, dmz<\/td>\n<\/tr>\n<tr>\n<td>Seguridad firewall<\/td>\n<\/tr>\n<tr>\n<td>Firewall spi, vinculaci\u00f3n de direcciones ip y mac<\/td>\n<\/tr>\n<tr>\n<td>Red de invitados<\/td>\n<\/tr>\n<tr>\n<td>Red de invitados de 2,4 ghz, red de invitados de 5 ghz<\/td>\n<\/tr>\n<tr>\n<td>Servidor vpn<\/td>\n<\/tr>\n<tr>\n<td>Openvpn, compatible con pptp<\/td>\n<\/tr>\n<tr>\n<td>Hardware<\/td>\n<\/tr>\n<tr>\n<td>Dimensiones (an x pr x al)<\/td>\n<\/tr>\n<tr>\n<td>8.2 \u00d7 6.8 \u00d7 1.6 in<\/td>\n<\/tr>\n<tr>\n<td>(208.8 \u00d7 171.6 \u00d7 41.7 mm)<\/td>\n<\/tr>\n<tr>\n<td>Interfaces<\/td>\n<\/tr>\n<tr>\n<td>1 puerto wan gigabit + 3 puertos lan gigabit<\/td>\n<\/tr>\n<tr>\n<td>Bot\u00f3n<\/td>\n<\/tr>\n<tr>\n<td>Bot\u00f3n reset\/wps<\/td>\n<\/tr>\n<tr>\n<td>Tipo de antena<\/td>\n<\/tr>\n<tr>\n<td>4 antenas omnidireccionales fijas de 5 dbi<\/td>\n<\/tr>\n<tr>\n<td>Others<\/td>\n<\/tr>\n<tr>\n<td>Contenido de paquete<\/td>\n<\/tr>\n<tr>\n<td>\u0095 enrutador wi-fi 6 ax3000 mr80x<\/td>\n<\/tr>\n<tr>\n<td>\u0095 adaptador de corriente<\/td>\n<\/tr>\n<tr>\n<td>\u0095 gu\u00eda de instalaci\u00f3n r\u00e1pida<\/td>\n<\/tr>\n<tr>\n<td>\u0095 cable ethernet rj45<\/td>\n<\/tr>\n<tr>\n<td>Ambiente<\/td>\n<\/tr>\n<tr>\n<td>\u0095 temperatura de funcionamiento: 0\u00b0c~40\u00b0c (32\u00b0f~104\u00b0f)<\/td>\n<\/tr>\n<tr>\n<td>\u0095 humedad de funcionamiento: 10 %~90 % sin condensaci\u00f3n<\/td>\n<\/tr>\n<tr>\n<td>\u0095 humedad de almacenamiento: 5 %~90 % sin condensaci\u00f3n<\/td>\n<\/tr>\n<\/table>\n","protected":false},"excerpt":{"rendered":"<p>Mr80x. Router wi-fi 6 de doble banda ax3000. \u0095    velocidad wi-fi 6 con doble banda ax3000. Alcanza una conexi\u00f3n a internet de hasta 3 gbps para garantizar una se\u00f1al estable y sin cortes. \u0095    m\u00e1s dispositivos conectados. Con las tecnolog\u00edas mu-mimo y ofdma se reduce la congesti\u00f3n de red y multiplica por 4 el rendimiento. \u0095    cobertura de larga alcance. Con 4 antenas de alta ganancia y la tecnolog\u00eda beamforming consigues conexiones estables y sin cortes que llegan m\u00e1s lejos. \u0095    red segura para todos tus dispositivos. Compatible con el \u00faltimo est\u00e1ndar de seguridad wpa3 proporciona una red protegida. \u0095    4 puertos gigabit. Conecta por cable a m\u00e1xima velocidad dispositivos como smart tv o videoconsolas. \u0095    ahorra energ\u00eda. La tecnolog\u00eda target wake time (twt) reduce el consumo de energ\u00eda de sus dispositivos m\u00f3viles e inteligentes. \u0095    menos interferencias wi-fi. La tecnolog\u00eda bss color reduce la interferencia de las se\u00f1ales de los vecinos y mejora la eficiencia de la red. \u0095    smart connect. El router elige de forma inteligente la mejor banda disponible para cada dispositivo, optimizando la conexi\u00f3n y el rendimiento.<\/p>\n","protected":false},"featured_media":221451,"comment_status":"open","ping_status":"open","template":"","meta":[],"product_cat":[1563,1753],"product_tag":[1562],"acf":[],"yoast_head":"<!-- This site is optimized with the Yoast SEO plugin v21.7 - https:\/\/yoast.com\/wordpress\/plugins\/seo\/ -->\n<title>[ Tp Link ] &#129351; Mr80x Router | Mercusys | Wifi 6 | Ax3000 Doble Banda,2402 Mbps (5 Ghz) + 574 Mbps (2.4 Ghz) Mu-mimo Y Ofdma | 1 Puerto Wan Gigabit + 3 Puertos Lan Gigabit<\/title>\n<meta name=\"description\" content=\"Compra Mr80x Router | Mercusys | Wifi 6 | Ax3000 Doble Banda,2402 Mbps (5 Ghz) + 574 Mbps (2.4 Ghz) Mu-mimo Y Ofdma | 1 Puerto Wan Gigabit + 3 Puertos Lan Gigabit + Env\u00edo a domicilio + Pago seguro + Garant\u00eda\" \/>\n<meta name=\"robots\" content=\"index, follow, max-snippet:-1, max-image-preview:large, max-video-preview:-1\" \/>\n<link rel=\"canonical\" href=\"https:\/\/compuviper.mx\/tienda\/producto\/tp-link-mr80x-router-mercusys-wifi-6-ax3000-doble-banda2402-mbps-5-ghz-574-mbps-2-4-ghz-mu-mimo-y-ofdma-1-puerto-wan-gigabit-3-puertos-lan-gigabit\/\" \/>\n<meta property=\"og:locale\" content=\"es_MX\" \/>\n<meta property=\"og:type\" content=\"article\" \/>\n<meta property=\"og:title\" content=\"[ Tp Link ] &#129351; Mr80x Router | Mercusys | Wifi 6 | Ax3000 Doble Banda,2402 Mbps (5 Ghz) + 574 Mbps (2.4 Ghz) Mu-mimo Y Ofdma | 1 Puerto Wan Gigabit + 3 Puertos Lan Gigabit\" \/>\n<meta property=\"og:description\" content=\"Compra Mr80x Router | Mercusys | Wifi 6 | Ax3000 Doble Banda,2402 Mbps (5 Ghz) + 574 Mbps (2.4 Ghz) Mu-mimo Y Ofdma | 1 Puerto Wan Gigabit + 3 Puertos Lan Gigabit + Env\u00edo a domicilio + Pago seguro + Garant\u00eda\" \/>\n<meta property=\"og:url\" content=\"https:\/\/compuviper.mx\/tienda\/producto\/tp-link-mr80x-router-mercusys-wifi-6-ax3000-doble-banda2402-mbps-5-ghz-574-mbps-2-4-ghz-mu-mimo-y-ofdma-1-puerto-wan-gigabit-3-puertos-lan-gigabit\/\" \/>\n<meta property=\"og:site_name\" content=\"Compuviper\" \/>\n<meta property=\"article:publisher\" content=\"https:\/\/www.facebook.com\/compuviper\" \/>\n<meta property=\"og:image\" content=\"https:\/\/compuviper.mx\/tienda\/wp-content\/uploads\/2023\/12\/Router-mercusys-wifi-6-ax3000-doble-banda2402-mbps-5-ghz-574-mbps-2.4-ghz-mu-mimo-y-ofdma-1-puerto-wan-gigabit-3-puertos-lan-gigabit.jpg\" \/>\n\t<meta property=\"og:image:width\" content=\"200\" \/>\n\t<meta property=\"og:image:height\" content=\"200\" \/>\n\t<meta property=\"og:image:type\" content=\"image\/jpeg\" \/>\n<meta name=\"twitter:card\" content=\"summary_large_image\" \/>\n<meta name=\"twitter:label1\" content=\"Precio\" \/>\n\t<meta name=\"twitter:data1\" content=\"&#36;623 con IVA\" \/>\n\t<meta name=\"twitter:label2\" content=\"Availability\" \/>\n\t<meta name=\"twitter:data2\" content=\"Out of stock\" \/>\n<script type=\"application\/ld+json\" class=\"yoast-schema-graph\">{\"@context\":\"https:\/\/schema.org\",\"@graph\":[{\"@type\":\"WebPage\",\"@id\":\"https:\/\/compuviper.mx\/tienda\/producto\/tp-link-mr80x-router-mercusys-wifi-6-ax3000-doble-banda2402-mbps-5-ghz-574-mbps-2-4-ghz-mu-mimo-y-ofdma-1-puerto-wan-gigabit-3-puertos-lan-gigabit\/\",\"url\":\"https:\/\/compuviper.mx\/tienda\/producto\/tp-link-mr80x-router-mercusys-wifi-6-ax3000-doble-banda2402-mbps-5-ghz-574-mbps-2-4-ghz-mu-mimo-y-ofdma-1-puerto-wan-gigabit-3-puertos-lan-gigabit\/\",\"name\":\"[ Tp Link ] &#129351; Mr80x Router | Mercusys | Wifi 6 | Ax3000 Doble Banda,2402 Mbps (5 Ghz) + 574 Mbps (2.4 Ghz) Mu-mimo Y Ofdma | 1 Puerto Wan Gigabit + 3 Puertos Lan Gigabit\",\"isPartOf\":{\"@id\":\"https:\/\/compuviper.mx\/tienda\/#website\"},\"datePublished\":\"2026-04-18T07:11:10+00:00\",\"dateModified\":\"2026-04-18T07:11:10+00:00\",\"description\":\"Compra Mr80x Router | Mercusys | Wifi 6 | Ax3000 Doble Banda,2402 Mbps (5 Ghz) + 574 Mbps (2.4 Ghz) Mu-mimo Y Ofdma | 1 Puerto Wan Gigabit + 3 Puertos Lan Gigabit + Env\u00edo a domicilio + Pago seguro + Garant\u00eda\",\"breadcrumb\":{\"@id\":\"https:\/\/compuviper.mx\/tienda\/producto\/tp-link-mr80x-router-mercusys-wifi-6-ax3000-doble-banda2402-mbps-5-ghz-574-mbps-2-4-ghz-mu-mimo-y-ofdma-1-puerto-wan-gigabit-3-puertos-lan-gigabit\/#breadcrumb\"},\"inLanguage\":\"es-MX\",\"potentialAction\":[{\"@type\":\"ReadAction\",\"target\":[\"https:\/\/compuviper.mx\/tienda\/producto\/tp-link-mr80x-router-mercusys-wifi-6-ax3000-doble-banda2402-mbps-5-ghz-574-mbps-2-4-ghz-mu-mimo-y-ofdma-1-puerto-wan-gigabit-3-puertos-lan-gigabit\/\"]}]},{\"@type\":\"BreadcrumbList\",\"@id\":\"https:\/\/compuviper.mx\/tienda\/producto\/tp-link-mr80x-router-mercusys-wifi-6-ax3000-doble-banda2402-mbps-5-ghz-574-mbps-2-4-ghz-mu-mimo-y-ofdma-1-puerto-wan-gigabit-3-puertos-lan-gigabit\/#breadcrumb\",\"itemListElement\":[{\"@type\":\"ListItem\",\"position\":1,\"name\":\"Inicio\",\"item\":\"https:\/\/compuviper.mx\/tienda\/\"},{\"@type\":\"ListItem\",\"position\":2,\"name\":\"Productos\",\"item\":\"https:\/\/compuviper.mx\/tienda\/productos\/\"},{\"@type\":\"ListItem\",\"position\":3,\"name\":\"Redes\",\"item\":\"https:\/\/compuviper.mx\/tienda\/categoria-producto\/redes\/\"},{\"@type\":\"ListItem\",\"position\":4,\"name\":\"Router\",\"item\":\"https:\/\/compuviper.mx\/tienda\/categoria-producto\/redes\/router\/\"},{\"@type\":\"ListItem\",\"position\":5,\"name\":\"Tp Link Mr80x Router | Mercusys | Wifi 6 | Ax3000 Doble Banda,2402 Mbps (5 Ghz) + 574 Mbps (2.4 Ghz) Mu-mimo Y Ofdma | 1 Puerto Wan Gigabit + 3 Puertos Lan Gigabit\"}]},{\"@type\":\"WebSite\",\"@id\":\"https:\/\/compuviper.mx\/tienda\/#website\",\"url\":\"https:\/\/compuviper.mx\/tienda\/\",\"name\":\"Compuviper\",\"description\":\"Proveedor de Computadoras, Laptops, Servidores, Monitores, Puntos de Venta, Teclados,   Impresoras, T\u00f3ner, C\u00e1maras de Seguridad y m\u00e1s en tu tienda en l\u00ednea\",\"publisher\":{\"@id\":\"https:\/\/compuviper.mx\/tienda\/#organization\"},\"potentialAction\":[{\"@type\":\"SearchAction\",\"target\":{\"@type\":\"EntryPoint\",\"urlTemplate\":\"https:\/\/compuviper.mx\/tienda\/?s={search_term_string}\"},\"query-input\":\"required name=search_term_string\"}],\"inLanguage\":\"es-MX\"},{\"@type\":\"Organization\",\"@id\":\"https:\/\/compuviper.mx\/tienda\/#organization\",\"name\":\"Compuviper\",\"url\":\"https:\/\/compuviper.mx\/tienda\/\",\"logo\":{\"@type\":\"ImageObject\",\"inLanguage\":\"es-MX\",\"@id\":\"https:\/\/compuviper.mx\/tienda\/#\/schema\/logo\/image\/\",\"url\":\"https:\/\/compuviper.mx\/tienda\/wp-content\/uploads\/2021\/08\/Logo-Compuviper-10.png\",\"contentUrl\":\"https:\/\/compuviper.mx\/tienda\/wp-content\/uploads\/2021\/08\/Logo-Compuviper-10.png\",\"width\":1000,\"height\":500,\"caption\":\"Compuviper\"},\"image\":{\"@id\":\"https:\/\/compuviper.mx\/tienda\/#\/schema\/logo\/image\/\"},\"sameAs\":[\"https:\/\/www.facebook.com\/compuviper\",\"https:\/\/www.youtube.com\/channel\/UCf73dERp9Y3cfOq7q8BhLjA?view_as=subscriber\"]}]}<\/script>\n<meta property=\"product:brand\" content=\"TP LINK\" \/>\n<meta property=\"product:price:amount\" content=\"623\" \/>\n<meta property=\"product:price:currency\" content=\"MXN\" \/>\n<meta property=\"og:availability\" content=\"out of stock\" \/>\n<meta property=\"product:availability\" content=\"out of stock\" \/>\n<meta property=\"product:retailer_item_id\" content=\"MR80X\" \/>\n<meta property=\"product:condition\" content=\"new\" \/>\n<!-- \/ Yoast SEO plugin. -->","yoast_head_json":{"title":"[ Tp Link ] &#129351; Mr80x Router | Mercusys | Wifi 6 | Ax3000 Doble Banda,2402 Mbps (5 Ghz) + 574 Mbps (2.4 Ghz) Mu-mimo Y Ofdma | 1 Puerto Wan Gigabit + 3 Puertos Lan Gigabit","description":"Compra Mr80x Router | Mercusys | Wifi 6 | Ax3000 Doble Banda,2402 Mbps (5 Ghz) + 574 Mbps (2.4 Ghz) Mu-mimo Y Ofdma | 1 Puerto Wan Gigabit + 3 Puertos Lan Gigabit + Env\u00edo a domicilio + Pago seguro + Garant\u00eda","robots":{"index":"index","follow":"follow","max-snippet":"max-snippet:-1","max-image-preview":"max-image-preview:large","max-video-preview":"max-video-preview:-1"},"canonical":"https:\/\/compuviper.mx\/tienda\/producto\/tp-link-mr80x-router-mercusys-wifi-6-ax3000-doble-banda2402-mbps-5-ghz-574-mbps-2-4-ghz-mu-mimo-y-ofdma-1-puerto-wan-gigabit-3-puertos-lan-gigabit\/","og_locale":"es_MX","og_type":"article","og_title":"[ Tp Link ] &#129351; Mr80x Router | Mercusys | Wifi 6 | Ax3000 Doble Banda,2402 Mbps (5 Ghz) + 574 Mbps (2.4 Ghz) Mu-mimo Y Ofdma | 1 Puerto Wan Gigabit + 3 Puertos Lan Gigabit","og_description":"Compra Mr80x Router | Mercusys | Wifi 6 | Ax3000 Doble Banda,2402 Mbps (5 Ghz) + 574 Mbps (2.4 Ghz) Mu-mimo Y Ofdma | 1 Puerto Wan Gigabit + 3 Puertos Lan Gigabit + Env\u00edo a domicilio + Pago seguro + Garant\u00eda","og_url":"https:\/\/compuviper.mx\/tienda\/producto\/tp-link-mr80x-router-mercusys-wifi-6-ax3000-doble-banda2402-mbps-5-ghz-574-mbps-2-4-ghz-mu-mimo-y-ofdma-1-puerto-wan-gigabit-3-puertos-lan-gigabit\/","og_site_name":"Compuviper","article_publisher":"https:\/\/www.facebook.com\/compuviper","og_image":[{"width":200,"height":200,"url":"https:\/\/compuviper.mx\/tienda\/wp-content\/uploads\/2023\/12\/Router-mercusys-wifi-6-ax3000-doble-banda2402-mbps-5-ghz-574-mbps-2.4-ghz-mu-mimo-y-ofdma-1-puerto-wan-gigabit-3-puertos-lan-gigabit.jpg","type":"image\/jpeg"}],"twitter_card":"summary_large_image","twitter_misc":{"Precio":"&#36;623 con IVA","Availability":"Out of stock"},"schema":{"@context":"https:\/\/schema.org","@graph":[{"@type":"WebPage","@id":"https:\/\/compuviper.mx\/tienda\/producto\/tp-link-mr80x-router-mercusys-wifi-6-ax3000-doble-banda2402-mbps-5-ghz-574-mbps-2-4-ghz-mu-mimo-y-ofdma-1-puerto-wan-gigabit-3-puertos-lan-gigabit\/","url":"https:\/\/compuviper.mx\/tienda\/producto\/tp-link-mr80x-router-mercusys-wifi-6-ax3000-doble-banda2402-mbps-5-ghz-574-mbps-2-4-ghz-mu-mimo-y-ofdma-1-puerto-wan-gigabit-3-puertos-lan-gigabit\/","name":"[ Tp Link ] &#129351; Mr80x Router | Mercusys | Wifi 6 | Ax3000 Doble Banda,2402 Mbps (5 Ghz) + 574 Mbps (2.4 Ghz) Mu-mimo Y Ofdma | 1 Puerto Wan Gigabit + 3 Puertos Lan Gigabit","isPartOf":{"@id":"https:\/\/compuviper.mx\/tienda\/#website"},"datePublished":"2026-04-18T07:11:10+00:00","dateModified":"2026-04-18T07:11:10+00:00","description":"Compra Mr80x Router | Mercusys | Wifi 6 | Ax3000 Doble Banda,2402 Mbps (5 Ghz) + 574 Mbps (2.4 Ghz) Mu-mimo Y Ofdma | 1 Puerto Wan Gigabit + 3 Puertos Lan Gigabit + Env\u00edo a domicilio + Pago seguro + Garant\u00eda","breadcrumb":{"@id":"https:\/\/compuviper.mx\/tienda\/producto\/tp-link-mr80x-router-mercusys-wifi-6-ax3000-doble-banda2402-mbps-5-ghz-574-mbps-2-4-ghz-mu-mimo-y-ofdma-1-puerto-wan-gigabit-3-puertos-lan-gigabit\/#breadcrumb"},"inLanguage":"es-MX","potentialAction":[{"@type":"ReadAction","target":["https:\/\/compuviper.mx\/tienda\/producto\/tp-link-mr80x-router-mercusys-wifi-6-ax3000-doble-banda2402-mbps-5-ghz-574-mbps-2-4-ghz-mu-mimo-y-ofdma-1-puerto-wan-gigabit-3-puertos-lan-gigabit\/"]}]},{"@type":"BreadcrumbList","@id":"https:\/\/compuviper.mx\/tienda\/producto\/tp-link-mr80x-router-mercusys-wifi-6-ax3000-doble-banda2402-mbps-5-ghz-574-mbps-2-4-ghz-mu-mimo-y-ofdma-1-puerto-wan-gigabit-3-puertos-lan-gigabit\/#breadcrumb","itemListElement":[{"@type":"ListItem","position":1,"name":"Inicio","item":"https:\/\/compuviper.mx\/tienda\/"},{"@type":"ListItem","position":2,"name":"Productos","item":"https:\/\/compuviper.mx\/tienda\/productos\/"},{"@type":"ListItem","position":3,"name":"Redes","item":"https:\/\/compuviper.mx\/tienda\/categoria-producto\/redes\/"},{"@type":"ListItem","position":4,"name":"Router","item":"https:\/\/compuviper.mx\/tienda\/categoria-producto\/redes\/router\/"},{"@type":"ListItem","position":5,"name":"Tp Link Mr80x Router | Mercusys | Wifi 6 | Ax3000 Doble Banda,2402 Mbps (5 Ghz) + 574 Mbps (2.4 Ghz) Mu-mimo Y Ofdma | 1 Puerto Wan Gigabit + 3 Puertos Lan Gigabit"}]},{"@type":"WebSite","@id":"https:\/\/compuviper.mx\/tienda\/#website","url":"https:\/\/compuviper.mx\/tienda\/","name":"Compuviper","description":"Proveedor de Computadoras, Laptops, Servidores, Monitores, Puntos de Venta, Teclados,   Impresoras, T\u00f3ner, C\u00e1maras de Seguridad y m\u00e1s en tu tienda en l\u00ednea","publisher":{"@id":"https:\/\/compuviper.mx\/tienda\/#organization"},"potentialAction":[{"@type":"SearchAction","target":{"@type":"EntryPoint","urlTemplate":"https:\/\/compuviper.mx\/tienda\/?s={search_term_string}"},"query-input":"required name=search_term_string"}],"inLanguage":"es-MX"},{"@type":"Organization","@id":"https:\/\/compuviper.mx\/tienda\/#organization","name":"Compuviper","url":"https:\/\/compuviper.mx\/tienda\/","logo":{"@type":"ImageObject","inLanguage":"es-MX","@id":"https:\/\/compuviper.mx\/tienda\/#\/schema\/logo\/image\/","url":"https:\/\/compuviper.mx\/tienda\/wp-content\/uploads\/2021\/08\/Logo-Compuviper-10.png","contentUrl":"https:\/\/compuviper.mx\/tienda\/wp-content\/uploads\/2021\/08\/Logo-Compuviper-10.png","width":1000,"height":500,"caption":"Compuviper"},"image":{"@id":"https:\/\/compuviper.mx\/tienda\/#\/schema\/logo\/image\/"},"sameAs":["https:\/\/www.facebook.com\/compuviper","https:\/\/www.youtube.com\/channel\/UCf73dERp9Y3cfOq7q8BhLjA?view_as=subscriber"]}]},"product_brand":"TP LINK","product_price_amount":"623","product_price_currency":"MXN","og_availability":"out of stock","product_availability":"out of stock","product_retailer_item_id":"MR80X","product_condition":"new"},"_links":{"self":[{"href":"https:\/\/compuviper.mx\/tienda\/wp-json\/wp\/v2\/product\/221450"}],"collection":[{"href":"https:\/\/compuviper.mx\/tienda\/wp-json\/wp\/v2\/product"}],"about":[{"href":"https:\/\/compuviper.mx\/tienda\/wp-json\/wp\/v2\/types\/product"}],"replies":[{"embeddable":true,"href":"https:\/\/compuviper.mx\/tienda\/wp-json\/wp\/v2\/comments?post=221450"}],"wp:featuredmedia":[{"embeddable":true,"href":"https:\/\/compuviper.mx\/tienda\/wp-json\/wp\/v2\/media\/221451"}],"wp:attachment":[{"href":"https:\/\/compuviper.mx\/tienda\/wp-json\/wp\/v2\/media?parent=221450"}],"wp:term":[{"taxonomy":"product_cat","embeddable":true,"href":"https:\/\/compuviper.mx\/tienda\/wp-json\/wp\/v2\/product_cat?post=221450"},{"taxonomy":"product_tag","embeddable":true,"href":"https:\/\/compuviper.mx\/tienda\/wp-json\/wp\/v2\/product_tag?post=221450"}],"curies":[{"name":"wp","href":"https:\/\/api.w.org\/{rel}","templated":true}]}}