{"id":221298,"date":"2026-04-18T01:10:41","date_gmt":"2026-04-18T07:10:41","guid":{"rendered":"https:\/\/compuviper.mx\/tienda\/producto\/hewlett-packard-enterprise-r4h22a-access-point-hpe-aruba-ap-577-rw-para-exteriores-11ax\/"},"modified":"2026-04-18T01:10:41","modified_gmt":"2026-04-18T07:10:41","slug":"hewlett-packard-enterprise-r4h22a-access-point-hpe-aruba-ap-577-rw-para-exteriores-11ax","status":"publish","type":"product","link":"https:\/\/compuviper.mx\/tienda\/producto\/hewlett-packard-enterprise-r4h22a-access-point-hpe-aruba-ap-577-rw-para-exteriores-11ax\/","title":{"rendered":"Hewlett Packard Enterprise R4h22a Access Point Hpe Aruba  Ap-577 (rw) Para Exteriores 11ax"},"content":{"rendered":"<table class=\"descripcion\">\n<tr>\n<td>Tipo de ap: reforzado para exteriores, wi-fi 6 de radio dual, mimo 4&#215;4 de 5 ghz y mimo 2&#215;2 de 2,4 ghz<\/td>\n<\/tr>\n<tr>\n<td>Antenas direccionales integradas de 90\u00b0h x 90\u00b0v<\/td>\n<\/tr>\n<tr>\n<td>Antenas de 5 ghz 6,3 dbi<\/td>\n<\/tr>\n<tr>\n<td>Antenas de 2,4 ghz 6,4 dbi<\/td>\n<\/tr>\n<tr>\n<td>Consumo de energ\u00eda en el peor de los casos del ap: 25,6 w<\/td>\n<\/tr>\n<tr>\n<td>Las fuentes de alimentaci\u00f3n se venden por separado<\/td>\n<\/tr>\n<tr>\n<td>Alimentaci\u00f3n a trav\u00e9s de ethernet (poe+): compatible con 802.3at<\/td>\n<\/tr>\n<tr>\n<td>Interfaces<\/td>\n<\/tr>\n<tr>\n<td>E0: puerto hpe smartrate (rj-45); velocidad de enlace de detecci\u00f3n autom\u00e1tica (100\/1000\/2500base-t) y mdi\/mdx; la velocidad de 2,5 gbps cumple con las especificaciones nbase-t y 802.3bz; poe-pd: 48 vcc (nominal) 802.3af\/at\/bt (clase 3 o superior).<\/td>\n<\/tr>\n<tr>\n<td>E1: 10\/100\/1000base-t (rj-45); velocidad de enlace de detecci\u00f3n autom\u00e1tica y mdi\/mdx, 802.3az ethernet de bajo consumo (eee); compatibilidad con link aggregation (lacp) entre ambos puertos de red para redundancia y mayor capacidad<\/td>\n<\/tr>\n<tr>\n<td>Radio bluetooth 5 y 802.15.4; bluetooth 5: hasta 8dbm de potencia de transmisi\u00f3n y -95dbm de sensibilidad de recepci\u00f3n.<\/td>\n<\/tr>\n<tr>\n<td>Potencia de transmisi\u00f3n de hasta 4 dbm (clase 2) y sensibilidad de recepci\u00f3n de -91 dbm.<\/td>\n<\/tr>\n<tr>\n<td>Indicador visual (led multicolor): para el estado del sistema y de la radio.<\/td>\n<\/tr>\n<tr>\n<td>Bot\u00f3n de reinicio: reinicio de f\u00e1brica (durante el encendido del dispositivo)<\/td>\n<\/tr>\n<tr>\n<td>Interfaz de consola usb-c<\/td>\n<\/tr>\n<\/table>\n","protected":false},"excerpt":{"rendered":"<p>Resistentes a la intemperie y resistentes a la temperatura, los puntos de acceso de la serie aruba 570 ofrecen el m\u00e1s alto rendimiento de wi-fi 6 en ubicaciones al aire libre y ambientalmente desafiantes. La serie 570 de alto rendimiento y alta potencia ofrece la m\u00e1xima capacidad y alcance. Ofrece capacidad 4&#215;4:4ss mu-mimo, clientmatch avanzado de aruba y bluetooth integrado para habilitar los servicios de ubicaci\u00f3n de aruba. Dise\u00f1ados espec\u00edficamente para sobrevivir en los entornos exteriores m\u00e1s duros, los puntos de acceso de la serie 570 soportan la exposici\u00f3n a temperaturas extremadamente altas y bajas, humedad persistente y precipitaciones, y est\u00e1n completamente sellados para evitar la entrada de contaminantes en el aire. Todas las interfaces el\u00e9ctricas incluyen protecci\u00f3n contra sobretensiones de fuerza industrial. Los puntos de acceso wi-fi 6 de aruba brindan conectividad de alto rendimiento para cualquier organizaci\u00f3n que experimente un n\u00famero creciente de requisitos de iot y movilidad. Con una tasa m\u00e1xima de datos agregados en el aire de 3 gbps (he80\/he40), brindan la velocidad y la confiabilidad necesarias para cualquier entorno.<\/p>\n","protected":false},"featured_media":221299,"comment_status":"open","ping_status":"open","template":"","meta":[],"product_cat":[1563,1754],"product_tag":[1568],"acf":[],"yoast_head":"<!-- This site is optimized with the Yoast SEO plugin v21.7 - https:\/\/yoast.com\/wordpress\/plugins\/seo\/ -->\n<title>[ Hewlett Packard Enterprise ] &#129351; R4h22a Access Point Hpe Aruba Ap-577 (rw) Para Exteriores 11ax<\/title>\n<meta name=\"description\" content=\"Compra R4h22a Access Point Hpe Aruba Ap-577 (rw) Para Exteriores 11ax + Env\u00edo a domicilio + Pago seguro + Garant\u00eda\" \/>\n<meta name=\"robots\" content=\"index, follow, max-snippet:-1, max-image-preview:large, max-video-preview:-1\" \/>\n<link rel=\"canonical\" href=\"https:\/\/compuviper.mx\/tienda\/producto\/hewlett-packard-enterprise-r4h22a-access-point-hpe-aruba-ap-577-rw-para-exteriores-11ax\/\" \/>\n<meta property=\"og:locale\" content=\"es_MX\" \/>\n<meta property=\"og:type\" content=\"article\" \/>\n<meta property=\"og:title\" content=\"[ Hewlett Packard Enterprise ] &#129351; R4h22a Access Point Hpe Aruba Ap-577 (rw) Para Exteriores 11ax\" \/>\n<meta property=\"og:description\" content=\"Compra R4h22a Access Point Hpe Aruba Ap-577 (rw) Para Exteriores 11ax + Env\u00edo a domicilio + Pago seguro + Garant\u00eda\" \/>\n<meta property=\"og:url\" content=\"https:\/\/compuviper.mx\/tienda\/producto\/hewlett-packard-enterprise-r4h22a-access-point-hpe-aruba-ap-577-rw-para-exteriores-11ax\/\" \/>\n<meta property=\"og:site_name\" content=\"Compuviper\" \/>\n<meta property=\"article:publisher\" content=\"https:\/\/www.facebook.com\/compuviper\" \/>\n<meta property=\"og:image\" content=\"https:\/\/compuviper.mx\/tienda\/wp-content\/uploads\/2023\/12\/Access-point-hpe-aruba-r4h22a-ap-577-rw-para-exteriores-11ax.jpg\" \/>\n\t<meta property=\"og:image:width\" content=\"200\" \/>\n\t<meta property=\"og:image:height\" content=\"200\" \/>\n\t<meta property=\"og:image:type\" content=\"image\/jpeg\" \/>\n<meta name=\"twitter:card\" content=\"summary_large_image\" \/>\n<meta name=\"twitter:label1\" content=\"Precio\" \/>\n\t<meta name=\"twitter:data1\" content=\"&#36;40,385 con IVA\" \/>\n\t<meta name=\"twitter:label2\" content=\"Availability\" \/>\n\t<meta name=\"twitter:data2\" content=\"Out of stock\" \/>\n<script type=\"application\/ld+json\" class=\"yoast-schema-graph\">{\"@context\":\"https:\/\/schema.org\",\"@graph\":[{\"@type\":\"WebPage\",\"@id\":\"https:\/\/compuviper.mx\/tienda\/producto\/hewlett-packard-enterprise-r4h22a-access-point-hpe-aruba-ap-577-rw-para-exteriores-11ax\/\",\"url\":\"https:\/\/compuviper.mx\/tienda\/producto\/hewlett-packard-enterprise-r4h22a-access-point-hpe-aruba-ap-577-rw-para-exteriores-11ax\/\",\"name\":\"[ Hewlett Packard Enterprise ] &#129351; R4h22a Access Point Hpe Aruba Ap-577 (rw) Para Exteriores 11ax\",\"isPartOf\":{\"@id\":\"https:\/\/compuviper.mx\/tienda\/#website\"},\"datePublished\":\"2026-04-18T07:10:41+00:00\",\"dateModified\":\"2026-04-18T07:10:41+00:00\",\"description\":\"Compra R4h22a Access Point Hpe Aruba Ap-577 (rw) Para Exteriores 11ax + Env\u00edo a domicilio + Pago seguro + Garant\u00eda\",\"breadcrumb\":{\"@id\":\"https:\/\/compuviper.mx\/tienda\/producto\/hewlett-packard-enterprise-r4h22a-access-point-hpe-aruba-ap-577-rw-para-exteriores-11ax\/#breadcrumb\"},\"inLanguage\":\"es-MX\",\"potentialAction\":[{\"@type\":\"ReadAction\",\"target\":[\"https:\/\/compuviper.mx\/tienda\/producto\/hewlett-packard-enterprise-r4h22a-access-point-hpe-aruba-ap-577-rw-para-exteriores-11ax\/\"]}]},{\"@type\":\"BreadcrumbList\",\"@id\":\"https:\/\/compuviper.mx\/tienda\/producto\/hewlett-packard-enterprise-r4h22a-access-point-hpe-aruba-ap-577-rw-para-exteriores-11ax\/#breadcrumb\",\"itemListElement\":[{\"@type\":\"ListItem\",\"position\":1,\"name\":\"Inicio\",\"item\":\"https:\/\/compuviper.mx\/tienda\/\"},{\"@type\":\"ListItem\",\"position\":2,\"name\":\"Productos\",\"item\":\"https:\/\/compuviper.mx\/tienda\/productos\/\"},{\"@type\":\"ListItem\",\"position\":3,\"name\":\"Redes\",\"item\":\"https:\/\/compuviper.mx\/tienda\/categoria-producto\/redes\/\"},{\"@type\":\"ListItem\",\"position\":4,\"name\":\"Access Point\",\"item\":\"https:\/\/compuviper.mx\/tienda\/categoria-producto\/redes\/access-point\/\"},{\"@type\":\"ListItem\",\"position\":5,\"name\":\"Hewlett Packard Enterprise R4h22a Access Point Hpe Aruba Ap-577 (rw) Para Exteriores 11ax\"}]},{\"@type\":\"WebSite\",\"@id\":\"https:\/\/compuviper.mx\/tienda\/#website\",\"url\":\"https:\/\/compuviper.mx\/tienda\/\",\"name\":\"Compuviper\",\"description\":\"Proveedor de Computadoras, Laptops, Servidores, Monitores, Puntos de Venta, Teclados,   Impresoras, T\u00f3ner, C\u00e1maras de Seguridad y m\u00e1s en tu tienda en l\u00ednea\",\"publisher\":{\"@id\":\"https:\/\/compuviper.mx\/tienda\/#organization\"},\"potentialAction\":[{\"@type\":\"SearchAction\",\"target\":{\"@type\":\"EntryPoint\",\"urlTemplate\":\"https:\/\/compuviper.mx\/tienda\/?s={search_term_string}\"},\"query-input\":\"required name=search_term_string\"}],\"inLanguage\":\"es-MX\"},{\"@type\":\"Organization\",\"@id\":\"https:\/\/compuviper.mx\/tienda\/#organization\",\"name\":\"Compuviper\",\"url\":\"https:\/\/compuviper.mx\/tienda\/\",\"logo\":{\"@type\":\"ImageObject\",\"inLanguage\":\"es-MX\",\"@id\":\"https:\/\/compuviper.mx\/tienda\/#\/schema\/logo\/image\/\",\"url\":\"https:\/\/compuviper.mx\/tienda\/wp-content\/uploads\/2021\/08\/Logo-Compuviper-10.png\",\"contentUrl\":\"https:\/\/compuviper.mx\/tienda\/wp-content\/uploads\/2021\/08\/Logo-Compuviper-10.png\",\"width\":1000,\"height\":500,\"caption\":\"Compuviper\"},\"image\":{\"@id\":\"https:\/\/compuviper.mx\/tienda\/#\/schema\/logo\/image\/\"},\"sameAs\":[\"https:\/\/www.facebook.com\/compuviper\",\"https:\/\/www.youtube.com\/channel\/UCf73dERp9Y3cfOq7q8BhLjA?view_as=subscriber\"]}]}<\/script>\n<meta property=\"product:brand\" content=\"HEWLETT PACKARD ENTERPRISE\" \/>\n<meta property=\"product:price:amount\" content=\"40385\" \/>\n<meta property=\"product:price:currency\" content=\"MXN\" \/>\n<meta property=\"og:availability\" content=\"out of stock\" \/>\n<meta property=\"product:availability\" content=\"out of stock\" \/>\n<meta property=\"product:retailer_item_id\" content=\"R4H22A\" \/>\n<meta property=\"product:condition\" content=\"new\" \/>\n<!-- \/ Yoast SEO plugin. -->","yoast_head_json":{"title":"[ Hewlett Packard Enterprise ] &#129351; R4h22a Access Point Hpe Aruba Ap-577 (rw) Para Exteriores 11ax","description":"Compra R4h22a Access Point Hpe Aruba Ap-577 (rw) Para Exteriores 11ax + Env\u00edo a domicilio + Pago seguro + Garant\u00eda","robots":{"index":"index","follow":"follow","max-snippet":"max-snippet:-1","max-image-preview":"max-image-preview:large","max-video-preview":"max-video-preview:-1"},"canonical":"https:\/\/compuviper.mx\/tienda\/producto\/hewlett-packard-enterprise-r4h22a-access-point-hpe-aruba-ap-577-rw-para-exteriores-11ax\/","og_locale":"es_MX","og_type":"article","og_title":"[ Hewlett Packard Enterprise ] &#129351; R4h22a Access Point Hpe Aruba Ap-577 (rw) Para Exteriores 11ax","og_description":"Compra R4h22a Access Point Hpe Aruba Ap-577 (rw) Para Exteriores 11ax + Env\u00edo a domicilio + Pago seguro + Garant\u00eda","og_url":"https:\/\/compuviper.mx\/tienda\/producto\/hewlett-packard-enterprise-r4h22a-access-point-hpe-aruba-ap-577-rw-para-exteriores-11ax\/","og_site_name":"Compuviper","article_publisher":"https:\/\/www.facebook.com\/compuviper","og_image":[{"width":200,"height":200,"url":"https:\/\/compuviper.mx\/tienda\/wp-content\/uploads\/2023\/12\/Access-point-hpe-aruba-r4h22a-ap-577-rw-para-exteriores-11ax.jpg","type":"image\/jpeg"}],"twitter_card":"summary_large_image","twitter_misc":{"Precio":"&#36;40,385 con IVA","Availability":"Out of stock"},"schema":{"@context":"https:\/\/schema.org","@graph":[{"@type":"WebPage","@id":"https:\/\/compuviper.mx\/tienda\/producto\/hewlett-packard-enterprise-r4h22a-access-point-hpe-aruba-ap-577-rw-para-exteriores-11ax\/","url":"https:\/\/compuviper.mx\/tienda\/producto\/hewlett-packard-enterprise-r4h22a-access-point-hpe-aruba-ap-577-rw-para-exteriores-11ax\/","name":"[ Hewlett Packard Enterprise ] &#129351; R4h22a Access Point Hpe Aruba Ap-577 (rw) Para Exteriores 11ax","isPartOf":{"@id":"https:\/\/compuviper.mx\/tienda\/#website"},"datePublished":"2026-04-18T07:10:41+00:00","dateModified":"2026-04-18T07:10:41+00:00","description":"Compra R4h22a Access Point Hpe Aruba Ap-577 (rw) Para Exteriores 11ax + Env\u00edo a domicilio + Pago seguro + Garant\u00eda","breadcrumb":{"@id":"https:\/\/compuviper.mx\/tienda\/producto\/hewlett-packard-enterprise-r4h22a-access-point-hpe-aruba-ap-577-rw-para-exteriores-11ax\/#breadcrumb"},"inLanguage":"es-MX","potentialAction":[{"@type":"ReadAction","target":["https:\/\/compuviper.mx\/tienda\/producto\/hewlett-packard-enterprise-r4h22a-access-point-hpe-aruba-ap-577-rw-para-exteriores-11ax\/"]}]},{"@type":"BreadcrumbList","@id":"https:\/\/compuviper.mx\/tienda\/producto\/hewlett-packard-enterprise-r4h22a-access-point-hpe-aruba-ap-577-rw-para-exteriores-11ax\/#breadcrumb","itemListElement":[{"@type":"ListItem","position":1,"name":"Inicio","item":"https:\/\/compuviper.mx\/tienda\/"},{"@type":"ListItem","position":2,"name":"Productos","item":"https:\/\/compuviper.mx\/tienda\/productos\/"},{"@type":"ListItem","position":3,"name":"Redes","item":"https:\/\/compuviper.mx\/tienda\/categoria-producto\/redes\/"},{"@type":"ListItem","position":4,"name":"Access Point","item":"https:\/\/compuviper.mx\/tienda\/categoria-producto\/redes\/access-point\/"},{"@type":"ListItem","position":5,"name":"Hewlett Packard Enterprise R4h22a Access Point Hpe Aruba Ap-577 (rw) Para Exteriores 11ax"}]},{"@type":"WebSite","@id":"https:\/\/compuviper.mx\/tienda\/#website","url":"https:\/\/compuviper.mx\/tienda\/","name":"Compuviper","description":"Proveedor de Computadoras, Laptops, Servidores, Monitores, Puntos de Venta, Teclados,   Impresoras, T\u00f3ner, C\u00e1maras de Seguridad y m\u00e1s en tu tienda en l\u00ednea","publisher":{"@id":"https:\/\/compuviper.mx\/tienda\/#organization"},"potentialAction":[{"@type":"SearchAction","target":{"@type":"EntryPoint","urlTemplate":"https:\/\/compuviper.mx\/tienda\/?s={search_term_string}"},"query-input":"required name=search_term_string"}],"inLanguage":"es-MX"},{"@type":"Organization","@id":"https:\/\/compuviper.mx\/tienda\/#organization","name":"Compuviper","url":"https:\/\/compuviper.mx\/tienda\/","logo":{"@type":"ImageObject","inLanguage":"es-MX","@id":"https:\/\/compuviper.mx\/tienda\/#\/schema\/logo\/image\/","url":"https:\/\/compuviper.mx\/tienda\/wp-content\/uploads\/2021\/08\/Logo-Compuviper-10.png","contentUrl":"https:\/\/compuviper.mx\/tienda\/wp-content\/uploads\/2021\/08\/Logo-Compuviper-10.png","width":1000,"height":500,"caption":"Compuviper"},"image":{"@id":"https:\/\/compuviper.mx\/tienda\/#\/schema\/logo\/image\/"},"sameAs":["https:\/\/www.facebook.com\/compuviper","https:\/\/www.youtube.com\/channel\/UCf73dERp9Y3cfOq7q8BhLjA?view_as=subscriber"]}]},"product_brand":"HEWLETT PACKARD ENTERPRISE","product_price_amount":"40385","product_price_currency":"MXN","og_availability":"out of stock","product_availability":"out of stock","product_retailer_item_id":"R4H22A","product_condition":"new"},"_links":{"self":[{"href":"https:\/\/compuviper.mx\/tienda\/wp-json\/wp\/v2\/product\/221298"}],"collection":[{"href":"https:\/\/compuviper.mx\/tienda\/wp-json\/wp\/v2\/product"}],"about":[{"href":"https:\/\/compuviper.mx\/tienda\/wp-json\/wp\/v2\/types\/product"}],"replies":[{"embeddable":true,"href":"https:\/\/compuviper.mx\/tienda\/wp-json\/wp\/v2\/comments?post=221298"}],"wp:featuredmedia":[{"embeddable":true,"href":"https:\/\/compuviper.mx\/tienda\/wp-json\/wp\/v2\/media\/221299"}],"wp:attachment":[{"href":"https:\/\/compuviper.mx\/tienda\/wp-json\/wp\/v2\/media?parent=221298"}],"wp:term":[{"taxonomy":"product_cat","embeddable":true,"href":"https:\/\/compuviper.mx\/tienda\/wp-json\/wp\/v2\/product_cat?post=221298"},{"taxonomy":"product_tag","embeddable":true,"href":"https:\/\/compuviper.mx\/tienda\/wp-json\/wp\/v2\/product_tag?post=221298"}],"curies":[{"name":"wp","href":"https:\/\/api.w.org\/{rel}","templated":true}]}}