{"id":221296,"date":"2026-04-18T01:10:40","date_gmt":"2026-04-18T07:10:40","guid":{"rendered":"https:\/\/compuviper.mx\/tienda\/producto\/hewlett-packard-enterprise-jl661a-switch-hpe-aruba-6300m-48-puertos-rj45-10-100-1000-poe-y-4-sfp56\/"},"modified":"2026-04-18T01:10:41","modified_gmt":"2026-04-18T07:10:41","slug":"hewlett-packard-enterprise-jl661a-switch-hpe-aruba-6300m-48-puertos-rj45-10-100-1000-poe-y-4-sfp56","status":"publish","type":"product","link":"https:\/\/compuviper.mx\/tienda\/producto\/hewlett-packard-enterprise-jl661a-switch-hpe-aruba-6300m-48-puertos-rj45-10-100-1000-poe-y-4-sfp56\/","title":{"rendered":"Hewlett Packard Enterprise Jl661a Switch Hpe Aruba  6300m 48 Puertos Rj45 10\/100\/1000 Poe Y 4 Sfp56"},"content":{"rendered":"<table class=\"descripcion\">\n<tr>\n<td>Puertos:<\/td>\n<\/tr>\n<tr>\n<td>48 puertos 10\/100\/1000 base-t poe+ que admiten hasta 30 w por puerto<\/td>\n<\/tr>\n<tr>\n<td>4 puertos sfp 1g\/10g\/25g<\/td>\n<\/tr>\n<tr>\n<td>Performance<\/td>\n<\/tr>\n<tr>\n<td>System switching capacity: 880 gbps<\/td>\n<\/tr>\n<tr>\n<td>System throughput capacity: 660 mpps<\/td>\n<\/tr>\n<tr>\n<td>Model switching capacity: 496 gbps<\/td>\n<\/tr>\n<tr>\n<td>Model throughput capacity: 369 mpps<\/td>\n<\/tr>\n<\/table>\n","protected":false},"excerpt":{"rendered":"<p>La serie de conmutadores aruba cx 6300 es una familia moderna, flexible e inteligente de conmutadores apilables ideales para implementaciones de acceso a redes empresariales, agregaci\u00f3n, n\u00facleo y centros de datos en la parte superior del bastidor (tor). Creados para una eficiencia operativa innovadora con seguridad y resiliencia integradas, los conmutadores 6300 proporcionan la base para redes de alto rendimiento compatibles con aplicaciones iot, m\u00f3viles y en la nube. Construidos desde cero con una combinaci\u00f3n de hardware, software y herramientas de an\u00e1lisis y automatizaci\u00f3n de \u00faltima generaci\u00f3n, los switches apilables 6300 forman parte de la cartera de switches aruba cx, dise\u00f1ados para las redes de centros de datos, sucursales y campus empresariales actuales. Al combinar un sistema operativo moderno y completamente programable con el motor de an\u00e1lisis de red de aruba, los switches 6300 brindan capacidades de monitoreo y resoluci\u00f3n de problemas l\u00edderes en la industria para la capa de acceso. Una potente arquitectura aruba gen7 asic ofrece rendimiento y un s\u00f3lido soporte de funciones con una capacidad de programaci\u00f3n flexible para las aplicaciones del ma\u00f1ana. El marco de apilamiento virtual (vsf) de aruba permite el apilamiento de hasta 10 conmutadores, lo que brinda escalabilidad y administraci\u00f3n simplificada. Esta serie flexible tiene enlaces ascendentes de 1 gbe\/10 gbe\/25 gbe1 de velocidad de cable incorporados y es compatible con poe de alta potencia ieee 802.3bt de alta densidad. Hpe smart rate multi-gigabit ethernet allana el camino para puntos de acceso de alta velocidad y dispositivos iot al brindar conectividad r\u00e1pida y poe de alta potencia utilizando el cableado existente. Los modelos modulares ofrecen redundancia y personalizaci\u00f3n poe con fuentes de alimentaci\u00f3n y ventiladores intercambiables en caliente. Flujo de aire de atr\u00e1s hacia adelante disponible en el paquete de conmutadores para implementaciones de centros de datos de administraci\u00f3n fuera de banda (oobm) y de pasillo caliente-fr\u00edo en la parte superior del rack (tor). La segmentaci\u00f3n din\u00e1mica de aruba ampl\u00eda la capacidad b\u00e1sica de pol\u00edticas inal\u00e1mbricas basadas en funciones de aruba a los conmutadores cableados de aruba. Lo que esto significa es que se puede disfrutar de la misma seguridad, experiencia de usuario y administraci\u00f3n de ti simplificada en toda la red. Independientemente de c\u00f3mo se conecten los usuarios y los dispositivos iot, se aplican pol\u00edticas coherentes en las redes cableadas e inal\u00e1mbricas, lo que mantiene el tr\u00e1fico seguro y separado.<\/p>\n","protected":false},"featured_media":221297,"comment_status":"open","ping_status":"open","template":"","meta":[],"product_cat":[1563,1564],"product_tag":[1568],"acf":[],"yoast_head":"<!-- This site is optimized with the Yoast SEO plugin v21.7 - https:\/\/yoast.com\/wordpress\/plugins\/seo\/ -->\n<title>[ Hewlett Packard Enterprise ] &#129351; Jl661a Switch Hpe Aruba 6300m 48 Puertos Rj45 10\/100\/1000 Poe Y 4 Sfp56<\/title>\n<meta name=\"description\" content=\"Compra Jl661a Switch Hpe Aruba 6300m 48 Puertos Rj45 10\/100\/1000 Poe Y 4 Sfp56 + Env\u00edo a domicilio + Pago seguro + Garant\u00eda\" \/>\n<meta name=\"robots\" content=\"index, follow, max-snippet:-1, max-image-preview:large, max-video-preview:-1\" \/>\n<link rel=\"canonical\" href=\"https:\/\/compuviper.mx\/tienda\/producto\/hewlett-packard-enterprise-jl661a-switch-hpe-aruba-6300m-48-puertos-rj45-10-100-1000-poe-y-4-sfp56\/\" \/>\n<meta property=\"og:locale\" content=\"es_MX\" \/>\n<meta property=\"og:type\" content=\"article\" \/>\n<meta property=\"og:title\" content=\"[ Hewlett Packard Enterprise ] &#129351; Jl661a Switch Hpe Aruba 6300m 48 Puertos Rj45 10\/100\/1000 Poe Y 4 Sfp56\" \/>\n<meta property=\"og:description\" content=\"Compra Jl661a Switch Hpe Aruba 6300m 48 Puertos Rj45 10\/100\/1000 Poe Y 4 Sfp56 + Env\u00edo a domicilio + Pago seguro + Garant\u00eda\" \/>\n<meta property=\"og:url\" content=\"https:\/\/compuviper.mx\/tienda\/producto\/hewlett-packard-enterprise-jl661a-switch-hpe-aruba-6300m-48-puertos-rj45-10-100-1000-poe-y-4-sfp56\/\" \/>\n<meta property=\"og:site_name\" content=\"Compuviper\" \/>\n<meta property=\"article:publisher\" content=\"https:\/\/www.facebook.com\/compuviper\" \/>\n<meta property=\"article:modified_time\" content=\"2026-04-18T07:10:41+00:00\" \/>\n<meta property=\"og:image\" content=\"https:\/\/compuviper.mx\/tienda\/wp-content\/uploads\/2023\/12\/Switch-hpe-aruba-jl661a-6300m-48-puertos-rj45-101001000-poe-y-4-sfp56.jpg\" \/>\n\t<meta property=\"og:image:width\" content=\"200\" \/>\n\t<meta property=\"og:image:height\" content=\"200\" \/>\n\t<meta property=\"og:image:type\" content=\"image\/jpeg\" \/>\n<meta name=\"twitter:card\" content=\"summary_large_image\" \/>\n<meta name=\"twitter:label1\" content=\"Precio\" \/>\n\t<meta name=\"twitter:data1\" content=\"&#36;217,827 con IVA\" \/>\n\t<meta name=\"twitter:label2\" content=\"Availability\" \/>\n\t<meta name=\"twitter:data2\" content=\"On backorder\" \/>\n<script type=\"application\/ld+json\" class=\"yoast-schema-graph\">{\"@context\":\"https:\/\/schema.org\",\"@graph\":[{\"@type\":\"WebPage\",\"@id\":\"https:\/\/compuviper.mx\/tienda\/producto\/hewlett-packard-enterprise-jl661a-switch-hpe-aruba-6300m-48-puertos-rj45-10-100-1000-poe-y-4-sfp56\/\",\"url\":\"https:\/\/compuviper.mx\/tienda\/producto\/hewlett-packard-enterprise-jl661a-switch-hpe-aruba-6300m-48-puertos-rj45-10-100-1000-poe-y-4-sfp56\/\",\"name\":\"[ Hewlett Packard Enterprise ] &#129351; Jl661a Switch Hpe Aruba 6300m 48 Puertos Rj45 10\/100\/1000 Poe Y 4 Sfp56\",\"isPartOf\":{\"@id\":\"https:\/\/compuviper.mx\/tienda\/#website\"},\"datePublished\":\"2026-04-18T07:10:40+00:00\",\"dateModified\":\"2026-04-18T07:10:41+00:00\",\"description\":\"Compra Jl661a Switch Hpe Aruba 6300m 48 Puertos Rj45 10\/100\/1000 Poe Y 4 Sfp56 + Env\u00edo a domicilio + Pago seguro + Garant\u00eda\",\"breadcrumb\":{\"@id\":\"https:\/\/compuviper.mx\/tienda\/producto\/hewlett-packard-enterprise-jl661a-switch-hpe-aruba-6300m-48-puertos-rj45-10-100-1000-poe-y-4-sfp56\/#breadcrumb\"},\"inLanguage\":\"es-MX\",\"potentialAction\":[{\"@type\":\"ReadAction\",\"target\":[\"https:\/\/compuviper.mx\/tienda\/producto\/hewlett-packard-enterprise-jl661a-switch-hpe-aruba-6300m-48-puertos-rj45-10-100-1000-poe-y-4-sfp56\/\"]}]},{\"@type\":\"BreadcrumbList\",\"@id\":\"https:\/\/compuviper.mx\/tienda\/producto\/hewlett-packard-enterprise-jl661a-switch-hpe-aruba-6300m-48-puertos-rj45-10-100-1000-poe-y-4-sfp56\/#breadcrumb\",\"itemListElement\":[{\"@type\":\"ListItem\",\"position\":1,\"name\":\"Inicio\",\"item\":\"https:\/\/compuviper.mx\/tienda\/\"},{\"@type\":\"ListItem\",\"position\":2,\"name\":\"Productos\",\"item\":\"https:\/\/compuviper.mx\/tienda\/productos\/\"},{\"@type\":\"ListItem\",\"position\":3,\"name\":\"Redes\",\"item\":\"https:\/\/compuviper.mx\/tienda\/categoria-producto\/redes\/\"},{\"@type\":\"ListItem\",\"position\":4,\"name\":\"Switch\",\"item\":\"https:\/\/compuviper.mx\/tienda\/categoria-producto\/redes\/switch\/\"},{\"@type\":\"ListItem\",\"position\":5,\"name\":\"Hewlett Packard Enterprise Jl661a Switch Hpe Aruba 6300m 48 Puertos Rj45 10\/100\/1000 Poe Y 4 Sfp56\"}]},{\"@type\":\"WebSite\",\"@id\":\"https:\/\/compuviper.mx\/tienda\/#website\",\"url\":\"https:\/\/compuviper.mx\/tienda\/\",\"name\":\"Compuviper\",\"description\":\"Proveedor de Computadoras, Laptops, Servidores, Monitores, Puntos de Venta, Teclados,   Impresoras, T\u00f3ner, C\u00e1maras de Seguridad y m\u00e1s en tu tienda en l\u00ednea\",\"publisher\":{\"@id\":\"https:\/\/compuviper.mx\/tienda\/#organization\"},\"potentialAction\":[{\"@type\":\"SearchAction\",\"target\":{\"@type\":\"EntryPoint\",\"urlTemplate\":\"https:\/\/compuviper.mx\/tienda\/?s={search_term_string}\"},\"query-input\":\"required name=search_term_string\"}],\"inLanguage\":\"es-MX\"},{\"@type\":\"Organization\",\"@id\":\"https:\/\/compuviper.mx\/tienda\/#organization\",\"name\":\"Compuviper\",\"url\":\"https:\/\/compuviper.mx\/tienda\/\",\"logo\":{\"@type\":\"ImageObject\",\"inLanguage\":\"es-MX\",\"@id\":\"https:\/\/compuviper.mx\/tienda\/#\/schema\/logo\/image\/\",\"url\":\"https:\/\/compuviper.mx\/tienda\/wp-content\/uploads\/2021\/08\/Logo-Compuviper-10.png\",\"contentUrl\":\"https:\/\/compuviper.mx\/tienda\/wp-content\/uploads\/2021\/08\/Logo-Compuviper-10.png\",\"width\":1000,\"height\":500,\"caption\":\"Compuviper\"},\"image\":{\"@id\":\"https:\/\/compuviper.mx\/tienda\/#\/schema\/logo\/image\/\"},\"sameAs\":[\"https:\/\/www.facebook.com\/compuviper\",\"https:\/\/www.youtube.com\/channel\/UCf73dERp9Y3cfOq7q8BhLjA?view_as=subscriber\"]}]}<\/script>\n<meta property=\"product:brand\" content=\"HEWLETT PACKARD ENTERPRISE\" \/>\n<meta property=\"product:price:amount\" content=\"217827\" \/>\n<meta property=\"product:price:currency\" content=\"MXN\" \/>\n<meta property=\"og:availability\" content=\"backorder\" \/>\n<meta property=\"product:availability\" content=\"available for order\" \/>\n<meta property=\"product:retailer_item_id\" content=\"JL661A\" \/>\n<meta property=\"product:condition\" content=\"new\" \/>\n<!-- \/ Yoast SEO plugin. -->","yoast_head_json":{"title":"[ Hewlett Packard Enterprise ] &#129351; Jl661a Switch Hpe Aruba 6300m 48 Puertos Rj45 10\/100\/1000 Poe Y 4 Sfp56","description":"Compra Jl661a Switch Hpe Aruba 6300m 48 Puertos Rj45 10\/100\/1000 Poe Y 4 Sfp56 + Env\u00edo a domicilio + Pago seguro + Garant\u00eda","robots":{"index":"index","follow":"follow","max-snippet":"max-snippet:-1","max-image-preview":"max-image-preview:large","max-video-preview":"max-video-preview:-1"},"canonical":"https:\/\/compuviper.mx\/tienda\/producto\/hewlett-packard-enterprise-jl661a-switch-hpe-aruba-6300m-48-puertos-rj45-10-100-1000-poe-y-4-sfp56\/","og_locale":"es_MX","og_type":"article","og_title":"[ Hewlett Packard Enterprise ] &#129351; Jl661a Switch Hpe Aruba 6300m 48 Puertos Rj45 10\/100\/1000 Poe Y 4 Sfp56","og_description":"Compra Jl661a Switch Hpe Aruba 6300m 48 Puertos Rj45 10\/100\/1000 Poe Y 4 Sfp56 + Env\u00edo a domicilio + Pago seguro + Garant\u00eda","og_url":"https:\/\/compuviper.mx\/tienda\/producto\/hewlett-packard-enterprise-jl661a-switch-hpe-aruba-6300m-48-puertos-rj45-10-100-1000-poe-y-4-sfp56\/","og_site_name":"Compuviper","article_publisher":"https:\/\/www.facebook.com\/compuviper","article_modified_time":"2026-04-18T07:10:41+00:00","og_image":[{"width":200,"height":200,"url":"https:\/\/compuviper.mx\/tienda\/wp-content\/uploads\/2023\/12\/Switch-hpe-aruba-jl661a-6300m-48-puertos-rj45-101001000-poe-y-4-sfp56.jpg","type":"image\/jpeg"}],"twitter_card":"summary_large_image","twitter_misc":{"Precio":"&#36;217,827 con IVA","Availability":"On backorder"},"schema":{"@context":"https:\/\/schema.org","@graph":[{"@type":"WebPage","@id":"https:\/\/compuviper.mx\/tienda\/producto\/hewlett-packard-enterprise-jl661a-switch-hpe-aruba-6300m-48-puertos-rj45-10-100-1000-poe-y-4-sfp56\/","url":"https:\/\/compuviper.mx\/tienda\/producto\/hewlett-packard-enterprise-jl661a-switch-hpe-aruba-6300m-48-puertos-rj45-10-100-1000-poe-y-4-sfp56\/","name":"[ Hewlett Packard Enterprise ] &#129351; Jl661a Switch Hpe Aruba 6300m 48 Puertos Rj45 10\/100\/1000 Poe Y 4 Sfp56","isPartOf":{"@id":"https:\/\/compuviper.mx\/tienda\/#website"},"datePublished":"2026-04-18T07:10:40+00:00","dateModified":"2026-04-18T07:10:41+00:00","description":"Compra Jl661a Switch Hpe Aruba 6300m 48 Puertos Rj45 10\/100\/1000 Poe Y 4 Sfp56 + Env\u00edo a domicilio + Pago seguro + Garant\u00eda","breadcrumb":{"@id":"https:\/\/compuviper.mx\/tienda\/producto\/hewlett-packard-enterprise-jl661a-switch-hpe-aruba-6300m-48-puertos-rj45-10-100-1000-poe-y-4-sfp56\/#breadcrumb"},"inLanguage":"es-MX","potentialAction":[{"@type":"ReadAction","target":["https:\/\/compuviper.mx\/tienda\/producto\/hewlett-packard-enterprise-jl661a-switch-hpe-aruba-6300m-48-puertos-rj45-10-100-1000-poe-y-4-sfp56\/"]}]},{"@type":"BreadcrumbList","@id":"https:\/\/compuviper.mx\/tienda\/producto\/hewlett-packard-enterprise-jl661a-switch-hpe-aruba-6300m-48-puertos-rj45-10-100-1000-poe-y-4-sfp56\/#breadcrumb","itemListElement":[{"@type":"ListItem","position":1,"name":"Inicio","item":"https:\/\/compuviper.mx\/tienda\/"},{"@type":"ListItem","position":2,"name":"Productos","item":"https:\/\/compuviper.mx\/tienda\/productos\/"},{"@type":"ListItem","position":3,"name":"Redes","item":"https:\/\/compuviper.mx\/tienda\/categoria-producto\/redes\/"},{"@type":"ListItem","position":4,"name":"Switch","item":"https:\/\/compuviper.mx\/tienda\/categoria-producto\/redes\/switch\/"},{"@type":"ListItem","position":5,"name":"Hewlett Packard Enterprise Jl661a Switch Hpe Aruba 6300m 48 Puertos Rj45 10\/100\/1000 Poe Y 4 Sfp56"}]},{"@type":"WebSite","@id":"https:\/\/compuviper.mx\/tienda\/#website","url":"https:\/\/compuviper.mx\/tienda\/","name":"Compuviper","description":"Proveedor de Computadoras, Laptops, Servidores, Monitores, Puntos de Venta, Teclados,   Impresoras, T\u00f3ner, C\u00e1maras de Seguridad y m\u00e1s en tu tienda en l\u00ednea","publisher":{"@id":"https:\/\/compuviper.mx\/tienda\/#organization"},"potentialAction":[{"@type":"SearchAction","target":{"@type":"EntryPoint","urlTemplate":"https:\/\/compuviper.mx\/tienda\/?s={search_term_string}"},"query-input":"required name=search_term_string"}],"inLanguage":"es-MX"},{"@type":"Organization","@id":"https:\/\/compuviper.mx\/tienda\/#organization","name":"Compuviper","url":"https:\/\/compuviper.mx\/tienda\/","logo":{"@type":"ImageObject","inLanguage":"es-MX","@id":"https:\/\/compuviper.mx\/tienda\/#\/schema\/logo\/image\/","url":"https:\/\/compuviper.mx\/tienda\/wp-content\/uploads\/2021\/08\/Logo-Compuviper-10.png","contentUrl":"https:\/\/compuviper.mx\/tienda\/wp-content\/uploads\/2021\/08\/Logo-Compuviper-10.png","width":1000,"height":500,"caption":"Compuviper"},"image":{"@id":"https:\/\/compuviper.mx\/tienda\/#\/schema\/logo\/image\/"},"sameAs":["https:\/\/www.facebook.com\/compuviper","https:\/\/www.youtube.com\/channel\/UCf73dERp9Y3cfOq7q8BhLjA?view_as=subscriber"]}]},"product_brand":"HEWLETT PACKARD ENTERPRISE","product_price_amount":"217827","product_price_currency":"MXN","og_availability":"backorder","product_availability":"available for order","product_retailer_item_id":"JL661A","product_condition":"new"},"_links":{"self":[{"href":"https:\/\/compuviper.mx\/tienda\/wp-json\/wp\/v2\/product\/221296"}],"collection":[{"href":"https:\/\/compuviper.mx\/tienda\/wp-json\/wp\/v2\/product"}],"about":[{"href":"https:\/\/compuviper.mx\/tienda\/wp-json\/wp\/v2\/types\/product"}],"replies":[{"embeddable":true,"href":"https:\/\/compuviper.mx\/tienda\/wp-json\/wp\/v2\/comments?post=221296"}],"wp:featuredmedia":[{"embeddable":true,"href":"https:\/\/compuviper.mx\/tienda\/wp-json\/wp\/v2\/media\/221297"}],"wp:attachment":[{"href":"https:\/\/compuviper.mx\/tienda\/wp-json\/wp\/v2\/media?parent=221296"}],"wp:term":[{"taxonomy":"product_cat","embeddable":true,"href":"https:\/\/compuviper.mx\/tienda\/wp-json\/wp\/v2\/product_cat?post=221296"},{"taxonomy":"product_tag","embeddable":true,"href":"https:\/\/compuviper.mx\/tienda\/wp-json\/wp\/v2\/product_tag?post=221296"}],"curies":[{"name":"wp","href":"https:\/\/api.w.org\/{rel}","templated":true}]}}