{"id":221258,"date":"2026-04-18T01:10:34","date_gmt":"2026-04-18T07:10:34","guid":{"rendered":"https:\/\/compuviper.mx\/tienda\/producto\/tp-link-archer-ax73-router-tp-link-ax5400-gigabit-wi-fi-6-doble-banda-1pto-gigabit-wan-4-ptos-gigabit-lan-1-pto-usb-3-0-ax5400-5-ghz-4804-mbps-802-11ax-he160-2-4-ghz-574-mbps-802-11\/"},"modified":"2026-04-18T01:10:35","modified_gmt":"2026-04-18T07:10:35","slug":"tp-link-archer-ax73-router-tp-link-ax5400-gigabit-wi-fi-6-doble-banda-1pto-gigabit-wan-4-ptos-gigabit-lan-1-pto-usb-3-0-ax5400-5-ghz-4804-mbps-802-11ax-he160-2-4-ghz-574-mbps-802-11","status":"publish","type":"product","link":"https:\/\/compuviper.mx\/tienda\/producto\/tp-link-archer-ax73-router-tp-link-ax5400-gigabit-wi-fi-6-doble-banda-1pto-gigabit-wan-4-ptos-gigabit-lan-1-pto-usb-3-0-ax5400-5-ghz-4804-mbps-802-11ax-he160-2-4-ghz-574-mbps-802-11\/","title":{"rendered":"Tp Link Archer Ax73 Router | Tp-link |  | Ax5400 | Gigabit  | Wi-fi 6 | Doble Banda 1pto Gigabit Wan \/ 4 Ptos Gigabit Lan &#8211; 1 Pto Usb 3.0 Ax5400 5 Ghz 4804 Mbps 802.11ax, He160 2.4 Ghz 574 Mbps 802.11ax"},"content":{"rendered":"<table class=\"descripcion\">\n<tr>\n<td>Especificaciones varian segun version, validar version fisicamente con su sucursal<\/td>\n<\/tr>\n<tr>\n<td>Inal\u00e1mbrico<\/td>\n<\/tr>\n<tr>\n<td>Est\u00e1ndares wifi 6<\/td>\n<\/tr>\n<tr>\n<td>Ieee 802.11ax\/ac\/n\/a 5 ghz<\/td>\n<\/tr>\n<tr>\n<td>Ieee 802.11ax\/n\/b\/g 2,4 ghz<\/td>\n<\/tr>\n<tr>\n<td>Velocidades wifi ax5400<\/td>\n<\/tr>\n<tr>\n<td>5 ghz: 4804 mbps (802.11ax, he160)<\/td>\n<\/tr>\n<tr>\n<td>2,4 ghz: 574 mbps (802.11ax)<\/td>\n<\/tr>\n<tr>\n<td>Alcance wifi casas de 3 habitaciones6 \u00d7 antenas fijas de alto rendimiento<\/td>\n<\/tr>\n<tr>\n<td>M\u00faltiples antenas forman un conjunto de refuerzo de se\u00f1al para cubrir m\u00e1s direcciones y \u00e1reas grandes<\/td>\n<\/tr>\n<tr>\n<td>Formaci\u00f3n de haces<\/td>\n<\/tr>\n<tr>\n<td>Concentra la fuerza de la se\u00f1al inal\u00e1mbrica hacia los clientes para expandir el rango wifi<\/td>\n<\/tr>\n<tr>\n<td>Fem de alta potencia<\/td>\n<\/tr>\n<tr>\n<td>Mejora la potencia de transmisi\u00f3n para fortalecer la cobertura de la se\u00f1al<\/td>\n<\/tr>\n<tr>\n<td>4t4r<\/td>\n<\/tr>\n<tr>\n<td>M\u00faltiples flujos en la misma banda fortalecen la tolerancia a fallas en la transmisi\u00f3n<\/td>\n<\/tr>\n<tr>\n<td>Capacidad wi-fi altadoble banda<\/td>\n<\/tr>\n<tr>\n<td>Asigne dispositivos a diferentes bandas para un rendimiento \u00f3ptimo<\/td>\n<\/tr>\n<tr>\n<td>4\u00d74 mu-mimo<\/td>\n<\/tr>\n<tr>\n<td>Se comunica simult\u00e1neamente con m\u00faltiples clientes mu-mimo<\/td>\n<\/tr>\n<tr>\n<td>Ofdma<\/td>\n<\/tr>\n<tr>\n<td>Se comunica simult\u00e1neamente con m\u00faltiples clientes wi-fi 6<\/td>\n<\/tr>\n<tr>\n<td>Equidad de tiempo aire<\/td>\n<\/tr>\n<tr>\n<td>Mejora la eficiencia de la red al limitar la ocupaci\u00f3n excesiva<\/td>\n<\/tr>\n<tr>\n<td>Sfd<\/td>\n<\/tr>\n<tr>\n<td>Accede a una banda adicional para reducir la congesti\u00f3n<\/td>\n<\/tr>\n<tr>\n<td>6 flujos<\/td>\n<\/tr>\n<tr>\n<td>Conecta tus dispositivos a m\u00e1s ancho de banda<\/td>\n<\/tr>\n<tr>\n<td>Modos de trabajo modo de enrutador<\/td>\n<\/tr>\n<tr>\n<td>Modo de punto de acceso<\/td>\n<\/tr>\n<tr>\n<td>Hardware<\/td>\n<\/tr>\n<tr>\n<td>Procesador cpu de triple n\u00facleo de 1,5 ghz<\/td>\n<\/tr>\n<tr>\n<td>Puertos ethernet 1 puerto wan gigabit<\/td>\n<\/tr>\n<tr>\n<td>4 puertos lan gigabit<\/td>\n<\/tr>\n<tr>\n<td>Agregaci\u00f3n de enlaces est\u00e1ticos (lag) disponible con 2 puertos lan<\/td>\n<\/tr>\n<tr>\n<td>Compatibilidad con usb 1 puerto usb 3.0<\/td>\n<\/tr>\n<tr>\n<td>Formatos de partici\u00f3n admitidos:<\/td>\n<\/tr>\n<tr>\n<td>Ntfs, exfat, hfs+, fat32<\/td>\n<\/tr>\n<tr>\n<td>Funciones admitidas:<\/td>\n<\/tr>\n<tr>\n<td>M\u00e1quina del tiempo de manzana<\/td>\n<\/tr>\n<tr>\n<td>Servidor ftp<\/td>\n<\/tr>\n<tr>\n<td>Servidor multimedia<\/td>\n<\/tr>\n<tr>\n<td>Servidor samba<\/td>\n<\/tr>\n<tr>\n<td>Botones bot\u00f3n de encendido\/apagado wi-fi<\/td>\n<\/tr>\n<tr>\n<td>Bot\u00f3n de encendido\/apagado<\/td>\n<\/tr>\n<tr>\n<td>Bot\u00f3n de encendido\/apagado de led<\/td>\n<\/tr>\n<tr>\n<td>Bot\u00f3n wps<\/td>\n<\/tr>\n<tr>\n<td>Bot\u00f3n de reinicio<\/td>\n<\/tr>\n<tr>\n<td>Alimentaci\u00f3n 12 v  and #9107; 2,5 a<\/td>\n<\/tr>\n<tr>\n<td>Seguridad<\/td>\n<\/tr>\n<tr>\n<td>Cifrado wi-fi wpa<\/td>\n<\/tr>\n<tr>\n<td>Wpa2<\/td>\n<\/tr>\n<tr>\n<td>Wpa3<\/td>\n<\/tr>\n<tr>\n<td>Wpa\/wpa2-empresa (802.1x)<\/td>\n<\/tr>\n<tr>\n<td>Cortafuegos spi de seguridad de red<\/td>\n<\/tr>\n<tr>\n<td>Control de acceso<\/td>\n<\/tr>\n<tr>\n<td>Enlace ip y mac<\/td>\n<\/tr>\n<tr>\n<td>Puerta de enlace de la capa de aplicaci\u00f3n<\/td>\n<\/tr>\n<tr>\n<td>Homeshield securityprotecci\u00f3n iot en tiempo real<\/td>\n<\/tr>\n<tr>\n<td>Bloqueador de sitios maliciosos<\/td>\n<\/tr>\n<tr>\n<td>Sistema de prevenci\u00f3n de intrusi\u00f3n<\/td>\n<\/tr>\n<tr>\n<td>Prevenci\u00f3n de ataques ddos<\/td>\n<\/tr>\n<tr>\n<td>Esc\u00e1ner de red dom\u00e9stica<\/td>\n<\/tr>\n<tr>\n<td>Red de invitados 1 \u00d7 red de invitados de 5 ghz<\/td>\n<\/tr>\n<tr>\n<td>1 \u00d7 red de invitados de 2,4 ghz<\/td>\n<\/tr>\n<tr>\n<td>Servidor vpn openvpn<\/td>\n<\/tr>\n<tr>\n<td>Pptp<\/td>\n<\/tr>\n<tr>\n<td>Software<\/td>\n<\/tr>\n<tr>\n<td>Protocolos ipv4<\/td>\n<\/tr>\n<tr>\n<td>Ipv6<\/td>\n<\/tr>\n<tr>\n<td>Kits de servicio homeshield<\/td>\n<\/tr>\n<tr>\n<td>M\u00e1s informaci\u00f3n<\/td>\n<\/tr>\n<tr>\n<td>Compatible con onemesh\u0099 onemesh\u0099<\/td>\n<\/tr>\n<tr>\n<td>Sin reemplazar sus dispositivos existentes ni comprar un ecosistema wifi completamente nuevo, onemesh\u0099 lo ayuda a crear una red m\u00e1s flexible que cubra toda su casa con los productos tp-link onemesh\u0099.<\/td>\n<\/tr>\n<tr>\n<td>M\u00e1s informaci\u00f3n<\/td>\n<\/tr>\n<tr>\n<td>Todos los productos onemesh<\/td>\n<\/tr>\n<tr>\n<td>Controles parentales controles parentales homeshield perfiles personalizados<\/td>\n<\/tr>\n<tr>\n<td>Biblioteca de filtros de contenido profesional<\/td>\n<\/tr>\n<tr>\n<td>Tiempo familiar<\/td>\n<\/tr>\n<tr>\n<td>Hora de acostarse<\/td>\n<\/tr>\n<tr>\n<td>Fuera de tiempo<\/td>\n<\/tr>\n<tr>\n<td>Recompensas de tiempo<\/td>\n<\/tr>\n<tr>\n<td>Clasificaci\u00f3n de tiempo en l\u00ednea de la familia<\/td>\n<\/tr>\n<tr>\n<td>Pausar internet<\/td>\n<\/tr>\n<tr>\n<td>Informes semanales y mensuales<\/td>\n<\/tr>\n<tr>\n<td>Tipos de wan ip din\u00e1mica<\/td>\n<\/tr>\n<tr>\n<td>Ip est\u00e1tica<\/td>\n<\/tr>\n<tr>\n<td>Pppoe<\/td>\n<\/tr>\n<tr>\n<td>Pptp<\/td>\n<\/tr>\n<tr>\n<td>L2tp<\/td>\n<\/tr>\n<tr>\n<td>Calidad de servicio qos por dispositivo<\/td>\n<\/tr>\n<tr>\n<td>Actualizaci\u00f3n autom\u00e1tica del firmware del servicio en la nube<\/td>\n<\/tr>\n<tr>\n<td>Identificaci\u00f3n de tp-link<\/td>\n<\/tr>\n<tr>\n<td>Ddns<\/td>\n<\/tr>\n<tr>\n<td>Reenv\u00edo nat reenv\u00edo de puertos<\/td>\n<\/tr>\n<tr>\n<td>Activaci\u00f3n de puertos<\/td>\n<\/tr>\n<tr>\n<td>Dmz<\/td>\n<\/tr>\n<tr>\n<td>Upnp<\/td>\n<\/tr>\n<tr>\n<td>Servidor virtual<\/td>\n<\/tr>\n<tr>\n<td>Proxy iptv igmp<\/td>\n<\/tr>\n<tr>\n<td>Indagaci\u00f3n igmp<\/td>\n<\/tr>\n<tr>\n<td>Puente<\/td>\n<\/tr>\n<tr>\n<td>Etiquetar vlan<\/td>\n<\/tr>\n<tr>\n<td>Reserva de direcciones dhcp<\/td>\n<\/tr>\n<tr>\n<td>Lista de clientes dhcp<\/td>\n<\/tr>\n<tr>\n<td>Servidor<\/td>\n<\/tr>\n<tr>\n<td>Tp-link de ddns<\/td>\n<\/tr>\n<tr>\n<td>Sin ip<\/td>\n<\/tr>\n<tr>\n<td>Dns din\u00e1mico<\/td>\n<\/tr>\n<tr>\n<td>Aplicaci\u00f3n tether de gesti\u00f3n<\/td>\n<\/tr>\n<tr>\n<td>P\u00e1gina web<\/td>\n<\/tr>\n<tr>\n<td>F\u00edsico<\/td>\n<\/tr>\n<tr>\n<td>Dimensiones (an. \u00d7 pr. \u00d7 al.) 10,7 \u00d7 5,8 \u00d7 1,9 pulgadas<\/td>\n<\/tr>\n<tr>\n<td>(272,5 \u00d7 147,2 \u00d7 49,2 mm)<\/td>\n<\/tr>\n<tr>\n<td>Contenido del paquete router wi-fi archer ax73<\/td>\n<\/tr>\n<tr>\n<td>Adaptador de corriente<\/td>\n<\/tr>\n<tr>\n<td>Cable ethernet rj45<\/td>\n<\/tr>\n<tr>\n<td>Gu\u00eda de instalaci\u00f3n r\u00e1pida<\/td>\n<\/tr>\n<tr>\n<td>Otro<\/td>\n<\/tr>\n<tr>\n<td>Requisitos del sistema internet explorer 11+, firefox 12.0+, chrome 20.0+, safari 4.0+ u otro navegador habilitado para javascript<\/td>\n<\/tr>\n<tr>\n<td>M\u00f3dem por cable o dsl (si es necesario)<\/td>\n<\/tr>\n<tr>\n<td>Suscripci\u00f3n con un proveedor de servicios de internet (para acceso a internet)<\/td>\n<\/tr>\n<tr>\n<td>Certificaciones fcc, ce, rohs<\/td>\n<\/tr>\n<tr>\n<td>Ambiente temperatura de funcionamiento: 0  and #8451; ~ 40  and #8451; (32  and #8457; ~ 104  and #8457;)<\/td>\n<\/tr>\n<tr>\n<td>Temperatura de almacenamiento: -40  and #8451; ~ 70  and #8451; (-40  and #8457; ~ 158  and #8457;)<\/td>\n<\/tr>\n<tr>\n<td>Humedad de funcionamiento: 10 %~90 % sin condensaci\u00f3n<\/td>\n<\/tr>\n<tr>\n<td>Humedad de almacenamiento: 5 %~90 % sin condensaci\u00f3n<\/td>\n<\/tr>\n<tr>\n<td>Datos de prueba<\/td>\n<\/tr>\n<tr>\n<td>Potencia de transmisi\u00f3n wifi ce:<\/td>\n<\/tr>\n<tr>\n<td> 20dbm{2,4 ghz}<\/td>\n<\/tr>\n<tr>\n<td> 23dbm{5,15 ghz~5,35 ghz}<\/td>\n<\/tr>\n<tr>\n<td> 30dbm{5,47 ghz~5,725 ghz}<\/td>\n<\/tr>\n<tr>\n<td>Fcc:<\/td>\n<\/tr>\n<tr>\n<td> 24dbm{5,25 ghz~5,35 ghz y 5,47 ghz~5,725 ghz}<\/td>\n<\/tr>\n<tr>\n<td> 30dbm{2,4 ghz y 5,15 ghz~5,25 ghz y 5,725 ghz~5,825 ghz}<\/td>\n<\/tr>\n<\/table>\n","protected":false},"excerpt":{"rendered":"<p>Router ax5400 gigabit wi-fi 6 de doble banda. \u0095 gigabit wifi para transmisi\u00f3n de 8k: wifi de 5400 mbps para una navegaci\u00f3n, transmisi\u00f3n y descarga m\u00e1s r\u00e1pidas, todo al mismo tiempo. ?. \u0095 wi-fi 6 con todas las funciones: se equipa con la estructura superior de 4t4r y he160 en la banda de 5 ghz para permitir una conexi\u00f3n ultrarr\u00e1pida de 4.8 gbps. \u0095 conecte m\u00e1s de 200 dispositivos\u00a7: admite mu-mimo y ofdma para reducir la congesti\u00f3n y cuadriplicar el rendimiento promedio. \u0087 *. \u0095 amplia cobertura: 6 antenas y beamforming garantizan una amplia cobertura. \u0095 homeshield: los servicios de seguridad premium de tp-link mantienen segura la red de su hogar con funciones de vanguardia para la protecci\u00f3n de la red y la iot. . \u0095 m\u00e1s respiraderos, menos calor: el \u00e1rea de respiraderos mejorada libera toda la potencia de toda la m\u00e1quina. \u0095 uso compartido de usb: 1 puerto usb 3.0 permite compartir medios f\u00e1cilmente y crear una nube privada. Https:\/\/www.Tp-link.Com\/mx\/home-networking\/wifi-router\/archer-ax73\/#overview<\/p>\n","protected":false},"featured_media":221259,"comment_status":"open","ping_status":"open","template":"","meta":[],"product_cat":[1563,1753],"product_tag":[1562],"acf":[],"yoast_head":"<!-- This site is optimized with the Yoast SEO plugin v21.7 - https:\/\/yoast.com\/wordpress\/plugins\/seo\/ -->\n<title>[ Tp Link ] &#129351; Archer Ax73 Router | Tp-link | | Ax5400 | Gigabit | Wi-fi 6 | Doble Banda 1pto Gigabit Wan \/ 4 Ptos Gigabit Lan - 1 Pto Usb 3.0 Ax5400 5 Ghz 4804 Mbps 802.11ax, He160 2.4 Ghz 574 Mbps 802.11ax<\/title>\n<meta name=\"description\" content=\"Compra Archer Ax73 Router | Tp-link | | Ax5400 | Gigabit | Wi-fi 6 | Doble Banda 1pto Gigabit Wan \/ 4 Ptos Gigabit Lan - 1 Pto Usb 3.0 Ax5400 5 Ghz 4804 Mbps 802.11ax, He160 2.4 Ghz 574 Mbps 802.11ax + Env\u00edo a domicilio + Pago seguro + Garant\u00eda\" \/>\n<meta name=\"robots\" content=\"index, follow, max-snippet:-1, max-image-preview:large, max-video-preview:-1\" \/>\n<link rel=\"canonical\" href=\"https:\/\/compuviper.mx\/tienda\/producto\/tp-link-archer-ax73-router-tp-link-ax5400-gigabit-wi-fi-6-doble-banda-1pto-gigabit-wan-4-ptos-gigabit-lan-1-pto-usb-3-0-ax5400-5-ghz-4804-mbps-802-11ax-he160-2-4-ghz-574-mbps-802-11\/\" \/>\n<meta property=\"og:locale\" content=\"es_MX\" \/>\n<meta property=\"og:type\" content=\"article\" \/>\n<meta property=\"og:title\" content=\"[ Tp Link ] &#129351; Archer Ax73 Router | Tp-link | | Ax5400 | Gigabit | Wi-fi 6 | Doble Banda 1pto Gigabit Wan \/ 4 Ptos Gigabit Lan - 1 Pto Usb 3.0 Ax5400 5 Ghz 4804 Mbps 802.11ax, He160 2.4 Ghz 574 Mbps 802.11ax\" \/>\n<meta property=\"og:description\" content=\"Compra Archer Ax73 Router | Tp-link | | Ax5400 | Gigabit | Wi-fi 6 | Doble Banda 1pto Gigabit Wan \/ 4 Ptos Gigabit Lan - 1 Pto Usb 3.0 Ax5400 5 Ghz 4804 Mbps 802.11ax, He160 2.4 Ghz 574 Mbps 802.11ax + Env\u00edo a domicilio + Pago seguro + Garant\u00eda\" \/>\n<meta property=\"og:url\" content=\"https:\/\/compuviper.mx\/tienda\/producto\/tp-link-archer-ax73-router-tp-link-ax5400-gigabit-wi-fi-6-doble-banda-1pto-gigabit-wan-4-ptos-gigabit-lan-1-pto-usb-3-0-ax5400-5-ghz-4804-mbps-802-11ax-he160-2-4-ghz-574-mbps-802-11\/\" \/>\n<meta property=\"og:site_name\" content=\"Compuviper\" \/>\n<meta property=\"article:publisher\" content=\"https:\/\/www.facebook.com\/compuviper\" \/>\n<meta property=\"article:modified_time\" content=\"2026-04-18T07:10:35+00:00\" \/>\n<meta property=\"og:image\" content=\"https:\/\/compuviper.mx\/tienda\/wp-content\/uploads\/2023\/12\/Router-tp-link-archer-ax73-ax5400-gigabit-wi-fi-6-doble-banda-1pto-gigabit-wan-4-ptos-gigabit-lan-1-pto-usb-3.0-ax5400-5-ghz-4804-mbps-802.11ax-he160-2.4-ghz-574-mbps-802.11ax.jpg\" \/>\n\t<meta property=\"og:image:width\" content=\"200\" \/>\n\t<meta property=\"og:image:height\" content=\"200\" \/>\n\t<meta property=\"og:image:type\" content=\"image\/jpeg\" \/>\n<meta name=\"twitter:card\" content=\"summary_large_image\" \/>\n<meta name=\"twitter:label1\" content=\"Precio\" \/>\n\t<meta name=\"twitter:data1\" content=\"&#36;1,919 con IVA\" \/>\n\t<meta name=\"twitter:label2\" content=\"Availability\" \/>\n\t<meta name=\"twitter:data2\" content=\"In stock\" \/>\n<script type=\"application\/ld+json\" class=\"yoast-schema-graph\">{\"@context\":\"https:\/\/schema.org\",\"@graph\":[{\"@type\":\"WebPage\",\"@id\":\"https:\/\/compuviper.mx\/tienda\/producto\/tp-link-archer-ax73-router-tp-link-ax5400-gigabit-wi-fi-6-doble-banda-1pto-gigabit-wan-4-ptos-gigabit-lan-1-pto-usb-3-0-ax5400-5-ghz-4804-mbps-802-11ax-he160-2-4-ghz-574-mbps-802-11\/\",\"url\":\"https:\/\/compuviper.mx\/tienda\/producto\/tp-link-archer-ax73-router-tp-link-ax5400-gigabit-wi-fi-6-doble-banda-1pto-gigabit-wan-4-ptos-gigabit-lan-1-pto-usb-3-0-ax5400-5-ghz-4804-mbps-802-11ax-he160-2-4-ghz-574-mbps-802-11\/\",\"name\":\"[ Tp Link ] &#129351; Archer Ax73 Router | Tp-link | | Ax5400 | Gigabit | Wi-fi 6 | Doble Banda 1pto Gigabit Wan \/ 4 Ptos Gigabit Lan - 1 Pto Usb 3.0 Ax5400 5 Ghz 4804 Mbps 802.11ax, He160 2.4 Ghz 574 Mbps 802.11ax\",\"isPartOf\":{\"@id\":\"https:\/\/compuviper.mx\/tienda\/#website\"},\"datePublished\":\"2026-04-18T07:10:34+00:00\",\"dateModified\":\"2026-04-18T07:10:35+00:00\",\"description\":\"Compra Archer Ax73 Router | Tp-link | | Ax5400 | Gigabit | Wi-fi 6 | Doble Banda 1pto Gigabit Wan \/ 4 Ptos Gigabit Lan - 1 Pto Usb 3.0 Ax5400 5 Ghz 4804 Mbps 802.11ax, He160 2.4 Ghz 574 Mbps 802.11ax + Env\u00edo a domicilio + Pago seguro + Garant\u00eda\",\"breadcrumb\":{\"@id\":\"https:\/\/compuviper.mx\/tienda\/producto\/tp-link-archer-ax73-router-tp-link-ax5400-gigabit-wi-fi-6-doble-banda-1pto-gigabit-wan-4-ptos-gigabit-lan-1-pto-usb-3-0-ax5400-5-ghz-4804-mbps-802-11ax-he160-2-4-ghz-574-mbps-802-11\/#breadcrumb\"},\"inLanguage\":\"es-MX\",\"potentialAction\":[{\"@type\":\"ReadAction\",\"target\":[\"https:\/\/compuviper.mx\/tienda\/producto\/tp-link-archer-ax73-router-tp-link-ax5400-gigabit-wi-fi-6-doble-banda-1pto-gigabit-wan-4-ptos-gigabit-lan-1-pto-usb-3-0-ax5400-5-ghz-4804-mbps-802-11ax-he160-2-4-ghz-574-mbps-802-11\/\"]}]},{\"@type\":\"BreadcrumbList\",\"@id\":\"https:\/\/compuviper.mx\/tienda\/producto\/tp-link-archer-ax73-router-tp-link-ax5400-gigabit-wi-fi-6-doble-banda-1pto-gigabit-wan-4-ptos-gigabit-lan-1-pto-usb-3-0-ax5400-5-ghz-4804-mbps-802-11ax-he160-2-4-ghz-574-mbps-802-11\/#breadcrumb\",\"itemListElement\":[{\"@type\":\"ListItem\",\"position\":1,\"name\":\"Inicio\",\"item\":\"https:\/\/compuviper.mx\/tienda\/\"},{\"@type\":\"ListItem\",\"position\":2,\"name\":\"Productos\",\"item\":\"https:\/\/compuviper.mx\/tienda\/productos\/\"},{\"@type\":\"ListItem\",\"position\":3,\"name\":\"Redes\",\"item\":\"https:\/\/compuviper.mx\/tienda\/categoria-producto\/redes\/\"},{\"@type\":\"ListItem\",\"position\":4,\"name\":\"Router\",\"item\":\"https:\/\/compuviper.mx\/tienda\/categoria-producto\/redes\/router\/\"},{\"@type\":\"ListItem\",\"position\":5,\"name\":\"Tp Link Archer Ax73 Router | Tp-link | | Ax5400 | Gigabit | Wi-fi 6 | Doble Banda 1pto Gigabit Wan \/ 4 Ptos Gigabit Lan &#8211; 1 Pto Usb 3.0 Ax5400 5 Ghz 4804 Mbps 802.11ax, He160 2.4 Ghz 574 Mbps 802.11ax\"}]},{\"@type\":\"WebSite\",\"@id\":\"https:\/\/compuviper.mx\/tienda\/#website\",\"url\":\"https:\/\/compuviper.mx\/tienda\/\",\"name\":\"Compuviper\",\"description\":\"Proveedor de Computadoras, Laptops, Servidores, Monitores, Puntos de Venta, Teclados,   Impresoras, T\u00f3ner, C\u00e1maras de Seguridad y m\u00e1s en tu tienda en l\u00ednea\",\"publisher\":{\"@id\":\"https:\/\/compuviper.mx\/tienda\/#organization\"},\"potentialAction\":[{\"@type\":\"SearchAction\",\"target\":{\"@type\":\"EntryPoint\",\"urlTemplate\":\"https:\/\/compuviper.mx\/tienda\/?s={search_term_string}\"},\"query-input\":\"required name=search_term_string\"}],\"inLanguage\":\"es-MX\"},{\"@type\":\"Organization\",\"@id\":\"https:\/\/compuviper.mx\/tienda\/#organization\",\"name\":\"Compuviper\",\"url\":\"https:\/\/compuviper.mx\/tienda\/\",\"logo\":{\"@type\":\"ImageObject\",\"inLanguage\":\"es-MX\",\"@id\":\"https:\/\/compuviper.mx\/tienda\/#\/schema\/logo\/image\/\",\"url\":\"https:\/\/compuviper.mx\/tienda\/wp-content\/uploads\/2021\/08\/Logo-Compuviper-10.png\",\"contentUrl\":\"https:\/\/compuviper.mx\/tienda\/wp-content\/uploads\/2021\/08\/Logo-Compuviper-10.png\",\"width\":1000,\"height\":500,\"caption\":\"Compuviper\"},\"image\":{\"@id\":\"https:\/\/compuviper.mx\/tienda\/#\/schema\/logo\/image\/\"},\"sameAs\":[\"https:\/\/www.facebook.com\/compuviper\",\"https:\/\/www.youtube.com\/channel\/UCf73dERp9Y3cfOq7q8BhLjA?view_as=subscriber\"]}]}<\/script>\n<meta property=\"product:brand\" content=\"TP LINK\" \/>\n<meta property=\"product:price:amount\" content=\"1919\" \/>\n<meta property=\"product:price:currency\" content=\"MXN\" \/>\n<meta property=\"og:availability\" content=\"instock\" \/>\n<meta property=\"product:availability\" content=\"instock\" \/>\n<meta property=\"product:retailer_item_id\" content=\"ARCHER AX73\" \/>\n<meta property=\"product:condition\" content=\"new\" \/>\n<!-- \/ Yoast SEO plugin. -->","yoast_head_json":{"title":"[ Tp Link ] &#129351; Archer Ax73 Router | Tp-link | | Ax5400 | Gigabit | Wi-fi 6 | Doble Banda 1pto Gigabit Wan \/ 4 Ptos Gigabit Lan - 1 Pto Usb 3.0 Ax5400 5 Ghz 4804 Mbps 802.11ax, He160 2.4 Ghz 574 Mbps 802.11ax","description":"Compra Archer Ax73 Router | Tp-link | | Ax5400 | Gigabit | Wi-fi 6 | Doble Banda 1pto Gigabit Wan \/ 4 Ptos Gigabit Lan - 1 Pto Usb 3.0 Ax5400 5 Ghz 4804 Mbps 802.11ax, He160 2.4 Ghz 574 Mbps 802.11ax + Env\u00edo a domicilio + Pago seguro + Garant\u00eda","robots":{"index":"index","follow":"follow","max-snippet":"max-snippet:-1","max-image-preview":"max-image-preview:large","max-video-preview":"max-video-preview:-1"},"canonical":"https:\/\/compuviper.mx\/tienda\/producto\/tp-link-archer-ax73-router-tp-link-ax5400-gigabit-wi-fi-6-doble-banda-1pto-gigabit-wan-4-ptos-gigabit-lan-1-pto-usb-3-0-ax5400-5-ghz-4804-mbps-802-11ax-he160-2-4-ghz-574-mbps-802-11\/","og_locale":"es_MX","og_type":"article","og_title":"[ Tp Link ] &#129351; Archer Ax73 Router | Tp-link | | Ax5400 | Gigabit | Wi-fi 6 | Doble Banda 1pto Gigabit Wan \/ 4 Ptos Gigabit Lan - 1 Pto Usb 3.0 Ax5400 5 Ghz 4804 Mbps 802.11ax, He160 2.4 Ghz 574 Mbps 802.11ax","og_description":"Compra Archer Ax73 Router | Tp-link | | Ax5400 | Gigabit | Wi-fi 6 | Doble Banda 1pto Gigabit Wan \/ 4 Ptos Gigabit Lan - 1 Pto Usb 3.0 Ax5400 5 Ghz 4804 Mbps 802.11ax, He160 2.4 Ghz 574 Mbps 802.11ax + Env\u00edo a domicilio + Pago seguro + Garant\u00eda","og_url":"https:\/\/compuviper.mx\/tienda\/producto\/tp-link-archer-ax73-router-tp-link-ax5400-gigabit-wi-fi-6-doble-banda-1pto-gigabit-wan-4-ptos-gigabit-lan-1-pto-usb-3-0-ax5400-5-ghz-4804-mbps-802-11ax-he160-2-4-ghz-574-mbps-802-11\/","og_site_name":"Compuviper","article_publisher":"https:\/\/www.facebook.com\/compuviper","article_modified_time":"2026-04-18T07:10:35+00:00","og_image":[{"width":200,"height":200,"url":"https:\/\/compuviper.mx\/tienda\/wp-content\/uploads\/2023\/12\/Router-tp-link-archer-ax73-ax5400-gigabit-wi-fi-6-doble-banda-1pto-gigabit-wan-4-ptos-gigabit-lan-1-pto-usb-3.0-ax5400-5-ghz-4804-mbps-802.11ax-he160-2.4-ghz-574-mbps-802.11ax.jpg","type":"image\/jpeg"}],"twitter_card":"summary_large_image","twitter_misc":{"Precio":"&#36;1,919 con IVA","Availability":"In stock"},"schema":{"@context":"https:\/\/schema.org","@graph":[{"@type":"WebPage","@id":"https:\/\/compuviper.mx\/tienda\/producto\/tp-link-archer-ax73-router-tp-link-ax5400-gigabit-wi-fi-6-doble-banda-1pto-gigabit-wan-4-ptos-gigabit-lan-1-pto-usb-3-0-ax5400-5-ghz-4804-mbps-802-11ax-he160-2-4-ghz-574-mbps-802-11\/","url":"https:\/\/compuviper.mx\/tienda\/producto\/tp-link-archer-ax73-router-tp-link-ax5400-gigabit-wi-fi-6-doble-banda-1pto-gigabit-wan-4-ptos-gigabit-lan-1-pto-usb-3-0-ax5400-5-ghz-4804-mbps-802-11ax-he160-2-4-ghz-574-mbps-802-11\/","name":"[ Tp Link ] &#129351; Archer Ax73 Router | Tp-link | | Ax5400 | Gigabit | Wi-fi 6 | Doble Banda 1pto Gigabit Wan \/ 4 Ptos Gigabit Lan - 1 Pto Usb 3.0 Ax5400 5 Ghz 4804 Mbps 802.11ax, He160 2.4 Ghz 574 Mbps 802.11ax","isPartOf":{"@id":"https:\/\/compuviper.mx\/tienda\/#website"},"datePublished":"2026-04-18T07:10:34+00:00","dateModified":"2026-04-18T07:10:35+00:00","description":"Compra Archer Ax73 Router | Tp-link | | Ax5400 | Gigabit | Wi-fi 6 | Doble Banda 1pto Gigabit Wan \/ 4 Ptos Gigabit Lan - 1 Pto Usb 3.0 Ax5400 5 Ghz 4804 Mbps 802.11ax, He160 2.4 Ghz 574 Mbps 802.11ax + Env\u00edo a domicilio + Pago seguro + Garant\u00eda","breadcrumb":{"@id":"https:\/\/compuviper.mx\/tienda\/producto\/tp-link-archer-ax73-router-tp-link-ax5400-gigabit-wi-fi-6-doble-banda-1pto-gigabit-wan-4-ptos-gigabit-lan-1-pto-usb-3-0-ax5400-5-ghz-4804-mbps-802-11ax-he160-2-4-ghz-574-mbps-802-11\/#breadcrumb"},"inLanguage":"es-MX","potentialAction":[{"@type":"ReadAction","target":["https:\/\/compuviper.mx\/tienda\/producto\/tp-link-archer-ax73-router-tp-link-ax5400-gigabit-wi-fi-6-doble-banda-1pto-gigabit-wan-4-ptos-gigabit-lan-1-pto-usb-3-0-ax5400-5-ghz-4804-mbps-802-11ax-he160-2-4-ghz-574-mbps-802-11\/"]}]},{"@type":"BreadcrumbList","@id":"https:\/\/compuviper.mx\/tienda\/producto\/tp-link-archer-ax73-router-tp-link-ax5400-gigabit-wi-fi-6-doble-banda-1pto-gigabit-wan-4-ptos-gigabit-lan-1-pto-usb-3-0-ax5400-5-ghz-4804-mbps-802-11ax-he160-2-4-ghz-574-mbps-802-11\/#breadcrumb","itemListElement":[{"@type":"ListItem","position":1,"name":"Inicio","item":"https:\/\/compuviper.mx\/tienda\/"},{"@type":"ListItem","position":2,"name":"Productos","item":"https:\/\/compuviper.mx\/tienda\/productos\/"},{"@type":"ListItem","position":3,"name":"Redes","item":"https:\/\/compuviper.mx\/tienda\/categoria-producto\/redes\/"},{"@type":"ListItem","position":4,"name":"Router","item":"https:\/\/compuviper.mx\/tienda\/categoria-producto\/redes\/router\/"},{"@type":"ListItem","position":5,"name":"Tp Link Archer Ax73 Router | Tp-link | | Ax5400 | Gigabit | Wi-fi 6 | Doble Banda 1pto Gigabit Wan \/ 4 Ptos Gigabit Lan &#8211; 1 Pto Usb 3.0 Ax5400 5 Ghz 4804 Mbps 802.11ax, He160 2.4 Ghz 574 Mbps 802.11ax"}]},{"@type":"WebSite","@id":"https:\/\/compuviper.mx\/tienda\/#website","url":"https:\/\/compuviper.mx\/tienda\/","name":"Compuviper","description":"Proveedor de Computadoras, Laptops, Servidores, Monitores, Puntos de Venta, Teclados,   Impresoras, T\u00f3ner, C\u00e1maras de Seguridad y m\u00e1s en tu tienda en l\u00ednea","publisher":{"@id":"https:\/\/compuviper.mx\/tienda\/#organization"},"potentialAction":[{"@type":"SearchAction","target":{"@type":"EntryPoint","urlTemplate":"https:\/\/compuviper.mx\/tienda\/?s={search_term_string}"},"query-input":"required name=search_term_string"}],"inLanguage":"es-MX"},{"@type":"Organization","@id":"https:\/\/compuviper.mx\/tienda\/#organization","name":"Compuviper","url":"https:\/\/compuviper.mx\/tienda\/","logo":{"@type":"ImageObject","inLanguage":"es-MX","@id":"https:\/\/compuviper.mx\/tienda\/#\/schema\/logo\/image\/","url":"https:\/\/compuviper.mx\/tienda\/wp-content\/uploads\/2021\/08\/Logo-Compuviper-10.png","contentUrl":"https:\/\/compuviper.mx\/tienda\/wp-content\/uploads\/2021\/08\/Logo-Compuviper-10.png","width":1000,"height":500,"caption":"Compuviper"},"image":{"@id":"https:\/\/compuviper.mx\/tienda\/#\/schema\/logo\/image\/"},"sameAs":["https:\/\/www.facebook.com\/compuviper","https:\/\/www.youtube.com\/channel\/UCf73dERp9Y3cfOq7q8BhLjA?view_as=subscriber"]}]},"product_brand":"TP LINK","product_price_amount":"1919","product_price_currency":"MXN","og_availability":"instock","product_availability":"instock","product_retailer_item_id":"ARCHER AX73","product_condition":"new"},"_links":{"self":[{"href":"https:\/\/compuviper.mx\/tienda\/wp-json\/wp\/v2\/product\/221258"}],"collection":[{"href":"https:\/\/compuviper.mx\/tienda\/wp-json\/wp\/v2\/product"}],"about":[{"href":"https:\/\/compuviper.mx\/tienda\/wp-json\/wp\/v2\/types\/product"}],"replies":[{"embeddable":true,"href":"https:\/\/compuviper.mx\/tienda\/wp-json\/wp\/v2\/comments?post=221258"}],"wp:featuredmedia":[{"embeddable":true,"href":"https:\/\/compuviper.mx\/tienda\/wp-json\/wp\/v2\/media\/221259"}],"wp:attachment":[{"href":"https:\/\/compuviper.mx\/tienda\/wp-json\/wp\/v2\/media?parent=221258"}],"wp:term":[{"taxonomy":"product_cat","embeddable":true,"href":"https:\/\/compuviper.mx\/tienda\/wp-json\/wp\/v2\/product_cat?post=221258"},{"taxonomy":"product_tag","embeddable":true,"href":"https:\/\/compuviper.mx\/tienda\/wp-json\/wp\/v2\/product_tag?post=221258"}],"curies":[{"name":"wp","href":"https:\/\/api.w.org\/{rel}","templated":true}]}}