{"id":221198,"date":"2026-04-18T01:10:23","date_gmt":"2026-04-18T07:10:23","guid":{"rendered":"https:\/\/compuviper.mx\/tienda\/producto\/hewlett-packard-enterprise-jl805a-switch-hpe-aruba-instant-on-1960-12-rj-45-100-1000-10gbase-t-4-sfp-10-gbe\/"},"modified":"2026-04-18T01:10:23","modified_gmt":"2026-04-18T07:10:23","slug":"hewlett-packard-enterprise-jl805a-switch-hpe-aruba-instant-on-1960-12-rj-45-100-1000-10gbase-t-4-sfp-10-gbe","status":"publish","type":"product","link":"https:\/\/compuviper.mx\/tienda\/producto\/hewlett-packard-enterprise-jl805a-switch-hpe-aruba-instant-on-1960-12-rj-45-100-1000-10gbase-t-4-sfp-10-gbe\/","title":{"rendered":"Hewlett Packard Enterprise Jl805a Switch Hpe Aruba  Instant On 1960 12 Rj-45 100\/1000\/10gbase-t, 4 Sfp 10 Gbe"},"content":{"rendered":"<table class=\"descripcion\">\n<tr>\n<td>Puertos<\/td>\n<\/tr>\n<tr>\n<td>12 puertos rj-45 100\/1000\/10gbase-t, 4 puertos sfp+ 10 gbe<\/td>\n<\/tr>\n<tr>\n<td>Memoria y procesador<\/td>\n<\/tr>\n<tr>\n<td>Armv7 cortex-a9 de un solo n\u00facleo a 2 ghz<\/td>\n<\/tr>\n<tr>\n<td>Velocidad<\/td>\n<\/tr>\n<tr>\n<td>238 mpps<\/td>\n<\/tr>\n<tr>\n<td>Capacidad de switching<\/td>\n<\/tr>\n<tr>\n<td>320 gbps<\/td>\n<\/tr>\n<tr>\n<td>Capacidad de apilado<\/td>\n<\/tr>\n<tr>\n<td>4h altura<\/td>\n<\/tr>\n<tr>\n<td>Funciones de gesti\u00f3n<\/td>\n<\/tr>\n<tr>\n<td>Nube aruba instant on, navegador web, gestor snmp<\/td>\n<\/tr>\n<tr>\n<td>Voltaje de entrada<\/td>\n<\/tr>\n<tr>\n<td>100 &#8211; 240 vca<\/td>\n<\/tr>\n<tr>\n<td>Consumo de energ\u00eda<\/td>\n<\/tr>\n<tr>\n<td>M\u00e1ximo: 100-127 v: 130 w 200-220 v: 160 w inactivo: 100-127 v: 60 w 200-220 v: 80 w<\/td>\n<\/tr>\n<tr>\n<td>Dimensiones m\u00ednimas (alto x ancho x fondo)<\/td>\n<\/tr>\n<tr>\n<td>35,05 x 44,25 x 4,4 cm<\/td>\n<\/tr>\n<tr>\n<td>13.80 x 17.42 x 1.73 in<\/td>\n<\/tr>\n<tr>\n<td>Peso<\/td>\n<\/tr>\n<tr>\n<td>4,3 kg<\/td>\n<\/tr>\n<tr>\n<td>9.6 lb<\/td>\n<\/tr>\n<\/table>\n","protected":false},"excerpt":{"rendered":"<p>Conmutador apilable avanzado de 10g con gesti\u00f3n inteligente dise\u00f1ado para redes empresariales y grupos de trabajo que necesitan un rendimiento ultraalto. Apila hasta cuatro conmutadores 1960 a velocidades de 1g y 10g y permite la gesti\u00f3n a trav\u00e9s de una \u00fanica direcci\u00f3n ip, simplificando las operaciones de red y admitiendo el apilado tanto local como gestionado en la nube. Con la gui web local, la aplicaci\u00f3n m\u00f3vil instant on o el portal web basado en la nube, puedes configurar, supervisar y administrar los conmutadores r\u00e1pidamente desde cualquier lugar y en cualquier momento.<\/p>\n","protected":false},"featured_media":221199,"comment_status":"open","ping_status":"open","template":"","meta":[],"product_cat":[1563,1564],"product_tag":[1568],"acf":[],"yoast_head":"<!-- This site is optimized with the Yoast SEO plugin v21.7 - https:\/\/yoast.com\/wordpress\/plugins\/seo\/ -->\n<title>[ Hewlett Packard Enterprise ] &#129351; Jl805a Switch Hpe Aruba Instant On 1960 12 Rj-45 100\/1000\/10gbase-t, 4 Sfp 10 Gbe<\/title>\n<meta name=\"description\" content=\"Compra Jl805a Switch Hpe Aruba Instant On 1960 12 Rj-45 100\/1000\/10gbase-t, 4 Sfp 10 Gbe + Env\u00edo a domicilio + Pago seguro + Garant\u00eda\" \/>\n<meta name=\"robots\" content=\"index, follow, max-snippet:-1, max-image-preview:large, max-video-preview:-1\" \/>\n<link rel=\"canonical\" href=\"https:\/\/compuviper.mx\/tienda\/producto\/hewlett-packard-enterprise-jl805a-switch-hpe-aruba-instant-on-1960-12-rj-45-100-1000-10gbase-t-4-sfp-10-gbe\/\" \/>\n<meta property=\"og:locale\" content=\"es_MX\" \/>\n<meta property=\"og:type\" content=\"article\" \/>\n<meta property=\"og:title\" content=\"[ Hewlett Packard Enterprise ] &#129351; Jl805a Switch Hpe Aruba Instant On 1960 12 Rj-45 100\/1000\/10gbase-t, 4 Sfp 10 Gbe\" \/>\n<meta property=\"og:description\" content=\"Compra Jl805a Switch Hpe Aruba Instant On 1960 12 Rj-45 100\/1000\/10gbase-t, 4 Sfp 10 Gbe + Env\u00edo a domicilio + Pago seguro + Garant\u00eda\" \/>\n<meta property=\"og:url\" content=\"https:\/\/compuviper.mx\/tienda\/producto\/hewlett-packard-enterprise-jl805a-switch-hpe-aruba-instant-on-1960-12-rj-45-100-1000-10gbase-t-4-sfp-10-gbe\/\" \/>\n<meta property=\"og:site_name\" content=\"Compuviper\" \/>\n<meta property=\"article:publisher\" content=\"https:\/\/www.facebook.com\/compuviper\" \/>\n<meta property=\"og:image\" content=\"https:\/\/compuviper.mx\/tienda\/wp-content\/uploads\/2023\/12\/Switch-hpe-aruba-jl805a-instant-on-1960-12-rj-45-100100010gbase-t-4-sfp-10-gbe.jpg\" \/>\n\t<meta property=\"og:image:width\" content=\"200\" \/>\n\t<meta property=\"og:image:height\" content=\"200\" \/>\n\t<meta property=\"og:image:type\" content=\"image\/jpeg\" \/>\n<meta name=\"twitter:card\" content=\"summary_large_image\" \/>\n<meta name=\"twitter:label1\" content=\"Precio\" \/>\n\t<meta name=\"twitter:data1\" content=\"&#36;25,101 con IVA\" \/>\n\t<meta name=\"twitter:label2\" content=\"Availability\" \/>\n\t<meta name=\"twitter:data2\" content=\"Out of stock\" \/>\n<script type=\"application\/ld+json\" class=\"yoast-schema-graph\">{\"@context\":\"https:\/\/schema.org\",\"@graph\":[{\"@type\":\"WebPage\",\"@id\":\"https:\/\/compuviper.mx\/tienda\/producto\/hewlett-packard-enterprise-jl805a-switch-hpe-aruba-instant-on-1960-12-rj-45-100-1000-10gbase-t-4-sfp-10-gbe\/\",\"url\":\"https:\/\/compuviper.mx\/tienda\/producto\/hewlett-packard-enterprise-jl805a-switch-hpe-aruba-instant-on-1960-12-rj-45-100-1000-10gbase-t-4-sfp-10-gbe\/\",\"name\":\"[ Hewlett Packard Enterprise ] &#129351; Jl805a Switch Hpe Aruba Instant On 1960 12 Rj-45 100\/1000\/10gbase-t, 4 Sfp 10 Gbe\",\"isPartOf\":{\"@id\":\"https:\/\/compuviper.mx\/tienda\/#website\"},\"datePublished\":\"2026-04-18T07:10:23+00:00\",\"dateModified\":\"2026-04-18T07:10:23+00:00\",\"description\":\"Compra Jl805a Switch Hpe Aruba Instant On 1960 12 Rj-45 100\/1000\/10gbase-t, 4 Sfp 10 Gbe + Env\u00edo a domicilio + Pago seguro + Garant\u00eda\",\"breadcrumb\":{\"@id\":\"https:\/\/compuviper.mx\/tienda\/producto\/hewlett-packard-enterprise-jl805a-switch-hpe-aruba-instant-on-1960-12-rj-45-100-1000-10gbase-t-4-sfp-10-gbe\/#breadcrumb\"},\"inLanguage\":\"es-MX\",\"potentialAction\":[{\"@type\":\"ReadAction\",\"target\":[\"https:\/\/compuviper.mx\/tienda\/producto\/hewlett-packard-enterprise-jl805a-switch-hpe-aruba-instant-on-1960-12-rj-45-100-1000-10gbase-t-4-sfp-10-gbe\/\"]}]},{\"@type\":\"BreadcrumbList\",\"@id\":\"https:\/\/compuviper.mx\/tienda\/producto\/hewlett-packard-enterprise-jl805a-switch-hpe-aruba-instant-on-1960-12-rj-45-100-1000-10gbase-t-4-sfp-10-gbe\/#breadcrumb\",\"itemListElement\":[{\"@type\":\"ListItem\",\"position\":1,\"name\":\"Inicio\",\"item\":\"https:\/\/compuviper.mx\/tienda\/\"},{\"@type\":\"ListItem\",\"position\":2,\"name\":\"Productos\",\"item\":\"https:\/\/compuviper.mx\/tienda\/productos\/\"},{\"@type\":\"ListItem\",\"position\":3,\"name\":\"Redes\",\"item\":\"https:\/\/compuviper.mx\/tienda\/categoria-producto\/redes\/\"},{\"@type\":\"ListItem\",\"position\":4,\"name\":\"Switch\",\"item\":\"https:\/\/compuviper.mx\/tienda\/categoria-producto\/redes\/switch\/\"},{\"@type\":\"ListItem\",\"position\":5,\"name\":\"Hewlett Packard Enterprise Jl805a Switch Hpe Aruba Instant On 1960 12 Rj-45 100\/1000\/10gbase-t, 4 Sfp 10 Gbe\"}]},{\"@type\":\"WebSite\",\"@id\":\"https:\/\/compuviper.mx\/tienda\/#website\",\"url\":\"https:\/\/compuviper.mx\/tienda\/\",\"name\":\"Compuviper\",\"description\":\"Proveedor de Computadoras, Laptops, Servidores, Monitores, Puntos de Venta, Teclados,   Impresoras, T\u00f3ner, C\u00e1maras de Seguridad y m\u00e1s en tu tienda en l\u00ednea\",\"publisher\":{\"@id\":\"https:\/\/compuviper.mx\/tienda\/#organization\"},\"potentialAction\":[{\"@type\":\"SearchAction\",\"target\":{\"@type\":\"EntryPoint\",\"urlTemplate\":\"https:\/\/compuviper.mx\/tienda\/?s={search_term_string}\"},\"query-input\":\"required name=search_term_string\"}],\"inLanguage\":\"es-MX\"},{\"@type\":\"Organization\",\"@id\":\"https:\/\/compuviper.mx\/tienda\/#organization\",\"name\":\"Compuviper\",\"url\":\"https:\/\/compuviper.mx\/tienda\/\",\"logo\":{\"@type\":\"ImageObject\",\"inLanguage\":\"es-MX\",\"@id\":\"https:\/\/compuviper.mx\/tienda\/#\/schema\/logo\/image\/\",\"url\":\"https:\/\/compuviper.mx\/tienda\/wp-content\/uploads\/2021\/08\/Logo-Compuviper-10.png\",\"contentUrl\":\"https:\/\/compuviper.mx\/tienda\/wp-content\/uploads\/2021\/08\/Logo-Compuviper-10.png\",\"width\":1000,\"height\":500,\"caption\":\"Compuviper\"},\"image\":{\"@id\":\"https:\/\/compuviper.mx\/tienda\/#\/schema\/logo\/image\/\"},\"sameAs\":[\"https:\/\/www.facebook.com\/compuviper\",\"https:\/\/www.youtube.com\/channel\/UCf73dERp9Y3cfOq7q8BhLjA?view_as=subscriber\"]}]}<\/script>\n<meta property=\"product:brand\" content=\"HEWLETT PACKARD ENTERPRISE\" \/>\n<meta property=\"product:price:amount\" content=\"25101\" \/>\n<meta property=\"product:price:currency\" content=\"MXN\" \/>\n<meta property=\"og:availability\" content=\"out of stock\" \/>\n<meta property=\"product:availability\" content=\"out of stock\" \/>\n<meta property=\"product:retailer_item_id\" content=\"JL805A\" \/>\n<meta property=\"product:condition\" content=\"new\" \/>\n<!-- \/ Yoast SEO plugin. -->","yoast_head_json":{"title":"[ Hewlett Packard Enterprise ] &#129351; Jl805a Switch Hpe Aruba Instant On 1960 12 Rj-45 100\/1000\/10gbase-t, 4 Sfp 10 Gbe","description":"Compra Jl805a Switch Hpe Aruba Instant On 1960 12 Rj-45 100\/1000\/10gbase-t, 4 Sfp 10 Gbe + Env\u00edo a domicilio + Pago seguro + Garant\u00eda","robots":{"index":"index","follow":"follow","max-snippet":"max-snippet:-1","max-image-preview":"max-image-preview:large","max-video-preview":"max-video-preview:-1"},"canonical":"https:\/\/compuviper.mx\/tienda\/producto\/hewlett-packard-enterprise-jl805a-switch-hpe-aruba-instant-on-1960-12-rj-45-100-1000-10gbase-t-4-sfp-10-gbe\/","og_locale":"es_MX","og_type":"article","og_title":"[ Hewlett Packard Enterprise ] &#129351; Jl805a Switch Hpe Aruba Instant On 1960 12 Rj-45 100\/1000\/10gbase-t, 4 Sfp 10 Gbe","og_description":"Compra Jl805a Switch Hpe Aruba Instant On 1960 12 Rj-45 100\/1000\/10gbase-t, 4 Sfp 10 Gbe + Env\u00edo a domicilio + Pago seguro + Garant\u00eda","og_url":"https:\/\/compuviper.mx\/tienda\/producto\/hewlett-packard-enterprise-jl805a-switch-hpe-aruba-instant-on-1960-12-rj-45-100-1000-10gbase-t-4-sfp-10-gbe\/","og_site_name":"Compuviper","article_publisher":"https:\/\/www.facebook.com\/compuviper","og_image":[{"width":200,"height":200,"url":"https:\/\/compuviper.mx\/tienda\/wp-content\/uploads\/2023\/12\/Switch-hpe-aruba-jl805a-instant-on-1960-12-rj-45-100100010gbase-t-4-sfp-10-gbe.jpg","type":"image\/jpeg"}],"twitter_card":"summary_large_image","twitter_misc":{"Precio":"&#36;25,101 con IVA","Availability":"Out of stock"},"schema":{"@context":"https:\/\/schema.org","@graph":[{"@type":"WebPage","@id":"https:\/\/compuviper.mx\/tienda\/producto\/hewlett-packard-enterprise-jl805a-switch-hpe-aruba-instant-on-1960-12-rj-45-100-1000-10gbase-t-4-sfp-10-gbe\/","url":"https:\/\/compuviper.mx\/tienda\/producto\/hewlett-packard-enterprise-jl805a-switch-hpe-aruba-instant-on-1960-12-rj-45-100-1000-10gbase-t-4-sfp-10-gbe\/","name":"[ Hewlett Packard Enterprise ] &#129351; Jl805a Switch Hpe Aruba Instant On 1960 12 Rj-45 100\/1000\/10gbase-t, 4 Sfp 10 Gbe","isPartOf":{"@id":"https:\/\/compuviper.mx\/tienda\/#website"},"datePublished":"2026-04-18T07:10:23+00:00","dateModified":"2026-04-18T07:10:23+00:00","description":"Compra Jl805a Switch Hpe Aruba Instant On 1960 12 Rj-45 100\/1000\/10gbase-t, 4 Sfp 10 Gbe + Env\u00edo a domicilio + Pago seguro + Garant\u00eda","breadcrumb":{"@id":"https:\/\/compuviper.mx\/tienda\/producto\/hewlett-packard-enterprise-jl805a-switch-hpe-aruba-instant-on-1960-12-rj-45-100-1000-10gbase-t-4-sfp-10-gbe\/#breadcrumb"},"inLanguage":"es-MX","potentialAction":[{"@type":"ReadAction","target":["https:\/\/compuviper.mx\/tienda\/producto\/hewlett-packard-enterprise-jl805a-switch-hpe-aruba-instant-on-1960-12-rj-45-100-1000-10gbase-t-4-sfp-10-gbe\/"]}]},{"@type":"BreadcrumbList","@id":"https:\/\/compuviper.mx\/tienda\/producto\/hewlett-packard-enterprise-jl805a-switch-hpe-aruba-instant-on-1960-12-rj-45-100-1000-10gbase-t-4-sfp-10-gbe\/#breadcrumb","itemListElement":[{"@type":"ListItem","position":1,"name":"Inicio","item":"https:\/\/compuviper.mx\/tienda\/"},{"@type":"ListItem","position":2,"name":"Productos","item":"https:\/\/compuviper.mx\/tienda\/productos\/"},{"@type":"ListItem","position":3,"name":"Redes","item":"https:\/\/compuviper.mx\/tienda\/categoria-producto\/redes\/"},{"@type":"ListItem","position":4,"name":"Switch","item":"https:\/\/compuviper.mx\/tienda\/categoria-producto\/redes\/switch\/"},{"@type":"ListItem","position":5,"name":"Hewlett Packard Enterprise Jl805a Switch Hpe Aruba Instant On 1960 12 Rj-45 100\/1000\/10gbase-t, 4 Sfp 10 Gbe"}]},{"@type":"WebSite","@id":"https:\/\/compuviper.mx\/tienda\/#website","url":"https:\/\/compuviper.mx\/tienda\/","name":"Compuviper","description":"Proveedor de Computadoras, Laptops, Servidores, Monitores, Puntos de Venta, Teclados,   Impresoras, T\u00f3ner, C\u00e1maras de Seguridad y m\u00e1s en tu tienda en l\u00ednea","publisher":{"@id":"https:\/\/compuviper.mx\/tienda\/#organization"},"potentialAction":[{"@type":"SearchAction","target":{"@type":"EntryPoint","urlTemplate":"https:\/\/compuviper.mx\/tienda\/?s={search_term_string}"},"query-input":"required name=search_term_string"}],"inLanguage":"es-MX"},{"@type":"Organization","@id":"https:\/\/compuviper.mx\/tienda\/#organization","name":"Compuviper","url":"https:\/\/compuviper.mx\/tienda\/","logo":{"@type":"ImageObject","inLanguage":"es-MX","@id":"https:\/\/compuviper.mx\/tienda\/#\/schema\/logo\/image\/","url":"https:\/\/compuviper.mx\/tienda\/wp-content\/uploads\/2021\/08\/Logo-Compuviper-10.png","contentUrl":"https:\/\/compuviper.mx\/tienda\/wp-content\/uploads\/2021\/08\/Logo-Compuviper-10.png","width":1000,"height":500,"caption":"Compuviper"},"image":{"@id":"https:\/\/compuviper.mx\/tienda\/#\/schema\/logo\/image\/"},"sameAs":["https:\/\/www.facebook.com\/compuviper","https:\/\/www.youtube.com\/channel\/UCf73dERp9Y3cfOq7q8BhLjA?view_as=subscriber"]}]},"product_brand":"HEWLETT PACKARD ENTERPRISE","product_price_amount":"25101","product_price_currency":"MXN","og_availability":"out of stock","product_availability":"out of stock","product_retailer_item_id":"JL805A","product_condition":"new"},"_links":{"self":[{"href":"https:\/\/compuviper.mx\/tienda\/wp-json\/wp\/v2\/product\/221198"}],"collection":[{"href":"https:\/\/compuviper.mx\/tienda\/wp-json\/wp\/v2\/product"}],"about":[{"href":"https:\/\/compuviper.mx\/tienda\/wp-json\/wp\/v2\/types\/product"}],"replies":[{"embeddable":true,"href":"https:\/\/compuviper.mx\/tienda\/wp-json\/wp\/v2\/comments?post=221198"}],"wp:featuredmedia":[{"embeddable":true,"href":"https:\/\/compuviper.mx\/tienda\/wp-json\/wp\/v2\/media\/221199"}],"wp:attachment":[{"href":"https:\/\/compuviper.mx\/tienda\/wp-json\/wp\/v2\/media?parent=221198"}],"wp:term":[{"taxonomy":"product_cat","embeddable":true,"href":"https:\/\/compuviper.mx\/tienda\/wp-json\/wp\/v2\/product_cat?post=221198"},{"taxonomy":"product_tag","embeddable":true,"href":"https:\/\/compuviper.mx\/tienda\/wp-json\/wp\/v2\/product_tag?post=221198"}],"curies":[{"name":"wp","href":"https:\/\/api.w.org\/{rel}","templated":true}]}}