{"id":221018,"date":"2026-04-18T01:07:59","date_gmt":"2026-04-18T07:07:59","guid":{"rendered":"https:\/\/compuviper.mx\/tienda\/producto\/tp-link-tl-sf1005lp-switch-tp-link-5-puertos-rj45-10-100-mbps-no-administrable-con-4-puertos-poe-para-escritorio\/"},"modified":"2026-04-18T01:07:59","modified_gmt":"2026-04-18T07:07:59","slug":"tp-link-tl-sf1005lp-switch-tp-link-5-puertos-rj45-10-100-mbps-no-administrable-con-4-puertos-poe-para-escritorio","status":"publish","type":"product","link":"https:\/\/compuviper.mx\/tienda\/producto\/tp-link-tl-sf1005lp-switch-tp-link-5-puertos-rj45-10-100-mbps-no-administrable-con-4-puertos-poe-para-escritorio\/","title":{"rendered":"Tp Link Tl-sf1005lp Switch | Tp-link | | 5 Puertos Rj45 10\/100 Mbps | No Administrable |con 4 Puertos Poe | Para Escritorio"},"content":{"rendered":"<table class=\"descripcion\">\n<tr>\n<td>Caracter\u00edsticas de hardware<\/td>\n<\/tr>\n<tr>\n<td>Interfaz \u0095 5 puertos rj45 de 10\/100 mbps (los puertos 1 a 4 admiten poe 802.3af)<\/td>\n<\/tr>\n<tr>\n<td>\u0095 negociaci\u00f3n<\/td>\n<\/tr>\n<tr>\n<td>Autom\u00e1tica \u0095 auto mdi \/ mdix<\/td>\n<\/tr>\n<tr>\n<td>Medios de red \u0095 10base-t: cable utp categor\u00eda 3, 4, 5 (m\u00e1ximo 100 m)<\/td>\n<\/tr>\n<tr>\n<td>\u0095 eia \/ tia-568 100 and #937; stp (m\u00e1ximo 100 m)<\/td>\n<\/tr>\n<tr>\n<td>\u0095 100base-tx: cable utp categor\u00eda 5, 5e (m\u00e1ximo 100 m)<\/td>\n<\/tr>\n<tr>\n<td>\u0095 eia \/ tia-568 stp de 100  and #937; (m\u00e1ximo 100 m)<\/td>\n<\/tr>\n<tr>\n<td>Cantidad de ventiladores sin ventilador<\/td>\n<\/tr>\n<tr>\n<td>Bloqueo de seguridad f\u00edsica s\u00ed<\/td>\n<\/tr>\n<tr>\n<td>Fuente de alimentaci\u00f3n externa adaptador de corriente externo (salida: 53,5 v cc \/ 0,81 a)<\/td>\n<\/tr>\n<tr>\n<td>Tasa de reenv\u00edo de paquetes 0,744 mpps<\/td>\n<\/tr>\n<tr>\n<td>Puertos poe (rj45) \u0095 est\u00e1ndar: compatible con 802.3 af<\/td>\n<\/tr>\n<tr>\n<td>\u0095 puertos poe: puertos 1\u00964<\/td>\n<\/tr>\n<tr>\n<td>\u0095 fuente de alimentaci\u00f3n: 41 w<\/td>\n<\/tr>\n<tr>\n<td>Tabla de direcciones mac 2k<\/td>\n<\/tr>\n<tr>\n<td>Marco jumbo 2 kb<\/td>\n<\/tr>\n<tr>\n<td>Capacidad de conmutaci\u00f3n 1 gbps<\/td>\n<\/tr>\n<tr>\n<td>Dimensiones (an x pr x al) 3.9 \u00d7 3.9 \u00d7 1.0 pulgadas (100 \u00d7 98 \u00d7 25 mm)<\/td>\n<\/tr>\n<tr>\n<td>Consumo m\u00e1ximo de energ\u00eda \u0095 1,9 w (220 v \/ 50 hz, sin pd conectado)<\/td>\n<\/tr>\n<tr>\n<td>\u0095 47 w (220 v \/ 50 hz, con 41 w pd conectado)<\/td>\n<\/tr>\n<tr>\n<td>Disipaci\u00f3n de calor m\u00e1xima \u0095 6,48 btu \/ h (sin pd conectado)<\/td>\n<\/tr>\n<tr>\n<td>\u0095 160,27 btu \/ h (con pd de 41 w conectado)<\/td>\n<\/tr>\n<tr>\n<td>Funciones de software<\/td>\n<\/tr>\n<tr>\n<td>M\u00e9todo de transmisi\u00f3n almacenamiento y reenvio<\/td>\n<\/tr>\n<tr>\n<td>Funciones avanzadas \u0095 compatible con pd que cumplen con ieee 802.3af \/ at<\/td>\n<\/tr>\n<tr>\n<td>\u0095 bot\u00f3n de modo de extensi\u00f3n (puertos 1 a 4)<\/td>\n<\/tr>\n<tr>\n<td>\u0095 bot\u00f3n de modo de prioridad (puertos 1 a 2)<\/td>\n<\/tr>\n<tr>\n<td>\u0095 aprendizaje autom\u00e1tico y envejecimiento autom\u00e1tico de direcciones mac<\/td>\n<\/tr>\n<tr>\n<td>\u0095 control de flujo ieee802.3x para d\u00faplex completo modo y contrapresi\u00f3n para el modo half-duplex<\/td>\n<\/tr>\n<tr>\n<td>Otros<\/td>\n<\/tr>\n<tr>\n<td>Certificaci\u00f3n fcc, ce, rohs<\/td>\n<\/tr>\n<tr>\n<td>Contenidos del paquete \u0095 tl-sf1005lp<\/td>\n<\/tr>\n<tr>\n<td>\u0095 adaptador de corriente<\/td>\n<\/tr>\n<tr>\n<td>\u0095 gu\u00eda de instalaci\u00f3n<\/td>\n<\/tr>\n<tr>\n<td>Ambiente \u0095 temperatura de funcionamiento: 0\u009640  and #8451; (32\u0096104  and #8457;)<\/td>\n<\/tr>\n<tr>\n<td>\u0095 temperatura de almacenamiento: -40\u009670  and #8451; (-40\u0096158  and #8457;)<\/td>\n<\/tr>\n<tr>\n<td>\u0095 humedad de funcionamiento: 10\u009690% de hr sin condensaci\u00f3n<\/td>\n<\/tr>\n<tr>\n<td>\u0095 humedad de almacenamiento: 5\u009690% rh sin condensaci\u00f3n<\/td>\n<\/tr>\n<\/table>\n","protected":false},"excerpt":{"rendered":"<p>Tl-sf1005lp. Switch de escritorio de 5 puertos a 10\/100 mbps con poe de 4 puertos. * 5 puertos rj45 de 10\/100 mbps. * 4 puertos poe transfieren datos y alimentan cables individuales. * funciona con pd compatibles con ieee 802.3af. * alcance de transmisi\u00f3n de datos y potencia de hasta 250 m en modo extendido *. * el modo de prioridad asegura una alta prioridad de los puertos 1 a 2 para garantizar la calidad de la aplicaci\u00f3n sensible. * admite alimentaci\u00f3n poe de hasta 41 w para todos los puertos poe . * plug and play sin necesidad de configuraci\u00f3n. Conmutador poe dedicado de 4 puertos (presupuesto de 41 w) para numerosas aplicaciones. El cumplimiento del est\u00e1ndar 802.3af poe admite hasta 15,4 w en cada puerto poe. El presupuesto total de energ\u00eda poe de 41 w * para los 4 puertos poe abre una amplia gama de aplicaciones, como vigilancia para oficinas, dormitorios y peque\u00f1as empresas. Es totalmente compatible con c\u00e1maras ip, puntos de acceso, tel\u00e9fonos ip, computadoras, impresoras y m\u00e1s. Ideal para vigilancia ip. Transmisiones de hasta 250 m. Con el modo extendido, la distancia de transmisi\u00f3n poe alcanza hasta 250 m **, perfecto para la implementaci\u00f3n de c\u00e1maras ip en \u00e1reas extensas. ** la velocidad de los puertos en modo extendido bajar\u00e1 a 10 mbps. La distancia de transmisi\u00f3n real puede variar debido al consumo de energ\u00eda de los dispositivos alimentados por poe o la calidad y el tipo de cable. Calidad de video prioritaria garantizada. La calidad de las aplicaciones sensibles, como el monitoreo de video en \u00e1reas comerciales cr\u00edticas, est\u00e1 garantizada al ofrecer opciones de mayor prioridad para los puertos 1\u00962 cuando el modo de prioridad de un toque est\u00e1 activado. Gesti\u00f3n de energ\u00eda inteligente. Cuando el consumo total de energ\u00eda excede los 41 w, la administraci\u00f3n inteligente de energ\u00eda cortar\u00e1 la energ\u00eda del puerto de menor prioridad. Esto asegura la fuente de alimentaci\u00f3n del puerto de alta prioridad y protege el dispositivo de una sobrecarga de energ\u00eda. Tambi\u00e9n detecta autom\u00e1ticamente y proporciona la energ\u00eda requerida para sus dispositivos poe mientras protege su equipo poe y no poe contra da\u00f1os. Carcasa de metal duradera. Los componentes interiores de tl-sf1005lp est\u00e1n protegidos por una carcasa de metal de alta calidad para garantizar una larga vida \u00fatil del producto. Habiendo pasado una serie de estrictas pruebas de fiabilidad, tl-sf1005lp ofrece un rendimiento de conmutaci\u00f3n en el que puede confiar.<\/p>\n","protected":false},"featured_media":221019,"comment_status":"open","ping_status":"open","template":"","meta":[],"product_cat":[1563,1564],"product_tag":[1562],"acf":[],"yoast_head":"<!-- This site is optimized with the Yoast SEO plugin v21.7 - https:\/\/yoast.com\/wordpress\/plugins\/seo\/ -->\n<title>[ Tp Link ] &#129351; Tl-sf1005lp Switch | Tp-link | | 5 Puertos Rj45 10\/100 Mbps | No Administrable |con 4 Puertos Poe | Para Escritorio<\/title>\n<meta name=\"description\" content=\"Compra Tl-sf1005lp Switch | Tp-link | | 5 Puertos Rj45 10\/100 Mbps | No Administrable |con 4 Puertos Poe | Para Escritorio + Env\u00edo a domicilio + Pago seguro + Garant\u00eda\" \/>\n<meta name=\"robots\" content=\"index, follow, max-snippet:-1, max-image-preview:large, max-video-preview:-1\" \/>\n<link rel=\"canonical\" href=\"https:\/\/compuviper.mx\/tienda\/producto\/tp-link-tl-sf1005lp-switch-tp-link-5-puertos-rj45-10-100-mbps-no-administrable-con-4-puertos-poe-para-escritorio\/\" \/>\n<meta property=\"og:locale\" content=\"es_MX\" \/>\n<meta property=\"og:type\" content=\"article\" \/>\n<meta property=\"og:title\" content=\"[ Tp Link ] &#129351; Tl-sf1005lp Switch | Tp-link | | 5 Puertos Rj45 10\/100 Mbps | No Administrable |con 4 Puertos Poe | Para Escritorio\" \/>\n<meta property=\"og:description\" content=\"Compra Tl-sf1005lp Switch | Tp-link | | 5 Puertos Rj45 10\/100 Mbps | No Administrable |con 4 Puertos Poe | Para Escritorio + Env\u00edo a domicilio + Pago seguro + Garant\u00eda\" \/>\n<meta property=\"og:url\" content=\"https:\/\/compuviper.mx\/tienda\/producto\/tp-link-tl-sf1005lp-switch-tp-link-5-puertos-rj45-10-100-mbps-no-administrable-con-4-puertos-poe-para-escritorio\/\" \/>\n<meta property=\"og:site_name\" content=\"Compuviper\" \/>\n<meta property=\"article:publisher\" content=\"https:\/\/www.facebook.com\/compuviper\" \/>\n<meta property=\"og:image\" content=\"https:\/\/compuviper.mx\/tienda\/wp-content\/uploads\/2023\/12\/Switch-tp-link-tl-sf1005lp-5-puertos-rj45-10100-mbps-no-administrable-con-4-puertos-poe-para-escritorio.jpg\" \/>\n\t<meta property=\"og:image:width\" content=\"200\" \/>\n\t<meta property=\"og:image:height\" content=\"200\" \/>\n\t<meta property=\"og:image:type\" content=\"image\/jpeg\" \/>\n<meta name=\"twitter:card\" content=\"summary_large_image\" \/>\n<meta name=\"twitter:label1\" content=\"Precio\" \/>\n\t<meta name=\"twitter:data1\" content=\"&#36;467 con IVA\" \/>\n\t<meta name=\"twitter:label2\" content=\"Availability\" \/>\n\t<meta name=\"twitter:data2\" content=\"Out of stock\" \/>\n<script type=\"application\/ld+json\" class=\"yoast-schema-graph\">{\"@context\":\"https:\/\/schema.org\",\"@graph\":[{\"@type\":\"WebPage\",\"@id\":\"https:\/\/compuviper.mx\/tienda\/producto\/tp-link-tl-sf1005lp-switch-tp-link-5-puertos-rj45-10-100-mbps-no-administrable-con-4-puertos-poe-para-escritorio\/\",\"url\":\"https:\/\/compuviper.mx\/tienda\/producto\/tp-link-tl-sf1005lp-switch-tp-link-5-puertos-rj45-10-100-mbps-no-administrable-con-4-puertos-poe-para-escritorio\/\",\"name\":\"[ Tp Link ] &#129351; Tl-sf1005lp Switch | Tp-link | | 5 Puertos Rj45 10\/100 Mbps | No Administrable |con 4 Puertos Poe | Para Escritorio\",\"isPartOf\":{\"@id\":\"https:\/\/compuviper.mx\/tienda\/#website\"},\"datePublished\":\"2026-04-18T07:07:59+00:00\",\"dateModified\":\"2026-04-18T07:07:59+00:00\",\"description\":\"Compra Tl-sf1005lp Switch | Tp-link | | 5 Puertos Rj45 10\/100 Mbps | No Administrable |con 4 Puertos Poe | Para Escritorio + Env\u00edo a domicilio + Pago seguro + Garant\u00eda\",\"breadcrumb\":{\"@id\":\"https:\/\/compuviper.mx\/tienda\/producto\/tp-link-tl-sf1005lp-switch-tp-link-5-puertos-rj45-10-100-mbps-no-administrable-con-4-puertos-poe-para-escritorio\/#breadcrumb\"},\"inLanguage\":\"es-MX\",\"potentialAction\":[{\"@type\":\"ReadAction\",\"target\":[\"https:\/\/compuviper.mx\/tienda\/producto\/tp-link-tl-sf1005lp-switch-tp-link-5-puertos-rj45-10-100-mbps-no-administrable-con-4-puertos-poe-para-escritorio\/\"]}]},{\"@type\":\"BreadcrumbList\",\"@id\":\"https:\/\/compuviper.mx\/tienda\/producto\/tp-link-tl-sf1005lp-switch-tp-link-5-puertos-rj45-10-100-mbps-no-administrable-con-4-puertos-poe-para-escritorio\/#breadcrumb\",\"itemListElement\":[{\"@type\":\"ListItem\",\"position\":1,\"name\":\"Inicio\",\"item\":\"https:\/\/compuviper.mx\/tienda\/\"},{\"@type\":\"ListItem\",\"position\":2,\"name\":\"Productos\",\"item\":\"https:\/\/compuviper.mx\/tienda\/productos\/\"},{\"@type\":\"ListItem\",\"position\":3,\"name\":\"Redes\",\"item\":\"https:\/\/compuviper.mx\/tienda\/categoria-producto\/redes\/\"},{\"@type\":\"ListItem\",\"position\":4,\"name\":\"Switch\",\"item\":\"https:\/\/compuviper.mx\/tienda\/categoria-producto\/redes\/switch\/\"},{\"@type\":\"ListItem\",\"position\":5,\"name\":\"Tp Link Tl-sf1005lp Switch | Tp-link | | 5 Puertos Rj45 10\/100 Mbps | No Administrable |con 4 Puertos Poe | Para Escritorio\"}]},{\"@type\":\"WebSite\",\"@id\":\"https:\/\/compuviper.mx\/tienda\/#website\",\"url\":\"https:\/\/compuviper.mx\/tienda\/\",\"name\":\"Compuviper\",\"description\":\"Proveedor de Computadoras, Laptops, Servidores, Monitores, Puntos de Venta, Teclados,   Impresoras, T\u00f3ner, C\u00e1maras de Seguridad y m\u00e1s en tu tienda en l\u00ednea\",\"publisher\":{\"@id\":\"https:\/\/compuviper.mx\/tienda\/#organization\"},\"potentialAction\":[{\"@type\":\"SearchAction\",\"target\":{\"@type\":\"EntryPoint\",\"urlTemplate\":\"https:\/\/compuviper.mx\/tienda\/?s={search_term_string}\"},\"query-input\":\"required name=search_term_string\"}],\"inLanguage\":\"es-MX\"},{\"@type\":\"Organization\",\"@id\":\"https:\/\/compuviper.mx\/tienda\/#organization\",\"name\":\"Compuviper\",\"url\":\"https:\/\/compuviper.mx\/tienda\/\",\"logo\":{\"@type\":\"ImageObject\",\"inLanguage\":\"es-MX\",\"@id\":\"https:\/\/compuviper.mx\/tienda\/#\/schema\/logo\/image\/\",\"url\":\"https:\/\/compuviper.mx\/tienda\/wp-content\/uploads\/2021\/08\/Logo-Compuviper-10.png\",\"contentUrl\":\"https:\/\/compuviper.mx\/tienda\/wp-content\/uploads\/2021\/08\/Logo-Compuviper-10.png\",\"width\":1000,\"height\":500,\"caption\":\"Compuviper\"},\"image\":{\"@id\":\"https:\/\/compuviper.mx\/tienda\/#\/schema\/logo\/image\/\"},\"sameAs\":[\"https:\/\/www.facebook.com\/compuviper\",\"https:\/\/www.youtube.com\/channel\/UCf73dERp9Y3cfOq7q8BhLjA?view_as=subscriber\"]}]}<\/script>\n<meta property=\"product:brand\" content=\"TP LINK\" \/>\n<meta property=\"product:price:amount\" content=\"467\" \/>\n<meta property=\"product:price:currency\" content=\"MXN\" \/>\n<meta property=\"og:availability\" content=\"out of stock\" \/>\n<meta property=\"product:availability\" content=\"out of stock\" \/>\n<meta property=\"product:retailer_item_id\" content=\"TL-SF1005LP\" \/>\n<meta property=\"product:condition\" content=\"new\" \/>\n<!-- \/ Yoast SEO plugin. -->","yoast_head_json":{"title":"[ Tp Link ] &#129351; Tl-sf1005lp Switch | Tp-link | | 5 Puertos Rj45 10\/100 Mbps | No Administrable |con 4 Puertos Poe | Para Escritorio","description":"Compra Tl-sf1005lp Switch | Tp-link | | 5 Puertos Rj45 10\/100 Mbps | No Administrable |con 4 Puertos Poe | Para Escritorio + Env\u00edo a domicilio + Pago seguro + Garant\u00eda","robots":{"index":"index","follow":"follow","max-snippet":"max-snippet:-1","max-image-preview":"max-image-preview:large","max-video-preview":"max-video-preview:-1"},"canonical":"https:\/\/compuviper.mx\/tienda\/producto\/tp-link-tl-sf1005lp-switch-tp-link-5-puertos-rj45-10-100-mbps-no-administrable-con-4-puertos-poe-para-escritorio\/","og_locale":"es_MX","og_type":"article","og_title":"[ Tp Link ] &#129351; Tl-sf1005lp Switch | Tp-link | | 5 Puertos Rj45 10\/100 Mbps | No Administrable |con 4 Puertos Poe | Para Escritorio","og_description":"Compra Tl-sf1005lp Switch | Tp-link | | 5 Puertos Rj45 10\/100 Mbps | No Administrable |con 4 Puertos Poe | Para Escritorio + Env\u00edo a domicilio + Pago seguro + Garant\u00eda","og_url":"https:\/\/compuviper.mx\/tienda\/producto\/tp-link-tl-sf1005lp-switch-tp-link-5-puertos-rj45-10-100-mbps-no-administrable-con-4-puertos-poe-para-escritorio\/","og_site_name":"Compuviper","article_publisher":"https:\/\/www.facebook.com\/compuviper","og_image":[{"width":200,"height":200,"url":"https:\/\/compuviper.mx\/tienda\/wp-content\/uploads\/2023\/12\/Switch-tp-link-tl-sf1005lp-5-puertos-rj45-10100-mbps-no-administrable-con-4-puertos-poe-para-escritorio.jpg","type":"image\/jpeg"}],"twitter_card":"summary_large_image","twitter_misc":{"Precio":"&#36;467 con IVA","Availability":"Out of stock"},"schema":{"@context":"https:\/\/schema.org","@graph":[{"@type":"WebPage","@id":"https:\/\/compuviper.mx\/tienda\/producto\/tp-link-tl-sf1005lp-switch-tp-link-5-puertos-rj45-10-100-mbps-no-administrable-con-4-puertos-poe-para-escritorio\/","url":"https:\/\/compuviper.mx\/tienda\/producto\/tp-link-tl-sf1005lp-switch-tp-link-5-puertos-rj45-10-100-mbps-no-administrable-con-4-puertos-poe-para-escritorio\/","name":"[ Tp Link ] &#129351; Tl-sf1005lp Switch | Tp-link | | 5 Puertos Rj45 10\/100 Mbps | No Administrable |con 4 Puertos Poe | Para Escritorio","isPartOf":{"@id":"https:\/\/compuviper.mx\/tienda\/#website"},"datePublished":"2026-04-18T07:07:59+00:00","dateModified":"2026-04-18T07:07:59+00:00","description":"Compra Tl-sf1005lp Switch | Tp-link | | 5 Puertos Rj45 10\/100 Mbps | No Administrable |con 4 Puertos Poe | Para Escritorio + Env\u00edo a domicilio + Pago seguro + Garant\u00eda","breadcrumb":{"@id":"https:\/\/compuviper.mx\/tienda\/producto\/tp-link-tl-sf1005lp-switch-tp-link-5-puertos-rj45-10-100-mbps-no-administrable-con-4-puertos-poe-para-escritorio\/#breadcrumb"},"inLanguage":"es-MX","potentialAction":[{"@type":"ReadAction","target":["https:\/\/compuviper.mx\/tienda\/producto\/tp-link-tl-sf1005lp-switch-tp-link-5-puertos-rj45-10-100-mbps-no-administrable-con-4-puertos-poe-para-escritorio\/"]}]},{"@type":"BreadcrumbList","@id":"https:\/\/compuviper.mx\/tienda\/producto\/tp-link-tl-sf1005lp-switch-tp-link-5-puertos-rj45-10-100-mbps-no-administrable-con-4-puertos-poe-para-escritorio\/#breadcrumb","itemListElement":[{"@type":"ListItem","position":1,"name":"Inicio","item":"https:\/\/compuviper.mx\/tienda\/"},{"@type":"ListItem","position":2,"name":"Productos","item":"https:\/\/compuviper.mx\/tienda\/productos\/"},{"@type":"ListItem","position":3,"name":"Redes","item":"https:\/\/compuviper.mx\/tienda\/categoria-producto\/redes\/"},{"@type":"ListItem","position":4,"name":"Switch","item":"https:\/\/compuviper.mx\/tienda\/categoria-producto\/redes\/switch\/"},{"@type":"ListItem","position":5,"name":"Tp Link Tl-sf1005lp Switch | Tp-link | | 5 Puertos Rj45 10\/100 Mbps | No Administrable |con 4 Puertos Poe | Para Escritorio"}]},{"@type":"WebSite","@id":"https:\/\/compuviper.mx\/tienda\/#website","url":"https:\/\/compuviper.mx\/tienda\/","name":"Compuviper","description":"Proveedor de Computadoras, Laptops, Servidores, Monitores, Puntos de Venta, Teclados,   Impresoras, T\u00f3ner, C\u00e1maras de Seguridad y m\u00e1s en tu tienda en l\u00ednea","publisher":{"@id":"https:\/\/compuviper.mx\/tienda\/#organization"},"potentialAction":[{"@type":"SearchAction","target":{"@type":"EntryPoint","urlTemplate":"https:\/\/compuviper.mx\/tienda\/?s={search_term_string}"},"query-input":"required name=search_term_string"}],"inLanguage":"es-MX"},{"@type":"Organization","@id":"https:\/\/compuviper.mx\/tienda\/#organization","name":"Compuviper","url":"https:\/\/compuviper.mx\/tienda\/","logo":{"@type":"ImageObject","inLanguage":"es-MX","@id":"https:\/\/compuviper.mx\/tienda\/#\/schema\/logo\/image\/","url":"https:\/\/compuviper.mx\/tienda\/wp-content\/uploads\/2021\/08\/Logo-Compuviper-10.png","contentUrl":"https:\/\/compuviper.mx\/tienda\/wp-content\/uploads\/2021\/08\/Logo-Compuviper-10.png","width":1000,"height":500,"caption":"Compuviper"},"image":{"@id":"https:\/\/compuviper.mx\/tienda\/#\/schema\/logo\/image\/"},"sameAs":["https:\/\/www.facebook.com\/compuviper","https:\/\/www.youtube.com\/channel\/UCf73dERp9Y3cfOq7q8BhLjA?view_as=subscriber"]}]},"product_brand":"TP LINK","product_price_amount":"467","product_price_currency":"MXN","og_availability":"out of stock","product_availability":"out of stock","product_retailer_item_id":"TL-SF1005LP","product_condition":"new"},"_links":{"self":[{"href":"https:\/\/compuviper.mx\/tienda\/wp-json\/wp\/v2\/product\/221018"}],"collection":[{"href":"https:\/\/compuviper.mx\/tienda\/wp-json\/wp\/v2\/product"}],"about":[{"href":"https:\/\/compuviper.mx\/tienda\/wp-json\/wp\/v2\/types\/product"}],"replies":[{"embeddable":true,"href":"https:\/\/compuviper.mx\/tienda\/wp-json\/wp\/v2\/comments?post=221018"}],"wp:featuredmedia":[{"embeddable":true,"href":"https:\/\/compuviper.mx\/tienda\/wp-json\/wp\/v2\/media\/221019"}],"wp:attachment":[{"href":"https:\/\/compuviper.mx\/tienda\/wp-json\/wp\/v2\/media?parent=221018"}],"wp:term":[{"taxonomy":"product_cat","embeddable":true,"href":"https:\/\/compuviper.mx\/tienda\/wp-json\/wp\/v2\/product_cat?post=221018"},{"taxonomy":"product_tag","embeddable":true,"href":"https:\/\/compuviper.mx\/tienda\/wp-json\/wp\/v2\/product_tag?post=221018"}],"curies":[{"name":"wp","href":"https:\/\/api.w.org\/{rel}","templated":true}]}}