{"id":221010,"date":"2026-04-18T01:07:58","date_gmt":"2026-04-18T07:07:58","guid":{"rendered":"https:\/\/compuviper.mx\/tienda\/producto\/hewlett-packard-enterprise-q9e63a-switch-hpe-sn2010m-18sfp28-4qsfp28-p2c\/"},"modified":"2026-04-18T01:07:58","modified_gmt":"2026-04-18T07:07:58","slug":"hewlett-packard-enterprise-q9e63a-switch-hpe-sn2010m-18sfp28-4qsfp28-p2c","status":"publish","type":"product","link":"https:\/\/compuviper.mx\/tienda\/producto\/hewlett-packard-enterprise-q9e63a-switch-hpe-sn2010m-18sfp28-4qsfp28-p2c\/","title":{"rendered":"Hewlett Packard Enterprise Q9e63a Switch Hpe Sn2010m 18sfp28 4qsfp28 P2c"},"content":{"rendered":"<table class=\"descripcion\">\n<tr>\n<td>Conmutador de almacenamiento hpe sn2010m 25 gbe 18sfp28 4qsfp28 q9e63a<\/td>\n<\/tr>\n<\/table>\n","protected":false},"excerpt":{"rendered":"<p>\u00bfcmo puede proporcionar rapidez, fiabilidad y conectividad asequible en el centro de datos con rendimiento predecible y proteccin de la inversin? el conmutador ethernet hpe de la serie m sn2010m es ideal para los servidores modernos y las redes de almacenamiento. Admite velocidades de puerto de 1, 10, 25, 40, 50 y 100 gbe, proporciona rendimiento predecible y cero prdidas de paquetes a velocidad de lnea. El inigualable nmero de puertos y el formato de anchura media permiten implementar hasta dos unidades de conmutacin hpe sn2010m, una al lado de la otra, para una mayor densidad y una gran disponibilidad en una nica unidad de rack, haciendo que sea el conmutador de la parte superior del rack tor perfecto. Las caractersticas especficas de almacenamiento en combinacin con un diseo eficiente proporcionan un rendimiento empresarial con factores econmicos atractivos y un sorprendente roi. Las redes diseadas con conmutadores hewlett packard enterprise de la serie m son r\u00e1pidas, fiables, escalables y asequibles. Esto hace que los conmutadores sean perfectos para almacenamiento, hiperconvergencia, servicios financieros, big data e implementaciones de medios y entretenimiento. Solo ventajas. D rienda suelta al rendimiento de almacenamiento y mejore el roi del flash. \u0095el conmutador ethernet hpe de la serie m sn2010m es un conmutador ethernet de anchura media de 10\/25 gbe y 40\/100 gbe diseado para almacenamiento primario y secundario e infraestructuras hiperconvergentes. Esta solucin tor incluye 18 puertos de 10\/25 gbe y 4 puertos de 40\/100 gbe que se pueden reconfigurar con cables multiconectores. \u0095ofrece baja latencia para conmutacin de 10\/25 gbe y 40\/100 gbe, con una implementacin robusta de datos, planes de gestin y control. Adem\u00e1s, brinda un formato compacto y bajo consumo energtico. \u0095proporciona una latencia ultrabaja de menos de 300 ns de puerto a puerto. Esto es una ventaja para el almacenamiento flash, al desplazar la creacin de la latencia de los cuellos de botella del acceso al almacenamiento a la red, as como para las r\u00e1fagas definidas por el software que se emplea en la actualidad y del tr\u00e1fico de los centros de datos en la nube. \u0095la arquitectura de almacenamiento en bfer proporciona una absorcin superior de las microrr\u00e1fagas para aplicaciones que experimentan oleadas de datos en distintas partes de la red a intervalos aleatorios. Ideal para centros de datos empresariales y entornos de almacenamiento exigentes. \u0095el conmutador hpe de la serie m sn2010m proporciona una combinacin flexible de puertos, lo que permite una gran flexibilidad, eficiencia y simplificacin de los entornos de escalabilidad horizontal, proporcionando un ahorro en el coste total de la propiedad. \u0095la configuracin nica del puerto permite conectividad de bastidor de alta velocidad con el servidor a 1\/10 gbe o 25 gbe con puertos de enlace ascendente de 40\/100 gbe que permiten diferentes ratios de bloques que se adaptan a los requisitos especficos de la aplicacin. \u0095mejorado para rdma a travs de ethernet convergente roce, la utilizacin completa del bfer y la no prdida de paquetes en un factor formato reducido con baja latencia, lo convierten en el conmutador ideal para la estructura de almacenamiento con ethernet esf. Mejorado para entornos hiperconvergentes y de almacenamiento. \u0095el conmutador hpe de la serie m sn2010m proporciona una alta densidad de puertos en una nica unidad de rack, lo que permite un incremento de capacidad y eficiencia, simplificando los entornos de escalabilidad horizontal y ahorrando en los costes totales de la propiedad. \u0095con un inigualable formato de anchura media y nmero de puertos, este conmutador ethernet permite implementar dos unidades de conmutacin hpe sn2010m, una al lado de la otra, lo que permite una mayor densidad y una gran disponibilidad en una nica unidad de rack, haciendo que sea el conmutador tor ideal. \u0095diseado para utilizar menos consumo energtico que los conmutadores de la competencia, hpe sn2010m proporciona uno de los consumos de energa m\u00e1s bajos del sector, produce menos calor que los productos de la competencia y reduce los gastos de funcionamiento. \u0095las soluciones hiperconvergentes, analticas, bases de datos y de almacenamiento distribuido requieren la capacidad de poder escalarse horizontalmente sin comprometer el rendimiento ni la alta disponibilidad. El sn2010m es ideal para estos entornos con una mezcla de puertos de 10\/25 gbe y 40\/100 gbe que han sido diseados para no perder ningn paquete. \u0095las funciones de conmutacin de red activa-activa, de baja latencia y de alto rendimiento son cruciales al implementar el almacenamiento y los servidores agrupados en clsteres. Puede ofrecer conectividad a diferentes clientes adem\u00e1s de conectividad 40\/100 gbe a determinados servidores, sistemas de almacenamiento o enlaces ascendentes de red, todo ello con baja latencia. Rendimiento superior con crecimiento preparado para el futuro. \u0095el conmutador hpe de la serie m sn2010m proporciona predictibilidad en una red de almacenamiento con un rendimiento consistente de transferencia con independencia del tamao del paquete que se transfiera o del conjunto de puertos que est\u00e1n enviando los datos, incluso en entornos con velocidades mixtas. \u0095proporciona rendimiento de velocidad por cable con cero prdidas de paquetes a travs de los diferentes tamaos de infraestructura, evitando cualquier tipo de impacto negativo en las aplicaciones que podra ocurrir con la prdida en la estructura; adem\u00e1s de transferir datos a travs de redes de nivel 2 y nivel 3. \u0095puede implementarse para admitir puertos de 1\/10 gbe y ha sido diseado para evolucionar con el paso del tiempo y admitir velocidades de 25 gbe con puertos de enlaces ascendentes a velocidades de 40\/100 gbe. Esto ayuda a proteger la inversin de red y permite la implementacin de actualizaciones de velocidad significativas en la arquitectura con el paso del tiempo.<\/p>\n","protected":false},"featured_media":221011,"comment_status":"open","ping_status":"open","template":"","meta":[],"product_cat":[1563,1564],"product_tag":[1568],"acf":[],"yoast_head":"<!-- This site is optimized with the Yoast SEO plugin v21.7 - https:\/\/yoast.com\/wordpress\/plugins\/seo\/ -->\n<title>[ Hewlett Packard Enterprise ] &#129351; Q9e63a Switch Hpe Sn2010m 18sfp28 4qsfp28 P2c<\/title>\n<meta name=\"description\" content=\"Compra Q9e63a Switch Hpe Sn2010m 18sfp28 4qsfp28 P2c + Env\u00edo a domicilio + Pago seguro + Garant\u00eda\" \/>\n<meta name=\"robots\" content=\"index, follow, max-snippet:-1, max-image-preview:large, max-video-preview:-1\" \/>\n<link rel=\"canonical\" href=\"https:\/\/compuviper.mx\/tienda\/producto\/hewlett-packard-enterprise-q9e63a-switch-hpe-sn2010m-18sfp28-4qsfp28-p2c\/\" \/>\n<meta property=\"og:locale\" content=\"es_MX\" \/>\n<meta property=\"og:type\" content=\"article\" \/>\n<meta property=\"og:title\" content=\"[ Hewlett Packard Enterprise ] &#129351; Q9e63a Switch Hpe Sn2010m 18sfp28 4qsfp28 P2c\" \/>\n<meta property=\"og:description\" content=\"Compra Q9e63a Switch Hpe Sn2010m 18sfp28 4qsfp28 P2c + Env\u00edo a domicilio + Pago seguro + Garant\u00eda\" \/>\n<meta property=\"og:url\" content=\"https:\/\/compuviper.mx\/tienda\/producto\/hewlett-packard-enterprise-q9e63a-switch-hpe-sn2010m-18sfp28-4qsfp28-p2c\/\" \/>\n<meta property=\"og:site_name\" content=\"Compuviper\" \/>\n<meta property=\"article:publisher\" content=\"https:\/\/www.facebook.com\/compuviper\" \/>\n<meta property=\"og:image\" content=\"https:\/\/compuviper.mx\/tienda\/wp-content\/uploads\/2023\/12\/Switch-hpe-sn2010m-18sfp28-4qsfp28-p2c.jpg\" \/>\n\t<meta property=\"og:image:width\" content=\"200\" \/>\n\t<meta property=\"og:image:height\" content=\"200\" \/>\n\t<meta property=\"og:image:type\" content=\"image\/jpeg\" \/>\n<meta name=\"twitter:card\" content=\"summary_large_image\" \/>\n<meta name=\"twitter:label1\" content=\"Precio\" \/>\n\t<meta name=\"twitter:data1\" content=\"&#36;222,405 con IVA\" \/>\n\t<meta name=\"twitter:label2\" content=\"Availability\" \/>\n\t<meta name=\"twitter:data2\" content=\"On backorder\" \/>\n<script type=\"application\/ld+json\" class=\"yoast-schema-graph\">{\"@context\":\"https:\/\/schema.org\",\"@graph\":[{\"@type\":\"WebPage\",\"@id\":\"https:\/\/compuviper.mx\/tienda\/producto\/hewlett-packard-enterprise-q9e63a-switch-hpe-sn2010m-18sfp28-4qsfp28-p2c\/\",\"url\":\"https:\/\/compuviper.mx\/tienda\/producto\/hewlett-packard-enterprise-q9e63a-switch-hpe-sn2010m-18sfp28-4qsfp28-p2c\/\",\"name\":\"[ Hewlett Packard Enterprise ] &#129351; Q9e63a Switch Hpe Sn2010m 18sfp28 4qsfp28 P2c\",\"isPartOf\":{\"@id\":\"https:\/\/compuviper.mx\/tienda\/#website\"},\"datePublished\":\"2026-04-18T07:07:58+00:00\",\"dateModified\":\"2026-04-18T07:07:58+00:00\",\"description\":\"Compra Q9e63a Switch Hpe Sn2010m 18sfp28 4qsfp28 P2c + Env\u00edo a domicilio + Pago seguro + Garant\u00eda\",\"breadcrumb\":{\"@id\":\"https:\/\/compuviper.mx\/tienda\/producto\/hewlett-packard-enterprise-q9e63a-switch-hpe-sn2010m-18sfp28-4qsfp28-p2c\/#breadcrumb\"},\"inLanguage\":\"es-MX\",\"potentialAction\":[{\"@type\":\"ReadAction\",\"target\":[\"https:\/\/compuviper.mx\/tienda\/producto\/hewlett-packard-enterprise-q9e63a-switch-hpe-sn2010m-18sfp28-4qsfp28-p2c\/\"]}]},{\"@type\":\"BreadcrumbList\",\"@id\":\"https:\/\/compuviper.mx\/tienda\/producto\/hewlett-packard-enterprise-q9e63a-switch-hpe-sn2010m-18sfp28-4qsfp28-p2c\/#breadcrumb\",\"itemListElement\":[{\"@type\":\"ListItem\",\"position\":1,\"name\":\"Inicio\",\"item\":\"https:\/\/compuviper.mx\/tienda\/\"},{\"@type\":\"ListItem\",\"position\":2,\"name\":\"Productos\",\"item\":\"https:\/\/compuviper.mx\/tienda\/productos\/\"},{\"@type\":\"ListItem\",\"position\":3,\"name\":\"Redes\",\"item\":\"https:\/\/compuviper.mx\/tienda\/categoria-producto\/redes\/\"},{\"@type\":\"ListItem\",\"position\":4,\"name\":\"Switch\",\"item\":\"https:\/\/compuviper.mx\/tienda\/categoria-producto\/redes\/switch\/\"},{\"@type\":\"ListItem\",\"position\":5,\"name\":\"Hewlett Packard Enterprise Q9e63a Switch Hpe Sn2010m 18sfp28 4qsfp28 P2c\"}]},{\"@type\":\"WebSite\",\"@id\":\"https:\/\/compuviper.mx\/tienda\/#website\",\"url\":\"https:\/\/compuviper.mx\/tienda\/\",\"name\":\"Compuviper\",\"description\":\"Proveedor de Computadoras, Laptops, Servidores, Monitores, Puntos de Venta, Teclados,   Impresoras, T\u00f3ner, C\u00e1maras de Seguridad y m\u00e1s en tu tienda en l\u00ednea\",\"publisher\":{\"@id\":\"https:\/\/compuviper.mx\/tienda\/#organization\"},\"potentialAction\":[{\"@type\":\"SearchAction\",\"target\":{\"@type\":\"EntryPoint\",\"urlTemplate\":\"https:\/\/compuviper.mx\/tienda\/?s={search_term_string}\"},\"query-input\":\"required name=search_term_string\"}],\"inLanguage\":\"es-MX\"},{\"@type\":\"Organization\",\"@id\":\"https:\/\/compuviper.mx\/tienda\/#organization\",\"name\":\"Compuviper\",\"url\":\"https:\/\/compuviper.mx\/tienda\/\",\"logo\":{\"@type\":\"ImageObject\",\"inLanguage\":\"es-MX\",\"@id\":\"https:\/\/compuviper.mx\/tienda\/#\/schema\/logo\/image\/\",\"url\":\"https:\/\/compuviper.mx\/tienda\/wp-content\/uploads\/2021\/08\/Logo-Compuviper-10.png\",\"contentUrl\":\"https:\/\/compuviper.mx\/tienda\/wp-content\/uploads\/2021\/08\/Logo-Compuviper-10.png\",\"width\":1000,\"height\":500,\"caption\":\"Compuviper\"},\"image\":{\"@id\":\"https:\/\/compuviper.mx\/tienda\/#\/schema\/logo\/image\/\"},\"sameAs\":[\"https:\/\/www.facebook.com\/compuviper\",\"https:\/\/www.youtube.com\/channel\/UCf73dERp9Y3cfOq7q8BhLjA?view_as=subscriber\"]}]}<\/script>\n<meta property=\"product:brand\" content=\"HEWLETT PACKARD ENTERPRISE\" \/>\n<meta property=\"product:price:amount\" content=\"222405\" \/>\n<meta property=\"product:price:currency\" content=\"MXN\" \/>\n<meta property=\"og:availability\" content=\"backorder\" \/>\n<meta property=\"product:availability\" content=\"available for order\" \/>\n<meta property=\"product:retailer_item_id\" content=\"Q9E63A\" \/>\n<meta property=\"product:condition\" content=\"new\" \/>\n<!-- \/ Yoast SEO plugin. -->","yoast_head_json":{"title":"[ Hewlett Packard Enterprise ] &#129351; Q9e63a Switch Hpe Sn2010m 18sfp28 4qsfp28 P2c","description":"Compra Q9e63a Switch Hpe Sn2010m 18sfp28 4qsfp28 P2c + Env\u00edo a domicilio + Pago seguro + Garant\u00eda","robots":{"index":"index","follow":"follow","max-snippet":"max-snippet:-1","max-image-preview":"max-image-preview:large","max-video-preview":"max-video-preview:-1"},"canonical":"https:\/\/compuviper.mx\/tienda\/producto\/hewlett-packard-enterprise-q9e63a-switch-hpe-sn2010m-18sfp28-4qsfp28-p2c\/","og_locale":"es_MX","og_type":"article","og_title":"[ Hewlett Packard Enterprise ] &#129351; Q9e63a Switch Hpe Sn2010m 18sfp28 4qsfp28 P2c","og_description":"Compra Q9e63a Switch Hpe Sn2010m 18sfp28 4qsfp28 P2c + Env\u00edo a domicilio + Pago seguro + Garant\u00eda","og_url":"https:\/\/compuviper.mx\/tienda\/producto\/hewlett-packard-enterprise-q9e63a-switch-hpe-sn2010m-18sfp28-4qsfp28-p2c\/","og_site_name":"Compuviper","article_publisher":"https:\/\/www.facebook.com\/compuviper","og_image":[{"width":200,"height":200,"url":"https:\/\/compuviper.mx\/tienda\/wp-content\/uploads\/2023\/12\/Switch-hpe-sn2010m-18sfp28-4qsfp28-p2c.jpg","type":"image\/jpeg"}],"twitter_card":"summary_large_image","twitter_misc":{"Precio":"&#36;222,405 con IVA","Availability":"On backorder"},"schema":{"@context":"https:\/\/schema.org","@graph":[{"@type":"WebPage","@id":"https:\/\/compuviper.mx\/tienda\/producto\/hewlett-packard-enterprise-q9e63a-switch-hpe-sn2010m-18sfp28-4qsfp28-p2c\/","url":"https:\/\/compuviper.mx\/tienda\/producto\/hewlett-packard-enterprise-q9e63a-switch-hpe-sn2010m-18sfp28-4qsfp28-p2c\/","name":"[ Hewlett Packard Enterprise ] &#129351; Q9e63a Switch Hpe Sn2010m 18sfp28 4qsfp28 P2c","isPartOf":{"@id":"https:\/\/compuviper.mx\/tienda\/#website"},"datePublished":"2026-04-18T07:07:58+00:00","dateModified":"2026-04-18T07:07:58+00:00","description":"Compra Q9e63a Switch Hpe Sn2010m 18sfp28 4qsfp28 P2c + Env\u00edo a domicilio + Pago seguro + Garant\u00eda","breadcrumb":{"@id":"https:\/\/compuviper.mx\/tienda\/producto\/hewlett-packard-enterprise-q9e63a-switch-hpe-sn2010m-18sfp28-4qsfp28-p2c\/#breadcrumb"},"inLanguage":"es-MX","potentialAction":[{"@type":"ReadAction","target":["https:\/\/compuviper.mx\/tienda\/producto\/hewlett-packard-enterprise-q9e63a-switch-hpe-sn2010m-18sfp28-4qsfp28-p2c\/"]}]},{"@type":"BreadcrumbList","@id":"https:\/\/compuviper.mx\/tienda\/producto\/hewlett-packard-enterprise-q9e63a-switch-hpe-sn2010m-18sfp28-4qsfp28-p2c\/#breadcrumb","itemListElement":[{"@type":"ListItem","position":1,"name":"Inicio","item":"https:\/\/compuviper.mx\/tienda\/"},{"@type":"ListItem","position":2,"name":"Productos","item":"https:\/\/compuviper.mx\/tienda\/productos\/"},{"@type":"ListItem","position":3,"name":"Redes","item":"https:\/\/compuviper.mx\/tienda\/categoria-producto\/redes\/"},{"@type":"ListItem","position":4,"name":"Switch","item":"https:\/\/compuviper.mx\/tienda\/categoria-producto\/redes\/switch\/"},{"@type":"ListItem","position":5,"name":"Hewlett Packard Enterprise Q9e63a Switch Hpe Sn2010m 18sfp28 4qsfp28 P2c"}]},{"@type":"WebSite","@id":"https:\/\/compuviper.mx\/tienda\/#website","url":"https:\/\/compuviper.mx\/tienda\/","name":"Compuviper","description":"Proveedor de Computadoras, Laptops, Servidores, Monitores, Puntos de Venta, Teclados,   Impresoras, T\u00f3ner, C\u00e1maras de Seguridad y m\u00e1s en tu tienda en l\u00ednea","publisher":{"@id":"https:\/\/compuviper.mx\/tienda\/#organization"},"potentialAction":[{"@type":"SearchAction","target":{"@type":"EntryPoint","urlTemplate":"https:\/\/compuviper.mx\/tienda\/?s={search_term_string}"},"query-input":"required name=search_term_string"}],"inLanguage":"es-MX"},{"@type":"Organization","@id":"https:\/\/compuviper.mx\/tienda\/#organization","name":"Compuviper","url":"https:\/\/compuviper.mx\/tienda\/","logo":{"@type":"ImageObject","inLanguage":"es-MX","@id":"https:\/\/compuviper.mx\/tienda\/#\/schema\/logo\/image\/","url":"https:\/\/compuviper.mx\/tienda\/wp-content\/uploads\/2021\/08\/Logo-Compuviper-10.png","contentUrl":"https:\/\/compuviper.mx\/tienda\/wp-content\/uploads\/2021\/08\/Logo-Compuviper-10.png","width":1000,"height":500,"caption":"Compuviper"},"image":{"@id":"https:\/\/compuviper.mx\/tienda\/#\/schema\/logo\/image\/"},"sameAs":["https:\/\/www.facebook.com\/compuviper","https:\/\/www.youtube.com\/channel\/UCf73dERp9Y3cfOq7q8BhLjA?view_as=subscriber"]}]},"product_brand":"HEWLETT PACKARD ENTERPRISE","product_price_amount":"222405","product_price_currency":"MXN","og_availability":"backorder","product_availability":"available for order","product_retailer_item_id":"Q9E63A","product_condition":"new"},"_links":{"self":[{"href":"https:\/\/compuviper.mx\/tienda\/wp-json\/wp\/v2\/product\/221010"}],"collection":[{"href":"https:\/\/compuviper.mx\/tienda\/wp-json\/wp\/v2\/product"}],"about":[{"href":"https:\/\/compuviper.mx\/tienda\/wp-json\/wp\/v2\/types\/product"}],"replies":[{"embeddable":true,"href":"https:\/\/compuviper.mx\/tienda\/wp-json\/wp\/v2\/comments?post=221010"}],"wp:featuredmedia":[{"embeddable":true,"href":"https:\/\/compuviper.mx\/tienda\/wp-json\/wp\/v2\/media\/221011"}],"wp:attachment":[{"href":"https:\/\/compuviper.mx\/tienda\/wp-json\/wp\/v2\/media?parent=221010"}],"wp:term":[{"taxonomy":"product_cat","embeddable":true,"href":"https:\/\/compuviper.mx\/tienda\/wp-json\/wp\/v2\/product_cat?post=221010"},{"taxonomy":"product_tag","embeddable":true,"href":"https:\/\/compuviper.mx\/tienda\/wp-json\/wp\/v2\/product_tag?post=221010"}],"curies":[{"name":"wp","href":"https:\/\/api.w.org\/{rel}","templated":true}]}}