{"id":220980,"date":"2026-04-02T01:03:38","date_gmt":"2026-04-02T07:03:38","guid":{"rendered":"https:\/\/compuviper.mx\/tienda\/producto\/tp-link-archer-c24-router-tp-link-inalambrico-wisp-ac750-dual-band-multimodo-access-point-repetidor-wisp-4-puertos-lan-10-100-1-puerto-wan-10-100-4-antenas-fijas-sustituye-a-tl-wr940n\/"},"modified":"2026-04-02T01:03:38","modified_gmt":"2026-04-02T07:03:38","slug":"tp-link-archer-c24-router-tp-link-inalambrico-wisp-ac750-dual-band-multimodo-access-point-repetidor-wisp-4-puertos-lan-10-100-1-puerto-wan-10-100-4-antenas-fijas-sustituye-a-tl-wr940n","status":"publish","type":"product","link":"https:\/\/compuviper.mx\/tienda\/producto\/tp-link-archer-c24-router-tp-link-inalambrico-wisp-ac750-dual-band-multimodo-access-point-repetidor-wisp-4-puertos-lan-10-100-1-puerto-wan-10-100-4-antenas-fijas-sustituye-a-tl-wr940n\/","title":{"rendered":"Tp Link Archer C24 Router | Tp-link |  | Inalambrico |wisp |ac750 Dual Band | Multimodo Access Point Repetidor Wisp | 4 Puertos Lan 10\/100 1 Puerto Wan 10\/100 | 4 Antenas Fijas | Sustituye A Tl-wr940n"},"content":{"rendered":"<table class=\"descripcion\">\n<tr>\n<td>Inal\u00e1mbrico<\/td>\n<\/tr>\n<tr>\n<td>Est\u00e1ndares wi-fi 5<\/td>\n<\/tr>\n<tr>\n<td>Ieee 802.11ac \/ n \/ a 5 ghz<\/td>\n<\/tr>\n<tr>\n<td>Ieee 802.11n \/ b \/ g 2,4 ghz<\/td>\n<\/tr>\n<tr>\n<td>Velocidades wifi ac750<\/td>\n<\/tr>\n<tr>\n<td>5 ghz: 433 mbps (802.11ac)<\/td>\n<\/tr>\n<tr>\n<td>2,4 ghz: 300 mbps (802.11n)<\/td>\n<\/tr>\n<tr>\n<td>Alcance wifi casas de 2 dormitorios<\/td>\n<\/tr>\n<tr>\n<td>4 \u00d7 antenas fijas<\/td>\n<\/tr>\n<tr>\n<td>Varias antenas forman una matriz de refuerzo de se\u00f1al para cubrir m\u00e1s direcciones y \u00e1reas grandes<\/td>\n<\/tr>\n<tr>\n<td>Capacidad wifi medio<\/td>\n<\/tr>\n<tr>\n<td>Banda dual<\/td>\n<\/tr>\n<tr>\n<td>Asigne dispositivos a diferentes bandas para un rendimiento \u00f3ptimo<\/td>\n<\/tr>\n<tr>\n<td>Modos de trabajo:<\/td>\n<\/tr>\n<tr>\n<td>Modo de enrutador<\/td>\n<\/tr>\n<tr>\n<td>Modo de punto de acceso<\/td>\n<\/tr>\n<tr>\n<td>Modo de extensi\u00f3n de rango<\/td>\n<\/tr>\n<tr>\n<td>Hardware<\/td>\n<\/tr>\n<tr>\n<td>Procesador cpu de un solo n\u00facleo<\/td>\n<\/tr>\n<tr>\n<td>Puertos ethernet 1 puerto wan de 10\/100 mbps<\/td>\n<\/tr>\n<tr>\n<td>4 puertos lan de 10\/100 mbps<\/td>\n<\/tr>\n<tr>\n<td>Botones bot\u00f3n wps \/ reset<\/td>\n<\/tr>\n<tr>\n<td>Poder 9 v  and #9107; 0,6 a<\/td>\n<\/tr>\n<tr>\n<td>Seguridad<\/td>\n<\/tr>\n<tr>\n<td>Cifrado wifi wep<\/td>\n<\/tr>\n<tr>\n<td>Wpa<\/td>\n<\/tr>\n<tr>\n<td>Wpa2<\/td>\n<\/tr>\n<tr>\n<td>Wpa \/ wpa2-enterprise (802.1x)<\/td>\n<\/tr>\n<tr>\n<td>Seguridad de la red puerta de enlace de capa de aplicaci\u00f3n de enlace de ip y mac de<\/td>\n<\/tr>\n<tr>\n<td>Control de acceso de firewall spi<\/td>\n<\/tr>\n<tr>\n<td>Red de invitados 1 red de invitados de 5 ghz<\/td>\n<\/tr>\n<tr>\n<td>1 red de invitados de 2,4 ghz<\/td>\n<\/tr>\n<tr>\n<td>Software<\/td>\n<\/tr>\n<tr>\n<td>Protocolos ipv4<\/td>\n<\/tr>\n<tr>\n<td>Ipv6<\/td>\n<\/tr>\n<tr>\n<td>Controles parentales<\/td>\n<\/tr>\n<tr>\n<td>Controles de tiempo de filtrado de url<\/td>\n<\/tr>\n<tr>\n<td>Tipos de wan ip din\u00e1mica ip<\/td>\n<\/tr>\n<tr>\n<td>Est\u00e1tica<\/td>\n<\/tr>\n<tr>\n<td>Pppoe<\/td>\n<\/tr>\n<tr>\n<td>Pptp<\/td>\n<\/tr>\n<tr>\n<td>L2tp<\/td>\n<\/tr>\n<tr>\n<td>Calidad de servicio qos por dispositivo<\/td>\n<\/tr>\n<tr>\n<td>Reenv\u00edo nat reenv\u00edo de<\/td>\n<\/tr>\n<tr>\n<td>Puertos activaci\u00f3n de puertos<\/td>\n<\/tr>\n<tr>\n<td>Dmz<\/td>\n<\/tr>\n<tr>\n<td>Upnp<\/td>\n<\/tr>\n<tr>\n<td>Iptv igmp proxy<\/td>\n<\/tr>\n<tr>\n<td>Igmp snooping<\/td>\n<\/tr>\n<tr>\n<td>Bridge<\/td>\n<\/tr>\n<tr>\n<td>Tag vlan<\/td>\n<\/tr>\n<tr>\n<td>Dhcp servidor de<\/td>\n<\/tr>\n<tr>\n<td>Lista de clientes dhcp de reserva de direcciones<\/td>\n<\/tr>\n<tr>\n<td>Ddns no-ip<\/td>\n<\/tr>\n<tr>\n<td>Dyndns<\/td>\n<\/tr>\n<tr>\n<td>Administraci\u00f3n emulador<\/td>\n<\/tr>\n<tr>\n<td>Web de verificaci\u00f3n de p\u00e1gina web de la aplicaci\u00f3n tether<\/td>\n<\/tr>\n<tr>\n<td>F\u00edsico<\/td>\n<\/tr>\n<tr>\n<td>Dimensiones (w \u00d7 d \u00d7 h) 4.5 \u00d7 4.2 \u00d7 1.0<\/td>\n<\/tr>\n<tr>\n<td>Pulgadas (115 \u00d7 106.7 \u00d7 24.3 mm)<\/td>\n<\/tr>\n<tr>\n<td>Contenidos del paquete:<\/td>\n<\/tr>\n<tr>\n<td>Enrutador wi-fi<\/td>\n<\/tr>\n<tr>\n<td>Adaptador de corriente<\/td>\n<\/tr>\n<tr>\n<td>Archer c24<\/td>\n<\/tr>\n<tr>\n<td>Cable ethernet rj45<\/td>\n<\/tr>\n<tr>\n<td>Gu\u00eda de instalaci\u00f3n r\u00e1pida<\/td>\n<\/tr>\n<tr>\n<td>Otro<\/td>\n<\/tr>\n<tr>\n<td>Requisitos del sistema internet explorer 11+, firefox 12.0+, chrome 20.0+, safari 4.0+ u otro navegador habilitado para javascript<\/td>\n<\/tr>\n<tr>\n<td>Cable o m\u00f3dem dsl (si es necesario)<\/td>\n<\/tr>\n<tr>\n<td>Suscripci\u00f3n con un proveedor de servicios de internet (para acceso a internet)<\/td>\n<\/tr>\n<tr>\n<td>Certificaciones fcc, ce, rohs<\/td>\n<\/tr>\n<tr>\n<td>Ambiente temperatura de funcionamiento: 0  and #8451; ~ 40  and #8451; (32  and #8457; ~ 104  and #8457;)<\/td>\n<\/tr>\n<tr>\n<td>Temperatura de almacenamiento: -40  and #8451; ~ 60  and #8451; (-40  and #8457; ~ 140  and #8457;)<\/td>\n<\/tr>\n<tr>\n<td>Humedad de funcionamiento: 10% ~ 90% sin condensaci\u00f3n<\/td>\n<\/tr>\n<tr>\n<td>Humedad de almacenamiento: 5% ~ 90 % sin condensaci\u00f3n<\/td>\n<\/tr>\n<tr>\n<td>Datos de prueba<\/td>\n<\/tr>\n<tr>\n<td>Potencia de transmisi\u00f3n wifi ce:<\/td>\n<\/tr>\n<tr>\n<td> 20dbm (2.4ghz)<\/td>\n<\/tr>\n<tr>\n<td> 23dbm (5ghz)<\/td>\n<\/tr>\n<tr>\n<td>Sensibilidad de recepci\u00f3n wifi 5 ghz:<\/td>\n<\/tr>\n<tr>\n<td>11a 54m: -76dbm;<\/td>\n<\/tr>\n<tr>\n<td>11ac vht20 mcs8: -71dbm;<\/td>\n<\/tr>\n<tr>\n<td>11ac vht40 mcs9: -66dbm;<\/td>\n<\/tr>\n<tr>\n<td>11ac vht80 mcs9: -62dbm<\/td>\n<\/tr>\n<tr>\n<td>2.4ghz:<\/td>\n<\/tr>\n<tr>\n<td>11g 54m: -76dbm;<\/td>\n<\/tr>\n<tr>\n<td>11n ht20 mcs7: -73dbm;<\/td>\n<\/tr>\n<tr>\n<td>11n ht40 mcs7: -71dbm<\/td>\n<\/tr>\n<\/table>\n","protected":false},"excerpt":{"rendered":"<p>Archer c24. Router wi-fi de doble banda ac750. * wi-fi de alta velocidad: el ac750 de doble banda es ideal para transmisi\u00f3n de video hd y descarga de alta velocidad. * cobertura de gran alcance: las antenas 4 \u00d7 brindan wi-fi de gran alcance y conexiones confiables. * multimodo 3 en 1: admite enrutador, punto de acceso y extensor de rango para agregar flexibilidad. * controles parentales: administra cu\u00e1ndo y c\u00f3mo los dispositivos conectados pueden acceder a internet. * red de invitados: proporciona acceso independiente para los invitados mientras protege la red del host. * transmisi\u00f3n fluida hd: admite igmp proxy \/ snooping, bridge y tag vlan para optimizar la transmisi\u00f3n iptv. * compatible con ipv6: compatible con ipv6 (la \u00faltima versi\u00f3n 6 del protocolo de internet). * compacto y montable: dise\u00f1ado para ahorrar espacio y complementar cualquier decoraci\u00f3n.<\/p>\n","protected":false},"featured_media":220981,"comment_status":"open","ping_status":"open","template":"","meta":[],"product_cat":[1563,1753],"product_tag":[1562],"acf":[],"yoast_head":"<!-- This site is optimized with the Yoast SEO plugin v21.7 - https:\/\/yoast.com\/wordpress\/plugins\/seo\/ -->\n<title>[ Tp Link ] &#129351; Archer C24 Router | Tp-link | | Inalambrico |wisp |ac750 Dual Band | Multimodo Access Point Repetidor Wisp | 4 Puertos Lan 10\/100 1 Puerto Wan 10\/100 | 4 Antenas Fijas | Sustituye A Tl-wr940n<\/title>\n<meta name=\"description\" content=\"Compra Archer C24 Router | Tp-link | | Inalambrico |wisp |ac750 Dual Band | Multimodo Access Point Repetidor Wisp | 4 Puertos Lan 10\/100 1 Puerto Wan 10\/100 | 4 Antenas Fijas | Sustituye A Tl-wr940n + Env\u00edo a domicilio + Pago seguro + Garant\u00eda\" \/>\n<meta name=\"robots\" content=\"index, follow, max-snippet:-1, max-image-preview:large, max-video-preview:-1\" \/>\n<link rel=\"canonical\" href=\"https:\/\/compuviper.mx\/tienda\/producto\/tp-link-archer-c24-router-tp-link-inalambrico-wisp-ac750-dual-band-multimodo-access-point-repetidor-wisp-4-puertos-lan-10-100-1-puerto-wan-10-100-4-antenas-fijas-sustituye-a-tl-wr940n\/\" \/>\n<meta property=\"og:locale\" content=\"es_MX\" \/>\n<meta property=\"og:type\" content=\"article\" \/>\n<meta property=\"og:title\" content=\"[ Tp Link ] &#129351; Archer C24 Router | Tp-link | | Inalambrico |wisp |ac750 Dual Band | Multimodo Access Point Repetidor Wisp | 4 Puertos Lan 10\/100 1 Puerto Wan 10\/100 | 4 Antenas Fijas | Sustituye A Tl-wr940n\" \/>\n<meta property=\"og:description\" content=\"Compra Archer C24 Router | Tp-link | | Inalambrico |wisp |ac750 Dual Band | Multimodo Access Point Repetidor Wisp | 4 Puertos Lan 10\/100 1 Puerto Wan 10\/100 | 4 Antenas Fijas | Sustituye A Tl-wr940n + Env\u00edo a domicilio + Pago seguro + Garant\u00eda\" \/>\n<meta property=\"og:url\" content=\"https:\/\/compuviper.mx\/tienda\/producto\/tp-link-archer-c24-router-tp-link-inalambrico-wisp-ac750-dual-band-multimodo-access-point-repetidor-wisp-4-puertos-lan-10-100-1-puerto-wan-10-100-4-antenas-fijas-sustituye-a-tl-wr940n\/\" \/>\n<meta property=\"og:site_name\" content=\"Compuviper\" \/>\n<meta property=\"article:publisher\" content=\"https:\/\/www.facebook.com\/compuviper\" \/>\n<meta property=\"og:image\" content=\"https:\/\/compuviper.mx\/tienda\/wp-content\/uploads\/2023\/12\/Router-tp-link-archer-c24-inalambrico-wisp-ac750-dual-band-multimodo-access-point-repetidor-wisp-4-puertos-lan-10100-1-puerto-wan-10100-4-antenas-fijas-sustituye-a-tl-wr940n.jpg\" \/>\n\t<meta property=\"og:image:width\" content=\"200\" \/>\n\t<meta property=\"og:image:height\" content=\"200\" \/>\n\t<meta property=\"og:image:type\" content=\"image\/jpeg\" \/>\n<meta name=\"twitter:card\" content=\"summary_large_image\" \/>\n<meta name=\"twitter:label1\" content=\"Precio\" \/>\n\t<meta name=\"twitter:data1\" content=\"&#36;367 con IVA\" \/>\n\t<meta name=\"twitter:label2\" content=\"Availability\" \/>\n\t<meta name=\"twitter:data2\" content=\"In stock\" \/>\n<script type=\"application\/ld+json\" class=\"yoast-schema-graph\">{\"@context\":\"https:\/\/schema.org\",\"@graph\":[{\"@type\":\"WebPage\",\"@id\":\"https:\/\/compuviper.mx\/tienda\/producto\/tp-link-archer-c24-router-tp-link-inalambrico-wisp-ac750-dual-band-multimodo-access-point-repetidor-wisp-4-puertos-lan-10-100-1-puerto-wan-10-100-4-antenas-fijas-sustituye-a-tl-wr940n\/\",\"url\":\"https:\/\/compuviper.mx\/tienda\/producto\/tp-link-archer-c24-router-tp-link-inalambrico-wisp-ac750-dual-band-multimodo-access-point-repetidor-wisp-4-puertos-lan-10-100-1-puerto-wan-10-100-4-antenas-fijas-sustituye-a-tl-wr940n\/\",\"name\":\"[ Tp Link ] &#129351; Archer C24 Router | Tp-link | | Inalambrico |wisp |ac750 Dual Band | Multimodo Access Point Repetidor Wisp | 4 Puertos Lan 10\/100 1 Puerto Wan 10\/100 | 4 Antenas Fijas | Sustituye A Tl-wr940n\",\"isPartOf\":{\"@id\":\"https:\/\/compuviper.mx\/tienda\/#website\"},\"datePublished\":\"2026-04-02T07:03:38+00:00\",\"dateModified\":\"2026-04-02T07:03:38+00:00\",\"description\":\"Compra Archer C24 Router | Tp-link | | Inalambrico |wisp |ac750 Dual Band | Multimodo Access Point Repetidor Wisp | 4 Puertos Lan 10\/100 1 Puerto Wan 10\/100 | 4 Antenas Fijas | Sustituye A Tl-wr940n + Env\u00edo a domicilio + Pago seguro + Garant\u00eda\",\"breadcrumb\":{\"@id\":\"https:\/\/compuviper.mx\/tienda\/producto\/tp-link-archer-c24-router-tp-link-inalambrico-wisp-ac750-dual-band-multimodo-access-point-repetidor-wisp-4-puertos-lan-10-100-1-puerto-wan-10-100-4-antenas-fijas-sustituye-a-tl-wr940n\/#breadcrumb\"},\"inLanguage\":\"es-MX\",\"potentialAction\":[{\"@type\":\"ReadAction\",\"target\":[\"https:\/\/compuviper.mx\/tienda\/producto\/tp-link-archer-c24-router-tp-link-inalambrico-wisp-ac750-dual-band-multimodo-access-point-repetidor-wisp-4-puertos-lan-10-100-1-puerto-wan-10-100-4-antenas-fijas-sustituye-a-tl-wr940n\/\"]}]},{\"@type\":\"BreadcrumbList\",\"@id\":\"https:\/\/compuviper.mx\/tienda\/producto\/tp-link-archer-c24-router-tp-link-inalambrico-wisp-ac750-dual-band-multimodo-access-point-repetidor-wisp-4-puertos-lan-10-100-1-puerto-wan-10-100-4-antenas-fijas-sustituye-a-tl-wr940n\/#breadcrumb\",\"itemListElement\":[{\"@type\":\"ListItem\",\"position\":1,\"name\":\"Inicio\",\"item\":\"https:\/\/compuviper.mx\/tienda\/\"},{\"@type\":\"ListItem\",\"position\":2,\"name\":\"Productos\",\"item\":\"https:\/\/compuviper.mx\/tienda\/productos\/\"},{\"@type\":\"ListItem\",\"position\":3,\"name\":\"Redes\",\"item\":\"https:\/\/compuviper.mx\/tienda\/categoria-producto\/redes\/\"},{\"@type\":\"ListItem\",\"position\":4,\"name\":\"Router\",\"item\":\"https:\/\/compuviper.mx\/tienda\/categoria-producto\/redes\/router\/\"},{\"@type\":\"ListItem\",\"position\":5,\"name\":\"Tp Link Archer C24 Router | Tp-link | | Inalambrico |wisp |ac750 Dual Band | Multimodo Access Point Repetidor Wisp | 4 Puertos Lan 10\/100 1 Puerto Wan 10\/100 | 4 Antenas Fijas | Sustituye A Tl-wr940n\"}]},{\"@type\":\"WebSite\",\"@id\":\"https:\/\/compuviper.mx\/tienda\/#website\",\"url\":\"https:\/\/compuviper.mx\/tienda\/\",\"name\":\"Compuviper\",\"description\":\"Proveedor de Computadoras, Laptops, Servidores, Monitores, Puntos de Venta, Teclados,   Impresoras, T\u00f3ner, C\u00e1maras de Seguridad y m\u00e1s en tu tienda en l\u00ednea\",\"publisher\":{\"@id\":\"https:\/\/compuviper.mx\/tienda\/#organization\"},\"potentialAction\":[{\"@type\":\"SearchAction\",\"target\":{\"@type\":\"EntryPoint\",\"urlTemplate\":\"https:\/\/compuviper.mx\/tienda\/?s={search_term_string}\"},\"query-input\":\"required name=search_term_string\"}],\"inLanguage\":\"es-MX\"},{\"@type\":\"Organization\",\"@id\":\"https:\/\/compuviper.mx\/tienda\/#organization\",\"name\":\"Compuviper\",\"url\":\"https:\/\/compuviper.mx\/tienda\/\",\"logo\":{\"@type\":\"ImageObject\",\"inLanguage\":\"es-MX\",\"@id\":\"https:\/\/compuviper.mx\/tienda\/#\/schema\/logo\/image\/\",\"url\":\"https:\/\/compuviper.mx\/tienda\/wp-content\/uploads\/2021\/08\/Logo-Compuviper-10.png\",\"contentUrl\":\"https:\/\/compuviper.mx\/tienda\/wp-content\/uploads\/2021\/08\/Logo-Compuviper-10.png\",\"width\":1000,\"height\":500,\"caption\":\"Compuviper\"},\"image\":{\"@id\":\"https:\/\/compuviper.mx\/tienda\/#\/schema\/logo\/image\/\"},\"sameAs\":[\"https:\/\/www.facebook.com\/compuviper\",\"https:\/\/www.youtube.com\/channel\/UCf73dERp9Y3cfOq7q8BhLjA?view_as=subscriber\"]}]}<\/script>\n<meta property=\"product:brand\" content=\"TP LINK\" \/>\n<meta property=\"product:price:amount\" content=\"367\" \/>\n<meta property=\"product:price:currency\" content=\"MXN\" \/>\n<meta property=\"og:availability\" content=\"instock\" \/>\n<meta property=\"product:availability\" content=\"instock\" \/>\n<meta property=\"product:retailer_item_id\" content=\"ARCHER C24\" \/>\n<meta property=\"product:condition\" content=\"new\" \/>\n<!-- \/ Yoast SEO plugin. -->","yoast_head_json":{"title":"[ Tp Link ] &#129351; Archer C24 Router | Tp-link | | Inalambrico |wisp |ac750 Dual Band | Multimodo Access Point Repetidor Wisp | 4 Puertos Lan 10\/100 1 Puerto Wan 10\/100 | 4 Antenas Fijas | Sustituye A Tl-wr940n","description":"Compra Archer C24 Router | Tp-link | | Inalambrico |wisp |ac750 Dual Band | Multimodo Access Point Repetidor Wisp | 4 Puertos Lan 10\/100 1 Puerto Wan 10\/100 | 4 Antenas Fijas | Sustituye A Tl-wr940n + Env\u00edo a domicilio + Pago seguro + Garant\u00eda","robots":{"index":"index","follow":"follow","max-snippet":"max-snippet:-1","max-image-preview":"max-image-preview:large","max-video-preview":"max-video-preview:-1"},"canonical":"https:\/\/compuviper.mx\/tienda\/producto\/tp-link-archer-c24-router-tp-link-inalambrico-wisp-ac750-dual-band-multimodo-access-point-repetidor-wisp-4-puertos-lan-10-100-1-puerto-wan-10-100-4-antenas-fijas-sustituye-a-tl-wr940n\/","og_locale":"es_MX","og_type":"article","og_title":"[ Tp Link ] &#129351; Archer C24 Router | Tp-link | | Inalambrico |wisp |ac750 Dual Band | Multimodo Access Point Repetidor Wisp | 4 Puertos Lan 10\/100 1 Puerto Wan 10\/100 | 4 Antenas Fijas | Sustituye A Tl-wr940n","og_description":"Compra Archer C24 Router | Tp-link | | Inalambrico |wisp |ac750 Dual Band | Multimodo Access Point Repetidor Wisp | 4 Puertos Lan 10\/100 1 Puerto Wan 10\/100 | 4 Antenas Fijas | Sustituye A Tl-wr940n + Env\u00edo a domicilio + Pago seguro + Garant\u00eda","og_url":"https:\/\/compuviper.mx\/tienda\/producto\/tp-link-archer-c24-router-tp-link-inalambrico-wisp-ac750-dual-band-multimodo-access-point-repetidor-wisp-4-puertos-lan-10-100-1-puerto-wan-10-100-4-antenas-fijas-sustituye-a-tl-wr940n\/","og_site_name":"Compuviper","article_publisher":"https:\/\/www.facebook.com\/compuviper","og_image":[{"width":200,"height":200,"url":"https:\/\/compuviper.mx\/tienda\/wp-content\/uploads\/2023\/12\/Router-tp-link-archer-c24-inalambrico-wisp-ac750-dual-band-multimodo-access-point-repetidor-wisp-4-puertos-lan-10100-1-puerto-wan-10100-4-antenas-fijas-sustituye-a-tl-wr940n.jpg","type":"image\/jpeg"}],"twitter_card":"summary_large_image","twitter_misc":{"Precio":"&#36;367 con IVA","Availability":"In stock"},"schema":{"@context":"https:\/\/schema.org","@graph":[{"@type":"WebPage","@id":"https:\/\/compuviper.mx\/tienda\/producto\/tp-link-archer-c24-router-tp-link-inalambrico-wisp-ac750-dual-band-multimodo-access-point-repetidor-wisp-4-puertos-lan-10-100-1-puerto-wan-10-100-4-antenas-fijas-sustituye-a-tl-wr940n\/","url":"https:\/\/compuviper.mx\/tienda\/producto\/tp-link-archer-c24-router-tp-link-inalambrico-wisp-ac750-dual-band-multimodo-access-point-repetidor-wisp-4-puertos-lan-10-100-1-puerto-wan-10-100-4-antenas-fijas-sustituye-a-tl-wr940n\/","name":"[ Tp Link ] &#129351; Archer C24 Router | Tp-link | | Inalambrico |wisp |ac750 Dual Band | Multimodo Access Point Repetidor Wisp | 4 Puertos Lan 10\/100 1 Puerto Wan 10\/100 | 4 Antenas Fijas | Sustituye A Tl-wr940n","isPartOf":{"@id":"https:\/\/compuviper.mx\/tienda\/#website"},"datePublished":"2026-04-02T07:03:38+00:00","dateModified":"2026-04-02T07:03:38+00:00","description":"Compra Archer C24 Router | Tp-link | | Inalambrico |wisp |ac750 Dual Band | Multimodo Access Point Repetidor Wisp | 4 Puertos Lan 10\/100 1 Puerto Wan 10\/100 | 4 Antenas Fijas | Sustituye A Tl-wr940n + Env\u00edo a domicilio + Pago seguro + Garant\u00eda","breadcrumb":{"@id":"https:\/\/compuviper.mx\/tienda\/producto\/tp-link-archer-c24-router-tp-link-inalambrico-wisp-ac750-dual-band-multimodo-access-point-repetidor-wisp-4-puertos-lan-10-100-1-puerto-wan-10-100-4-antenas-fijas-sustituye-a-tl-wr940n\/#breadcrumb"},"inLanguage":"es-MX","potentialAction":[{"@type":"ReadAction","target":["https:\/\/compuviper.mx\/tienda\/producto\/tp-link-archer-c24-router-tp-link-inalambrico-wisp-ac750-dual-band-multimodo-access-point-repetidor-wisp-4-puertos-lan-10-100-1-puerto-wan-10-100-4-antenas-fijas-sustituye-a-tl-wr940n\/"]}]},{"@type":"BreadcrumbList","@id":"https:\/\/compuviper.mx\/tienda\/producto\/tp-link-archer-c24-router-tp-link-inalambrico-wisp-ac750-dual-band-multimodo-access-point-repetidor-wisp-4-puertos-lan-10-100-1-puerto-wan-10-100-4-antenas-fijas-sustituye-a-tl-wr940n\/#breadcrumb","itemListElement":[{"@type":"ListItem","position":1,"name":"Inicio","item":"https:\/\/compuviper.mx\/tienda\/"},{"@type":"ListItem","position":2,"name":"Productos","item":"https:\/\/compuviper.mx\/tienda\/productos\/"},{"@type":"ListItem","position":3,"name":"Redes","item":"https:\/\/compuviper.mx\/tienda\/categoria-producto\/redes\/"},{"@type":"ListItem","position":4,"name":"Router","item":"https:\/\/compuviper.mx\/tienda\/categoria-producto\/redes\/router\/"},{"@type":"ListItem","position":5,"name":"Tp Link Archer C24 Router | Tp-link | | Inalambrico |wisp |ac750 Dual Band | Multimodo Access Point Repetidor Wisp | 4 Puertos Lan 10\/100 1 Puerto Wan 10\/100 | 4 Antenas Fijas | Sustituye A Tl-wr940n"}]},{"@type":"WebSite","@id":"https:\/\/compuviper.mx\/tienda\/#website","url":"https:\/\/compuviper.mx\/tienda\/","name":"Compuviper","description":"Proveedor de Computadoras, Laptops, Servidores, Monitores, Puntos de Venta, Teclados,   Impresoras, T\u00f3ner, C\u00e1maras de Seguridad y m\u00e1s en tu tienda en l\u00ednea","publisher":{"@id":"https:\/\/compuviper.mx\/tienda\/#organization"},"potentialAction":[{"@type":"SearchAction","target":{"@type":"EntryPoint","urlTemplate":"https:\/\/compuviper.mx\/tienda\/?s={search_term_string}"},"query-input":"required name=search_term_string"}],"inLanguage":"es-MX"},{"@type":"Organization","@id":"https:\/\/compuviper.mx\/tienda\/#organization","name":"Compuviper","url":"https:\/\/compuviper.mx\/tienda\/","logo":{"@type":"ImageObject","inLanguage":"es-MX","@id":"https:\/\/compuviper.mx\/tienda\/#\/schema\/logo\/image\/","url":"https:\/\/compuviper.mx\/tienda\/wp-content\/uploads\/2021\/08\/Logo-Compuviper-10.png","contentUrl":"https:\/\/compuviper.mx\/tienda\/wp-content\/uploads\/2021\/08\/Logo-Compuviper-10.png","width":1000,"height":500,"caption":"Compuviper"},"image":{"@id":"https:\/\/compuviper.mx\/tienda\/#\/schema\/logo\/image\/"},"sameAs":["https:\/\/www.facebook.com\/compuviper","https:\/\/www.youtube.com\/channel\/UCf73dERp9Y3cfOq7q8BhLjA?view_as=subscriber"]}]},"product_brand":"TP LINK","product_price_amount":"367","product_price_currency":"MXN","og_availability":"instock","product_availability":"instock","product_retailer_item_id":"ARCHER C24","product_condition":"new"},"_links":{"self":[{"href":"https:\/\/compuviper.mx\/tienda\/wp-json\/wp\/v2\/product\/220980"}],"collection":[{"href":"https:\/\/compuviper.mx\/tienda\/wp-json\/wp\/v2\/product"}],"about":[{"href":"https:\/\/compuviper.mx\/tienda\/wp-json\/wp\/v2\/types\/product"}],"replies":[{"embeddable":true,"href":"https:\/\/compuviper.mx\/tienda\/wp-json\/wp\/v2\/comments?post=220980"}],"wp:featuredmedia":[{"embeddable":true,"href":"https:\/\/compuviper.mx\/tienda\/wp-json\/wp\/v2\/media\/220981"}],"wp:attachment":[{"href":"https:\/\/compuviper.mx\/tienda\/wp-json\/wp\/v2\/media?parent=220980"}],"wp:term":[{"taxonomy":"product_cat","embeddable":true,"href":"https:\/\/compuviper.mx\/tienda\/wp-json\/wp\/v2\/product_cat?post=220980"},{"taxonomy":"product_tag","embeddable":true,"href":"https:\/\/compuviper.mx\/tienda\/wp-json\/wp\/v2\/product_tag?post=220980"}],"curies":[{"name":"wp","href":"https:\/\/api.w.org\/{rel}","templated":true}]}}