{"id":220976,"date":"2026-04-18T01:07:51","date_gmt":"2026-04-18T07:07:51","guid":{"rendered":"https:\/\/compuviper.mx\/tienda\/producto\/hewlett-packard-enterprise-r4w02a-access-point-hpe-aruba-instant-on-para-interior-ap22-2x2-wifi-6\/"},"modified":"2026-04-18T01:07:52","modified_gmt":"2026-04-18T07:07:52","slug":"hewlett-packard-enterprise-r4w02a-access-point-hpe-aruba-instant-on-ap22-2x2-wifi-6-100-certificado-interiores-indoor-inter-operable","status":"publish","type":"product","link":"https:\/\/compuviper.mx\/tienda\/producto\/hewlett-packard-enterprise-r4w02a-access-point-hpe-aruba-instant-on-ap22-2x2-wifi-6-100-certificado-interiores-indoor-inter-operable\/","title":{"rendered":"Hewlett Packard Enterprise R4w02a Access Point Hpe Aruba  Instant On Ap22 2&#215;2 Wifi 6 100% Certificado Interiores (indoor) Inter-operable"},"content":{"rendered":"<table class=\"descripcion\">\n<tr>\n<td>Especificaciones de radio wi-fipuertos<\/td>\n<\/tr>\n<tr>\n<td>Mimo 802.11ax 2&#215;2 de 5 ghz para una velocidad de datos inal\u00e1mbrica de hasta 1,2 gbps, con compatibilidad con mimo multiusuario (wi-fi 6)<\/td>\n<\/tr>\n<tr>\n<td>Mimo 802.11ax 2&#215;2 de 2,4 ghz para una velocidad de datos inal\u00e1mbrica de hasta 574 mbps (wi-fi 6)<\/td>\n<\/tr>\n<tr>\n<td>(1) puerto gigabit ethernet de enlace ascendente, con entrada poe (802.3af)<\/td>\n<\/tr>\n<tr>\n<td>Instalaci\u00f3n<\/td>\n<\/tr>\n<tr>\n<td>El punto de acceso se env\u00eda con un clip de montaje blanco que puede fijarse tanto al techo como a la pared. asimismo, puedes adquirir un montaje (r6p90a) est\u00e9ticamente a juego con el punto de acceso, para que se integre a la perfecci\u00f3n en tu entorno.<\/td>\n<\/tr>\n<tr>\n<td>Conectividad, est\u00e1ndar<\/td>\n<\/tr>\n<tr>\n<td>Ieee 802.11ax<\/td>\n<\/tr>\n<tr>\n<td>Voltaje de entrada<\/td>\n<\/tr>\n<tr>\n<td>Alimentaci\u00f3n a trav\u00e9s de ethernet (poe): 802.3af (clase 3) alimentaci\u00f3n dc (12 v) nota: las fuentes de alimentaci\u00f3n se venden por separado.<\/td>\n<\/tr>\n<tr>\n<td>Consumo de energ\u00eda<\/td>\n<\/tr>\n<tr>\n<td>Consumo m\u00e1ximo de energ\u00eda (peor de los casos): 10,1 w (poe), 8,8 w (dc)<\/td>\n<\/tr>\n<tr>\n<td>Dimensiones m\u00ednimas (alto x ancho x fondo)<\/td>\n<\/tr>\n<tr>\n<td>37 x 160 x 160 mm<\/td>\n<\/tr>\n<tr>\n<td>1.5 x 6.3 x 6.3 in<\/td>\n<\/tr>\n<tr>\n<td>Peso<\/td>\n<\/tr>\n<tr>\n<td>500 g<\/td>\n<\/tr>\n<tr>\n<td>1.1 lb<\/td>\n<\/tr>\n<\/table>\n","protected":false},"excerpt":{"rendered":"<p>Los puntos de acceso para interiores aruba instant on ap22 ofrecen wi-fi 802.11ax asequible y de calidad empresarial para entornos de peque\u00f1as empresas de alta densidad y alto rendimiento. Las capacidades de nivel profesional han sido dise\u00f1adas para satisfacer las necesidades crecientes de seguridad, m\u00f3viles y de iot. El factor formato compacto de los puntos de acceso (pa) para interiores aruba instant on ap22 proporciona capacidades multiusuario y una velocidad m\u00e1xima de transmisi\u00f3n de datos de 1,2 gbps para las exigencias de las aplicaciones en la nube y de retransmisi\u00f3n de v\u00eddeo de alta definici\u00f3n. Incluye todo, desde el hardware de montaje a las sencillas herramientas de gesti\u00f3n de las aplicaciones m\u00f3viles y web. Adem\u00e1s de las funciones del software profesional, sin costes adicionales ni necesidad de controladores externos.<\/p>\n","protected":false},"featured_media":220977,"comment_status":"open","ping_status":"open","template":"","meta":[],"product_cat":[1563,1754],"product_tag":[1568],"acf":[],"yoast_head":"<!-- This site is optimized with the Yoast SEO plugin v21.7 - https:\/\/yoast.com\/wordpress\/plugins\/seo\/ -->\n<title>[ Hewlett Packard Enterprise ] &#129351; R4w02a Access Point Hpe Aruba Instant On Ap22 2x2 Wifi 6 100% Certificado Interiores (indoor) Inter-operable<\/title>\n<meta name=\"description\" content=\"Compra R4w02a Access Point Hpe Aruba Instant On Ap22 2x2 Wifi 6 100% Certificado Interiores (indoor) Inter-operable + Env\u00edo a domicilio + Pago seguro + Garant\u00eda\" \/>\n<meta name=\"robots\" content=\"index, follow, max-snippet:-1, max-image-preview:large, max-video-preview:-1\" \/>\n<link rel=\"canonical\" href=\"https:\/\/compuviper.mx\/tienda\/producto\/hewlett-packard-enterprise-r4w02a-access-point-hpe-aruba-instant-on-ap22-2x2-wifi-6-100-certificado-interiores-indoor-inter-operable\/\" \/>\n<meta property=\"og:locale\" content=\"es_MX\" \/>\n<meta property=\"og:type\" content=\"article\" \/>\n<meta property=\"og:title\" content=\"[ Hewlett Packard Enterprise ] &#129351; R4w02a Access Point Hpe Aruba Instant On Ap22 2x2 Wifi 6 100% Certificado Interiores (indoor) Inter-operable\" \/>\n<meta property=\"og:description\" content=\"Compra R4w02a Access Point Hpe Aruba Instant On Ap22 2x2 Wifi 6 100% Certificado Interiores (indoor) Inter-operable + Env\u00edo a domicilio + Pago seguro + Garant\u00eda\" \/>\n<meta property=\"og:url\" content=\"https:\/\/compuviper.mx\/tienda\/producto\/hewlett-packard-enterprise-r4w02a-access-point-hpe-aruba-instant-on-ap22-2x2-wifi-6-100-certificado-interiores-indoor-inter-operable\/\" \/>\n<meta property=\"og:site_name\" content=\"Compuviper\" \/>\n<meta property=\"article:publisher\" content=\"https:\/\/www.facebook.com\/compuviper\" \/>\n<meta property=\"article:modified_time\" content=\"2026-04-18T07:07:52+00:00\" \/>\n<meta property=\"og:image\" content=\"https:\/\/compuviper.mx\/tienda\/wp-content\/uploads\/2023\/12\/Access-point-hpe-aruba-r4w02a-instant-on-para-interior-ap22-2x2-wifi-6.jpg\" \/>\n\t<meta property=\"og:image:width\" content=\"200\" \/>\n\t<meta property=\"og:image:height\" content=\"200\" \/>\n\t<meta property=\"og:image:type\" content=\"image\/jpeg\" \/>\n<meta name=\"twitter:card\" content=\"summary_large_image\" \/>\n<meta name=\"twitter:label1\" content=\"Precio\" \/>\n\t<meta name=\"twitter:data1\" content=\"&#36;3,648 con IVA\" \/>\n\t<meta name=\"twitter:label2\" content=\"Availability\" \/>\n\t<meta name=\"twitter:data2\" content=\"Out of stock\" \/>\n<script type=\"application\/ld+json\" class=\"yoast-schema-graph\">{\"@context\":\"https:\/\/schema.org\",\"@graph\":[{\"@type\":\"WebPage\",\"@id\":\"https:\/\/compuviper.mx\/tienda\/producto\/hewlett-packard-enterprise-r4w02a-access-point-hpe-aruba-instant-on-ap22-2x2-wifi-6-100-certificado-interiores-indoor-inter-operable\/\",\"url\":\"https:\/\/compuviper.mx\/tienda\/producto\/hewlett-packard-enterprise-r4w02a-access-point-hpe-aruba-instant-on-ap22-2x2-wifi-6-100-certificado-interiores-indoor-inter-operable\/\",\"name\":\"[ Hewlett Packard Enterprise ] &#129351; R4w02a Access Point Hpe Aruba Instant On Ap22 2x2 Wifi 6 100% Certificado Interiores (indoor) Inter-operable\",\"isPartOf\":{\"@id\":\"https:\/\/compuviper.mx\/tienda\/#website\"},\"datePublished\":\"2026-04-18T07:07:51+00:00\",\"dateModified\":\"2026-04-18T07:07:52+00:00\",\"description\":\"Compra R4w02a Access Point Hpe Aruba Instant On Ap22 2x2 Wifi 6 100% Certificado Interiores (indoor) Inter-operable + Env\u00edo a domicilio + Pago seguro + Garant\u00eda\",\"breadcrumb\":{\"@id\":\"https:\/\/compuviper.mx\/tienda\/producto\/hewlett-packard-enterprise-r4w02a-access-point-hpe-aruba-instant-on-ap22-2x2-wifi-6-100-certificado-interiores-indoor-inter-operable\/#breadcrumb\"},\"inLanguage\":\"es-MX\",\"potentialAction\":[{\"@type\":\"ReadAction\",\"target\":[\"https:\/\/compuviper.mx\/tienda\/producto\/hewlett-packard-enterprise-r4w02a-access-point-hpe-aruba-instant-on-ap22-2x2-wifi-6-100-certificado-interiores-indoor-inter-operable\/\"]}]},{\"@type\":\"BreadcrumbList\",\"@id\":\"https:\/\/compuviper.mx\/tienda\/producto\/hewlett-packard-enterprise-r4w02a-access-point-hpe-aruba-instant-on-ap22-2x2-wifi-6-100-certificado-interiores-indoor-inter-operable\/#breadcrumb\",\"itemListElement\":[{\"@type\":\"ListItem\",\"position\":1,\"name\":\"Inicio\",\"item\":\"https:\/\/compuviper.mx\/tienda\/\"},{\"@type\":\"ListItem\",\"position\":2,\"name\":\"Productos\",\"item\":\"https:\/\/compuviper.mx\/tienda\/productos\/\"},{\"@type\":\"ListItem\",\"position\":3,\"name\":\"Redes\",\"item\":\"https:\/\/compuviper.mx\/tienda\/categoria-producto\/redes\/\"},{\"@type\":\"ListItem\",\"position\":4,\"name\":\"Access Point\",\"item\":\"https:\/\/compuviper.mx\/tienda\/categoria-producto\/redes\/access-point\/\"},{\"@type\":\"ListItem\",\"position\":5,\"name\":\"Hewlett Packard Enterprise R4w02a Access Point Hpe Aruba Instant On Ap22 2&#215;2 Wifi 6 100% Certificado Interiores (indoor) Inter-operable\"}]},{\"@type\":\"WebSite\",\"@id\":\"https:\/\/compuviper.mx\/tienda\/#website\",\"url\":\"https:\/\/compuviper.mx\/tienda\/\",\"name\":\"Compuviper\",\"description\":\"Proveedor de Computadoras, Laptops, Servidores, Monitores, Puntos de Venta, Teclados,   Impresoras, T\u00f3ner, C\u00e1maras de Seguridad y m\u00e1s en tu tienda en l\u00ednea\",\"publisher\":{\"@id\":\"https:\/\/compuviper.mx\/tienda\/#organization\"},\"potentialAction\":[{\"@type\":\"SearchAction\",\"target\":{\"@type\":\"EntryPoint\",\"urlTemplate\":\"https:\/\/compuviper.mx\/tienda\/?s={search_term_string}\"},\"query-input\":\"required name=search_term_string\"}],\"inLanguage\":\"es-MX\"},{\"@type\":\"Organization\",\"@id\":\"https:\/\/compuviper.mx\/tienda\/#organization\",\"name\":\"Compuviper\",\"url\":\"https:\/\/compuviper.mx\/tienda\/\",\"logo\":{\"@type\":\"ImageObject\",\"inLanguage\":\"es-MX\",\"@id\":\"https:\/\/compuviper.mx\/tienda\/#\/schema\/logo\/image\/\",\"url\":\"https:\/\/compuviper.mx\/tienda\/wp-content\/uploads\/2021\/08\/Logo-Compuviper-10.png\",\"contentUrl\":\"https:\/\/compuviper.mx\/tienda\/wp-content\/uploads\/2021\/08\/Logo-Compuviper-10.png\",\"width\":1000,\"height\":500,\"caption\":\"Compuviper\"},\"image\":{\"@id\":\"https:\/\/compuviper.mx\/tienda\/#\/schema\/logo\/image\/\"},\"sameAs\":[\"https:\/\/www.facebook.com\/compuviper\",\"https:\/\/www.youtube.com\/channel\/UCf73dERp9Y3cfOq7q8BhLjA?view_as=subscriber\"]}]}<\/script>\n<meta property=\"product:brand\" content=\"HEWLETT PACKARD ENTERPRISE\" \/>\n<meta property=\"product:price:amount\" content=\"3648\" \/>\n<meta property=\"product:price:currency\" content=\"MXN\" \/>\n<meta property=\"og:availability\" content=\"out of stock\" \/>\n<meta property=\"product:availability\" content=\"out of stock\" \/>\n<meta property=\"product:retailer_item_id\" content=\"R4W02A\" \/>\n<meta property=\"product:condition\" content=\"new\" \/>\n<!-- \/ Yoast SEO plugin. -->","yoast_head_json":{"title":"[ Hewlett Packard Enterprise ] &#129351; R4w02a Access Point Hpe Aruba Instant On Ap22 2x2 Wifi 6 100% Certificado Interiores (indoor) Inter-operable","description":"Compra R4w02a Access Point Hpe Aruba Instant On Ap22 2x2 Wifi 6 100% Certificado Interiores (indoor) Inter-operable + Env\u00edo a domicilio + Pago seguro + Garant\u00eda","robots":{"index":"index","follow":"follow","max-snippet":"max-snippet:-1","max-image-preview":"max-image-preview:large","max-video-preview":"max-video-preview:-1"},"canonical":"https:\/\/compuviper.mx\/tienda\/producto\/hewlett-packard-enterprise-r4w02a-access-point-hpe-aruba-instant-on-ap22-2x2-wifi-6-100-certificado-interiores-indoor-inter-operable\/","og_locale":"es_MX","og_type":"article","og_title":"[ Hewlett Packard Enterprise ] &#129351; R4w02a Access Point Hpe Aruba Instant On Ap22 2x2 Wifi 6 100% Certificado Interiores (indoor) Inter-operable","og_description":"Compra R4w02a Access Point Hpe Aruba Instant On Ap22 2x2 Wifi 6 100% Certificado Interiores (indoor) Inter-operable + Env\u00edo a domicilio + Pago seguro + Garant\u00eda","og_url":"https:\/\/compuviper.mx\/tienda\/producto\/hewlett-packard-enterprise-r4w02a-access-point-hpe-aruba-instant-on-ap22-2x2-wifi-6-100-certificado-interiores-indoor-inter-operable\/","og_site_name":"Compuviper","article_publisher":"https:\/\/www.facebook.com\/compuviper","article_modified_time":"2026-04-18T07:07:52+00:00","og_image":[{"width":200,"height":200,"url":"https:\/\/compuviper.mx\/tienda\/wp-content\/uploads\/2023\/12\/Access-point-hpe-aruba-r4w02a-instant-on-para-interior-ap22-2x2-wifi-6.jpg","type":"image\/jpeg"}],"twitter_card":"summary_large_image","twitter_misc":{"Precio":"&#36;3,648 con IVA","Availability":"Out of stock"},"schema":{"@context":"https:\/\/schema.org","@graph":[{"@type":"WebPage","@id":"https:\/\/compuviper.mx\/tienda\/producto\/hewlett-packard-enterprise-r4w02a-access-point-hpe-aruba-instant-on-ap22-2x2-wifi-6-100-certificado-interiores-indoor-inter-operable\/","url":"https:\/\/compuviper.mx\/tienda\/producto\/hewlett-packard-enterprise-r4w02a-access-point-hpe-aruba-instant-on-ap22-2x2-wifi-6-100-certificado-interiores-indoor-inter-operable\/","name":"[ Hewlett Packard Enterprise ] &#129351; R4w02a Access Point Hpe Aruba Instant On Ap22 2x2 Wifi 6 100% Certificado Interiores (indoor) Inter-operable","isPartOf":{"@id":"https:\/\/compuviper.mx\/tienda\/#website"},"datePublished":"2026-04-18T07:07:51+00:00","dateModified":"2026-04-18T07:07:52+00:00","description":"Compra R4w02a Access Point Hpe Aruba Instant On Ap22 2x2 Wifi 6 100% Certificado Interiores (indoor) Inter-operable + Env\u00edo a domicilio + Pago seguro + Garant\u00eda","breadcrumb":{"@id":"https:\/\/compuviper.mx\/tienda\/producto\/hewlett-packard-enterprise-r4w02a-access-point-hpe-aruba-instant-on-ap22-2x2-wifi-6-100-certificado-interiores-indoor-inter-operable\/#breadcrumb"},"inLanguage":"es-MX","potentialAction":[{"@type":"ReadAction","target":["https:\/\/compuviper.mx\/tienda\/producto\/hewlett-packard-enterprise-r4w02a-access-point-hpe-aruba-instant-on-ap22-2x2-wifi-6-100-certificado-interiores-indoor-inter-operable\/"]}]},{"@type":"BreadcrumbList","@id":"https:\/\/compuviper.mx\/tienda\/producto\/hewlett-packard-enterprise-r4w02a-access-point-hpe-aruba-instant-on-ap22-2x2-wifi-6-100-certificado-interiores-indoor-inter-operable\/#breadcrumb","itemListElement":[{"@type":"ListItem","position":1,"name":"Inicio","item":"https:\/\/compuviper.mx\/tienda\/"},{"@type":"ListItem","position":2,"name":"Productos","item":"https:\/\/compuviper.mx\/tienda\/productos\/"},{"@type":"ListItem","position":3,"name":"Redes","item":"https:\/\/compuviper.mx\/tienda\/categoria-producto\/redes\/"},{"@type":"ListItem","position":4,"name":"Access Point","item":"https:\/\/compuviper.mx\/tienda\/categoria-producto\/redes\/access-point\/"},{"@type":"ListItem","position":5,"name":"Hewlett Packard Enterprise R4w02a Access Point Hpe Aruba Instant On Ap22 2&#215;2 Wifi 6 100% Certificado Interiores (indoor) Inter-operable"}]},{"@type":"WebSite","@id":"https:\/\/compuviper.mx\/tienda\/#website","url":"https:\/\/compuviper.mx\/tienda\/","name":"Compuviper","description":"Proveedor de Computadoras, Laptops, Servidores, Monitores, Puntos de Venta, Teclados,   Impresoras, T\u00f3ner, C\u00e1maras de Seguridad y m\u00e1s en tu tienda en l\u00ednea","publisher":{"@id":"https:\/\/compuviper.mx\/tienda\/#organization"},"potentialAction":[{"@type":"SearchAction","target":{"@type":"EntryPoint","urlTemplate":"https:\/\/compuviper.mx\/tienda\/?s={search_term_string}"},"query-input":"required name=search_term_string"}],"inLanguage":"es-MX"},{"@type":"Organization","@id":"https:\/\/compuviper.mx\/tienda\/#organization","name":"Compuviper","url":"https:\/\/compuviper.mx\/tienda\/","logo":{"@type":"ImageObject","inLanguage":"es-MX","@id":"https:\/\/compuviper.mx\/tienda\/#\/schema\/logo\/image\/","url":"https:\/\/compuviper.mx\/tienda\/wp-content\/uploads\/2021\/08\/Logo-Compuviper-10.png","contentUrl":"https:\/\/compuviper.mx\/tienda\/wp-content\/uploads\/2021\/08\/Logo-Compuviper-10.png","width":1000,"height":500,"caption":"Compuviper"},"image":{"@id":"https:\/\/compuviper.mx\/tienda\/#\/schema\/logo\/image\/"},"sameAs":["https:\/\/www.facebook.com\/compuviper","https:\/\/www.youtube.com\/channel\/UCf73dERp9Y3cfOq7q8BhLjA?view_as=subscriber"]}]},"product_brand":"HEWLETT PACKARD ENTERPRISE","product_price_amount":"3648","product_price_currency":"MXN","og_availability":"out of stock","product_availability":"out of stock","product_retailer_item_id":"R4W02A","product_condition":"new"},"_links":{"self":[{"href":"https:\/\/compuviper.mx\/tienda\/wp-json\/wp\/v2\/product\/220976"}],"collection":[{"href":"https:\/\/compuviper.mx\/tienda\/wp-json\/wp\/v2\/product"}],"about":[{"href":"https:\/\/compuviper.mx\/tienda\/wp-json\/wp\/v2\/types\/product"}],"replies":[{"embeddable":true,"href":"https:\/\/compuviper.mx\/tienda\/wp-json\/wp\/v2\/comments?post=220976"}],"wp:featuredmedia":[{"embeddable":true,"href":"https:\/\/compuviper.mx\/tienda\/wp-json\/wp\/v2\/media\/220977"}],"wp:attachment":[{"href":"https:\/\/compuviper.mx\/tienda\/wp-json\/wp\/v2\/media?parent=220976"}],"wp:term":[{"taxonomy":"product_cat","embeddable":true,"href":"https:\/\/compuviper.mx\/tienda\/wp-json\/wp\/v2\/product_cat?post=220976"},{"taxonomy":"product_tag","embeddable":true,"href":"https:\/\/compuviper.mx\/tienda\/wp-json\/wp\/v2\/product_tag?post=220976"}],"curies":[{"name":"wp","href":"https:\/\/api.w.org\/{rel}","templated":true}]}}