{"id":220958,"date":"2026-04-18T01:07:46","date_gmt":"2026-04-18T07:07:46","guid":{"rendered":"https:\/\/compuviper.mx\/tienda\/producto\/tp-link-deco-x202-pack-router-tp-link-deco-x202-pack-ax1800-whole-home-sistema-en-malla-wifi-6\/"},"modified":"2026-04-18T01:07:46","modified_gmt":"2026-04-18T07:07:46","slug":"tp-link-deco-x202-pack-router-tp-link-deco-x202-pack-ax1800-whole-home-sistema-en-malla-wifi-6","status":"publish","type":"product","link":"https:\/\/compuviper.mx\/tienda\/producto\/tp-link-deco-x202-pack-router-tp-link-deco-x202-pack-ax1800-whole-home-sistema-en-malla-wifi-6\/","title":{"rendered":"Tp Link Deco X20(2-pack) Router | Tp-link | Deco X202-pack |ax1800 |whole-home Sistema En Malla | Wifi 6"},"content":{"rendered":"<table class=\"descripcion\">\n<tr>\n<td>Caracter\u00edsticas de hardware<\/td>\n<\/tr>\n<tr>\n<td>Procesador cpu qualcomm de cuatro n\u00facleos a 1 ghz<\/td>\n<\/tr>\n<tr>\n<td>Interfaz 2 puertos lan \/ wan gigabit ethernet<\/td>\n<\/tr>\n<tr>\n<td>Bot\u00f3n 1 bot\u00f3n de reinicio en la parte inferior<\/td>\n<\/tr>\n<tr>\n<td>Dimensiones  and #934;4,33 pulg. \u00d7 4,49 pulg. ( and #934;110 mm \u00d7 114 mm)<\/td>\n<\/tr>\n<tr>\n<td>Antena 4 antenas internas por unidad deco<\/td>\n<\/tr>\n<tr>\n<td>Caracter\u00edsticas inal\u00e1mbricas<\/td>\n<\/tr>\n<tr>\n<td>Est\u00e1ndares inal\u00e1mbricos ieee 802.11 ax \/ ac \/ n \/ a 5 ghz, ieee 802.11 ax \/ n \/ g \/ b 2,4 ghz<\/td>\n<\/tr>\n<tr>\n<td>Frecuencia 5 ghz<\/td>\n<\/tr>\n<tr>\n<td>2,4 ghz<\/td>\n<\/tr>\n<tr>\n<td>Tasa de se\u00f1al 1201 mbps (5 ghz)<\/td>\n<\/tr>\n<tr>\n<td>574 mbps (2,4 ghz)<\/td>\n<\/tr>\n<tr>\n<td>Potencia de transmision fcc:  30 dbm<\/td>\n<\/tr>\n<tr>\n<td>Ce:  20 dbm (2,4 ghz)<\/td>\n<\/tr>\n<tr>\n<td> 23 dbm (5 ghz)<\/td>\n<\/tr>\n<tr>\n<td>Seguridad inal\u00e1mbrica wpa-psk<\/td>\n<\/tr>\n<tr>\n<td>Wpa2-psk<\/td>\n<\/tr>\n<tr>\n<td>Wpa3<\/td>\n<\/tr>\n<tr>\n<td>Funciones avanzadas modo punto de acceso router  and #9679; \/<\/td>\n<\/tr>\n<tr>\n<td> and #9679; opcional ethernet backhaul<\/td>\n<\/tr>\n<tr>\n<td> and #9679; tp-link tecnolog\u00eda de malla:<\/td>\n<\/tr>\n<tr>\n<td>Mu-mimo<\/td>\n<\/tr>\n<tr>\n<td>Ofdma<\/td>\n<\/tr>\n<tr>\n<td>1024-qam<\/td>\n<\/tr>\n<tr>\n<td>Bss color<\/td>\n<\/tr>\n<tr>\n<td>Auto ruta selecci\u00f3n<\/td>\n<\/tr>\n<tr>\n<td>De recuperaci\u00f3n autom\u00e1tica<\/td>\n<\/tr>\n<tr>\n<td>Ap directivo<\/td>\n<\/tr>\n<tr>\n<td>Banda de direcci\u00f3n<\/td>\n<\/tr>\n<tr>\n<td>Beamforming<\/td>\n<\/tr>\n<tr>\n<td>Caracter\u00edsticas de software<\/td>\n<\/tr>\n<tr>\n<td>Calidad de servicio wmm<\/td>\n<\/tr>\n<tr>\n<td>Ipv6 apoyo<\/td>\n<\/tr>\n<tr>\n<td>Tipo de wan ip din\u00e1mica \/ ip est\u00e1tica \/ pppoe<\/td>\n<\/tr>\n<tr>\n<td>Administraci\u00f3n gesti\u00f3n local, gesti\u00f3n remota<\/td>\n<\/tr>\n<tr>\n<td>Dhcp servidor, cliente<\/td>\n<\/tr>\n<tr>\n<td>Reenv\u00edo de puertos apoyo<\/td>\n<\/tr>\n<tr>\n<td>Control de acceso lista negra<\/td>\n<\/tr>\n<tr>\n<td>Seguridad de cortafuegos cortafuegos spi<\/td>\n<\/tr>\n<tr>\n<td>Protocolos soporta ipv4 e ipv6<\/td>\n<\/tr>\n<tr>\n<td>Caracter\u00edsticas avanzadas homecare:<\/td>\n<\/tr>\n<tr>\n<td>Antivirus<\/td>\n<\/tr>\n<tr>\n<td>Parental controls<\/td>\n<\/tr>\n<tr>\n<td>Quality of service<\/td>\n<\/tr>\n<tr>\n<td>Funciones avanzadas<\/td>\n<\/tr>\n<tr>\n<td>Informes de uso mensuales de speedtest<\/td>\n<\/tr>\n<tr>\n<td>Actualizaci\u00f3n autom\u00e1tica de fw<\/td>\n<\/tr>\n<tr>\n<td>Ampl\u00ede la cobertura agregando m\u00e1s decos<\/td>\n<\/tr>\n<tr>\n<td>Red de invitados red de invitados de 2,4 ghz * 1 red de invitados de<\/td>\n<\/tr>\n<tr>\n<td>5 ghz * 1<\/td>\n<\/tr>\n<tr>\n<td>Beamforming apoyo<\/td>\n<\/tr>\n<tr>\n<td>App f\u00e1cil configuraci\u00f3n con la aplicaci\u00f3n deco<\/td>\n<\/tr>\n<tr>\n<td>Otros<\/td>\n<\/tr>\n<tr>\n<td>Certificacion ce, fcc, ic, ncc, bsmi, ida, rcm, jpa, jrf, vcci, kc, rohs<\/td>\n<\/tr>\n<tr>\n<td>Contenidos del paquete:<\/td>\n<\/tr>\n<tr>\n<td>Deco x20 (paquete de 2):<\/td>\n<\/tr>\n<tr>\n<td>2 unidades deco x20<\/td>\n<\/tr>\n<tr>\n<td>1 cable ethernet rj45<\/td>\n<\/tr>\n<tr>\n<td>2 adaptadores de corriente<\/td>\n<\/tr>\n<tr>\n<td>1 gu\u00eda de instalaci\u00f3n r\u00e1pida<\/td>\n<\/tr>\n<tr>\n<td>Requisitos de tel\u00e9fono inteligente \/ tableta ios 9.0 o posterior<\/td>\n<\/tr>\n<tr>\n<td>Android 4.4 o posterior<\/td>\n<\/tr>\n<tr>\n<td>Ambiente temperatura de funcionamiento: 0  and #8451; ~ 40  and #8451; (32  and #8457; ~ 104  and #8457;)<\/td>\n<\/tr>\n<tr>\n<td>Temperatura de almacenamiento: -40  and #8451; ~ 70  and #8451; (-40  and #8457; ~ 158  and #8457;)<\/td>\n<\/tr>\n<tr>\n<td>Humedad de funcionamiento: 10% ~ 90% sin condensaci\u00f3n<\/td>\n<\/tr>\n<tr>\n<td>Humedad de almacenamiento: 5% ~ 90 % sin condensaci\u00f3n<\/td>\n<\/tr>\n<\/table>\n","protected":false},"excerpt":{"rendered":"<p>Deco x20. Sistema wi-fi 6 mesh para todo tu hogar ax1800. * conexiones m\u00e1s r\u00e1pidas: wi-fi 6 velocidades de hasta 1.800 mbps: 1.201 mbps en 5 ghz y 574 mbps en 2.4 ghz. * conecte m\u00e1s dispositivos: la tecnolog\u00eda ofdma y mu-mimo cuadriplica la capacidad para permitir la transmisi\u00f3n simult\u00e1nea a m\u00e1s dispositivos. * cobertura sin interrupciones mejorada: logre una cobertura perfecta en todo el hogar con una se\u00f1al de wi-fi para todo el hogar m\u00e1s clara y fuerte generada por wi-fi 6. * latencia ultrabaja: una mayor reducci\u00f3n de la latencia permite juegos y video chat con mayor capacidad de respuesta. * una red unificada: varias unidades forman una red para todo el hogar que selecciona autom\u00e1ticamente la mejor conexi\u00f3n a medida que se desplaza por su hogar. * seguridad total: el cifrado wpa3 y tp-link homecaretm brindan funciones personalizadas, que incluyen controles parentales, antivirus y calidad de servicio (qos) para garantizar una experiencia en l\u00ednea m\u00e1s segura. * configuraci\u00f3n m\u00e1s f\u00e1cil que nunca: la aplicaci\u00f3n deco lo gu\u00eda paso a paso a trav\u00e9s de la configuraci\u00f3n. Tecnolog\u00eda mesh avanzada por wi-fi 6. Equipado con la tecnolog\u00eda wi-fi 6, el wi-fi de malla para toda la casa deco est\u00e1 dise\u00f1ado para brindar un gran impulso en la cobertura, la velocidad y la capacidad total. Con\u00e9ctese a la \u00faltima red wi-fi en malla para disfrutar de la futura red que se carga m\u00e1s r\u00e1pido y se conecta m\u00e1s. * cobertura mejorada para toda la casa. * roaming sin interrupciones. * se conecta sobre 150 dispositivos. * wi-fi m\u00e1s r\u00e1pido de 6 velocidades. * retraso muy reducido. Elimina zonas sin se\u00f1al wi-fi. Con se\u00f1ales m\u00e1s claras y m\u00e1s fuertes mejoradas por bss color y beamforming, deco x20 aumenta el wi-fi dom\u00e9stico m\u00e1s amplio hasta 5,800 pies cuadrados (paquete de 3) y hasta 4,000 pies cuadrados (paquete de 2). Las conexiones inal\u00e1mbricas y el backhaul ethernet opcional funcionan juntos para vincular las unidades deco, proporcionando velocidades de red a\u00fan m\u00e1s r\u00e1pidas y una cobertura verdaderamente perfecta. \u00bfquieres m\u00e1s cobertura? simplemente agregue otra deco. Verdadera itinerancia sin interrupciones para mayores experiencias. Tp-link mesh significa que las unidades deco trabajan juntas para formar una red unificada. Su tel\u00e9fono o tableta se conecta autom\u00e1ticamente a la deco m\u00e1s r\u00e1pida a medida que se desplaza por su hogar, creando una experiencia wi-fi verdaderamente perfecta. M\u00e1s conexiones para transmisi\u00f3n inmersiva. Disfrute de una red m\u00e1s eficiente con 4 veces el rendimiento promedio en dispositivos conectados en entornos densos gracias a la tecnolog\u00eda wi-fi 6  and #9651;. Deco x20 est\u00e1 probado para conectar m\u00e1s de 150 dispositivos sin reducir el rendimiento. Wi-fi 6 veces m\u00e1s r\u00e1pido  = sin espera. El \u00faltimo 1024-qam y la velocidad de s\u00edmbolo m\u00e1s alta se combinan para aumentar las velocidades hasta 1.8 gbps, ideal para tareas que requieren mucho ancho de banda, como juegos en la nube y video 4k uhd. Las familias disfrutar\u00e1n de una transmisi\u00f3n en vivo envolvente con video impecable y audio claro sin almacenamiento en b\u00fafer. Wi-fi 6 brinda conexiones wi-fi estables y receptivas al hogar hiperconectado del ma\u00f1ana. Disfrute de juegos con mayor capacidad de respuesta y chat de video sin problemas incluso cuando varios dispositivos compatibles est\u00e1n conectados y transmitiendo datos al mismo tiempo. Tu hogar, nuestro cuidado. Personalice su red dom\u00e9stica con seguridad mejorada utilizando un kit de funciones integradas en tp-link homecaretm. Ya sea que proteja sus datos confidenciales o limite el acceso de ni\u00f1os e invitados, homecaretm le brinda las herramientas que necesita para administrar completamente su red. * controles parentales robustos: bloquear contenido inapropiado y restringir el tiempo que pasa en l\u00ednea. * antivirus incorporado: proteja todos los dispositivos conectados en su hogar de las amenazas en l\u00ednea. * calidad de servicio: priorice dispositivos y aplicaciones para un rendimiento m\u00e1s r\u00e1pido cuando sea necesario. La configuraci\u00f3n es ahora mucho m\u00e1s sencilla. Desempaquete deco, instale la aplicaci\u00f3n y luego simplemente siga las instrucciones en pantalla. La aplicaci\u00f3n deco se encargar\u00e1 del resto, poniendo su red en funcionamiento en minutos. Manejo sencillo. Administre su wi-fi en casa o fuera de ella en la aplicaci\u00f3n deco, que incluye ver todos los dispositivos conectados, priorizar el suyo, configurar una red para invitados y m\u00e1s. Control de voz. Empareje con alexa para controlar deco x20 con simples comandos de voz. Disfruta la vida conveniente. Todos los decos trabajan juntos. Deco x20 es compatible con todos los dem\u00e1s modelos deco para formar una red de malla. Expanda la cobertura wi-fi en malla en cualquier momento simplemente agregando m\u00e1s decos.<\/p>\n","protected":false},"featured_media":220959,"comment_status":"open","ping_status":"open","template":"","meta":[],"product_cat":[1563,1754],"product_tag":[1562],"acf":[],"yoast_head":"<!-- This site is optimized with the Yoast SEO plugin v21.7 - https:\/\/yoast.com\/wordpress\/plugins\/seo\/ -->\n<title>[ Tp Link ] &#129351; Deco X20(2-pack) Router | Tp-link | Deco X202-pack |ax1800 |whole-home Sistema En Malla | Wifi 6<\/title>\n<meta name=\"description\" content=\"Compra Deco X20(2-pack) Router | Tp-link | Deco X202-pack |ax1800 |whole-home Sistema En Malla | Wifi 6 + Env\u00edo a domicilio + Pago seguro + Garant\u00eda\" \/>\n<meta name=\"robots\" content=\"index, follow, max-snippet:-1, max-image-preview:large, max-video-preview:-1\" \/>\n<link rel=\"canonical\" href=\"https:\/\/compuviper.mx\/tienda\/producto\/tp-link-deco-x202-pack-router-tp-link-deco-x202-pack-ax1800-whole-home-sistema-en-malla-wifi-6\/\" \/>\n<meta property=\"og:locale\" content=\"es_MX\" \/>\n<meta property=\"og:type\" content=\"article\" \/>\n<meta property=\"og:title\" content=\"[ Tp Link ] &#129351; Deco X20(2-pack) Router | Tp-link | Deco X202-pack |ax1800 |whole-home Sistema En Malla | Wifi 6\" \/>\n<meta property=\"og:description\" content=\"Compra Deco X20(2-pack) Router | Tp-link | Deco X202-pack |ax1800 |whole-home Sistema En Malla | Wifi 6 + Env\u00edo a domicilio + Pago seguro + Garant\u00eda\" \/>\n<meta property=\"og:url\" content=\"https:\/\/compuviper.mx\/tienda\/producto\/tp-link-deco-x202-pack-router-tp-link-deco-x202-pack-ax1800-whole-home-sistema-en-malla-wifi-6\/\" \/>\n<meta property=\"og:site_name\" content=\"Compuviper\" \/>\n<meta property=\"article:publisher\" content=\"https:\/\/www.facebook.com\/compuviper\" \/>\n<meta property=\"og:image\" content=\"https:\/\/compuviper.mx\/tienda\/wp-content\/uploads\/2023\/12\/Router-tp-link-deco-x202-pack-ax1800-whole-home-sistema-en-malla-wifi-6.jpg\" \/>\n\t<meta property=\"og:image:width\" content=\"200\" \/>\n\t<meta property=\"og:image:height\" content=\"200\" \/>\n\t<meta property=\"og:image:type\" content=\"image\/jpeg\" \/>\n<meta name=\"twitter:card\" content=\"summary_large_image\" \/>\n<meta name=\"twitter:label1\" content=\"Precio\" \/>\n\t<meta name=\"twitter:data1\" content=\"&#36;2,490 con IVA\" \/>\n\t<meta name=\"twitter:label2\" content=\"Availability\" \/>\n\t<meta name=\"twitter:data2\" content=\"In stock\" \/>\n<script type=\"application\/ld+json\" class=\"yoast-schema-graph\">{\"@context\":\"https:\/\/schema.org\",\"@graph\":[{\"@type\":\"WebPage\",\"@id\":\"https:\/\/compuviper.mx\/tienda\/producto\/tp-link-deco-x202-pack-router-tp-link-deco-x202-pack-ax1800-whole-home-sistema-en-malla-wifi-6\/\",\"url\":\"https:\/\/compuviper.mx\/tienda\/producto\/tp-link-deco-x202-pack-router-tp-link-deco-x202-pack-ax1800-whole-home-sistema-en-malla-wifi-6\/\",\"name\":\"[ Tp Link ] &#129351; Deco X20(2-pack) Router | Tp-link | Deco X202-pack |ax1800 |whole-home Sistema En Malla | Wifi 6\",\"isPartOf\":{\"@id\":\"https:\/\/compuviper.mx\/tienda\/#website\"},\"datePublished\":\"2026-04-18T07:07:46+00:00\",\"dateModified\":\"2026-04-18T07:07:46+00:00\",\"description\":\"Compra Deco X20(2-pack) Router | Tp-link | Deco X202-pack |ax1800 |whole-home Sistema En Malla | Wifi 6 + Env\u00edo a domicilio + Pago seguro + Garant\u00eda\",\"breadcrumb\":{\"@id\":\"https:\/\/compuviper.mx\/tienda\/producto\/tp-link-deco-x202-pack-router-tp-link-deco-x202-pack-ax1800-whole-home-sistema-en-malla-wifi-6\/#breadcrumb\"},\"inLanguage\":\"es-MX\",\"potentialAction\":[{\"@type\":\"ReadAction\",\"target\":[\"https:\/\/compuviper.mx\/tienda\/producto\/tp-link-deco-x202-pack-router-tp-link-deco-x202-pack-ax1800-whole-home-sistema-en-malla-wifi-6\/\"]}]},{\"@type\":\"BreadcrumbList\",\"@id\":\"https:\/\/compuviper.mx\/tienda\/producto\/tp-link-deco-x202-pack-router-tp-link-deco-x202-pack-ax1800-whole-home-sistema-en-malla-wifi-6\/#breadcrumb\",\"itemListElement\":[{\"@type\":\"ListItem\",\"position\":1,\"name\":\"Inicio\",\"item\":\"https:\/\/compuviper.mx\/tienda\/\"},{\"@type\":\"ListItem\",\"position\":2,\"name\":\"Productos\",\"item\":\"https:\/\/compuviper.mx\/tienda\/productos\/\"},{\"@type\":\"ListItem\",\"position\":3,\"name\":\"Redes\",\"item\":\"https:\/\/compuviper.mx\/tienda\/categoria-producto\/redes\/\"},{\"@type\":\"ListItem\",\"position\":4,\"name\":\"Access Point\",\"item\":\"https:\/\/compuviper.mx\/tienda\/categoria-producto\/redes\/access-point\/\"},{\"@type\":\"ListItem\",\"position\":5,\"name\":\"Tp Link Deco X20(2-pack) Router | Tp-link | Deco X202-pack |ax1800 |whole-home Sistema En Malla | Wifi 6\"}]},{\"@type\":\"WebSite\",\"@id\":\"https:\/\/compuviper.mx\/tienda\/#website\",\"url\":\"https:\/\/compuviper.mx\/tienda\/\",\"name\":\"Compuviper\",\"description\":\"Proveedor de Computadoras, Laptops, Servidores, Monitores, Puntos de Venta, Teclados,   Impresoras, T\u00f3ner, C\u00e1maras de Seguridad y m\u00e1s en tu tienda en l\u00ednea\",\"publisher\":{\"@id\":\"https:\/\/compuviper.mx\/tienda\/#organization\"},\"potentialAction\":[{\"@type\":\"SearchAction\",\"target\":{\"@type\":\"EntryPoint\",\"urlTemplate\":\"https:\/\/compuviper.mx\/tienda\/?s={search_term_string}\"},\"query-input\":\"required name=search_term_string\"}],\"inLanguage\":\"es-MX\"},{\"@type\":\"Organization\",\"@id\":\"https:\/\/compuviper.mx\/tienda\/#organization\",\"name\":\"Compuviper\",\"url\":\"https:\/\/compuviper.mx\/tienda\/\",\"logo\":{\"@type\":\"ImageObject\",\"inLanguage\":\"es-MX\",\"@id\":\"https:\/\/compuviper.mx\/tienda\/#\/schema\/logo\/image\/\",\"url\":\"https:\/\/compuviper.mx\/tienda\/wp-content\/uploads\/2021\/08\/Logo-Compuviper-10.png\",\"contentUrl\":\"https:\/\/compuviper.mx\/tienda\/wp-content\/uploads\/2021\/08\/Logo-Compuviper-10.png\",\"width\":1000,\"height\":500,\"caption\":\"Compuviper\"},\"image\":{\"@id\":\"https:\/\/compuviper.mx\/tienda\/#\/schema\/logo\/image\/\"},\"sameAs\":[\"https:\/\/www.facebook.com\/compuviper\",\"https:\/\/www.youtube.com\/channel\/UCf73dERp9Y3cfOq7q8BhLjA?view_as=subscriber\"]}]}<\/script>\n<meta property=\"product:brand\" content=\"TP LINK\" \/>\n<meta property=\"product:price:amount\" content=\"2490\" \/>\n<meta property=\"product:price:currency\" content=\"MXN\" \/>\n<meta property=\"og:availability\" content=\"instock\" \/>\n<meta property=\"product:availability\" content=\"instock\" \/>\n<meta property=\"product:retailer_item_id\" content=\"DECO X20(2-PACK)\" \/>\n<meta property=\"product:condition\" content=\"new\" \/>\n<!-- \/ Yoast SEO plugin. -->","yoast_head_json":{"title":"[ Tp Link ] &#129351; Deco X20(2-pack) Router | Tp-link | Deco X202-pack |ax1800 |whole-home Sistema En Malla | Wifi 6","description":"Compra Deco X20(2-pack) Router | Tp-link | Deco X202-pack |ax1800 |whole-home Sistema En Malla | Wifi 6 + Env\u00edo a domicilio + Pago seguro + Garant\u00eda","robots":{"index":"index","follow":"follow","max-snippet":"max-snippet:-1","max-image-preview":"max-image-preview:large","max-video-preview":"max-video-preview:-1"},"canonical":"https:\/\/compuviper.mx\/tienda\/producto\/tp-link-deco-x202-pack-router-tp-link-deco-x202-pack-ax1800-whole-home-sistema-en-malla-wifi-6\/","og_locale":"es_MX","og_type":"article","og_title":"[ Tp Link ] &#129351; Deco X20(2-pack) Router | Tp-link | Deco X202-pack |ax1800 |whole-home Sistema En Malla | Wifi 6","og_description":"Compra Deco X20(2-pack) Router | Tp-link | Deco X202-pack |ax1800 |whole-home Sistema En Malla | Wifi 6 + Env\u00edo a domicilio + Pago seguro + Garant\u00eda","og_url":"https:\/\/compuviper.mx\/tienda\/producto\/tp-link-deco-x202-pack-router-tp-link-deco-x202-pack-ax1800-whole-home-sistema-en-malla-wifi-6\/","og_site_name":"Compuviper","article_publisher":"https:\/\/www.facebook.com\/compuviper","og_image":[{"width":200,"height":200,"url":"https:\/\/compuviper.mx\/tienda\/wp-content\/uploads\/2023\/12\/Router-tp-link-deco-x202-pack-ax1800-whole-home-sistema-en-malla-wifi-6.jpg","type":"image\/jpeg"}],"twitter_card":"summary_large_image","twitter_misc":{"Precio":"&#36;2,490 con IVA","Availability":"In stock"},"schema":{"@context":"https:\/\/schema.org","@graph":[{"@type":"WebPage","@id":"https:\/\/compuviper.mx\/tienda\/producto\/tp-link-deco-x202-pack-router-tp-link-deco-x202-pack-ax1800-whole-home-sistema-en-malla-wifi-6\/","url":"https:\/\/compuviper.mx\/tienda\/producto\/tp-link-deco-x202-pack-router-tp-link-deco-x202-pack-ax1800-whole-home-sistema-en-malla-wifi-6\/","name":"[ Tp Link ] &#129351; Deco X20(2-pack) Router | Tp-link | Deco X202-pack |ax1800 |whole-home Sistema En Malla | Wifi 6","isPartOf":{"@id":"https:\/\/compuviper.mx\/tienda\/#website"},"datePublished":"2026-04-18T07:07:46+00:00","dateModified":"2026-04-18T07:07:46+00:00","description":"Compra Deco X20(2-pack) Router | Tp-link | Deco X202-pack |ax1800 |whole-home Sistema En Malla | Wifi 6 + Env\u00edo a domicilio + Pago seguro + Garant\u00eda","breadcrumb":{"@id":"https:\/\/compuviper.mx\/tienda\/producto\/tp-link-deco-x202-pack-router-tp-link-deco-x202-pack-ax1800-whole-home-sistema-en-malla-wifi-6\/#breadcrumb"},"inLanguage":"es-MX","potentialAction":[{"@type":"ReadAction","target":["https:\/\/compuviper.mx\/tienda\/producto\/tp-link-deco-x202-pack-router-tp-link-deco-x202-pack-ax1800-whole-home-sistema-en-malla-wifi-6\/"]}]},{"@type":"BreadcrumbList","@id":"https:\/\/compuviper.mx\/tienda\/producto\/tp-link-deco-x202-pack-router-tp-link-deco-x202-pack-ax1800-whole-home-sistema-en-malla-wifi-6\/#breadcrumb","itemListElement":[{"@type":"ListItem","position":1,"name":"Inicio","item":"https:\/\/compuviper.mx\/tienda\/"},{"@type":"ListItem","position":2,"name":"Productos","item":"https:\/\/compuviper.mx\/tienda\/productos\/"},{"@type":"ListItem","position":3,"name":"Redes","item":"https:\/\/compuviper.mx\/tienda\/categoria-producto\/redes\/"},{"@type":"ListItem","position":4,"name":"Access Point","item":"https:\/\/compuviper.mx\/tienda\/categoria-producto\/redes\/access-point\/"},{"@type":"ListItem","position":5,"name":"Tp Link Deco X20(2-pack) Router | Tp-link | Deco X202-pack |ax1800 |whole-home Sistema En Malla | Wifi 6"}]},{"@type":"WebSite","@id":"https:\/\/compuviper.mx\/tienda\/#website","url":"https:\/\/compuviper.mx\/tienda\/","name":"Compuviper","description":"Proveedor de Computadoras, Laptops, Servidores, Monitores, Puntos de Venta, Teclados,   Impresoras, T\u00f3ner, C\u00e1maras de Seguridad y m\u00e1s en tu tienda en l\u00ednea","publisher":{"@id":"https:\/\/compuviper.mx\/tienda\/#organization"},"potentialAction":[{"@type":"SearchAction","target":{"@type":"EntryPoint","urlTemplate":"https:\/\/compuviper.mx\/tienda\/?s={search_term_string}"},"query-input":"required name=search_term_string"}],"inLanguage":"es-MX"},{"@type":"Organization","@id":"https:\/\/compuviper.mx\/tienda\/#organization","name":"Compuviper","url":"https:\/\/compuviper.mx\/tienda\/","logo":{"@type":"ImageObject","inLanguage":"es-MX","@id":"https:\/\/compuviper.mx\/tienda\/#\/schema\/logo\/image\/","url":"https:\/\/compuviper.mx\/tienda\/wp-content\/uploads\/2021\/08\/Logo-Compuviper-10.png","contentUrl":"https:\/\/compuviper.mx\/tienda\/wp-content\/uploads\/2021\/08\/Logo-Compuviper-10.png","width":1000,"height":500,"caption":"Compuviper"},"image":{"@id":"https:\/\/compuviper.mx\/tienda\/#\/schema\/logo\/image\/"},"sameAs":["https:\/\/www.facebook.com\/compuviper","https:\/\/www.youtube.com\/channel\/UCf73dERp9Y3cfOq7q8BhLjA?view_as=subscriber"]}]},"product_brand":"TP LINK","product_price_amount":"2490","product_price_currency":"MXN","og_availability":"instock","product_availability":"instock","product_retailer_item_id":"DECO X20(2-PACK)","product_condition":"new"},"_links":{"self":[{"href":"https:\/\/compuviper.mx\/tienda\/wp-json\/wp\/v2\/product\/220958"}],"collection":[{"href":"https:\/\/compuviper.mx\/tienda\/wp-json\/wp\/v2\/product"}],"about":[{"href":"https:\/\/compuviper.mx\/tienda\/wp-json\/wp\/v2\/types\/product"}],"replies":[{"embeddable":true,"href":"https:\/\/compuviper.mx\/tienda\/wp-json\/wp\/v2\/comments?post=220958"}],"wp:featuredmedia":[{"embeddable":true,"href":"https:\/\/compuviper.mx\/tienda\/wp-json\/wp\/v2\/media\/220959"}],"wp:attachment":[{"href":"https:\/\/compuviper.mx\/tienda\/wp-json\/wp\/v2\/media?parent=220958"}],"wp:term":[{"taxonomy":"product_cat","embeddable":true,"href":"https:\/\/compuviper.mx\/tienda\/wp-json\/wp\/v2\/product_cat?post=220958"},{"taxonomy":"product_tag","embeddable":true,"href":"https:\/\/compuviper.mx\/tienda\/wp-json\/wp\/v2\/product_tag?post=220958"}],"curies":[{"name":"wp","href":"https:\/\/api.w.org\/{rel}","templated":true}]}}