{"id":220784,"date":"2026-04-18T01:07:16","date_gmt":"2026-04-18T07:07:16","guid":{"rendered":"https:\/\/compuviper.mx\/tienda\/producto\/tp-link-archer-t3u-tarjeta-de-red-tp-link-usb-dual-band-ac-1300-5ghz-867mbps-2-4ghz-400mbps-tamao-mini\/"},"modified":"2026-04-18T01:07:16","modified_gmt":"2026-04-18T07:07:16","slug":"tp-link-archer-t3u-tarjeta-de-red-tp-link-usb-dual-band-ac-1300-5ghz-867mbps-2-4ghz-400mbps-tamao-mini","status":"publish","type":"product","link":"https:\/\/compuviper.mx\/tienda\/producto\/tp-link-archer-t3u-tarjeta-de-red-tp-link-usb-dual-band-ac-1300-5ghz-867mbps-2-4ghz-400mbps-tamao-mini\/","title":{"rendered":"Tp Link Archer T3u Tarjeta De Red | Tp-link |  | Usb | Dual Band | Ac 1300 | 5ghz 867mbps | 2.4ghz 400mbps | Tama?o Mini"},"content":{"rendered":"<table class=\"descripcion\">\n<tr>\n<td>Caracter\u00edsticas de hardware<\/td>\n<\/tr>\n<tr>\n<td>Interfaz usb 3.0<\/td>\n<\/tr>\n<tr>\n<td>Dimensiones 1.59 \u00d7 0.78 \u00d7 0.41in. (40.5 \u00d7 19.72 \u00d7 10.29mm)<\/td>\n<\/tr>\n<tr>\n<td>Tipo de antena omnidireccional<\/td>\n<\/tr>\n<tr>\n<td>Caracter\u00edsticas inal\u00e1mbricas<\/td>\n<\/tr>\n<tr>\n<td>Est\u00e1ndares inal\u00e1mbricos ieee 802.11ac, ieee 802.11a,<\/td>\n<\/tr>\n<tr>\n<td>Ieee 802.11n, ieee 802.11g, ieee 802.11b<\/td>\n<\/tr>\n<tr>\n<td>Frecuencia 5<\/td>\n<\/tr>\n<tr>\n<td>Ghz 2.4 ghz<\/td>\n<\/tr>\n<tr>\n<td>Tasa de se\u00f1al 5ghz<\/td>\n<\/tr>\n<tr>\n<td>11ac: hasta 867mbps (din\u00e1mico)<\/td>\n<\/tr>\n<tr>\n<td>11n: hasta 300mbps (din\u00e1mico)<\/td>\n<\/tr>\n<tr>\n<td>11a: hasta 54mbps (din\u00e1mico)<\/td>\n<\/tr>\n<tr>\n<td>2.4ghz<\/td>\n<\/tr>\n<tr>\n<td>11n: hasta 400mbps (din\u00e1mico)<\/td>\n<\/tr>\n<tr>\n<td>11g: hasta 54mbps (din\u00e1mico)<\/td>\n<\/tr>\n<tr>\n<td>11b: hasta 11mbps (din\u00e1mico) )<\/td>\n<\/tr>\n<tr>\n<td>Sensibilidad de recepci\u00f3n 5 ghz:<\/td>\n<\/tr>\n<tr>\n<td>11a 6mbps: -91dbm<\/td>\n<\/tr>\n<tr>\n<td>11a 54mbps: -76dbm<\/td>\n<\/tr>\n<tr>\n<td>11n ht20: -71dbm<\/td>\n<\/tr>\n<tr>\n<td>11n ht40: -70dbm<\/td>\n<\/tr>\n<tr>\n<td>11ac ht20: -68dbm<\/td>\n<\/tr>\n<tr>\n<td>11ac ht40: -64dbm<\/td>\n<\/tr>\n<tr>\n<td>11ac ht80: -62dbm<\/td>\n<\/tr>\n<tr>\n<td>2,4 ghz:<\/td>\n<\/tr>\n<tr>\n<td>11b 11 mbps: -86 dbm<\/td>\n<\/tr>\n<tr>\n<td>11g 54mbps: -73dbm<\/td>\n<\/tr>\n<tr>\n<td>11n ht20: -71dbm<\/td>\n<\/tr>\n<tr>\n<td>11n ht40: -70dbm<\/td>\n<\/tr>\n<tr>\n<td>Potencia de transmisi\u00f3n  23dbm (eirp)<\/td>\n<\/tr>\n<tr>\n<td>Modos inal\u00e1mbricos ad-hoc \/ modo infraestructura<\/td>\n<\/tr>\n<tr>\n<td>Seguridad inal\u00e1mbrica soporta 64\/128 bit wep, wpa \/ wpa2, wpa-psk \/ wpa2-psk<\/td>\n<\/tr>\n<tr>\n<td>Tecnolog\u00eda de modulaci\u00f3n dbpsk, dqpsk, cck, ofdm, 16-qam, 64-qam, 256-qam<\/td>\n<\/tr>\n<tr>\n<td>Otros<\/td>\n<\/tr>\n<tr>\n<td>Certificaciones ce, fcc, rohs<\/td>\n<\/tr>\n<tr>\n<td>Contenido del paquete ac1300 mini inal\u00e1mbrico mu-mimo adaptador usb archer t3u<\/td>\n<\/tr>\n<tr>\n<td>Gu\u00eda instalaci\u00f3n r\u00e1pida<\/td>\n<\/tr>\n<tr>\n<td>Cd de instalaci\u00f3n.<\/td>\n<\/tr>\n<tr>\n<td>Requisitos del sistema windows10\/8.1\/8\/7\/xp, mac os x 10.9-10.13<\/td>\n<\/tr>\n<tr>\n<td>Factores ambientales temperatura de funcionamiento: 0 \u00b0 c ~ 40 \u00b0 c (32 ~ 104 and #8457;)<\/td>\n<\/tr>\n<tr>\n<td>Temperatura de almacenamiento:-40 \u00b0 c ~ 70 \u00b0 c (-40 and #8457; ~ 158 \u00b0 f)<\/td>\n<\/tr>\n<tr>\n<td>Humedad de funcionamiento: 10% ~ 90% sin condensaci\u00f3n<\/td>\n<\/tr>\n<tr>\n<td>Humedad de almacenamiento: 5% ~ 90% sin condensaci\u00f3n<\/td>\n<\/tr>\n<\/table>\n","protected":false},"excerpt":{"rendered":"<p>Mini adaptador usb mini inal\u00e1mbrico mu-mimo ac1300. Archer t3u. Wi-fi ultra r\u00e1pido  \u0096 ac1300 (400 mpbs en banda 2.4ghz  y  867 mbps en banda 5ghz ) conexi\u00f3n wifi r\u00e1pida con la siguiente generaci\u00f3n wi-fi &#8211; 802.11ac. Doble banda inal\u00e1mbrica \u0096 bandas 2.4ghz y 5ghz para conectividad flexible. Dise\u00f1o mini \u0096 tama\u00f1o mini dise\u00f1ado para f\u00e1cil portabilidad con alto rendimiento fiable. Super velocidad en puerto usb 3.0 &#8211; 10x transferencia m\u00e1s r\u00e1pida que el puerto usb 2.0. Mu-mimo &#8211; ofrece conexi\u00f3n inal\u00e1mbrica altamente eficiente. Sistemas operativos soportados \u0096 soporta windows 10\/8.1\/8\/7\/xp, mac os x<\/p>\n","protected":false},"featured_media":220785,"comment_status":"open","ping_status":"open","template":"","meta":[],"product_cat":[1563,1572],"product_tag":[1562],"acf":[],"yoast_head":"<!-- This site is optimized with the Yoast SEO plugin v21.7 - https:\/\/yoast.com\/wordpress\/plugins\/seo\/ -->\n<title>[ Tp Link ] &#129351; Archer T3u Tarjeta De Red | Tp-link | | Usb | Dual Band | Ac 1300 | 5ghz 867mbps | 2.4ghz 400mbps | Tama\u00f1o Mini<\/title>\n<meta name=\"description\" content=\"Compra Archer T3u Tarjeta De Red | Tp-link | | Usb | Dual Band | Ac 1300 | 5ghz 867mbps | 2.4ghz 400mbps | Tama\u00f1o Mini + Env\u00edo a domicilio + Pago seguro + Garant\u00eda\" \/>\n<meta name=\"robots\" content=\"index, follow, max-snippet:-1, max-image-preview:large, max-video-preview:-1\" \/>\n<link rel=\"canonical\" href=\"https:\/\/compuviper.mx\/tienda\/producto\/tp-link-archer-t3u-tarjeta-de-red-tp-link-usb-dual-band-ac-1300-5ghz-867mbps-2-4ghz-400mbps-tamao-mini\/\" \/>\n<meta property=\"og:locale\" content=\"es_MX\" \/>\n<meta property=\"og:type\" content=\"article\" \/>\n<meta property=\"og:title\" content=\"[ Tp Link ] &#129351; Archer T3u Tarjeta De Red | Tp-link | | Usb | Dual Band | Ac 1300 | 5ghz 867mbps | 2.4ghz 400mbps | Tama\u00f1o Mini\" \/>\n<meta property=\"og:description\" content=\"Compra Archer T3u Tarjeta De Red | Tp-link | | Usb | Dual Band | Ac 1300 | 5ghz 867mbps | 2.4ghz 400mbps | Tama\u00f1o Mini + Env\u00edo a domicilio + Pago seguro + Garant\u00eda\" \/>\n<meta property=\"og:url\" content=\"https:\/\/compuviper.mx\/tienda\/producto\/tp-link-archer-t3u-tarjeta-de-red-tp-link-usb-dual-band-ac-1300-5ghz-867mbps-2-4ghz-400mbps-tamao-mini\/\" \/>\n<meta property=\"og:site_name\" content=\"Compuviper\" \/>\n<meta property=\"article:publisher\" content=\"https:\/\/www.facebook.com\/compuviper\" \/>\n<meta property=\"og:image\" content=\"https:\/\/compuviper.mx\/tienda\/wp-content\/uploads\/2023\/12\/Tarjeta-de-red-tp-link-archer-t3u-usb-dual-band-ac-1300-5ghz-867mbps-2.4ghz-400mbps-tamano-mini.jpg\" \/>\n\t<meta property=\"og:image:width\" content=\"200\" \/>\n\t<meta property=\"og:image:height\" content=\"200\" \/>\n\t<meta property=\"og:image:type\" content=\"image\/jpeg\" \/>\n<meta name=\"twitter:card\" content=\"summary_large_image\" \/>\n<meta name=\"twitter:label1\" content=\"Precio\" \/>\n\t<meta name=\"twitter:data1\" content=\"&#36;247 con IVA\" \/>\n\t<meta name=\"twitter:label2\" content=\"Availability\" \/>\n\t<meta name=\"twitter:data2\" content=\"In stock\" \/>\n<script type=\"application\/ld+json\" class=\"yoast-schema-graph\">{\"@context\":\"https:\/\/schema.org\",\"@graph\":[{\"@type\":\"WebPage\",\"@id\":\"https:\/\/compuviper.mx\/tienda\/producto\/tp-link-archer-t3u-tarjeta-de-red-tp-link-usb-dual-band-ac-1300-5ghz-867mbps-2-4ghz-400mbps-tamao-mini\/\",\"url\":\"https:\/\/compuviper.mx\/tienda\/producto\/tp-link-archer-t3u-tarjeta-de-red-tp-link-usb-dual-band-ac-1300-5ghz-867mbps-2-4ghz-400mbps-tamao-mini\/\",\"name\":\"[ Tp Link ] &#129351; Archer T3u Tarjeta De Red | Tp-link | | Usb | Dual Band | Ac 1300 | 5ghz 867mbps | 2.4ghz 400mbps | Tama\u00f1o Mini\",\"isPartOf\":{\"@id\":\"https:\/\/compuviper.mx\/tienda\/#website\"},\"datePublished\":\"2026-04-18T07:07:16+00:00\",\"dateModified\":\"2026-04-18T07:07:16+00:00\",\"description\":\"Compra Archer T3u Tarjeta De Red | Tp-link | | Usb | Dual Band | Ac 1300 | 5ghz 867mbps | 2.4ghz 400mbps | Tama\u00f1o Mini + Env\u00edo a domicilio + Pago seguro + Garant\u00eda\",\"breadcrumb\":{\"@id\":\"https:\/\/compuviper.mx\/tienda\/producto\/tp-link-archer-t3u-tarjeta-de-red-tp-link-usb-dual-band-ac-1300-5ghz-867mbps-2-4ghz-400mbps-tamao-mini\/#breadcrumb\"},\"inLanguage\":\"es-MX\",\"potentialAction\":[{\"@type\":\"ReadAction\",\"target\":[\"https:\/\/compuviper.mx\/tienda\/producto\/tp-link-archer-t3u-tarjeta-de-red-tp-link-usb-dual-band-ac-1300-5ghz-867mbps-2-4ghz-400mbps-tamao-mini\/\"]}]},{\"@type\":\"BreadcrumbList\",\"@id\":\"https:\/\/compuviper.mx\/tienda\/producto\/tp-link-archer-t3u-tarjeta-de-red-tp-link-usb-dual-band-ac-1300-5ghz-867mbps-2-4ghz-400mbps-tamao-mini\/#breadcrumb\",\"itemListElement\":[{\"@type\":\"ListItem\",\"position\":1,\"name\":\"Inicio\",\"item\":\"https:\/\/compuviper.mx\/tienda\/\"},{\"@type\":\"ListItem\",\"position\":2,\"name\":\"Productos\",\"item\":\"https:\/\/compuviper.mx\/tienda\/productos\/\"},{\"@type\":\"ListItem\",\"position\":3,\"name\":\"Redes\",\"item\":\"https:\/\/compuviper.mx\/tienda\/categoria-producto\/redes\/\"},{\"@type\":\"ListItem\",\"position\":4,\"name\":\"Tarjetas De Red\",\"item\":\"https:\/\/compuviper.mx\/tienda\/categoria-producto\/redes\/tarjetas-de-red\/\"},{\"@type\":\"ListItem\",\"position\":5,\"name\":\"Tp Link Archer T3u Tarjeta De Red | Tp-link | | Usb | Dual Band | Ac 1300 | 5ghz 867mbps | 2.4ghz 400mbps | Tama?o Mini\"}]},{\"@type\":\"WebSite\",\"@id\":\"https:\/\/compuviper.mx\/tienda\/#website\",\"url\":\"https:\/\/compuviper.mx\/tienda\/\",\"name\":\"Compuviper\",\"description\":\"Proveedor de Computadoras, Laptops, Servidores, Monitores, Puntos de Venta, Teclados,   Impresoras, T\u00f3ner, C\u00e1maras de Seguridad y m\u00e1s en tu tienda en l\u00ednea\",\"publisher\":{\"@id\":\"https:\/\/compuviper.mx\/tienda\/#organization\"},\"potentialAction\":[{\"@type\":\"SearchAction\",\"target\":{\"@type\":\"EntryPoint\",\"urlTemplate\":\"https:\/\/compuviper.mx\/tienda\/?s={search_term_string}\"},\"query-input\":\"required name=search_term_string\"}],\"inLanguage\":\"es-MX\"},{\"@type\":\"Organization\",\"@id\":\"https:\/\/compuviper.mx\/tienda\/#organization\",\"name\":\"Compuviper\",\"url\":\"https:\/\/compuviper.mx\/tienda\/\",\"logo\":{\"@type\":\"ImageObject\",\"inLanguage\":\"es-MX\",\"@id\":\"https:\/\/compuviper.mx\/tienda\/#\/schema\/logo\/image\/\",\"url\":\"https:\/\/compuviper.mx\/tienda\/wp-content\/uploads\/2021\/08\/Logo-Compuviper-10.png\",\"contentUrl\":\"https:\/\/compuviper.mx\/tienda\/wp-content\/uploads\/2021\/08\/Logo-Compuviper-10.png\",\"width\":1000,\"height\":500,\"caption\":\"Compuviper\"},\"image\":{\"@id\":\"https:\/\/compuviper.mx\/tienda\/#\/schema\/logo\/image\/\"},\"sameAs\":[\"https:\/\/www.facebook.com\/compuviper\",\"https:\/\/www.youtube.com\/channel\/UCf73dERp9Y3cfOq7q8BhLjA?view_as=subscriber\"]}]}<\/script>\n<meta property=\"product:brand\" content=\"TP LINK\" \/>\n<meta property=\"product:price:amount\" content=\"247\" \/>\n<meta property=\"product:price:currency\" content=\"MXN\" \/>\n<meta property=\"og:availability\" content=\"instock\" \/>\n<meta property=\"product:availability\" content=\"instock\" \/>\n<meta property=\"product:retailer_item_id\" content=\"ARCHER T3U\" \/>\n<meta property=\"product:condition\" content=\"new\" \/>\n<!-- \/ Yoast SEO plugin. -->","yoast_head_json":{"title":"[ Tp Link ] &#129351; Archer T3u Tarjeta De Red | Tp-link | | Usb | Dual Band | Ac 1300 | 5ghz 867mbps | 2.4ghz 400mbps | Tama\u00f1o Mini","description":"Compra Archer T3u Tarjeta De Red | Tp-link | | Usb | Dual Band | Ac 1300 | 5ghz 867mbps | 2.4ghz 400mbps | Tama\u00f1o Mini + Env\u00edo a domicilio + Pago seguro + Garant\u00eda","robots":{"index":"index","follow":"follow","max-snippet":"max-snippet:-1","max-image-preview":"max-image-preview:large","max-video-preview":"max-video-preview:-1"},"canonical":"https:\/\/compuviper.mx\/tienda\/producto\/tp-link-archer-t3u-tarjeta-de-red-tp-link-usb-dual-band-ac-1300-5ghz-867mbps-2-4ghz-400mbps-tamao-mini\/","og_locale":"es_MX","og_type":"article","og_title":"[ Tp Link ] &#129351; Archer T3u Tarjeta De Red | Tp-link | | Usb | Dual Band | Ac 1300 | 5ghz 867mbps | 2.4ghz 400mbps | Tama\u00f1o Mini","og_description":"Compra Archer T3u Tarjeta De Red | Tp-link | | Usb | Dual Band | Ac 1300 | 5ghz 867mbps | 2.4ghz 400mbps | Tama\u00f1o Mini + Env\u00edo a domicilio + Pago seguro + Garant\u00eda","og_url":"https:\/\/compuviper.mx\/tienda\/producto\/tp-link-archer-t3u-tarjeta-de-red-tp-link-usb-dual-band-ac-1300-5ghz-867mbps-2-4ghz-400mbps-tamao-mini\/","og_site_name":"Compuviper","article_publisher":"https:\/\/www.facebook.com\/compuviper","og_image":[{"width":200,"height":200,"url":"https:\/\/compuviper.mx\/tienda\/wp-content\/uploads\/2023\/12\/Tarjeta-de-red-tp-link-archer-t3u-usb-dual-band-ac-1300-5ghz-867mbps-2.4ghz-400mbps-tamano-mini.jpg","type":"image\/jpeg"}],"twitter_card":"summary_large_image","twitter_misc":{"Precio":"&#36;247 con IVA","Availability":"In stock"},"schema":{"@context":"https:\/\/schema.org","@graph":[{"@type":"WebPage","@id":"https:\/\/compuviper.mx\/tienda\/producto\/tp-link-archer-t3u-tarjeta-de-red-tp-link-usb-dual-band-ac-1300-5ghz-867mbps-2-4ghz-400mbps-tamao-mini\/","url":"https:\/\/compuviper.mx\/tienda\/producto\/tp-link-archer-t3u-tarjeta-de-red-tp-link-usb-dual-band-ac-1300-5ghz-867mbps-2-4ghz-400mbps-tamao-mini\/","name":"[ Tp Link ] &#129351; Archer T3u Tarjeta De Red | Tp-link | | Usb | Dual Band | Ac 1300 | 5ghz 867mbps | 2.4ghz 400mbps | Tama\u00f1o Mini","isPartOf":{"@id":"https:\/\/compuviper.mx\/tienda\/#website"},"datePublished":"2026-04-18T07:07:16+00:00","dateModified":"2026-04-18T07:07:16+00:00","description":"Compra Archer T3u Tarjeta De Red | Tp-link | | Usb | Dual Band | Ac 1300 | 5ghz 867mbps | 2.4ghz 400mbps | Tama\u00f1o Mini + Env\u00edo a domicilio + Pago seguro + Garant\u00eda","breadcrumb":{"@id":"https:\/\/compuviper.mx\/tienda\/producto\/tp-link-archer-t3u-tarjeta-de-red-tp-link-usb-dual-band-ac-1300-5ghz-867mbps-2-4ghz-400mbps-tamao-mini\/#breadcrumb"},"inLanguage":"es-MX","potentialAction":[{"@type":"ReadAction","target":["https:\/\/compuviper.mx\/tienda\/producto\/tp-link-archer-t3u-tarjeta-de-red-tp-link-usb-dual-band-ac-1300-5ghz-867mbps-2-4ghz-400mbps-tamao-mini\/"]}]},{"@type":"BreadcrumbList","@id":"https:\/\/compuviper.mx\/tienda\/producto\/tp-link-archer-t3u-tarjeta-de-red-tp-link-usb-dual-band-ac-1300-5ghz-867mbps-2-4ghz-400mbps-tamao-mini\/#breadcrumb","itemListElement":[{"@type":"ListItem","position":1,"name":"Inicio","item":"https:\/\/compuviper.mx\/tienda\/"},{"@type":"ListItem","position":2,"name":"Productos","item":"https:\/\/compuviper.mx\/tienda\/productos\/"},{"@type":"ListItem","position":3,"name":"Redes","item":"https:\/\/compuviper.mx\/tienda\/categoria-producto\/redes\/"},{"@type":"ListItem","position":4,"name":"Tarjetas De Red","item":"https:\/\/compuviper.mx\/tienda\/categoria-producto\/redes\/tarjetas-de-red\/"},{"@type":"ListItem","position":5,"name":"Tp Link Archer T3u Tarjeta De Red | Tp-link | | Usb | Dual Band | Ac 1300 | 5ghz 867mbps | 2.4ghz 400mbps | Tama?o Mini"}]},{"@type":"WebSite","@id":"https:\/\/compuviper.mx\/tienda\/#website","url":"https:\/\/compuviper.mx\/tienda\/","name":"Compuviper","description":"Proveedor de Computadoras, Laptops, Servidores, Monitores, Puntos de Venta, Teclados,   Impresoras, T\u00f3ner, C\u00e1maras de Seguridad y m\u00e1s en tu tienda en l\u00ednea","publisher":{"@id":"https:\/\/compuviper.mx\/tienda\/#organization"},"potentialAction":[{"@type":"SearchAction","target":{"@type":"EntryPoint","urlTemplate":"https:\/\/compuviper.mx\/tienda\/?s={search_term_string}"},"query-input":"required name=search_term_string"}],"inLanguage":"es-MX"},{"@type":"Organization","@id":"https:\/\/compuviper.mx\/tienda\/#organization","name":"Compuviper","url":"https:\/\/compuviper.mx\/tienda\/","logo":{"@type":"ImageObject","inLanguage":"es-MX","@id":"https:\/\/compuviper.mx\/tienda\/#\/schema\/logo\/image\/","url":"https:\/\/compuviper.mx\/tienda\/wp-content\/uploads\/2021\/08\/Logo-Compuviper-10.png","contentUrl":"https:\/\/compuviper.mx\/tienda\/wp-content\/uploads\/2021\/08\/Logo-Compuviper-10.png","width":1000,"height":500,"caption":"Compuviper"},"image":{"@id":"https:\/\/compuviper.mx\/tienda\/#\/schema\/logo\/image\/"},"sameAs":["https:\/\/www.facebook.com\/compuviper","https:\/\/www.youtube.com\/channel\/UCf73dERp9Y3cfOq7q8BhLjA?view_as=subscriber"]}]},"product_brand":"TP LINK","product_price_amount":"247","product_price_currency":"MXN","og_availability":"instock","product_availability":"instock","product_retailer_item_id":"ARCHER T3U","product_condition":"new"},"_links":{"self":[{"href":"https:\/\/compuviper.mx\/tienda\/wp-json\/wp\/v2\/product\/220784"}],"collection":[{"href":"https:\/\/compuviper.mx\/tienda\/wp-json\/wp\/v2\/product"}],"about":[{"href":"https:\/\/compuviper.mx\/tienda\/wp-json\/wp\/v2\/types\/product"}],"replies":[{"embeddable":true,"href":"https:\/\/compuviper.mx\/tienda\/wp-json\/wp\/v2\/comments?post=220784"}],"wp:featuredmedia":[{"embeddable":true,"href":"https:\/\/compuviper.mx\/tienda\/wp-json\/wp\/v2\/media\/220785"}],"wp:attachment":[{"href":"https:\/\/compuviper.mx\/tienda\/wp-json\/wp\/v2\/media?parent=220784"}],"wp:term":[{"taxonomy":"product_cat","embeddable":true,"href":"https:\/\/compuviper.mx\/tienda\/wp-json\/wp\/v2\/product_cat?post=220784"},{"taxonomy":"product_tag","embeddable":true,"href":"https:\/\/compuviper.mx\/tienda\/wp-json\/wp\/v2\/product_tag?post=220784"}],"curies":[{"name":"wp","href":"https:\/\/api.w.org\/{rel}","templated":true}]}}