{"id":220772,"date":"2026-04-18T01:07:13","date_gmt":"2026-04-18T07:07:13","guid":{"rendered":"https:\/\/compuviper.mx\/tienda\/producto\/tp-link-oc200-controladora-tp-link-cloud-omada-2-rj45-10-100-mbps-soporta-poe-802-3af-802-3at-1-usb-2-0-micro-usb-administra-hasta-100-dispositivos-y-1000-clientes\/"},"modified":"2026-04-18T01:07:13","modified_gmt":"2026-04-18T07:07:13","slug":"tp-link-oc200-controladora-tp-link-cloud-omada-2-rj45-10-100-mbps-soporta-poe-802-3af-802-3at-1-usb-2-0-micro-usb-administra-hasta-100-dispositivos-y-1000-clientes","status":"publish","type":"product","link":"https:\/\/compuviper.mx\/tienda\/producto\/tp-link-oc200-controladora-tp-link-cloud-omada-2-rj45-10-100-mbps-soporta-poe-802-3af-802-3at-1-usb-2-0-micro-usb-administra-hasta-100-dispositivos-y-1000-clientes\/","title":{"rendered":"Tp Link Oc200 Controladora | Tp-link |  | Cloud Omada |2 Rj45 10\/100 Mbps Soporta Poe 802.3af\/802.3at | 1 Usb 2.0 | Micro Usb Administra Hasta 100 Dispositivos Y 1,000 Clientes"},"content":{"rendered":"<table class=\"descripcion\">\n<tr>\n<td>Caracter\u00edsticas de hardware<\/td>\n<\/tr>\n<tr>\n<td>Interfaz puerto ethernet 10 \/ 100mbps * 2 puerto<\/td>\n<\/tr>\n<tr>\n<td>Usb 2.0 * 1<\/td>\n<\/tr>\n<tr>\n<td>Puerto micro usb * 1<\/td>\n<\/tr>\n<tr>\n<td>Fuente de alimentaci\u00f3n 802.3af \/ a poe o micro usb  and #65288;dc 5v \/ m\u00ednimo 1a<\/td>\n<\/tr>\n<tr>\n<td>Dimensiones 3.9 \u00d7 3.9 \u00d7 1.0in. (100 \u00d7 98 \u00d7 25mm)<\/td>\n<\/tr>\n<tr>\n<td>Caracteristicas<\/td>\n<\/tr>\n<tr>\n<td>Fuction inal\u00e1mbrico l3 gesti\u00f3n<\/td>\n<\/tr>\n<tr>\n<td>Multi-ssid<\/td>\n<\/tr>\n<tr>\n<td>De equilibrio de carga<\/td>\n<\/tr>\n<tr>\n<td>De la banda de direcci\u00f3n<\/td>\n<\/tr>\n<tr>\n<td>De tiempo aire fariness<\/td>\n<\/tr>\n<tr>\n<td>Formaci\u00f3n de haces<\/td>\n<\/tr>\n<tr>\n<td>De l\u00edmite de velocidad<\/td>\n<\/tr>\n<tr>\n<td>Inal\u00e1mbrico horario<\/td>\n<\/tr>\n<tr>\n<td>De qos<\/td>\n<\/tr>\n<tr>\n<td>Seguridad inal\u00e1mbrica autenticaci\u00f3n de portal cautivo<\/td>\n<\/tr>\n<tr>\n<td>Control de acceso<\/td>\n<\/tr>\n<tr>\n<td>Conexi\u00f3n de mac inal\u00e1mbrica filtrado<\/td>\n<\/tr>\n<tr>\n<td>Aislamiento inal\u00e1mbrico entre clientes<\/td>\n<\/tr>\n<tr>\n<td>Ssid a vlan asignaci\u00f3n de<\/td>\n<\/tr>\n<tr>\n<td>Rogue detecci\u00f3n de ap<\/td>\n<\/tr>\n<tr>\n<td>Gesti\u00f3n ap descubrimiento autom\u00e1tico<\/td>\n<\/tr>\n<tr>\n<td>Configuraci\u00f3n unificada<\/td>\n<\/tr>\n<tr>\n<td>Reinicio programaci\u00f3n<\/td>\n<\/tr>\n<tr>\n<td>Lote actualizaci\u00f3n de firmware<\/td>\n<\/tr>\n<tr>\n<td>Led encendido \/ apagado<\/td>\n<\/tr>\n<tr>\n<td>Autenticaci\u00f3n captive portal<\/td>\n<\/tr>\n<tr>\n<td>Otros<\/td>\n<\/tr>\n<tr>\n<td>Proceso de dar un t\u00edtulo ce, fcc, rohs<\/td>\n<\/tr>\n<tr>\n<td>Contenidos del paquete omada cloud controller<\/td>\n<\/tr>\n<tr>\n<td>Oc200<\/td>\n<\/tr>\n<tr>\n<td>Gu\u00eda de instalaci\u00f3n r\u00e1pida<\/td>\n<\/tr>\n<tr>\n<td>Cable ethernet<\/td>\n<\/tr>\n<tr>\n<td>Requisitos del sistema microsoft\u00ae windows\u00ae10, 8, 7, vista \u0099, xp o mac\u00ae os, netware\u00ae, unix\u00ae o linux<\/td>\n<\/tr>\n<tr>\n<td>Ambiente temperatura de funcionamiento: 0  and #8451; ~ 40 (32  and #8457; ~ 104  and #8457;)<\/td>\n<\/tr>\n<tr>\n<td>Temperatura de almacenamiento: -40  and #8451; ~ 70  and #8451; (-40  and #8457; ~ 158  and #8457;)<\/td>\n<\/tr>\n<tr>\n<td>Humedad de funcionamiento: 10% ~ 90% sin condensaci\u00f3n<\/td>\n<\/tr>\n<tr>\n<td>Humedad de almacenamiento: 5% ~ 90 % sin condensaci\u00f3n<\/td>\n<\/tr>\n<\/table>\n","protected":false},"excerpt":{"rendered":"<p>Controlador cloud omada. Oc200. Gesti\u00f3n centralizada profesional para redes wi-fi. Acceso v\u00eda nube gratuito para gestionar desde, d\u00f3nde y siempre que prefiera. Soporte poe (802.3af\/802.3at) para una f\u00e1cil instalaci\u00f3n. Dise\u00f1o de hardware l\u00edder en la industria con chipset poderoso, caja met\u00e1lica de alta resistencia y puerto usb para backup autom\u00e1tico. Omada app para una gesti\u00f3n pr\u00e1ctica. Red de invitados segura con m\u00faltiples opciones de login (facebook wi-fi, sms login, voucher. Controladora cloud. Gesti\u00f3n centralizada profesional. Para redes wi-fi. Dedicado a la gesti\u00f3n centralizada de la red. El controlador cloud omada oc200 est\u00e1 dedicado a proveer una gesti\u00f3n centralizada para toda la red omada. Monitorice estad\u00edsticas en tiempo real, gr\u00e1ficos con anal\u00edtica del tr\u00e1fico de red, creaci\u00f3n de portal cautivo, actualice y reinicie su sistema y escale de manera sencilla su red para potenciar su negocio. Sin necesidad de pc\/servidorfiabilidad y seguridadacceso cloud para una comodidad extra. Branch1. Branch2. Branch3. Rama 4. Branch5. Rama6. Gesti\u00f3n gratuita de la nube &#8211; en cualquier momento. Omada ofrece acceso gratuito a la nube y a su plataforma de administraci\u00f3n centralizada. Lleva tu red contigo dondequiera que vayas. Servicio cloud gratuito. Sin cargos de licencia  manejo conveniente. Con acceso remoto  gesti\u00f3n de sitios m\u00faltiples. Para redes de gran escala. Dise\u00f1o de hardware l\u00edder en la industria. Equipado con un dise\u00f1o avanzado y el \u00faltimo chipset, el oc200 tiene suficiente capacidad de procesamiento para soportar la administraci\u00f3n masiva de la red de su negocio. Carcasa duradera de metalchipset de gran alcance802.3af poepuerto usb para auto-backup. Red de invitados con facebook wi-fi y sms. Ofrezca a los visitantes acceso wi-fi seguro a trav\u00e9s de un portal cautivo con tecnolog\u00eda de aislamiento inal\u00e1mbrico. Una nueva funci\u00f3n de autenticaci\u00f3n de sms simplifica el proceso de conexi\u00f3n, mientras que la autenticaci\u00f3n de facebook eleva el perfil de redes sociales de su empresa. Mayor conveniencia con la aplicaci\u00f3n omada. Acceda y configure de forma remota el oc200 con un toque de su tel\u00e9fono, desde cualquier lugar del mundo.<\/p>\n","protected":false},"featured_media":220773,"comment_status":"open","ping_status":"open","template":"","meta":[],"product_cat":[1563,1969],"product_tag":[1562],"acf":[],"yoast_head":"<!-- This site is optimized with the Yoast SEO plugin v21.7 - https:\/\/yoast.com\/wordpress\/plugins\/seo\/ -->\n<title>[ Tp Link ] &#129351; Oc200 Controladora | Tp-link | | Cloud Omada |2 Rj45 10\/100 Mbps Soporta Poe 802.3af\/802.3at | 1 Usb 2.0 | Micro Usb Administra Hasta 100 Dispositivos Y 1,000 Clientes<\/title>\n<meta name=\"description\" content=\"Compra Oc200 Controladora | Tp-link | | Cloud Omada |2 Rj45 10\/100 Mbps Soporta Poe 802.3af\/802.3at | 1 Usb 2.0 | Micro Usb Administra Hasta 100 Dispositivos Y 1,000 Clientes + Env\u00edo a domicilio + Pago seguro + Garant\u00eda\" \/>\n<meta name=\"robots\" content=\"index, follow, max-snippet:-1, max-image-preview:large, max-video-preview:-1\" \/>\n<link rel=\"canonical\" href=\"https:\/\/compuviper.mx\/tienda\/producto\/tp-link-oc200-controladora-tp-link-cloud-omada-2-rj45-10-100-mbps-soporta-poe-802-3af-802-3at-1-usb-2-0-micro-usb-administra-hasta-100-dispositivos-y-1000-clientes\/\" \/>\n<meta property=\"og:locale\" content=\"es_MX\" \/>\n<meta property=\"og:type\" content=\"article\" \/>\n<meta property=\"og:title\" content=\"[ Tp Link ] &#129351; Oc200 Controladora | Tp-link | | Cloud Omada |2 Rj45 10\/100 Mbps Soporta Poe 802.3af\/802.3at | 1 Usb 2.0 | Micro Usb Administra Hasta 100 Dispositivos Y 1,000 Clientes\" \/>\n<meta property=\"og:description\" content=\"Compra Oc200 Controladora | Tp-link | | Cloud Omada |2 Rj45 10\/100 Mbps Soporta Poe 802.3af\/802.3at | 1 Usb 2.0 | Micro Usb Administra Hasta 100 Dispositivos Y 1,000 Clientes + Env\u00edo a domicilio + Pago seguro + Garant\u00eda\" \/>\n<meta property=\"og:url\" content=\"https:\/\/compuviper.mx\/tienda\/producto\/tp-link-oc200-controladora-tp-link-cloud-omada-2-rj45-10-100-mbps-soporta-poe-802-3af-802-3at-1-usb-2-0-micro-usb-administra-hasta-100-dispositivos-y-1000-clientes\/\" \/>\n<meta property=\"og:site_name\" content=\"Compuviper\" \/>\n<meta property=\"article:publisher\" content=\"https:\/\/www.facebook.com\/compuviper\" \/>\n<meta property=\"og:image\" content=\"https:\/\/compuviper.mx\/tienda\/wp-content\/uploads\/2023\/12\/Controladora-tp-link-oc200-cloud-omada-2-rj45-10100-mbps-soporta-poe-802.3af802.3at-1-usb-2.0-micro-usb-administra-hasta-100-dispositivos-y-1000-clientes.jpg\" \/>\n\t<meta property=\"og:image:width\" content=\"200\" \/>\n\t<meta property=\"og:image:height\" content=\"200\" \/>\n\t<meta property=\"og:image:type\" content=\"image\/jpeg\" \/>\n<meta name=\"twitter:card\" content=\"summary_large_image\" \/>\n<meta name=\"twitter:label1\" content=\"Precio\" \/>\n\t<meta name=\"twitter:data1\" content=\"&#36;1,575 con IVA\" \/>\n\t<meta name=\"twitter:label2\" content=\"Availability\" \/>\n\t<meta name=\"twitter:data2\" content=\"Out of stock\" \/>\n<script type=\"application\/ld+json\" class=\"yoast-schema-graph\">{\"@context\":\"https:\/\/schema.org\",\"@graph\":[{\"@type\":\"WebPage\",\"@id\":\"https:\/\/compuviper.mx\/tienda\/producto\/tp-link-oc200-controladora-tp-link-cloud-omada-2-rj45-10-100-mbps-soporta-poe-802-3af-802-3at-1-usb-2-0-micro-usb-administra-hasta-100-dispositivos-y-1000-clientes\/\",\"url\":\"https:\/\/compuviper.mx\/tienda\/producto\/tp-link-oc200-controladora-tp-link-cloud-omada-2-rj45-10-100-mbps-soporta-poe-802-3af-802-3at-1-usb-2-0-micro-usb-administra-hasta-100-dispositivos-y-1000-clientes\/\",\"name\":\"[ Tp Link ] &#129351; Oc200 Controladora | Tp-link | | Cloud Omada |2 Rj45 10\/100 Mbps Soporta Poe 802.3af\/802.3at | 1 Usb 2.0 | Micro Usb Administra Hasta 100 Dispositivos Y 1,000 Clientes\",\"isPartOf\":{\"@id\":\"https:\/\/compuviper.mx\/tienda\/#website\"},\"datePublished\":\"2026-04-18T07:07:13+00:00\",\"dateModified\":\"2026-04-18T07:07:13+00:00\",\"description\":\"Compra Oc200 Controladora | Tp-link | | Cloud Omada |2 Rj45 10\/100 Mbps Soporta Poe 802.3af\/802.3at | 1 Usb 2.0 | Micro Usb Administra Hasta 100 Dispositivos Y 1,000 Clientes + Env\u00edo a domicilio + Pago seguro + Garant\u00eda\",\"breadcrumb\":{\"@id\":\"https:\/\/compuviper.mx\/tienda\/producto\/tp-link-oc200-controladora-tp-link-cloud-omada-2-rj45-10-100-mbps-soporta-poe-802-3af-802-3at-1-usb-2-0-micro-usb-administra-hasta-100-dispositivos-y-1000-clientes\/#breadcrumb\"},\"inLanguage\":\"es-MX\",\"potentialAction\":[{\"@type\":\"ReadAction\",\"target\":[\"https:\/\/compuviper.mx\/tienda\/producto\/tp-link-oc200-controladora-tp-link-cloud-omada-2-rj45-10-100-mbps-soporta-poe-802-3af-802-3at-1-usb-2-0-micro-usb-administra-hasta-100-dispositivos-y-1000-clientes\/\"]}]},{\"@type\":\"BreadcrumbList\",\"@id\":\"https:\/\/compuviper.mx\/tienda\/producto\/tp-link-oc200-controladora-tp-link-cloud-omada-2-rj45-10-100-mbps-soporta-poe-802-3af-802-3at-1-usb-2-0-micro-usb-administra-hasta-100-dispositivos-y-1000-clientes\/#breadcrumb\",\"itemListElement\":[{\"@type\":\"ListItem\",\"position\":1,\"name\":\"Inicio\",\"item\":\"https:\/\/compuviper.mx\/tienda\/\"},{\"@type\":\"ListItem\",\"position\":2,\"name\":\"Productos\",\"item\":\"https:\/\/compuviper.mx\/tienda\/productos\/\"},{\"@type\":\"ListItem\",\"position\":3,\"name\":\"Redes\",\"item\":\"https:\/\/compuviper.mx\/tienda\/categoria-producto\/redes\/\"},{\"@type\":\"ListItem\",\"position\":4,\"name\":\"Controladora De Access Point\",\"item\":\"https:\/\/compuviper.mx\/tienda\/categoria-producto\/redes\/controladora-de-access-point\/\"},{\"@type\":\"ListItem\",\"position\":5,\"name\":\"Tp Link Oc200 Controladora | Tp-link | | Cloud Omada |2 Rj45 10\/100 Mbps Soporta Poe 802.3af\/802.3at | 1 Usb 2.0 | Micro Usb Administra Hasta 100 Dispositivos Y 1,000 Clientes\"}]},{\"@type\":\"WebSite\",\"@id\":\"https:\/\/compuviper.mx\/tienda\/#website\",\"url\":\"https:\/\/compuviper.mx\/tienda\/\",\"name\":\"Compuviper\",\"description\":\"Proveedor de Computadoras, Laptops, Servidores, Monitores, Puntos de Venta, Teclados,   Impresoras, T\u00f3ner, C\u00e1maras de Seguridad y m\u00e1s en tu tienda en l\u00ednea\",\"publisher\":{\"@id\":\"https:\/\/compuviper.mx\/tienda\/#organization\"},\"potentialAction\":[{\"@type\":\"SearchAction\",\"target\":{\"@type\":\"EntryPoint\",\"urlTemplate\":\"https:\/\/compuviper.mx\/tienda\/?s={search_term_string}\"},\"query-input\":\"required name=search_term_string\"}],\"inLanguage\":\"es-MX\"},{\"@type\":\"Organization\",\"@id\":\"https:\/\/compuviper.mx\/tienda\/#organization\",\"name\":\"Compuviper\",\"url\":\"https:\/\/compuviper.mx\/tienda\/\",\"logo\":{\"@type\":\"ImageObject\",\"inLanguage\":\"es-MX\",\"@id\":\"https:\/\/compuviper.mx\/tienda\/#\/schema\/logo\/image\/\",\"url\":\"https:\/\/compuviper.mx\/tienda\/wp-content\/uploads\/2021\/08\/Logo-Compuviper-10.png\",\"contentUrl\":\"https:\/\/compuviper.mx\/tienda\/wp-content\/uploads\/2021\/08\/Logo-Compuviper-10.png\",\"width\":1000,\"height\":500,\"caption\":\"Compuviper\"},\"image\":{\"@id\":\"https:\/\/compuviper.mx\/tienda\/#\/schema\/logo\/image\/\"},\"sameAs\":[\"https:\/\/www.facebook.com\/compuviper\",\"https:\/\/www.youtube.com\/channel\/UCf73dERp9Y3cfOq7q8BhLjA?view_as=subscriber\"]}]}<\/script>\n<meta property=\"product:brand\" content=\"TP LINK\" \/>\n<meta property=\"product:price:amount\" content=\"1575\" \/>\n<meta property=\"product:price:currency\" content=\"MXN\" \/>\n<meta property=\"og:availability\" content=\"out of stock\" \/>\n<meta property=\"product:availability\" content=\"out of stock\" \/>\n<meta property=\"product:retailer_item_id\" content=\"OC200\" \/>\n<meta property=\"product:condition\" content=\"new\" \/>\n<!-- \/ Yoast SEO plugin. -->","yoast_head_json":{"title":"[ Tp Link ] &#129351; Oc200 Controladora | Tp-link | | Cloud Omada |2 Rj45 10\/100 Mbps Soporta Poe 802.3af\/802.3at | 1 Usb 2.0 | Micro Usb Administra Hasta 100 Dispositivos Y 1,000 Clientes","description":"Compra Oc200 Controladora | Tp-link | | Cloud Omada |2 Rj45 10\/100 Mbps Soporta Poe 802.3af\/802.3at | 1 Usb 2.0 | Micro Usb Administra Hasta 100 Dispositivos Y 1,000 Clientes + Env\u00edo a domicilio + Pago seguro + Garant\u00eda","robots":{"index":"index","follow":"follow","max-snippet":"max-snippet:-1","max-image-preview":"max-image-preview:large","max-video-preview":"max-video-preview:-1"},"canonical":"https:\/\/compuviper.mx\/tienda\/producto\/tp-link-oc200-controladora-tp-link-cloud-omada-2-rj45-10-100-mbps-soporta-poe-802-3af-802-3at-1-usb-2-0-micro-usb-administra-hasta-100-dispositivos-y-1000-clientes\/","og_locale":"es_MX","og_type":"article","og_title":"[ Tp Link ] &#129351; Oc200 Controladora | Tp-link | | Cloud Omada |2 Rj45 10\/100 Mbps Soporta Poe 802.3af\/802.3at | 1 Usb 2.0 | Micro Usb Administra Hasta 100 Dispositivos Y 1,000 Clientes","og_description":"Compra Oc200 Controladora | Tp-link | | Cloud Omada |2 Rj45 10\/100 Mbps Soporta Poe 802.3af\/802.3at | 1 Usb 2.0 | Micro Usb Administra Hasta 100 Dispositivos Y 1,000 Clientes + Env\u00edo a domicilio + Pago seguro + Garant\u00eda","og_url":"https:\/\/compuviper.mx\/tienda\/producto\/tp-link-oc200-controladora-tp-link-cloud-omada-2-rj45-10-100-mbps-soporta-poe-802-3af-802-3at-1-usb-2-0-micro-usb-administra-hasta-100-dispositivos-y-1000-clientes\/","og_site_name":"Compuviper","article_publisher":"https:\/\/www.facebook.com\/compuviper","og_image":[{"width":200,"height":200,"url":"https:\/\/compuviper.mx\/tienda\/wp-content\/uploads\/2023\/12\/Controladora-tp-link-oc200-cloud-omada-2-rj45-10100-mbps-soporta-poe-802.3af802.3at-1-usb-2.0-micro-usb-administra-hasta-100-dispositivos-y-1000-clientes.jpg","type":"image\/jpeg"}],"twitter_card":"summary_large_image","twitter_misc":{"Precio":"&#36;1,575 con IVA","Availability":"Out of stock"},"schema":{"@context":"https:\/\/schema.org","@graph":[{"@type":"WebPage","@id":"https:\/\/compuviper.mx\/tienda\/producto\/tp-link-oc200-controladora-tp-link-cloud-omada-2-rj45-10-100-mbps-soporta-poe-802-3af-802-3at-1-usb-2-0-micro-usb-administra-hasta-100-dispositivos-y-1000-clientes\/","url":"https:\/\/compuviper.mx\/tienda\/producto\/tp-link-oc200-controladora-tp-link-cloud-omada-2-rj45-10-100-mbps-soporta-poe-802-3af-802-3at-1-usb-2-0-micro-usb-administra-hasta-100-dispositivos-y-1000-clientes\/","name":"[ Tp Link ] &#129351; Oc200 Controladora | Tp-link | | Cloud Omada |2 Rj45 10\/100 Mbps Soporta Poe 802.3af\/802.3at | 1 Usb 2.0 | Micro Usb Administra Hasta 100 Dispositivos Y 1,000 Clientes","isPartOf":{"@id":"https:\/\/compuviper.mx\/tienda\/#website"},"datePublished":"2026-04-18T07:07:13+00:00","dateModified":"2026-04-18T07:07:13+00:00","description":"Compra Oc200 Controladora | Tp-link | | Cloud Omada |2 Rj45 10\/100 Mbps Soporta Poe 802.3af\/802.3at | 1 Usb 2.0 | Micro Usb Administra Hasta 100 Dispositivos Y 1,000 Clientes + Env\u00edo a domicilio + Pago seguro + Garant\u00eda","breadcrumb":{"@id":"https:\/\/compuviper.mx\/tienda\/producto\/tp-link-oc200-controladora-tp-link-cloud-omada-2-rj45-10-100-mbps-soporta-poe-802-3af-802-3at-1-usb-2-0-micro-usb-administra-hasta-100-dispositivos-y-1000-clientes\/#breadcrumb"},"inLanguage":"es-MX","potentialAction":[{"@type":"ReadAction","target":["https:\/\/compuviper.mx\/tienda\/producto\/tp-link-oc200-controladora-tp-link-cloud-omada-2-rj45-10-100-mbps-soporta-poe-802-3af-802-3at-1-usb-2-0-micro-usb-administra-hasta-100-dispositivos-y-1000-clientes\/"]}]},{"@type":"BreadcrumbList","@id":"https:\/\/compuviper.mx\/tienda\/producto\/tp-link-oc200-controladora-tp-link-cloud-omada-2-rj45-10-100-mbps-soporta-poe-802-3af-802-3at-1-usb-2-0-micro-usb-administra-hasta-100-dispositivos-y-1000-clientes\/#breadcrumb","itemListElement":[{"@type":"ListItem","position":1,"name":"Inicio","item":"https:\/\/compuviper.mx\/tienda\/"},{"@type":"ListItem","position":2,"name":"Productos","item":"https:\/\/compuviper.mx\/tienda\/productos\/"},{"@type":"ListItem","position":3,"name":"Redes","item":"https:\/\/compuviper.mx\/tienda\/categoria-producto\/redes\/"},{"@type":"ListItem","position":4,"name":"Controladora De Access Point","item":"https:\/\/compuviper.mx\/tienda\/categoria-producto\/redes\/controladora-de-access-point\/"},{"@type":"ListItem","position":5,"name":"Tp Link Oc200 Controladora | Tp-link | | Cloud Omada |2 Rj45 10\/100 Mbps Soporta Poe 802.3af\/802.3at | 1 Usb 2.0 | Micro Usb Administra Hasta 100 Dispositivos Y 1,000 Clientes"}]},{"@type":"WebSite","@id":"https:\/\/compuviper.mx\/tienda\/#website","url":"https:\/\/compuviper.mx\/tienda\/","name":"Compuviper","description":"Proveedor de Computadoras, Laptops, Servidores, Monitores, Puntos de Venta, Teclados,   Impresoras, T\u00f3ner, C\u00e1maras de Seguridad y m\u00e1s en tu tienda en l\u00ednea","publisher":{"@id":"https:\/\/compuviper.mx\/tienda\/#organization"},"potentialAction":[{"@type":"SearchAction","target":{"@type":"EntryPoint","urlTemplate":"https:\/\/compuviper.mx\/tienda\/?s={search_term_string}"},"query-input":"required name=search_term_string"}],"inLanguage":"es-MX"},{"@type":"Organization","@id":"https:\/\/compuviper.mx\/tienda\/#organization","name":"Compuviper","url":"https:\/\/compuviper.mx\/tienda\/","logo":{"@type":"ImageObject","inLanguage":"es-MX","@id":"https:\/\/compuviper.mx\/tienda\/#\/schema\/logo\/image\/","url":"https:\/\/compuviper.mx\/tienda\/wp-content\/uploads\/2021\/08\/Logo-Compuviper-10.png","contentUrl":"https:\/\/compuviper.mx\/tienda\/wp-content\/uploads\/2021\/08\/Logo-Compuviper-10.png","width":1000,"height":500,"caption":"Compuviper"},"image":{"@id":"https:\/\/compuviper.mx\/tienda\/#\/schema\/logo\/image\/"},"sameAs":["https:\/\/www.facebook.com\/compuviper","https:\/\/www.youtube.com\/channel\/UCf73dERp9Y3cfOq7q8BhLjA?view_as=subscriber"]}]},"product_brand":"TP LINK","product_price_amount":"1575","product_price_currency":"MXN","og_availability":"out of stock","product_availability":"out of stock","product_retailer_item_id":"OC200","product_condition":"new"},"_links":{"self":[{"href":"https:\/\/compuviper.mx\/tienda\/wp-json\/wp\/v2\/product\/220772"}],"collection":[{"href":"https:\/\/compuviper.mx\/tienda\/wp-json\/wp\/v2\/product"}],"about":[{"href":"https:\/\/compuviper.mx\/tienda\/wp-json\/wp\/v2\/types\/product"}],"replies":[{"embeddable":true,"href":"https:\/\/compuviper.mx\/tienda\/wp-json\/wp\/v2\/comments?post=220772"}],"wp:featuredmedia":[{"embeddable":true,"href":"https:\/\/compuviper.mx\/tienda\/wp-json\/wp\/v2\/media\/220773"}],"wp:attachment":[{"href":"https:\/\/compuviper.mx\/tienda\/wp-json\/wp\/v2\/media?parent=220772"}],"wp:term":[{"taxonomy":"product_cat","embeddable":true,"href":"https:\/\/compuviper.mx\/tienda\/wp-json\/wp\/v2\/product_cat?post=220772"},{"taxonomy":"product_tag","embeddable":true,"href":"https:\/\/compuviper.mx\/tienda\/wp-json\/wp\/v2\/product_tag?post=220772"}],"curies":[{"name":"wp","href":"https:\/\/api.w.org\/{rel}","templated":true}]}}