{"id":220748,"date":"2026-04-18T01:07:11","date_gmt":"2026-04-18T07:07:11","guid":{"rendered":"https:\/\/compuviper.mx\/tienda\/producto\/manhattan-560702-switch-gb-8-ptos-blanco-mh\/"},"modified":"2026-04-18T01:07:11","modified_gmt":"2026-04-18T07:07:11","slug":"manhattan-560702-switch-gb-8-ptos-blanco-mh","status":"publish","type":"product","link":"https:\/\/compuviper.mx\/tienda\/producto\/manhattan-560702-switch-gb-8-ptos-blanco-mh\/","title":{"rendered":"Manhattan 560702 Switch,,, Gb 8 Ptos Blanco Mh"},"content":{"rendered":"<table class=\"descripcion\">\n<tr>\n<td>Est\u00e1ndar<\/td>\n<\/tr>\n<tr>\n<td>Ieee 802.3 (10base-t ethernet)<\/td>\n<\/tr>\n<tr>\n<td>Ieee 802.3u (100base-tx fast ethernet)<\/td>\n<\/tr>\n<tr>\n<td>Ieee 802.3ab (gigabit ethernet)<\/td>\n<\/tr>\n<tr>\n<td>Ieee 802.3x (control de flujo y backpressure)<\/td>\n<\/tr>\n<tr>\n<td>Ieee 802.3az (energy efficient ethernet)<\/td>\n<\/tr>\n<tr>\n<td>General<\/td>\n<\/tr>\n<tr>\n<td>Puertos: 8 puertos 10\/100\/1000 mbps nway interruptor t<\/td>\n<\/tr>\n<tr>\n<td>Cable: cat3, 4, 5 utp\/stp<\/td>\n<\/tr>\n<tr>\n<td>Modo bidireccional: todos los puertos (hasta 200 mbps)<\/td>\n<\/tr>\n<tr>\n<td>Uplink: todos los puertos auto mdi\/mdx (auto uplink)<\/td>\n<\/tr>\n<tr>\n<td>Arquitectura del switch: switch con tecnolog\u00eda de almacenaje y env\u00edo<\/td>\n<\/tr>\n<tr>\n<td>Filtro\/tasa de env\u00edo<\/td>\n<\/tr>\n<tr>\n<td>&#8211; 10baset: 14,880 pps (paquetes por segundo)<\/td>\n<\/tr>\n<tr>\n<td>&#8211; 100base-tx: 148,800 pps (paquetes por segundo)<\/td>\n<\/tr>\n<tr>\n<td>&#8211; 1000base-t: 1,488,000 pps (paquetes por segundo)<\/td>\n<\/tr>\n<tr>\n<td>Tabla de direcciones mac: 2048 entradas<\/td>\n<\/tr>\n<tr>\n<td>Memoria b\u00fafer: 256 kbytes<\/td>\n<\/tr>\n<tr>\n<td>Soporte de tramas jumbo: 9 kb<\/td>\n<\/tr>\n<tr>\n<td>Velocidad backplane \/ estructura switch: 16 gbps<\/td>\n<\/tr>\n<tr>\n<td>Certificaciones: fcc clase b, marca ce, rohs<\/td>\n<\/tr>\n<tr>\n<td>Leds<\/td>\n<\/tr>\n<tr>\n<td>Alimentaci\u00f3n<\/td>\n<\/tr>\n<tr>\n<td>Enlace\/ actividad<\/td>\n<\/tr>\n<tr>\n<td>Alimentaci\u00f3n<\/td>\n<\/tr>\n<tr>\n<td>Adaptador externo ac: 5 v, 1 a<\/td>\n<\/tr>\n<tr>\n<td>Dise\u00f1o:<\/td>\n<\/tr>\n<tr>\n<td>Dimensiones: 125 (ancho) x 65 (largo) x 22 (altura) mm (4.9 x 2.56 x 0.87 in.)<\/td>\n<\/tr>\n<tr>\n<td>Peso: 0.33 kg (0.73 lbs.)<\/td>\n<\/tr>\n<tr>\n<td>Temperatura de operaci\u00f3n: 0\u00ba c ~ 40\u00ba c<\/td>\n<\/tr>\n<tr>\n<td>Humedad: 10% a 90% (sin condensaci\u00f3n)<\/td>\n<\/tr>\n<tr>\n<td>Contenido del paquete<\/td>\n<\/tr>\n<tr>\n<td>Switch de escritorio gigabit ethernet de 8 puertos<\/td>\n<\/tr>\n<tr>\n<td>Adaptador de corriente<\/td>\n<\/tr>\n<tr>\n<td>Manual del usuario<\/td>\n<\/tr>\n<\/table>\n","protected":false},"excerpt":{"rendered":"<p>Agregue f\u00e1cilmente los dispositivos ethernet para su red dom\u00e9stica o de oficina a velocidades gigabit. El switch ethernet gigabit de 8 puertos manhattan es perfecto para la oficina en casa o el uso del sistema de entretenimiento, as\u00ed como muchas aplicaciones de oficina.Peque\u00f1o, potente y confiable, este switch gigabit ethernet es f\u00e1cil de instalar y permite conectar hasta ocho dispositivos &#8211; computadoras, consolas de videojuegos, impresoras en red, media streamers, soluciones de almacenamiento conectado a red, televisores inteligentes que corran a velocidades de hasta 1000 mbps (1 gigabit) a trav\u00e9s de cables cat5e o cat6. Las caracter\u00edsticas de este switch hacen la instalaci\u00f3n plug and play sin complicaciones. Adem\u00e1s tiene la tecnolog\u00eda green ethernet lo que le permite controlar el uso de energ\u00eda y apagar puertos no utilizados para ahorrar electricidad. Switch gigabit ethernet de 8 puertos ampl\u00eda su red en un instante. Instalaci\u00f3n sencilla plug-and-play &#8211; tan s\u00f3lo con\u00e9ctelo y comience a usarlo. Ocho puertos 10\/100\/1000 de detecci\u00f3n autom\u00e1tica detectan autom\u00e1ticamente la velocidad \u00f3ptima de la red. Alto desempe\u00f1o, half y full d\u00faplex, sin p\u00e9rdida de paquetes. La funci\u00f3n green ethernet desactiva el consumo de corriente en los puertos no utilizados. Soporta cualquier combinaci\u00f3n de dispositivos de red 10 mbps, 100 mbps \u00f3 1 gbps. Ultra-compacto, dise\u00f1o sin ventilador ideal para aplicaciones del hogar y de la oficina. Arquitectura de intercambio de almacenaje y env\u00edo<\/p>\n","protected":false},"featured_media":220749,"comment_status":"open","ping_status":"open","template":"","meta":[],"product_cat":[1563,1564],"product_tag":[1487],"acf":[],"yoast_head":"<!-- This site is optimized with the Yoast SEO plugin v21.7 - https:\/\/yoast.com\/wordpress\/plugins\/seo\/ -->\n<title>[ Manhattan ] &#129351; 560702 Switch,,, Gb 8 Ptos Blanco Mh<\/title>\n<meta name=\"description\" content=\"Compra 560702 Switch,,, Gb 8 Ptos Blanco Mh + Env\u00edo a domicilio + Pago seguro + Garant\u00eda\" \/>\n<meta name=\"robots\" content=\"index, follow, max-snippet:-1, max-image-preview:large, max-video-preview:-1\" \/>\n<link rel=\"canonical\" href=\"https:\/\/compuviper.mx\/tienda\/producto\/manhattan-560702-switch-gb-8-ptos-blanco-mh\/\" \/>\n<meta property=\"og:locale\" content=\"es_MX\" \/>\n<meta property=\"og:type\" content=\"article\" \/>\n<meta property=\"og:title\" content=\"[ Manhattan ] &#129351; 560702 Switch,,, Gb 8 Ptos Blanco Mh\" \/>\n<meta property=\"og:description\" content=\"Compra 560702 Switch,,, Gb 8 Ptos Blanco Mh + Env\u00edo a domicilio + Pago seguro + Garant\u00eda\" \/>\n<meta property=\"og:url\" content=\"https:\/\/compuviper.mx\/tienda\/producto\/manhattan-560702-switch-gb-8-ptos-blanco-mh\/\" \/>\n<meta property=\"og:site_name\" content=\"Compuviper\" \/>\n<meta property=\"article:publisher\" content=\"https:\/\/www.facebook.com\/compuviper\" \/>\n<meta property=\"og:image\" content=\"https:\/\/compuviper.mx\/tienda\/wp-content\/uploads\/2023\/12\/Switchmanhattan560702-gb-8-ptos-blanco-mh.jpg\" \/>\n\t<meta property=\"og:image:width\" content=\"200\" \/>\n\t<meta property=\"og:image:height\" content=\"200\" \/>\n\t<meta property=\"og:image:type\" content=\"image\/jpeg\" \/>\n<meta name=\"twitter:card\" content=\"summary_large_image\" \/>\n<meta name=\"twitter:label1\" content=\"Precio\" \/>\n\t<meta name=\"twitter:data1\" content=\"&#36;425 con IVA\" \/>\n\t<meta name=\"twitter:label2\" content=\"Availability\" \/>\n\t<meta name=\"twitter:data2\" content=\"On backorder\" \/>\n<script type=\"application\/ld+json\" class=\"yoast-schema-graph\">{\"@context\":\"https:\/\/schema.org\",\"@graph\":[{\"@type\":\"WebPage\",\"@id\":\"https:\/\/compuviper.mx\/tienda\/producto\/manhattan-560702-switch-gb-8-ptos-blanco-mh\/\",\"url\":\"https:\/\/compuviper.mx\/tienda\/producto\/manhattan-560702-switch-gb-8-ptos-blanco-mh\/\",\"name\":\"[ Manhattan ] &#129351; 560702 Switch,,, Gb 8 Ptos Blanco Mh\",\"isPartOf\":{\"@id\":\"https:\/\/compuviper.mx\/tienda\/#website\"},\"datePublished\":\"2026-04-18T07:07:11+00:00\",\"dateModified\":\"2026-04-18T07:07:11+00:00\",\"description\":\"Compra 560702 Switch,,, Gb 8 Ptos Blanco Mh + Env\u00edo a domicilio + Pago seguro + Garant\u00eda\",\"breadcrumb\":{\"@id\":\"https:\/\/compuviper.mx\/tienda\/producto\/manhattan-560702-switch-gb-8-ptos-blanco-mh\/#breadcrumb\"},\"inLanguage\":\"es-MX\",\"potentialAction\":[{\"@type\":\"ReadAction\",\"target\":[\"https:\/\/compuviper.mx\/tienda\/producto\/manhattan-560702-switch-gb-8-ptos-blanco-mh\/\"]}]},{\"@type\":\"BreadcrumbList\",\"@id\":\"https:\/\/compuviper.mx\/tienda\/producto\/manhattan-560702-switch-gb-8-ptos-blanco-mh\/#breadcrumb\",\"itemListElement\":[{\"@type\":\"ListItem\",\"position\":1,\"name\":\"Inicio\",\"item\":\"https:\/\/compuviper.mx\/tienda\/\"},{\"@type\":\"ListItem\",\"position\":2,\"name\":\"Productos\",\"item\":\"https:\/\/compuviper.mx\/tienda\/productos\/\"},{\"@type\":\"ListItem\",\"position\":3,\"name\":\"Redes\",\"item\":\"https:\/\/compuviper.mx\/tienda\/categoria-producto\/redes\/\"},{\"@type\":\"ListItem\",\"position\":4,\"name\":\"Switch\",\"item\":\"https:\/\/compuviper.mx\/tienda\/categoria-producto\/redes\/switch\/\"},{\"@type\":\"ListItem\",\"position\":5,\"name\":\"Manhattan 560702 Switch,,, Gb 8 Ptos Blanco Mh\"}]},{\"@type\":\"WebSite\",\"@id\":\"https:\/\/compuviper.mx\/tienda\/#website\",\"url\":\"https:\/\/compuviper.mx\/tienda\/\",\"name\":\"Compuviper\",\"description\":\"Proveedor de Computadoras, Laptops, Servidores, Monitores, Puntos de Venta, Teclados,   Impresoras, T\u00f3ner, C\u00e1maras de Seguridad y m\u00e1s en tu tienda en l\u00ednea\",\"publisher\":{\"@id\":\"https:\/\/compuviper.mx\/tienda\/#organization\"},\"potentialAction\":[{\"@type\":\"SearchAction\",\"target\":{\"@type\":\"EntryPoint\",\"urlTemplate\":\"https:\/\/compuviper.mx\/tienda\/?s={search_term_string}\"},\"query-input\":\"required name=search_term_string\"}],\"inLanguage\":\"es-MX\"},{\"@type\":\"Organization\",\"@id\":\"https:\/\/compuviper.mx\/tienda\/#organization\",\"name\":\"Compuviper\",\"url\":\"https:\/\/compuviper.mx\/tienda\/\",\"logo\":{\"@type\":\"ImageObject\",\"inLanguage\":\"es-MX\",\"@id\":\"https:\/\/compuviper.mx\/tienda\/#\/schema\/logo\/image\/\",\"url\":\"https:\/\/compuviper.mx\/tienda\/wp-content\/uploads\/2021\/08\/Logo-Compuviper-10.png\",\"contentUrl\":\"https:\/\/compuviper.mx\/tienda\/wp-content\/uploads\/2021\/08\/Logo-Compuviper-10.png\",\"width\":1000,\"height\":500,\"caption\":\"Compuviper\"},\"image\":{\"@id\":\"https:\/\/compuviper.mx\/tienda\/#\/schema\/logo\/image\/\"},\"sameAs\":[\"https:\/\/www.facebook.com\/compuviper\",\"https:\/\/www.youtube.com\/channel\/UCf73dERp9Y3cfOq7q8BhLjA?view_as=subscriber\"]}]}<\/script>\n<meta property=\"product:brand\" content=\"MANHATTAN\" \/>\n<meta property=\"product:price:amount\" content=\"425\" \/>\n<meta property=\"product:price:currency\" content=\"MXN\" \/>\n<meta property=\"og:availability\" content=\"backorder\" \/>\n<meta property=\"product:availability\" content=\"available for order\" \/>\n<meta property=\"product:retailer_item_id\" content=\"560702\" \/>\n<meta property=\"product:condition\" content=\"new\" \/>\n<!-- \/ Yoast SEO plugin. -->","yoast_head_json":{"title":"[ Manhattan ] &#129351; 560702 Switch,,, Gb 8 Ptos Blanco Mh","description":"Compra 560702 Switch,,, Gb 8 Ptos Blanco Mh + Env\u00edo a domicilio + Pago seguro + Garant\u00eda","robots":{"index":"index","follow":"follow","max-snippet":"max-snippet:-1","max-image-preview":"max-image-preview:large","max-video-preview":"max-video-preview:-1"},"canonical":"https:\/\/compuviper.mx\/tienda\/producto\/manhattan-560702-switch-gb-8-ptos-blanco-mh\/","og_locale":"es_MX","og_type":"article","og_title":"[ Manhattan ] &#129351; 560702 Switch,,, Gb 8 Ptos Blanco Mh","og_description":"Compra 560702 Switch,,, Gb 8 Ptos Blanco Mh + Env\u00edo a domicilio + Pago seguro + Garant\u00eda","og_url":"https:\/\/compuviper.mx\/tienda\/producto\/manhattan-560702-switch-gb-8-ptos-blanco-mh\/","og_site_name":"Compuviper","article_publisher":"https:\/\/www.facebook.com\/compuviper","og_image":[{"width":200,"height":200,"url":"https:\/\/compuviper.mx\/tienda\/wp-content\/uploads\/2023\/12\/Switchmanhattan560702-gb-8-ptos-blanco-mh.jpg","type":"image\/jpeg"}],"twitter_card":"summary_large_image","twitter_misc":{"Precio":"&#36;425 con IVA","Availability":"On backorder"},"schema":{"@context":"https:\/\/schema.org","@graph":[{"@type":"WebPage","@id":"https:\/\/compuviper.mx\/tienda\/producto\/manhattan-560702-switch-gb-8-ptos-blanco-mh\/","url":"https:\/\/compuviper.mx\/tienda\/producto\/manhattan-560702-switch-gb-8-ptos-blanco-mh\/","name":"[ Manhattan ] &#129351; 560702 Switch,,, Gb 8 Ptos Blanco Mh","isPartOf":{"@id":"https:\/\/compuviper.mx\/tienda\/#website"},"datePublished":"2026-04-18T07:07:11+00:00","dateModified":"2026-04-18T07:07:11+00:00","description":"Compra 560702 Switch,,, Gb 8 Ptos Blanco Mh + Env\u00edo a domicilio + Pago seguro + Garant\u00eda","breadcrumb":{"@id":"https:\/\/compuviper.mx\/tienda\/producto\/manhattan-560702-switch-gb-8-ptos-blanco-mh\/#breadcrumb"},"inLanguage":"es-MX","potentialAction":[{"@type":"ReadAction","target":["https:\/\/compuviper.mx\/tienda\/producto\/manhattan-560702-switch-gb-8-ptos-blanco-mh\/"]}]},{"@type":"BreadcrumbList","@id":"https:\/\/compuviper.mx\/tienda\/producto\/manhattan-560702-switch-gb-8-ptos-blanco-mh\/#breadcrumb","itemListElement":[{"@type":"ListItem","position":1,"name":"Inicio","item":"https:\/\/compuviper.mx\/tienda\/"},{"@type":"ListItem","position":2,"name":"Productos","item":"https:\/\/compuviper.mx\/tienda\/productos\/"},{"@type":"ListItem","position":3,"name":"Redes","item":"https:\/\/compuviper.mx\/tienda\/categoria-producto\/redes\/"},{"@type":"ListItem","position":4,"name":"Switch","item":"https:\/\/compuviper.mx\/tienda\/categoria-producto\/redes\/switch\/"},{"@type":"ListItem","position":5,"name":"Manhattan 560702 Switch,,, Gb 8 Ptos Blanco Mh"}]},{"@type":"WebSite","@id":"https:\/\/compuviper.mx\/tienda\/#website","url":"https:\/\/compuviper.mx\/tienda\/","name":"Compuviper","description":"Proveedor de Computadoras, Laptops, Servidores, Monitores, Puntos de Venta, Teclados,   Impresoras, T\u00f3ner, C\u00e1maras de Seguridad y m\u00e1s en tu tienda en l\u00ednea","publisher":{"@id":"https:\/\/compuviper.mx\/tienda\/#organization"},"potentialAction":[{"@type":"SearchAction","target":{"@type":"EntryPoint","urlTemplate":"https:\/\/compuviper.mx\/tienda\/?s={search_term_string}"},"query-input":"required name=search_term_string"}],"inLanguage":"es-MX"},{"@type":"Organization","@id":"https:\/\/compuviper.mx\/tienda\/#organization","name":"Compuviper","url":"https:\/\/compuviper.mx\/tienda\/","logo":{"@type":"ImageObject","inLanguage":"es-MX","@id":"https:\/\/compuviper.mx\/tienda\/#\/schema\/logo\/image\/","url":"https:\/\/compuviper.mx\/tienda\/wp-content\/uploads\/2021\/08\/Logo-Compuviper-10.png","contentUrl":"https:\/\/compuviper.mx\/tienda\/wp-content\/uploads\/2021\/08\/Logo-Compuviper-10.png","width":1000,"height":500,"caption":"Compuviper"},"image":{"@id":"https:\/\/compuviper.mx\/tienda\/#\/schema\/logo\/image\/"},"sameAs":["https:\/\/www.facebook.com\/compuviper","https:\/\/www.youtube.com\/channel\/UCf73dERp9Y3cfOq7q8BhLjA?view_as=subscriber"]}]},"product_brand":"MANHATTAN","product_price_amount":"425","product_price_currency":"MXN","og_availability":"backorder","product_availability":"available for order","product_retailer_item_id":"560702","product_condition":"new"},"_links":{"self":[{"href":"https:\/\/compuviper.mx\/tienda\/wp-json\/wp\/v2\/product\/220748"}],"collection":[{"href":"https:\/\/compuviper.mx\/tienda\/wp-json\/wp\/v2\/product"}],"about":[{"href":"https:\/\/compuviper.mx\/tienda\/wp-json\/wp\/v2\/types\/product"}],"replies":[{"embeddable":true,"href":"https:\/\/compuviper.mx\/tienda\/wp-json\/wp\/v2\/comments?post=220748"}],"wp:featuredmedia":[{"embeddable":true,"href":"https:\/\/compuviper.mx\/tienda\/wp-json\/wp\/v2\/media\/220749"}],"wp:attachment":[{"href":"https:\/\/compuviper.mx\/tienda\/wp-json\/wp\/v2\/media?parent=220748"}],"wp:term":[{"taxonomy":"product_cat","embeddable":true,"href":"https:\/\/compuviper.mx\/tienda\/wp-json\/wp\/v2\/product_cat?post=220748"},{"taxonomy":"product_tag","embeddable":true,"href":"https:\/\/compuviper.mx\/tienda\/wp-json\/wp\/v2\/product_tag?post=220748"}],"curies":[{"name":"wp","href":"https:\/\/api.w.org\/{rel}","templated":true}]}}