{"id":220724,"date":"2026-04-11T01:02:10","date_gmt":"2026-04-11T07:02:10","guid":{"rendered":"https:\/\/compuviper.mx\/tienda\/producto\/tp-link-cpe610-access-point-tp-link-inalambrico-antena-para-exterior-direccional-23dbi-5ghz-300mbps-modos-ap-cliente-repetidor-ap-router-ap-cliente-router-wisp-1-rj45-10-100-poe-pasivo-inc\/"},"modified":"2026-04-11T01:02:11","modified_gmt":"2026-04-11T07:02:11","slug":"tp-link-cpe610-access-point-tp-link-inalambrico-antena-para-exterior-direccional-23dbi-5ghz-300mbps-modos-ap-cliente-repetidor-ap-router-ap-cliente-router-wisp-1-rj45-10-100-poe-pasivo-inc","status":"publish","type":"product","link":"https:\/\/compuviper.mx\/tienda\/producto\/tp-link-cpe610-access-point-tp-link-inalambrico-antena-para-exterior-direccional-23dbi-5ghz-300mbps-modos-ap-cliente-repetidor-ap-router-ap-cliente-router-wisp-1-rj45-10-100-poe-pasivo-inc\/","title":{"rendered":"Tp Link Cpe610 Access Point |tp-link |  | Inalambrico | Antena Para Exterior Direccional 23dbi 5ghz 300mbps Modos Ap\/cliente\/repetidor \/ap Router\/ Ap Cliente Router Wisp 1 Rj45 10\/100 | Poe Pasivo Incluido"},"content":{"rendered":"<table class=\"descripcion\">\n<tr>\n<td>Funciones de software<\/td>\n<\/tr>\n<tr>\n<td>Modos de funcionamiento ap \/ cliente \/ bridge \/ repeater \/ ap router \/ ap client router (cliente wisp)<\/td>\n<\/tr>\n<tr>\n<td>Configuraci\u00f3n de red wan: est\u00e1tico \/ din\u00e1mico \/ pppoe \/ l2tp \/ pptp<\/td>\n<\/tr>\n<tr>\n<td>Lan: est\u00e1tico \/ din\u00e1mico \/ dhcp<\/td>\n<\/tr>\n<tr>\n<td>Reenv\u00edo: dmz \/ alg \/ upnp \/ servidor virtual \/ disparador de puerto<\/td>\n<\/tr>\n<tr>\n<td>Seguridad: spi firewall \/ ping prohibido \/ vpn \/ dos protection<\/td>\n<\/tr>\n<tr>\n<td>Control de acceso<\/td>\n<\/tr>\n<tr>\n<td>Enrutamiento estatico<\/td>\n<\/tr>\n<tr>\n<td>Control de ancho de banda<\/td>\n<\/tr>\n<tr>\n<td>Encuadernaci\u00f3n ip y mac<\/td>\n<\/tr>\n<tr>\n<td>Configuraciones inal\u00e1mbricas tecnolog\u00eda pharos maxtream tdma<\/td>\n<\/tr>\n<tr>\n<td>Ancho de canal seleccionable: 5\/10\/20 \/ 40mhz<\/td>\n<\/tr>\n<tr>\n<td>Selecci\u00f3n autom\u00e1tica de canal<\/td>\n<\/tr>\n<tr>\n<td>Transmitir control de potencia<\/td>\n<\/tr>\n<tr>\n<td>Selecci\u00f3n din\u00e1mica de frecuencia (dfs)<\/td>\n<\/tr>\n<tr>\n<td>Wds enable \/ disable<\/td>\n<\/tr>\n<tr>\n<td>Seguridad: cifrado wpa \/ wpa2, wpa-psk \/ wpa2-psk (aes \/ tkip),<\/td>\n<\/tr>\n<tr>\n<td>Encriptaci\u00f3n wep de 64\/128\/152-bit<\/td>\n<\/tr>\n<tr>\n<td>Ssid broadcast enable \/ disable<\/td>\n<\/tr>\n<tr>\n<td>Multi-ssid con etiquetado de vlan (solo modo ap)<\/td>\n<\/tr>\n<tr>\n<td>Ajuste de tiempo de distancia \/ ack<\/td>\n<\/tr>\n<tr>\n<td>Filtro direcci\u00f3n mac in\u00e1lambrico<\/td>\n<\/tr>\n<tr>\n<td>Inal\u00e1mbrica avanzada:<\/td>\n<\/tr>\n<tr>\n<td>Intervalo de baliza \/ umbral de rts \/ umbral de fragmentaci\u00f3n \/ intervalo dtim \/ aislamiento ap \/ corto gi \/ wi-fi multimedia<\/td>\n<\/tr>\n<tr>\n<td>Gesti\u00f3n de descubrimiento y gesti\u00f3n remota a trav\u00e9s de la aplicaci\u00f3n pharos control<\/td>\n<\/tr>\n<tr>\n<td>Http \/ https administraci\u00f3n basada en web<\/td>\n<\/tr>\n<tr>\n<td>Registro del sistema<\/td>\n<\/tr>\n<tr>\n<td>Agente snmp (v2c)<\/td>\n<\/tr>\n<tr>\n<td>Ping watch dog<\/td>\n<\/tr>\n<tr>\n<td>Ddns din\u00e1mico<\/td>\n<\/tr>\n<tr>\n<td>Servidor ssh<\/td>\n<\/tr>\n<tr>\n<td>Indicadores de herramientas del sistema: intensidad de la se\u00f1al \/ ruido \/ transmisi\u00f3n ccq \/ cpu \/ memoria<\/td>\n<\/tr>\n<tr>\n<td>Monitores: rendimiento \/ estaciones \/ interfaces \/ arp \/ rutas \/ wan \/ dhcp<\/td>\n<\/tr>\n<tr>\n<td>Analizador de espectro<\/td>\n<\/tr>\n<tr>\n<td>Prueba de velocidad<\/td>\n<\/tr>\n<tr>\n<td>Silbido<\/td>\n<\/tr>\n<tr>\n<td>Traceroute<\/td>\n<\/tr>\n<tr>\n<td>Optimizaciones a nivel de sistema optimizado igmp snooping \/ proxy para aplicaciones de multidifusi\u00f3n<\/td>\n<\/tr>\n<tr>\n<td>Reloj de hardware<\/td>\n<\/tr>\n<tr>\n<td>Otros<\/td>\n<\/tr>\n<tr>\n<td>Certificaci\u00f3n ce, fcc, rohs, ip65<\/td>\n<\/tr>\n<tr>\n<td>Contenido del paquete cpe inal\u00e1mbrico para exteriores<\/td>\n<\/tr>\n<tr>\n<td>Adaptador pasivo poe 24v 0.5a<\/td>\n<\/tr>\n<tr>\n<td>Correas de montaje de poste<\/td>\n<\/tr>\n<tr>\n<td>Cable de alimentaci\u00f3n de ca<\/td>\n<\/tr>\n<tr>\n<td>Gu\u00eda de instalaci\u00f3n<\/td>\n<\/tr>\n<tr>\n<td>Requisitos del sistema microsoft windows 98se, nt, 2000, xp, vista \u0099 o windows 10, windows 8, windows 7, sistema operativo mac, netware, unix o linux.<\/td>\n<\/tr>\n<tr>\n<td>Nota: le recomendamos que use uno de los siguientes navegadores web para una experiencia de usuario mejorada: google chrome, safari y firefox. los navegadores ie no son recomendados.<\/td>\n<\/tr>\n<tr>\n<td>Temperatura de funcionamiento del ambiente: -40  and #8451; ~ 70  and #8451; (-40  and #8457; ~ 158  and #8457;)<\/td>\n<\/tr>\n<tr>\n<td>Temperatura de almacenamiento: -40  and #8451; ~ 70  and #8451; (-40  and #8457; ~ 158  and #8457;)<\/td>\n<\/tr>\n<tr>\n<td>Humedad de funcionamiento: 10% ~ 90% sin condensaci\u00f3n<\/td>\n<\/tr>\n<tr>\n<td>Humedad de almacenamiento: 5% ~ 95% sin condensaci\u00f3n<\/td>\n<\/tr>\n<\/table>\n","protected":false},"excerpt":{"rendered":"<p>Hasta 300mbps en velocidades de datos inal\u00e1mbricas de 5ghz. Antena 23dbi de alta ganancia direccional 2 \u00d7 2 mimo y un reflector met\u00e1lico dedicado, ideal para aplicaciones de larga distancia. Excelente directividad del haz, latencia mejorada y cancelaci\u00f3n de ruido. Las innovadoras piezas de cierre r\u00e1pido hacen que el ensamblaje sea r\u00e1pido y su robusto dise\u00f1o estructural mantiene estable al cpe610 incluso con vientos fuertes. La duradera carcasa ip65 resistente a la intemperie junto con 15 kv esd y protecci\u00f3n contra rayos de 6 kv garantiza la idoneidad para cualquier clima. La tecnolog\u00eda tp-link pharos maxtream tdma mejora el rendimiento, la capacidad y el rendimiento de latencia. Pharos control brinda a los administradores un sistema de administraci\u00f3n centralizado y gratuito. Modos de operaci\u00f3n ap \/ cliente \/ puente \/ repetidor \/ enrutador ap \/ enrutador cliente ap (wisp. Pasivo poe compatible para permitir una implementaci\u00f3n flexible y una instalaci\u00f3n conveniente. 2 \u00d7 2 mimo maxtream tdma. Antena direccional de 23dbi y estabilidad estructural profesional para transmisi\u00f3n wi-fi de larga distancia al aire libre. Profesional-est\u00e1ndar 23dbi direccional, antena para transmisi\u00f3n inal\u00e1mbrica de largo alcance. Con antena de cassegrain mimo 2 \u00d7 2 direccional de alta ganancia de 23dbi y reflector de metal dedicado, el cpe610 proporciona una excelente directividad del haz, latencia mejorada e inmunidad al ruido. El rendimiento profesional, junto con un dise\u00f1o f\u00e1cil de usar, hace que el cpe610 de 23 gbps a 300mbps a 5 ghz sea una opci\u00f3n ideal y una soluci\u00f3n rentable para aplicaciones de redes inal\u00e1mbricas en exteriores. Pharos control &#8211; sistema de gesti\u00f3n centralizado. El cpe610 viene equipado con el software de administraci\u00f3n centralizada pharos control, que ayuda a los usuarios a administrar f\u00e1cilmente todos los dispositivos en su red desde una sola pc. Las funciones incluyen la detecci\u00f3n del dispositivo, la supervisi\u00f3n del estado, la actualizaci\u00f3n del firmware y el mantenimiento de la red. Una interfaz intuitiva basada en la web, pharos, proporciona un m\u00e9todo de gesti\u00f3n alternativo y permite a los profesionales acceder a configuraciones m\u00e1s detalladas.<\/p>\n","protected":false},"featured_media":220725,"comment_status":"open","ping_status":"open","template":"","meta":[],"product_cat":[1563,1754],"product_tag":[1562],"acf":[],"yoast_head":"<!-- This site is optimized with the Yoast SEO plugin v21.7 - https:\/\/yoast.com\/wordpress\/plugins\/seo\/ -->\n<title>[ Tp Link ] &#129351; Cpe610 Access Point |tp-link | | Inalambrico | Antena Para Exterior Direccional 23dbi 5ghz 300mbps Modos Ap\/cliente\/repetidor \/ap Router\/ Ap Cliente Router Wisp 1 Rj45 10\/100 | Poe Pasivo Incluido<\/title>\n<meta name=\"description\" content=\"Compra Cpe610 Access Point |tp-link | | Inalambrico | Antena Para Exterior Direccional 23dbi 5ghz 300mbps Modos Ap\/cliente\/repetidor \/ap Router\/ Ap Cliente Router Wisp 1 Rj45 10\/100 | Poe Pasivo Incluido + Env\u00edo a domicilio + Pago seguro + Garant\u00eda\" \/>\n<meta name=\"robots\" content=\"index, follow, max-snippet:-1, max-image-preview:large, max-video-preview:-1\" \/>\n<link rel=\"canonical\" href=\"https:\/\/compuviper.mx\/tienda\/producto\/tp-link-cpe610-access-point-tp-link-inalambrico-antena-para-exterior-direccional-23dbi-5ghz-300mbps-modos-ap-cliente-repetidor-ap-router-ap-cliente-router-wisp-1-rj45-10-100-poe-pasivo-inc\/\" \/>\n<meta property=\"og:locale\" content=\"es_MX\" \/>\n<meta property=\"og:type\" content=\"article\" \/>\n<meta property=\"og:title\" content=\"[ Tp Link ] &#129351; Cpe610 Access Point |tp-link | | Inalambrico | Antena Para Exterior Direccional 23dbi 5ghz 300mbps Modos Ap\/cliente\/repetidor \/ap Router\/ Ap Cliente Router Wisp 1 Rj45 10\/100 | Poe Pasivo Incluido\" \/>\n<meta property=\"og:description\" content=\"Compra Cpe610 Access Point |tp-link | | Inalambrico | Antena Para Exterior Direccional 23dbi 5ghz 300mbps Modos Ap\/cliente\/repetidor \/ap Router\/ Ap Cliente Router Wisp 1 Rj45 10\/100 | Poe Pasivo Incluido + Env\u00edo a domicilio + Pago seguro + Garant\u00eda\" \/>\n<meta property=\"og:url\" content=\"https:\/\/compuviper.mx\/tienda\/producto\/tp-link-cpe610-access-point-tp-link-inalambrico-antena-para-exterior-direccional-23dbi-5ghz-300mbps-modos-ap-cliente-repetidor-ap-router-ap-cliente-router-wisp-1-rj45-10-100-poe-pasivo-inc\/\" \/>\n<meta property=\"og:site_name\" content=\"Compuviper\" \/>\n<meta property=\"article:publisher\" content=\"https:\/\/www.facebook.com\/compuviper\" \/>\n<meta property=\"article:modified_time\" content=\"2026-04-11T07:02:11+00:00\" \/>\n<meta property=\"og:image\" content=\"https:\/\/compuviper.mx\/tienda\/wp-content\/uploads\/2023\/12\/Access-point-tp-link-cpe610-inalambrico-antena-para-exterior-direccional-23dbi-5ghz-300mbps-modos-apclienterepetidor-ap-router-ap-cliente-router-wisp-1-rj45-10100-poe-pasivo-incluido.jpg\" \/>\n\t<meta property=\"og:image:width\" content=\"200\" \/>\n\t<meta property=\"og:image:height\" content=\"200\" \/>\n\t<meta property=\"og:image:type\" content=\"image\/jpeg\" \/>\n<meta name=\"twitter:card\" content=\"summary_large_image\" \/>\n<meta name=\"twitter:label1\" content=\"Precio\" \/>\n\t<meta name=\"twitter:data1\" content=\"&#36;1,146 con IVA\" \/>\n\t<meta name=\"twitter:label2\" content=\"Availability\" \/>\n\t<meta name=\"twitter:data2\" content=\"Out of stock\" \/>\n<script type=\"application\/ld+json\" class=\"yoast-schema-graph\">{\"@context\":\"https:\/\/schema.org\",\"@graph\":[{\"@type\":\"WebPage\",\"@id\":\"https:\/\/compuviper.mx\/tienda\/producto\/tp-link-cpe610-access-point-tp-link-inalambrico-antena-para-exterior-direccional-23dbi-5ghz-300mbps-modos-ap-cliente-repetidor-ap-router-ap-cliente-router-wisp-1-rj45-10-100-poe-pasivo-inc\/\",\"url\":\"https:\/\/compuviper.mx\/tienda\/producto\/tp-link-cpe610-access-point-tp-link-inalambrico-antena-para-exterior-direccional-23dbi-5ghz-300mbps-modos-ap-cliente-repetidor-ap-router-ap-cliente-router-wisp-1-rj45-10-100-poe-pasivo-inc\/\",\"name\":\"[ Tp Link ] &#129351; Cpe610 Access Point |tp-link | | Inalambrico | Antena Para Exterior Direccional 23dbi 5ghz 300mbps Modos Ap\/cliente\/repetidor \/ap Router\/ Ap Cliente Router Wisp 1 Rj45 10\/100 | Poe Pasivo Incluido\",\"isPartOf\":{\"@id\":\"https:\/\/compuviper.mx\/tienda\/#website\"},\"datePublished\":\"2026-04-11T07:02:10+00:00\",\"dateModified\":\"2026-04-11T07:02:11+00:00\",\"description\":\"Compra Cpe610 Access Point |tp-link | | Inalambrico | Antena Para Exterior Direccional 23dbi 5ghz 300mbps Modos Ap\/cliente\/repetidor \/ap Router\/ Ap Cliente Router Wisp 1 Rj45 10\/100 | Poe Pasivo Incluido + Env\u00edo a domicilio + Pago seguro + Garant\u00eda\",\"breadcrumb\":{\"@id\":\"https:\/\/compuviper.mx\/tienda\/producto\/tp-link-cpe610-access-point-tp-link-inalambrico-antena-para-exterior-direccional-23dbi-5ghz-300mbps-modos-ap-cliente-repetidor-ap-router-ap-cliente-router-wisp-1-rj45-10-100-poe-pasivo-inc\/#breadcrumb\"},\"inLanguage\":\"es-MX\",\"potentialAction\":[{\"@type\":\"ReadAction\",\"target\":[\"https:\/\/compuviper.mx\/tienda\/producto\/tp-link-cpe610-access-point-tp-link-inalambrico-antena-para-exterior-direccional-23dbi-5ghz-300mbps-modos-ap-cliente-repetidor-ap-router-ap-cliente-router-wisp-1-rj45-10-100-poe-pasivo-inc\/\"]}]},{\"@type\":\"BreadcrumbList\",\"@id\":\"https:\/\/compuviper.mx\/tienda\/producto\/tp-link-cpe610-access-point-tp-link-inalambrico-antena-para-exterior-direccional-23dbi-5ghz-300mbps-modos-ap-cliente-repetidor-ap-router-ap-cliente-router-wisp-1-rj45-10-100-poe-pasivo-inc\/#breadcrumb\",\"itemListElement\":[{\"@type\":\"ListItem\",\"position\":1,\"name\":\"Inicio\",\"item\":\"https:\/\/compuviper.mx\/tienda\/\"},{\"@type\":\"ListItem\",\"position\":2,\"name\":\"Productos\",\"item\":\"https:\/\/compuviper.mx\/tienda\/productos\/\"},{\"@type\":\"ListItem\",\"position\":3,\"name\":\"Redes\",\"item\":\"https:\/\/compuviper.mx\/tienda\/categoria-producto\/redes\/\"},{\"@type\":\"ListItem\",\"position\":4,\"name\":\"Access Point\",\"item\":\"https:\/\/compuviper.mx\/tienda\/categoria-producto\/redes\/access-point\/\"},{\"@type\":\"ListItem\",\"position\":5,\"name\":\"Tp Link Cpe610 Access Point |tp-link | | Inalambrico | Antena Para Exterior Direccional 23dbi 5ghz 300mbps Modos Ap\/cliente\/repetidor \/ap Router\/ Ap Cliente Router Wisp 1 Rj45 10\/100 | Poe Pasivo Incluido\"}]},{\"@type\":\"WebSite\",\"@id\":\"https:\/\/compuviper.mx\/tienda\/#website\",\"url\":\"https:\/\/compuviper.mx\/tienda\/\",\"name\":\"Compuviper\",\"description\":\"Proveedor de Computadoras, Laptops, Servidores, Monitores, Puntos de Venta, Teclados,   Impresoras, T\u00f3ner, C\u00e1maras de Seguridad y m\u00e1s en tu tienda en l\u00ednea\",\"publisher\":{\"@id\":\"https:\/\/compuviper.mx\/tienda\/#organization\"},\"potentialAction\":[{\"@type\":\"SearchAction\",\"target\":{\"@type\":\"EntryPoint\",\"urlTemplate\":\"https:\/\/compuviper.mx\/tienda\/?s={search_term_string}\"},\"query-input\":\"required name=search_term_string\"}],\"inLanguage\":\"es-MX\"},{\"@type\":\"Organization\",\"@id\":\"https:\/\/compuviper.mx\/tienda\/#organization\",\"name\":\"Compuviper\",\"url\":\"https:\/\/compuviper.mx\/tienda\/\",\"logo\":{\"@type\":\"ImageObject\",\"inLanguage\":\"es-MX\",\"@id\":\"https:\/\/compuviper.mx\/tienda\/#\/schema\/logo\/image\/\",\"url\":\"https:\/\/compuviper.mx\/tienda\/wp-content\/uploads\/2021\/08\/Logo-Compuviper-10.png\",\"contentUrl\":\"https:\/\/compuviper.mx\/tienda\/wp-content\/uploads\/2021\/08\/Logo-Compuviper-10.png\",\"width\":1000,\"height\":500,\"caption\":\"Compuviper\"},\"image\":{\"@id\":\"https:\/\/compuviper.mx\/tienda\/#\/schema\/logo\/image\/\"},\"sameAs\":[\"https:\/\/www.facebook.com\/compuviper\",\"https:\/\/www.youtube.com\/channel\/UCf73dERp9Y3cfOq7q8BhLjA?view_as=subscriber\"]}]}<\/script>\n<meta property=\"product:brand\" content=\"TP LINK\" \/>\n<meta property=\"product:price:amount\" content=\"1146\" \/>\n<meta property=\"product:price:currency\" content=\"MXN\" \/>\n<meta property=\"og:availability\" content=\"out of stock\" \/>\n<meta property=\"product:availability\" content=\"out of stock\" \/>\n<meta property=\"product:retailer_item_id\" content=\"CPE610\" \/>\n<meta property=\"product:condition\" content=\"new\" \/>\n<!-- \/ Yoast SEO plugin. -->","yoast_head_json":{"title":"[ Tp Link ] &#129351; Cpe610 Access Point |tp-link | | Inalambrico | Antena Para Exterior Direccional 23dbi 5ghz 300mbps Modos Ap\/cliente\/repetidor \/ap Router\/ Ap Cliente Router Wisp 1 Rj45 10\/100 | Poe Pasivo Incluido","description":"Compra Cpe610 Access Point |tp-link | | Inalambrico | Antena Para Exterior Direccional 23dbi 5ghz 300mbps Modos Ap\/cliente\/repetidor \/ap Router\/ Ap Cliente Router Wisp 1 Rj45 10\/100 | Poe Pasivo Incluido + Env\u00edo a domicilio + Pago seguro + Garant\u00eda","robots":{"index":"index","follow":"follow","max-snippet":"max-snippet:-1","max-image-preview":"max-image-preview:large","max-video-preview":"max-video-preview:-1"},"canonical":"https:\/\/compuviper.mx\/tienda\/producto\/tp-link-cpe610-access-point-tp-link-inalambrico-antena-para-exterior-direccional-23dbi-5ghz-300mbps-modos-ap-cliente-repetidor-ap-router-ap-cliente-router-wisp-1-rj45-10-100-poe-pasivo-inc\/","og_locale":"es_MX","og_type":"article","og_title":"[ Tp Link ] &#129351; Cpe610 Access Point |tp-link | | Inalambrico | Antena Para Exterior Direccional 23dbi 5ghz 300mbps Modos Ap\/cliente\/repetidor \/ap Router\/ Ap Cliente Router Wisp 1 Rj45 10\/100 | Poe Pasivo Incluido","og_description":"Compra Cpe610 Access Point |tp-link | | Inalambrico | Antena Para Exterior Direccional 23dbi 5ghz 300mbps Modos Ap\/cliente\/repetidor \/ap Router\/ Ap Cliente Router Wisp 1 Rj45 10\/100 | Poe Pasivo Incluido + Env\u00edo a domicilio + Pago seguro + Garant\u00eda","og_url":"https:\/\/compuviper.mx\/tienda\/producto\/tp-link-cpe610-access-point-tp-link-inalambrico-antena-para-exterior-direccional-23dbi-5ghz-300mbps-modos-ap-cliente-repetidor-ap-router-ap-cliente-router-wisp-1-rj45-10-100-poe-pasivo-inc\/","og_site_name":"Compuviper","article_publisher":"https:\/\/www.facebook.com\/compuviper","article_modified_time":"2026-04-11T07:02:11+00:00","og_image":[{"width":200,"height":200,"url":"https:\/\/compuviper.mx\/tienda\/wp-content\/uploads\/2023\/12\/Access-point-tp-link-cpe610-inalambrico-antena-para-exterior-direccional-23dbi-5ghz-300mbps-modos-apclienterepetidor-ap-router-ap-cliente-router-wisp-1-rj45-10100-poe-pasivo-incluido.jpg","type":"image\/jpeg"}],"twitter_card":"summary_large_image","twitter_misc":{"Precio":"&#36;1,146 con IVA","Availability":"Out of stock"},"schema":{"@context":"https:\/\/schema.org","@graph":[{"@type":"WebPage","@id":"https:\/\/compuviper.mx\/tienda\/producto\/tp-link-cpe610-access-point-tp-link-inalambrico-antena-para-exterior-direccional-23dbi-5ghz-300mbps-modos-ap-cliente-repetidor-ap-router-ap-cliente-router-wisp-1-rj45-10-100-poe-pasivo-inc\/","url":"https:\/\/compuviper.mx\/tienda\/producto\/tp-link-cpe610-access-point-tp-link-inalambrico-antena-para-exterior-direccional-23dbi-5ghz-300mbps-modos-ap-cliente-repetidor-ap-router-ap-cliente-router-wisp-1-rj45-10-100-poe-pasivo-inc\/","name":"[ Tp Link ] &#129351; Cpe610 Access Point |tp-link | | Inalambrico | Antena Para Exterior Direccional 23dbi 5ghz 300mbps Modos Ap\/cliente\/repetidor \/ap Router\/ Ap Cliente Router Wisp 1 Rj45 10\/100 | Poe Pasivo Incluido","isPartOf":{"@id":"https:\/\/compuviper.mx\/tienda\/#website"},"datePublished":"2026-04-11T07:02:10+00:00","dateModified":"2026-04-11T07:02:11+00:00","description":"Compra Cpe610 Access Point |tp-link | | Inalambrico | Antena Para Exterior Direccional 23dbi 5ghz 300mbps Modos Ap\/cliente\/repetidor \/ap Router\/ Ap Cliente Router Wisp 1 Rj45 10\/100 | Poe Pasivo Incluido + Env\u00edo a domicilio + Pago seguro + Garant\u00eda","breadcrumb":{"@id":"https:\/\/compuviper.mx\/tienda\/producto\/tp-link-cpe610-access-point-tp-link-inalambrico-antena-para-exterior-direccional-23dbi-5ghz-300mbps-modos-ap-cliente-repetidor-ap-router-ap-cliente-router-wisp-1-rj45-10-100-poe-pasivo-inc\/#breadcrumb"},"inLanguage":"es-MX","potentialAction":[{"@type":"ReadAction","target":["https:\/\/compuviper.mx\/tienda\/producto\/tp-link-cpe610-access-point-tp-link-inalambrico-antena-para-exterior-direccional-23dbi-5ghz-300mbps-modos-ap-cliente-repetidor-ap-router-ap-cliente-router-wisp-1-rj45-10-100-poe-pasivo-inc\/"]}]},{"@type":"BreadcrumbList","@id":"https:\/\/compuviper.mx\/tienda\/producto\/tp-link-cpe610-access-point-tp-link-inalambrico-antena-para-exterior-direccional-23dbi-5ghz-300mbps-modos-ap-cliente-repetidor-ap-router-ap-cliente-router-wisp-1-rj45-10-100-poe-pasivo-inc\/#breadcrumb","itemListElement":[{"@type":"ListItem","position":1,"name":"Inicio","item":"https:\/\/compuviper.mx\/tienda\/"},{"@type":"ListItem","position":2,"name":"Productos","item":"https:\/\/compuviper.mx\/tienda\/productos\/"},{"@type":"ListItem","position":3,"name":"Redes","item":"https:\/\/compuviper.mx\/tienda\/categoria-producto\/redes\/"},{"@type":"ListItem","position":4,"name":"Access Point","item":"https:\/\/compuviper.mx\/tienda\/categoria-producto\/redes\/access-point\/"},{"@type":"ListItem","position":5,"name":"Tp Link Cpe610 Access Point |tp-link | | Inalambrico | Antena Para Exterior Direccional 23dbi 5ghz 300mbps Modos Ap\/cliente\/repetidor \/ap Router\/ Ap Cliente Router Wisp 1 Rj45 10\/100 | Poe Pasivo Incluido"}]},{"@type":"WebSite","@id":"https:\/\/compuviper.mx\/tienda\/#website","url":"https:\/\/compuviper.mx\/tienda\/","name":"Compuviper","description":"Proveedor de Computadoras, Laptops, Servidores, Monitores, Puntos de Venta, Teclados,   Impresoras, T\u00f3ner, C\u00e1maras de Seguridad y m\u00e1s en tu tienda en l\u00ednea","publisher":{"@id":"https:\/\/compuviper.mx\/tienda\/#organization"},"potentialAction":[{"@type":"SearchAction","target":{"@type":"EntryPoint","urlTemplate":"https:\/\/compuviper.mx\/tienda\/?s={search_term_string}"},"query-input":"required name=search_term_string"}],"inLanguage":"es-MX"},{"@type":"Organization","@id":"https:\/\/compuviper.mx\/tienda\/#organization","name":"Compuviper","url":"https:\/\/compuviper.mx\/tienda\/","logo":{"@type":"ImageObject","inLanguage":"es-MX","@id":"https:\/\/compuviper.mx\/tienda\/#\/schema\/logo\/image\/","url":"https:\/\/compuviper.mx\/tienda\/wp-content\/uploads\/2021\/08\/Logo-Compuviper-10.png","contentUrl":"https:\/\/compuviper.mx\/tienda\/wp-content\/uploads\/2021\/08\/Logo-Compuviper-10.png","width":1000,"height":500,"caption":"Compuviper"},"image":{"@id":"https:\/\/compuviper.mx\/tienda\/#\/schema\/logo\/image\/"},"sameAs":["https:\/\/www.facebook.com\/compuviper","https:\/\/www.youtube.com\/channel\/UCf73dERp9Y3cfOq7q8BhLjA?view_as=subscriber"]}]},"product_brand":"TP LINK","product_price_amount":"1146","product_price_currency":"MXN","og_availability":"out of stock","product_availability":"out of stock","product_retailer_item_id":"CPE610","product_condition":"new"},"_links":{"self":[{"href":"https:\/\/compuviper.mx\/tienda\/wp-json\/wp\/v2\/product\/220724"}],"collection":[{"href":"https:\/\/compuviper.mx\/tienda\/wp-json\/wp\/v2\/product"}],"about":[{"href":"https:\/\/compuviper.mx\/tienda\/wp-json\/wp\/v2\/types\/product"}],"replies":[{"embeddable":true,"href":"https:\/\/compuviper.mx\/tienda\/wp-json\/wp\/v2\/comments?post=220724"}],"wp:featuredmedia":[{"embeddable":true,"href":"https:\/\/compuviper.mx\/tienda\/wp-json\/wp\/v2\/media\/220725"}],"wp:attachment":[{"href":"https:\/\/compuviper.mx\/tienda\/wp-json\/wp\/v2\/media?parent=220724"}],"wp:term":[{"taxonomy":"product_cat","embeddable":true,"href":"https:\/\/compuviper.mx\/tienda\/wp-json\/wp\/v2\/product_cat?post=220724"},{"taxonomy":"product_tag","embeddable":true,"href":"https:\/\/compuviper.mx\/tienda\/wp-json\/wp\/v2\/product_tag?post=220724"}],"curies":[{"name":"wp","href":"https:\/\/api.w.org\/{rel}","templated":true}]}}