{"id":220696,"date":"2026-04-10T00:58:21","date_gmt":"2026-04-10T06:58:21","guid":{"rendered":"https:\/\/compuviper.mx\/tienda\/producto\/tp-link-mw150us-tarjeta-de-red-usb-mercusys-inalambrica-150-mbps-tamano-nano\/"},"modified":"2026-04-10T00:58:21","modified_gmt":"2026-04-10T06:58:21","slug":"tp-link-mw150us-tarjeta-de-red-usb-mercusys-inalambrica-150-mbps-tamano-nano","status":"publish","type":"product","link":"https:\/\/compuviper.mx\/tienda\/producto\/tp-link-mw150us-tarjeta-de-red-usb-mercusys-inalambrica-150-mbps-tamano-nano\/","title":{"rendered":"Tp Link Mw150us Tarjeta De Red Usb Mercusys  Inalambrica 150 Mbps Tamano Nano"},"content":{"rendered":"<table class=\"descripcion\">\n<tr>\n<td>Dimensiones: 0,74 \u00d7 0,58 \u00d7 0,27 pulg. (18,9 \u00d7 14,8 \u00d7 6,85 mm)<\/td>\n<\/tr>\n<tr>\n<td>Interfaces: usb 2.0<\/td>\n<\/tr>\n<tr>\n<td>Tipo de antena: interna<\/td>\n<\/tr>\n<tr>\n<td>Est\u00e1ndares inal\u00e1mbricos: ieee 802.11n, ieee 802.11g, ieee 802.11b<\/td>\n<\/tr>\n<tr>\n<td>Frecuencia: 2,400 &#8211; 2,4835<\/td>\n<\/tr>\n<tr>\n<td>Tasa de se\u00f1al: 11n: hasta 150mbps (din\u00e1mico) \/ 11g: hasta 54mbps (din\u00e1mico) \/ 11b: hasta 11mbps (din\u00e1mico)<\/td>\n<\/tr>\n<tr>\n<td>La sensibilidad de recepci\u00f3n: 130m: -68dbm @ 10% per \/ 108m: -68dbm @ 10% per \/ 54m: -68dbm @ 10% per \/ 11m: -85dbm @ 8% per \/ 6m: -88dbm @ 10% per \/ 1m: -90dbm @ 8% per<\/td>\n<\/tr>\n<tr>\n<td>Certificaciones: ce, rohs<\/td>\n<\/tr>\n<tr>\n<td>Contenidos del paquete: adaptador usb inal\u00e1mbrico n150 nano, gu\u00eda de instalaci\u00f3n r\u00e1pida, cd de recursos<\/td>\n<\/tr>\n<tr>\n<td>Ambiente: temperatura de funcionamiento: ~ 0 and #8304;c 40 and #8304;c (32 and #8304;f ~ 104 and #8304;f) \/ temperatura de almacenamiento: -40 and #8304;c ~ 70 and #8304;c (-40 and #8304;f ~ 158 and #8304;f) \/ humedad de funcionamiento: 10% ~ 90% sin condensaci\u00f3n \/ humedad de almacenamiento: 5% ~ 90% sin condensaci\u00f3n<\/td>\n<\/tr>\n<tr>\n<td>Poder de transmisi\u00f3n:  20 dbm<\/td>\n<\/tr>\n<tr>\n<td>Seguridad inal\u00e1mbrica: wep, wpa \/ wpa2, wpa-psk \/ wpa2-psk<\/td>\n<\/tr>\n<tr>\n<td>Requisitos del sistema: ventanas 8.1 \/ 8\/7 \/ xp (32 \/ 64bit)<\/td>\n<\/tr>\n<\/table>\n","protected":false},"excerpt":{"rendered":"<p>Adaptador usb inal\u00e1mbrico n150 nano mw150us. * soluci\u00f3n compacta, f\u00e1cil de hacer que su dispositivo inal\u00e1mbrico. * perfecto para aplicaciones de internet esenciales como la navegaci\u00f3n web, correo electr\u00f3nico y el chat. * es compatible con windows 8.1 \/ 8\/7 \/ xp (32 \/ 64bit. Tama\u00f1o miniatura: con su dise\u00f1o ultra-compacto, el mw150us es muy conveniente para su uso tanto en casa como en la carretera. Todo lo que necesita hacer es conectar este adaptador miniatura al puerto usb de un ordenador. A continuaci\u00f3n, puede dejarlo enchufado sin preocuparse de que se caiga o se pierda. Uso compartido de red inal\u00e1mbrica: la funci\u00f3n soft ap permite al mw150us a girar inmediatamente a su pc o port\u00e1til en un hotspot wi-fi si est\u00e1 utilizando una conexi\u00f3n cableada existente. Sus dispositivos m\u00f3viles, como tel\u00e9fonos inteligentes y tabletas, se pueden conectar a una red inal\u00e1mbrica a 150 mbps de alto rendimiento. Este adaptador miniatura puede alcanzar velocidades inal\u00e1mbricas de hasta 150 mbps, lo que es ideal para las descargas de archivos r\u00e1pidas y estables llamadas por internet. El mw150us es compatible con windows 8.1 \/ 8\/7 \/ xp sistemas operativos, por lo que es m\u00e1s f\u00e1cil que nunca para sus ordenadores para acceder a internet.<\/p>\n","protected":false},"featured_media":220697,"comment_status":"open","ping_status":"open","template":"","meta":[],"product_cat":[1563,1572],"product_tag":[1562],"acf":[],"yoast_head":"<!-- This site is optimized with the Yoast SEO plugin v21.7 - https:\/\/yoast.com\/wordpress\/plugins\/seo\/ -->\n<title>[ Tp Link ] &#129351; Mw150us Tarjeta De Red Usb Mercusys Inalambrica 150 Mbps Tamano Nano<\/title>\n<meta name=\"description\" content=\"Compra Mw150us Tarjeta De Red Usb Mercusys Inalambrica 150 Mbps Tamano Nano + Env\u00edo a domicilio + Pago seguro + Garant\u00eda\" \/>\n<meta name=\"robots\" content=\"index, follow, max-snippet:-1, max-image-preview:large, max-video-preview:-1\" \/>\n<link rel=\"canonical\" href=\"https:\/\/compuviper.mx\/tienda\/producto\/tp-link-mw150us-tarjeta-de-red-usb-mercusys-inalambrica-150-mbps-tamano-nano\/\" \/>\n<meta property=\"og:locale\" content=\"es_MX\" \/>\n<meta property=\"og:type\" content=\"article\" \/>\n<meta property=\"og:title\" content=\"[ Tp Link ] &#129351; Mw150us Tarjeta De Red Usb Mercusys Inalambrica 150 Mbps Tamano Nano\" \/>\n<meta property=\"og:description\" content=\"Compra Mw150us Tarjeta De Red Usb Mercusys Inalambrica 150 Mbps Tamano Nano + Env\u00edo a domicilio + Pago seguro + Garant\u00eda\" \/>\n<meta property=\"og:url\" content=\"https:\/\/compuviper.mx\/tienda\/producto\/tp-link-mw150us-tarjeta-de-red-usb-mercusys-inalambrica-150-mbps-tamano-nano\/\" \/>\n<meta property=\"og:site_name\" content=\"Compuviper\" \/>\n<meta property=\"article:publisher\" content=\"https:\/\/www.facebook.com\/compuviper\" \/>\n<meta property=\"og:image\" content=\"https:\/\/compuviper.mx\/tienda\/wp-content\/uploads\/2023\/12\/Tarjeta-de-red-usb-mercusys-mw150us-inalambrica-150-mbps-tamano-nano.jpg\" \/>\n\t<meta property=\"og:image:width\" content=\"200\" \/>\n\t<meta property=\"og:image:height\" content=\"200\" \/>\n\t<meta property=\"og:image:type\" content=\"image\/jpeg\" \/>\n<meta name=\"twitter:card\" content=\"summary_large_image\" \/>\n<meta name=\"twitter:label1\" content=\"Precio\" \/>\n\t<meta name=\"twitter:data1\" content=\"&#36;64 con IVA\" \/>\n\t<meta name=\"twitter:label2\" content=\"Availability\" \/>\n\t<meta name=\"twitter:data2\" content=\"In stock\" \/>\n<script type=\"application\/ld+json\" class=\"yoast-schema-graph\">{\"@context\":\"https:\/\/schema.org\",\"@graph\":[{\"@type\":\"WebPage\",\"@id\":\"https:\/\/compuviper.mx\/tienda\/producto\/tp-link-mw150us-tarjeta-de-red-usb-mercusys-inalambrica-150-mbps-tamano-nano\/\",\"url\":\"https:\/\/compuviper.mx\/tienda\/producto\/tp-link-mw150us-tarjeta-de-red-usb-mercusys-inalambrica-150-mbps-tamano-nano\/\",\"name\":\"[ Tp Link ] &#129351; Mw150us Tarjeta De Red Usb Mercusys Inalambrica 150 Mbps Tamano Nano\",\"isPartOf\":{\"@id\":\"https:\/\/compuviper.mx\/tienda\/#website\"},\"datePublished\":\"2026-04-10T06:58:21+00:00\",\"dateModified\":\"2026-04-10T06:58:21+00:00\",\"description\":\"Compra Mw150us Tarjeta De Red Usb Mercusys Inalambrica 150 Mbps Tamano Nano + Env\u00edo a domicilio + Pago seguro + Garant\u00eda\",\"breadcrumb\":{\"@id\":\"https:\/\/compuviper.mx\/tienda\/producto\/tp-link-mw150us-tarjeta-de-red-usb-mercusys-inalambrica-150-mbps-tamano-nano\/#breadcrumb\"},\"inLanguage\":\"es-MX\",\"potentialAction\":[{\"@type\":\"ReadAction\",\"target\":[\"https:\/\/compuviper.mx\/tienda\/producto\/tp-link-mw150us-tarjeta-de-red-usb-mercusys-inalambrica-150-mbps-tamano-nano\/\"]}]},{\"@type\":\"BreadcrumbList\",\"@id\":\"https:\/\/compuviper.mx\/tienda\/producto\/tp-link-mw150us-tarjeta-de-red-usb-mercusys-inalambrica-150-mbps-tamano-nano\/#breadcrumb\",\"itemListElement\":[{\"@type\":\"ListItem\",\"position\":1,\"name\":\"Inicio\",\"item\":\"https:\/\/compuviper.mx\/tienda\/\"},{\"@type\":\"ListItem\",\"position\":2,\"name\":\"Productos\",\"item\":\"https:\/\/compuviper.mx\/tienda\/productos\/\"},{\"@type\":\"ListItem\",\"position\":3,\"name\":\"Redes\",\"item\":\"https:\/\/compuviper.mx\/tienda\/categoria-producto\/redes\/\"},{\"@type\":\"ListItem\",\"position\":4,\"name\":\"Tarjetas De Red\",\"item\":\"https:\/\/compuviper.mx\/tienda\/categoria-producto\/redes\/tarjetas-de-red\/\"},{\"@type\":\"ListItem\",\"position\":5,\"name\":\"Tp Link Mw150us Tarjeta De Red Usb Mercusys Inalambrica 150 Mbps Tamano Nano\"}]},{\"@type\":\"WebSite\",\"@id\":\"https:\/\/compuviper.mx\/tienda\/#website\",\"url\":\"https:\/\/compuviper.mx\/tienda\/\",\"name\":\"Compuviper\",\"description\":\"Proveedor de Computadoras, Laptops, Servidores, Monitores, Puntos de Venta, Teclados,   Impresoras, T\u00f3ner, C\u00e1maras de Seguridad y m\u00e1s en tu tienda en l\u00ednea\",\"publisher\":{\"@id\":\"https:\/\/compuviper.mx\/tienda\/#organization\"},\"potentialAction\":[{\"@type\":\"SearchAction\",\"target\":{\"@type\":\"EntryPoint\",\"urlTemplate\":\"https:\/\/compuviper.mx\/tienda\/?s={search_term_string}\"},\"query-input\":\"required name=search_term_string\"}],\"inLanguage\":\"es-MX\"},{\"@type\":\"Organization\",\"@id\":\"https:\/\/compuviper.mx\/tienda\/#organization\",\"name\":\"Compuviper\",\"url\":\"https:\/\/compuviper.mx\/tienda\/\",\"logo\":{\"@type\":\"ImageObject\",\"inLanguage\":\"es-MX\",\"@id\":\"https:\/\/compuviper.mx\/tienda\/#\/schema\/logo\/image\/\",\"url\":\"https:\/\/compuviper.mx\/tienda\/wp-content\/uploads\/2021\/08\/Logo-Compuviper-10.png\",\"contentUrl\":\"https:\/\/compuviper.mx\/tienda\/wp-content\/uploads\/2021\/08\/Logo-Compuviper-10.png\",\"width\":1000,\"height\":500,\"caption\":\"Compuviper\"},\"image\":{\"@id\":\"https:\/\/compuviper.mx\/tienda\/#\/schema\/logo\/image\/\"},\"sameAs\":[\"https:\/\/www.facebook.com\/compuviper\",\"https:\/\/www.youtube.com\/channel\/UCf73dERp9Y3cfOq7q8BhLjA?view_as=subscriber\"]}]}<\/script>\n<meta property=\"product:brand\" content=\"TP LINK\" \/>\n<meta property=\"product:price:amount\" content=\"64\" \/>\n<meta property=\"product:price:currency\" content=\"MXN\" \/>\n<meta property=\"og:availability\" content=\"instock\" \/>\n<meta property=\"product:availability\" content=\"instock\" \/>\n<meta property=\"product:retailer_item_id\" content=\"MW150US\" \/>\n<meta property=\"product:condition\" content=\"new\" \/>\n<!-- \/ Yoast SEO plugin. -->","yoast_head_json":{"title":"[ Tp Link ] &#129351; Mw150us Tarjeta De Red Usb Mercusys Inalambrica 150 Mbps Tamano Nano","description":"Compra Mw150us Tarjeta De Red Usb Mercusys Inalambrica 150 Mbps Tamano Nano + Env\u00edo a domicilio + Pago seguro + Garant\u00eda","robots":{"index":"index","follow":"follow","max-snippet":"max-snippet:-1","max-image-preview":"max-image-preview:large","max-video-preview":"max-video-preview:-1"},"canonical":"https:\/\/compuviper.mx\/tienda\/producto\/tp-link-mw150us-tarjeta-de-red-usb-mercusys-inalambrica-150-mbps-tamano-nano\/","og_locale":"es_MX","og_type":"article","og_title":"[ Tp Link ] &#129351; Mw150us Tarjeta De Red Usb Mercusys Inalambrica 150 Mbps Tamano Nano","og_description":"Compra Mw150us Tarjeta De Red Usb Mercusys Inalambrica 150 Mbps Tamano Nano + Env\u00edo a domicilio + Pago seguro + Garant\u00eda","og_url":"https:\/\/compuviper.mx\/tienda\/producto\/tp-link-mw150us-tarjeta-de-red-usb-mercusys-inalambrica-150-mbps-tamano-nano\/","og_site_name":"Compuviper","article_publisher":"https:\/\/www.facebook.com\/compuviper","og_image":[{"width":200,"height":200,"url":"https:\/\/compuviper.mx\/tienda\/wp-content\/uploads\/2023\/12\/Tarjeta-de-red-usb-mercusys-mw150us-inalambrica-150-mbps-tamano-nano.jpg","type":"image\/jpeg"}],"twitter_card":"summary_large_image","twitter_misc":{"Precio":"&#36;64 con IVA","Availability":"In stock"},"schema":{"@context":"https:\/\/schema.org","@graph":[{"@type":"WebPage","@id":"https:\/\/compuviper.mx\/tienda\/producto\/tp-link-mw150us-tarjeta-de-red-usb-mercusys-inalambrica-150-mbps-tamano-nano\/","url":"https:\/\/compuviper.mx\/tienda\/producto\/tp-link-mw150us-tarjeta-de-red-usb-mercusys-inalambrica-150-mbps-tamano-nano\/","name":"[ Tp Link ] &#129351; Mw150us Tarjeta De Red Usb Mercusys Inalambrica 150 Mbps Tamano Nano","isPartOf":{"@id":"https:\/\/compuviper.mx\/tienda\/#website"},"datePublished":"2026-04-10T06:58:21+00:00","dateModified":"2026-04-10T06:58:21+00:00","description":"Compra Mw150us Tarjeta De Red Usb Mercusys Inalambrica 150 Mbps Tamano Nano + Env\u00edo a domicilio + Pago seguro + Garant\u00eda","breadcrumb":{"@id":"https:\/\/compuviper.mx\/tienda\/producto\/tp-link-mw150us-tarjeta-de-red-usb-mercusys-inalambrica-150-mbps-tamano-nano\/#breadcrumb"},"inLanguage":"es-MX","potentialAction":[{"@type":"ReadAction","target":["https:\/\/compuviper.mx\/tienda\/producto\/tp-link-mw150us-tarjeta-de-red-usb-mercusys-inalambrica-150-mbps-tamano-nano\/"]}]},{"@type":"BreadcrumbList","@id":"https:\/\/compuviper.mx\/tienda\/producto\/tp-link-mw150us-tarjeta-de-red-usb-mercusys-inalambrica-150-mbps-tamano-nano\/#breadcrumb","itemListElement":[{"@type":"ListItem","position":1,"name":"Inicio","item":"https:\/\/compuviper.mx\/tienda\/"},{"@type":"ListItem","position":2,"name":"Productos","item":"https:\/\/compuviper.mx\/tienda\/productos\/"},{"@type":"ListItem","position":3,"name":"Redes","item":"https:\/\/compuviper.mx\/tienda\/categoria-producto\/redes\/"},{"@type":"ListItem","position":4,"name":"Tarjetas De Red","item":"https:\/\/compuviper.mx\/tienda\/categoria-producto\/redes\/tarjetas-de-red\/"},{"@type":"ListItem","position":5,"name":"Tp Link Mw150us Tarjeta De Red Usb Mercusys Inalambrica 150 Mbps Tamano Nano"}]},{"@type":"WebSite","@id":"https:\/\/compuviper.mx\/tienda\/#website","url":"https:\/\/compuviper.mx\/tienda\/","name":"Compuviper","description":"Proveedor de Computadoras, Laptops, Servidores, Monitores, Puntos de Venta, Teclados,   Impresoras, T\u00f3ner, C\u00e1maras de Seguridad y m\u00e1s en tu tienda en l\u00ednea","publisher":{"@id":"https:\/\/compuviper.mx\/tienda\/#organization"},"potentialAction":[{"@type":"SearchAction","target":{"@type":"EntryPoint","urlTemplate":"https:\/\/compuviper.mx\/tienda\/?s={search_term_string}"},"query-input":"required name=search_term_string"}],"inLanguage":"es-MX"},{"@type":"Organization","@id":"https:\/\/compuviper.mx\/tienda\/#organization","name":"Compuviper","url":"https:\/\/compuviper.mx\/tienda\/","logo":{"@type":"ImageObject","inLanguage":"es-MX","@id":"https:\/\/compuviper.mx\/tienda\/#\/schema\/logo\/image\/","url":"https:\/\/compuviper.mx\/tienda\/wp-content\/uploads\/2021\/08\/Logo-Compuviper-10.png","contentUrl":"https:\/\/compuviper.mx\/tienda\/wp-content\/uploads\/2021\/08\/Logo-Compuviper-10.png","width":1000,"height":500,"caption":"Compuviper"},"image":{"@id":"https:\/\/compuviper.mx\/tienda\/#\/schema\/logo\/image\/"},"sameAs":["https:\/\/www.facebook.com\/compuviper","https:\/\/www.youtube.com\/channel\/UCf73dERp9Y3cfOq7q8BhLjA?view_as=subscriber"]}]},"product_brand":"TP LINK","product_price_amount":"64","product_price_currency":"MXN","og_availability":"instock","product_availability":"instock","product_retailer_item_id":"MW150US","product_condition":"new"},"_links":{"self":[{"href":"https:\/\/compuviper.mx\/tienda\/wp-json\/wp\/v2\/product\/220696"}],"collection":[{"href":"https:\/\/compuviper.mx\/tienda\/wp-json\/wp\/v2\/product"}],"about":[{"href":"https:\/\/compuviper.mx\/tienda\/wp-json\/wp\/v2\/types\/product"}],"replies":[{"embeddable":true,"href":"https:\/\/compuviper.mx\/tienda\/wp-json\/wp\/v2\/comments?post=220696"}],"wp:featuredmedia":[{"embeddable":true,"href":"https:\/\/compuviper.mx\/tienda\/wp-json\/wp\/v2\/media\/220697"}],"wp:attachment":[{"href":"https:\/\/compuviper.mx\/tienda\/wp-json\/wp\/v2\/media?parent=220696"}],"wp:term":[{"taxonomy":"product_cat","embeddable":true,"href":"https:\/\/compuviper.mx\/tienda\/wp-json\/wp\/v2\/product_cat?post=220696"},{"taxonomy":"product_tag","embeddable":true,"href":"https:\/\/compuviper.mx\/tienda\/wp-json\/wp\/v2\/product_tag?post=220696"}],"curies":[{"name":"wp","href":"https:\/\/api.w.org\/{rel}","templated":true}]}}