{"id":220668,"date":"2026-04-11T01:01:58","date_gmt":"2026-04-11T07:01:58","guid":{"rendered":"https:\/\/compuviper.mx\/tienda\/producto\/tp-link-eap110-outdoor-access-point-tp-link-inalambrico-para-exterior-802-11n-g-b-300mbps-1-rj45-incluye-inyector-poe-pasivo-2-antenas-externas-omnidireccionales-3dbi-mimo-2x2\/"},"modified":"2026-04-11T01:01:58","modified_gmt":"2026-04-11T07:01:58","slug":"tp-link-eap110-outdoor-access-point-tp-link-omada-300mbps-wireless-outdoor","status":"publish","type":"product","link":"https:\/\/compuviper.mx\/tienda\/producto\/tp-link-eap110-outdoor-access-point-tp-link-omada-300mbps-wireless-outdoor\/","title":{"rendered":"Tp Link Eap110-outdoor Access Point Tp-link  Omada 300mbps Wireless Outdoor"},"content":{"rendered":"<table class=\"descripcion\">\n<tr>\n<td>Caracter\u00edsticas de hardware<\/td>\n<\/tr>\n<tr>\n<td>Interfaz: puerto fast ethernet (rj-45) * 1 \u00bfcompatibilidad con poe pasivo<\/td>\n<\/tr>\n<tr>\n<td>Bot\u00f3n: reiniciar<\/td>\n<\/tr>\n<tr>\n<td>Fuente de alimentaci\u00f3n: poe pasivo de 24 v (+ 4,5 pines; -7,8 pines. incluye adaptador poe)<\/td>\n<\/tr>\n<tr>\n<td>Consumo de energ\u00eda: 3.12 w<\/td>\n<\/tr>\n<tr>\n<td>Dimensiones (w x d x h): 8.5 \u00d7 1.8 \u00d7 1.1 pulg. (216 \u00d7 46 \u00d7 27 mm)<\/td>\n<\/tr>\n<tr>\n<td>Tipo de antena: 2 * 3dbi external omni resistente al agua<\/td>\n<\/tr>\n<tr>\n<td>Resistencia a la intemperie: ip65<\/td>\n<\/tr>\n<tr>\n<td>Montaje: montaje en poste \/ pared (kits incluidos)<\/td>\n<\/tr>\n<tr>\n<td>Caracter\u00edsticas inal\u00e1mbricas<\/td>\n<\/tr>\n<tr>\n<td>Est\u00e1ndares inal\u00e1mbricos: ieee 802.11n \/ g \/ b<\/td>\n<\/tr>\n<tr>\n<td>Frecuencia: 2.4ghz<\/td>\n<\/tr>\n<tr>\n<td>Tasa de se\u00f1al: 11n: hasta 300mbps (din\u00e1mico)  \/  11g: hasta 54mbps (din\u00e1mico)  \/  11b: hasta 11mbps (din\u00e1mico)<\/td>\n<\/tr>\n<tr>\n<td>Potencia de transmision: ce: \u00bf20dbm (eirp)  \/  fcc: \u00bf22dbm<\/td>\n<\/tr>\n<tr>\n<td>Funciones inal\u00e1mbricas: m\u00faltiples ssid \u00bfhasta 8 ssid\u00bf \/  activar \/ desactivar radio inal\u00e1mbrica  \/  asignaci\u00f3n autom\u00e1tica de canales  \/  transmisi\u00f3n control de potencia \u00bfajustar potencia de transmisi\u00f3n en dbm\u00bf  \/  qos (wmm) l\u00edmite de la tasa de equilibrio de carga reinicio programaci\u00f3n programaci\u00f3n inal\u00e1mbrica  \/  estad\u00edsticas inal\u00e1mbricas basadas en ssid &#8211; ap &#8211; cliente<\/td>\n<\/tr>\n<tr>\n<td>Seguridad inal\u00e1mbrica: autenticaci\u00f3n de portal cautivo  \/  control de acceso mac inal\u00e1mbrica  \/  inal\u00e1mbrica filtrado aislamiento inal\u00e1mbrico entre clientes  \/  asignaci\u00f3n de vlan a vlan  \/  detecci\u00f3n de ap no fiable  \/  802.1x compatibilidad con 64\/128\/152<\/td>\n<\/tr>\n<tr>\n<td>Bits wep &#8211; wpa &#8211; wpa2-enterprise, wpa-psk \/ wpa2-psk<\/td>\n<\/tr>\n<tr>\n<td>Administraci\u00f3n<\/td>\n<\/tr>\n<tr>\n<td>Omada cloud access: s\u00ed<\/td>\n<\/tr>\n<tr>\n<td>Aplicaci\u00f3n omada: s\u00ed<\/td>\n<\/tr>\n<tr>\n<td>Omada cloud controller: s\u00ed<\/td>\n<\/tr>\n<tr>\n<td>Software controlador auranet: s\u00ed<\/td>\n<\/tr>\n<tr>\n<td>Software controlador omada: s\u00ed<\/td>\n<\/tr>\n<tr>\n<td>Alertas de correo electr\u00f3nico: s\u00ed<\/td>\n<\/tr>\n<tr>\n<td>Control led on \/ off: s\u00ed<\/td>\n<\/tr>\n<tr>\n<td>Gesti\u00f3n de control de acceso mac: s\u00ed<\/td>\n<\/tr>\n<tr>\n<td>Snmp: s\u00ed<\/td>\n<\/tr>\n<tr>\n<td>Registro de sistema local \/ remoto syslog: s\u00ed<\/td>\n<\/tr>\n<tr>\n<td>Telnet: s\u00ed<\/td>\n<\/tr>\n<tr>\n<td>Ssh: s\u00ed<\/td>\n<\/tr>\n<tr>\n<td>Gesti\u00f3n basada en web: http \/ https<\/td>\n<\/tr>\n<tr>\n<td>Gesti\u00f3n l3 : s\u00ed<\/td>\n<\/tr>\n<tr>\n<td>Gesti\u00f3n multisitio: s\u00ed<\/td>\n<\/tr>\n<tr>\n<td>Vlan de gesti\u00f3n: s\u00ed<\/td>\n<\/tr>\n<tr>\n<td>Otros<\/td>\n<\/tr>\n<tr>\n<td>Certificaci\u00f3n: ce, fcc, rohs<\/td>\n<\/tr>\n<tr>\n<td>Contenido del paquete: punto de acceso inal\u00e1mbrico n a 300mbps de exterior, eap110-outdoor  \/  adaptador poe pasivo  \/  cable de alimentaci\u00f3n  \/  kit de montaje  \/  goma impermeable a la penetraci\u00f3n  \/  antenas impermeables  \/  gu\u00eda de instalaci\u00f3n<\/td>\n<\/tr>\n<tr>\n<td>Requisitos del sistema: microsoft windows xp, vista, windows 7, windows 8, windows10<\/td>\n<\/tr>\n<tr>\n<td>Factores ambientales: temperatura de funcionamiento: -30\u00bf~65\u00bf (-22\u00bf~149\u00bf)  \/  temperatura de almacenamiento: -40\u00bf~70\u00bf (-40\u00bf~158\u00bf)  \/  humedad de funcionamiento: 10%~90% sin condensaci\u00f3n  \/  humedad de almacenamiento: 5%~90% sin condensaci\u00f3n<\/td>\n<\/tr>\n<\/table>\n","protected":false},"excerpt":{"rendered":"<p>Punto de acceso inal\u00e1mbrico n a 300mbps de exterior eap110-outdoor. * dise\u00f1ado para aplicaciones wi-fi de exterior. * wi-fi de hasta 300mbps con tecnolog\u00eda mimo 2&#215;2. * alta transmisi\u00f3n de potencia y antenas de alta ganancia para proporcionar \u00e1reas de extensa cobertura. * cubierta duradera y resistente a la intemperie para soportar las inclemencias meteorol\u00f3gicas. * soporta poe pasivo (power over ethernet)y con sencillo dise\u00f1o de montaje que permite un despliegue flexible e instalaci\u00f3n pr\u00e1ctica. * software controlador omada gratuito que permite a los administradores gestionar cientos de eaps. * portal cautivo que proporciona un m\u00e9todo pr\u00e1ctico de autenticaci\u00f3n de invitados. * autenticaci\u00f3n wi-fi v\u00eda facebook y sms ayuda a potenciar sy negocio. * soporta gesti\u00f3n vlan para una gesti\u00f3n de red mejorada. Excelentes dise\u00f1os de hardware. Con un dise\u00f1o especial de su antena, apariencia, opciones de energ\u00eda y m\u00e9todos de instalaci\u00f3n, eap110-outdoor puede adaptarse perfectamente a diferentes escenarios tanto en interiores como en exteriores. Antenas desmontables. Eap110-outdoor est\u00e1 dise\u00f1ado con 2 antenas desmontables omnidireccionales, lo que significa que tambi\u00e9n se pueden conectar otras antenas para sus necesidades espec\u00edficas. Apariencia delicada a\u00fan mejor para aplicaciones en interiores. Eap110-outdoor es simplemente similar a un tel\u00e9fono celular, con dimensi\u00f3n: 8.5 \u00d7 1.8 \u00d7 1.1in. (215 \u00d7 46 \u00d7 27mm. Admite poe pasivo para una configuraci\u00f3n f\u00e1cil en el exterior. Elimine los adaptadores de alimentaci\u00f3n de cc y los cables de alimentaci\u00f3n con power over ethernet (poe) pasivo, haciendo que la implementaci\u00f3n en el exterior sea simple y r\u00e1pida. Despliegue flexible. Eap110-outdoor puede instalarse f\u00e1cilmente en un poste o en una pared con los kits de montaje provistos. Wi-fi que va la distancia. Con una alta potencia de transmisi\u00f3n y dos antenas omnidireccionales de alta ganancia. Eap110-outdoor proporciona una cobertura inal\u00e1mbrica estable a una distancia de hasta 200 metros * en entornos al aire libre. Cubierta a prueba de intemperie especialmente dise\u00f1ado para entornos exteriores. Calificado como ip65 durante las pruebas de protecci\u00f3n de ingreso, un recinto resistente a la intemperie protege los puntos de acceso contra condiciones extremas en el exterior. Gesti\u00f3n centralizada en la nube gratuita: en cualquier momento y en cualquier lugar. Omada cloud controller oc200 y omada software controller facilitan la administraci\u00f3n y el monitoreo de toda la red de omada en tiempo real, mientras que el servicio en la nube permite el acceso remoto y seguro sin importar d\u00f3nde se encuentre. F\u00e1cil gesti\u00f3n con la aplicaci\u00f3n omada. Siga las instrucciones de configuraci\u00f3n en la aplicaci\u00f3n gratuita omada para configurar en minutos. Omada le permite configurar ajustes, monitorear el estado de la red y administrar clientes, todo desde la comodidad de un tel\u00e9fono inteligente o tableta. \u00a1conoce nuestro nuevo producto h\u00e9roe. El oc200 omada cloud controller est\u00e1 dedicado a proporcionar una gesti\u00f3n centralizada para toda la red omada.<\/p>\n","protected":false},"featured_media":220669,"comment_status":"open","ping_status":"open","template":"","meta":[],"product_cat":[1563,1754],"product_tag":[1562],"acf":[],"yoast_head":"<!-- This site is optimized with the Yoast SEO plugin v21.7 - https:\/\/yoast.com\/wordpress\/plugins\/seo\/ -->\n<title>[ Tp Link ] &#129351; Eap110-outdoor Access Point Tp-link Omada 300mbps Wireless Outdoor<\/title>\n<meta name=\"description\" content=\"Compra Eap110-outdoor Access Point Tp-link Omada 300mbps Wireless Outdoor + Env\u00edo a domicilio + Pago seguro + Garant\u00eda\" \/>\n<meta name=\"robots\" content=\"index, follow, max-snippet:-1, max-image-preview:large, max-video-preview:-1\" \/>\n<link rel=\"canonical\" href=\"https:\/\/compuviper.mx\/tienda\/producto\/tp-link-eap110-outdoor-access-point-tp-link-omada-300mbps-wireless-outdoor\/\" \/>\n<meta property=\"og:locale\" content=\"es_MX\" \/>\n<meta property=\"og:type\" content=\"article\" \/>\n<meta property=\"og:title\" content=\"[ Tp Link ] &#129351; Eap110-outdoor Access Point Tp-link Omada 300mbps Wireless Outdoor\" \/>\n<meta property=\"og:description\" content=\"Compra Eap110-outdoor Access Point Tp-link Omada 300mbps Wireless Outdoor + Env\u00edo a domicilio + Pago seguro + Garant\u00eda\" \/>\n<meta property=\"og:url\" content=\"https:\/\/compuviper.mx\/tienda\/producto\/tp-link-eap110-outdoor-access-point-tp-link-omada-300mbps-wireless-outdoor\/\" \/>\n<meta property=\"og:site_name\" content=\"Compuviper\" \/>\n<meta property=\"article:publisher\" content=\"https:\/\/www.facebook.com\/compuviper\" \/>\n<meta property=\"og:image\" content=\"https:\/\/compuviper.mx\/tienda\/wp-content\/uploads\/2023\/12\/Access-point-tp-link-eap110-outdoor-inalambrico-para-exterior-802.11ngb-300mbps-1-rj45-incluye-inyector-poe-pasivo-2-antenas-externas-omnidireccionales-3dbi-mimo-2x2-1.jpg\" \/>\n\t<meta property=\"og:image:width\" content=\"200\" \/>\n\t<meta property=\"og:image:height\" content=\"200\" \/>\n\t<meta property=\"og:image:type\" content=\"image\/jpeg\" \/>\n<meta name=\"twitter:card\" content=\"summary_large_image\" \/>\n<meta name=\"twitter:label1\" content=\"Precio\" \/>\n\t<meta name=\"twitter:data1\" content=\"&#36;882 con IVA\" \/>\n\t<meta name=\"twitter:label2\" content=\"Availability\" \/>\n\t<meta name=\"twitter:data2\" content=\"Out of stock\" \/>\n<script type=\"application\/ld+json\" class=\"yoast-schema-graph\">{\"@context\":\"https:\/\/schema.org\",\"@graph\":[{\"@type\":\"WebPage\",\"@id\":\"https:\/\/compuviper.mx\/tienda\/producto\/tp-link-eap110-outdoor-access-point-tp-link-omada-300mbps-wireless-outdoor\/\",\"url\":\"https:\/\/compuviper.mx\/tienda\/producto\/tp-link-eap110-outdoor-access-point-tp-link-omada-300mbps-wireless-outdoor\/\",\"name\":\"[ Tp Link ] &#129351; Eap110-outdoor Access Point Tp-link Omada 300mbps Wireless Outdoor\",\"isPartOf\":{\"@id\":\"https:\/\/compuviper.mx\/tienda\/#website\"},\"datePublished\":\"2026-04-11T07:01:58+00:00\",\"dateModified\":\"2026-04-11T07:01:58+00:00\",\"description\":\"Compra Eap110-outdoor Access Point Tp-link Omada 300mbps Wireless Outdoor + Env\u00edo a domicilio + Pago seguro + Garant\u00eda\",\"breadcrumb\":{\"@id\":\"https:\/\/compuviper.mx\/tienda\/producto\/tp-link-eap110-outdoor-access-point-tp-link-omada-300mbps-wireless-outdoor\/#breadcrumb\"},\"inLanguage\":\"es-MX\",\"potentialAction\":[{\"@type\":\"ReadAction\",\"target\":[\"https:\/\/compuviper.mx\/tienda\/producto\/tp-link-eap110-outdoor-access-point-tp-link-omada-300mbps-wireless-outdoor\/\"]}]},{\"@type\":\"BreadcrumbList\",\"@id\":\"https:\/\/compuviper.mx\/tienda\/producto\/tp-link-eap110-outdoor-access-point-tp-link-omada-300mbps-wireless-outdoor\/#breadcrumb\",\"itemListElement\":[{\"@type\":\"ListItem\",\"position\":1,\"name\":\"Inicio\",\"item\":\"https:\/\/compuviper.mx\/tienda\/\"},{\"@type\":\"ListItem\",\"position\":2,\"name\":\"Productos\",\"item\":\"https:\/\/compuviper.mx\/tienda\/productos\/\"},{\"@type\":\"ListItem\",\"position\":3,\"name\":\"Redes\",\"item\":\"https:\/\/compuviper.mx\/tienda\/categoria-producto\/redes\/\"},{\"@type\":\"ListItem\",\"position\":4,\"name\":\"Access Point\",\"item\":\"https:\/\/compuviper.mx\/tienda\/categoria-producto\/redes\/access-point\/\"},{\"@type\":\"ListItem\",\"position\":5,\"name\":\"Tp Link Eap110-outdoor Access Point Tp-link Omada 300mbps Wireless Outdoor\"}]},{\"@type\":\"WebSite\",\"@id\":\"https:\/\/compuviper.mx\/tienda\/#website\",\"url\":\"https:\/\/compuviper.mx\/tienda\/\",\"name\":\"Compuviper\",\"description\":\"Proveedor de Computadoras, Laptops, Servidores, Monitores, Puntos de Venta, Teclados,   Impresoras, T\u00f3ner, C\u00e1maras de Seguridad y m\u00e1s en tu tienda en l\u00ednea\",\"publisher\":{\"@id\":\"https:\/\/compuviper.mx\/tienda\/#organization\"},\"potentialAction\":[{\"@type\":\"SearchAction\",\"target\":{\"@type\":\"EntryPoint\",\"urlTemplate\":\"https:\/\/compuviper.mx\/tienda\/?s={search_term_string}\"},\"query-input\":\"required name=search_term_string\"}],\"inLanguage\":\"es-MX\"},{\"@type\":\"Organization\",\"@id\":\"https:\/\/compuviper.mx\/tienda\/#organization\",\"name\":\"Compuviper\",\"url\":\"https:\/\/compuviper.mx\/tienda\/\",\"logo\":{\"@type\":\"ImageObject\",\"inLanguage\":\"es-MX\",\"@id\":\"https:\/\/compuviper.mx\/tienda\/#\/schema\/logo\/image\/\",\"url\":\"https:\/\/compuviper.mx\/tienda\/wp-content\/uploads\/2021\/08\/Logo-Compuviper-10.png\",\"contentUrl\":\"https:\/\/compuviper.mx\/tienda\/wp-content\/uploads\/2021\/08\/Logo-Compuviper-10.png\",\"width\":1000,\"height\":500,\"caption\":\"Compuviper\"},\"image\":{\"@id\":\"https:\/\/compuviper.mx\/tienda\/#\/schema\/logo\/image\/\"},\"sameAs\":[\"https:\/\/www.facebook.com\/compuviper\",\"https:\/\/www.youtube.com\/channel\/UCf73dERp9Y3cfOq7q8BhLjA?view_as=subscriber\"]}]}<\/script>\n<meta property=\"product:brand\" content=\"TP LINK\" \/>\n<meta property=\"product:price:amount\" content=\"882\" \/>\n<meta property=\"product:price:currency\" content=\"MXN\" \/>\n<meta property=\"og:availability\" content=\"out of stock\" \/>\n<meta property=\"product:availability\" content=\"out of stock\" \/>\n<meta property=\"product:retailer_item_id\" content=\"EAP110-OUTDOOR\" \/>\n<meta property=\"product:condition\" content=\"new\" \/>\n<!-- \/ Yoast SEO plugin. -->","yoast_head_json":{"title":"[ Tp Link ] &#129351; Eap110-outdoor Access Point Tp-link Omada 300mbps Wireless Outdoor","description":"Compra Eap110-outdoor Access Point Tp-link Omada 300mbps Wireless Outdoor + Env\u00edo a domicilio + Pago seguro + Garant\u00eda","robots":{"index":"index","follow":"follow","max-snippet":"max-snippet:-1","max-image-preview":"max-image-preview:large","max-video-preview":"max-video-preview:-1"},"canonical":"https:\/\/compuviper.mx\/tienda\/producto\/tp-link-eap110-outdoor-access-point-tp-link-omada-300mbps-wireless-outdoor\/","og_locale":"es_MX","og_type":"article","og_title":"[ Tp Link ] &#129351; Eap110-outdoor Access Point Tp-link Omada 300mbps Wireless Outdoor","og_description":"Compra Eap110-outdoor Access Point Tp-link Omada 300mbps Wireless Outdoor + Env\u00edo a domicilio + Pago seguro + Garant\u00eda","og_url":"https:\/\/compuviper.mx\/tienda\/producto\/tp-link-eap110-outdoor-access-point-tp-link-omada-300mbps-wireless-outdoor\/","og_site_name":"Compuviper","article_publisher":"https:\/\/www.facebook.com\/compuviper","og_image":[{"width":200,"height":200,"url":"https:\/\/compuviper.mx\/tienda\/wp-content\/uploads\/2023\/12\/Access-point-tp-link-eap110-outdoor-inalambrico-para-exterior-802.11ngb-300mbps-1-rj45-incluye-inyector-poe-pasivo-2-antenas-externas-omnidireccionales-3dbi-mimo-2x2-1.jpg","type":"image\/jpeg"}],"twitter_card":"summary_large_image","twitter_misc":{"Precio":"&#36;882 con IVA","Availability":"Out of stock"},"schema":{"@context":"https:\/\/schema.org","@graph":[{"@type":"WebPage","@id":"https:\/\/compuviper.mx\/tienda\/producto\/tp-link-eap110-outdoor-access-point-tp-link-omada-300mbps-wireless-outdoor\/","url":"https:\/\/compuviper.mx\/tienda\/producto\/tp-link-eap110-outdoor-access-point-tp-link-omada-300mbps-wireless-outdoor\/","name":"[ Tp Link ] &#129351; Eap110-outdoor Access Point Tp-link Omada 300mbps Wireless Outdoor","isPartOf":{"@id":"https:\/\/compuviper.mx\/tienda\/#website"},"datePublished":"2026-04-11T07:01:58+00:00","dateModified":"2026-04-11T07:01:58+00:00","description":"Compra Eap110-outdoor Access Point Tp-link Omada 300mbps Wireless Outdoor + Env\u00edo a domicilio + Pago seguro + Garant\u00eda","breadcrumb":{"@id":"https:\/\/compuviper.mx\/tienda\/producto\/tp-link-eap110-outdoor-access-point-tp-link-omada-300mbps-wireless-outdoor\/#breadcrumb"},"inLanguage":"es-MX","potentialAction":[{"@type":"ReadAction","target":["https:\/\/compuviper.mx\/tienda\/producto\/tp-link-eap110-outdoor-access-point-tp-link-omada-300mbps-wireless-outdoor\/"]}]},{"@type":"BreadcrumbList","@id":"https:\/\/compuviper.mx\/tienda\/producto\/tp-link-eap110-outdoor-access-point-tp-link-omada-300mbps-wireless-outdoor\/#breadcrumb","itemListElement":[{"@type":"ListItem","position":1,"name":"Inicio","item":"https:\/\/compuviper.mx\/tienda\/"},{"@type":"ListItem","position":2,"name":"Productos","item":"https:\/\/compuviper.mx\/tienda\/productos\/"},{"@type":"ListItem","position":3,"name":"Redes","item":"https:\/\/compuviper.mx\/tienda\/categoria-producto\/redes\/"},{"@type":"ListItem","position":4,"name":"Access Point","item":"https:\/\/compuviper.mx\/tienda\/categoria-producto\/redes\/access-point\/"},{"@type":"ListItem","position":5,"name":"Tp Link Eap110-outdoor Access Point Tp-link Omada 300mbps Wireless Outdoor"}]},{"@type":"WebSite","@id":"https:\/\/compuviper.mx\/tienda\/#website","url":"https:\/\/compuviper.mx\/tienda\/","name":"Compuviper","description":"Proveedor de Computadoras, Laptops, Servidores, Monitores, Puntos de Venta, Teclados,   Impresoras, T\u00f3ner, C\u00e1maras de Seguridad y m\u00e1s en tu tienda en l\u00ednea","publisher":{"@id":"https:\/\/compuviper.mx\/tienda\/#organization"},"potentialAction":[{"@type":"SearchAction","target":{"@type":"EntryPoint","urlTemplate":"https:\/\/compuviper.mx\/tienda\/?s={search_term_string}"},"query-input":"required name=search_term_string"}],"inLanguage":"es-MX"},{"@type":"Organization","@id":"https:\/\/compuviper.mx\/tienda\/#organization","name":"Compuviper","url":"https:\/\/compuviper.mx\/tienda\/","logo":{"@type":"ImageObject","inLanguage":"es-MX","@id":"https:\/\/compuviper.mx\/tienda\/#\/schema\/logo\/image\/","url":"https:\/\/compuviper.mx\/tienda\/wp-content\/uploads\/2021\/08\/Logo-Compuviper-10.png","contentUrl":"https:\/\/compuviper.mx\/tienda\/wp-content\/uploads\/2021\/08\/Logo-Compuviper-10.png","width":1000,"height":500,"caption":"Compuviper"},"image":{"@id":"https:\/\/compuviper.mx\/tienda\/#\/schema\/logo\/image\/"},"sameAs":["https:\/\/www.facebook.com\/compuviper","https:\/\/www.youtube.com\/channel\/UCf73dERp9Y3cfOq7q8BhLjA?view_as=subscriber"]}]},"product_brand":"TP LINK","product_price_amount":"882","product_price_currency":"MXN","og_availability":"out of stock","product_availability":"out of stock","product_retailer_item_id":"EAP110-OUTDOOR","product_condition":"new"},"_links":{"self":[{"href":"https:\/\/compuviper.mx\/tienda\/wp-json\/wp\/v2\/product\/220668"}],"collection":[{"href":"https:\/\/compuviper.mx\/tienda\/wp-json\/wp\/v2\/product"}],"about":[{"href":"https:\/\/compuviper.mx\/tienda\/wp-json\/wp\/v2\/types\/product"}],"replies":[{"embeddable":true,"href":"https:\/\/compuviper.mx\/tienda\/wp-json\/wp\/v2\/comments?post=220668"}],"wp:featuredmedia":[{"embeddable":true,"href":"https:\/\/compuviper.mx\/tienda\/wp-json\/wp\/v2\/media\/220669"}],"wp:attachment":[{"href":"https:\/\/compuviper.mx\/tienda\/wp-json\/wp\/v2\/media?parent=220668"}],"wp:term":[{"taxonomy":"product_cat","embeddable":true,"href":"https:\/\/compuviper.mx\/tienda\/wp-json\/wp\/v2\/product_cat?post=220668"},{"taxonomy":"product_tag","embeddable":true,"href":"https:\/\/compuviper.mx\/tienda\/wp-json\/wp\/v2\/product_tag?post=220668"}],"curies":[{"name":"wp","href":"https:\/\/api.w.org\/{rel}","templated":true}]}}