{"id":220644,"date":"2026-04-02T01:02:36","date_gmt":"2026-04-02T07:02:36","guid":{"rendered":"https:\/\/compuviper.mx\/tienda\/producto\/tp-link-archer-c20-router-tp-link-inalambrico-ac750-dual-band-2-4ghz-a-300mbps-y-5ghz-a-433mbps-la-imagen-solo-es-ilustrativa\/"},"modified":"2026-04-02T01:02:36","modified_gmt":"2026-04-02T07:02:36","slug":"tp-link-archer-c20-router-tp-link-inalambrico-ac750-dual-band-2-4ghz-a-300mbps-y-5ghz-a-433mbps-la-imagen-solo-es-ilustrativa","status":"publish","type":"product","link":"https:\/\/compuviper.mx\/tienda\/producto\/tp-link-archer-c20-router-tp-link-inalambrico-ac750-dual-band-2-4ghz-a-300mbps-y-5ghz-a-433mbps-la-imagen-solo-es-ilustrativa\/","title":{"rendered":"Tp Link Archer C20 Router Tp-link  Inalambrico Ac750 Dual Band 2.4ghz A 300mbps Y 5ghz A 433mbps La Imagen Solo Es Ilustrativa"},"content":{"rendered":"<table class=\"descripcion\">\n<tr>\n<td>Caracter\u00edsticas de hardware:<\/td>\n<\/tr>\n<tr>\n<td>Interfaz: 4 puertos lan 10\/100mbps y 1 puerto wan 10\/100mbps<\/td>\n<\/tr>\n<tr>\n<td>Botones: bot\u00f3n wps\/reset, bot\u00f3n wi-fi on\/off, bot\u00f3n power on\/off<\/td>\n<\/tr>\n<tr>\n<td>Fuente de alimentaci\u00f3n externa: 12vdc \/1a<\/td>\n<\/tr>\n<tr>\n<td>Dimensiones: 230 x 144 x 35mm<\/td>\n<\/tr>\n<tr>\n<td>Tipo de antena: 3 antenas de doble banda<\/td>\n<\/tr>\n<tr>\n<td>Caracter\u00edsticas inal\u00e1mbricas:<\/td>\n<\/tr>\n<tr>\n<td>Est\u00e1ndares inal\u00e1mbricos: ieee 802.11ac\/n\/a 5ghz \/ ieee 802.11b\/g\/n 2.4ghz<\/td>\n<\/tr>\n<tr>\n<td>Frecuencia: 2.4ghz y 5ghz<\/td>\n<\/tr>\n<tr>\n<td>Tasa de se\u00f1al: 5ghz: hasta 433mbps y 2.4ghz: hasta 300mbps<\/td>\n<\/tr>\n<tr>\n<td>Sensibilidad de recepci\u00f3n:<\/td>\n<\/tr>\n<tr>\n<td>5ghz (11a 6mbps: -91dbm, 11a 54mbps: -74dbm \/ 11ac ht20: -66dbm, 11ac ht40: -64dbm, 11ac ht80: -61dbm \/ 11n ht20: -71dbm, 11n ht40: -69dbm)<\/td>\n<\/tr>\n<tr>\n<td>2.4ghz (11g 54m: -76dbm \/ 11n ht20: -74dbm, 11n ht40: -71dbm)<\/td>\n<\/tr>\n<tr>\n<td>Funciones inal\u00e1mbricas : habilitar\/deshabilitar radio inal\u00e1mbrico, wds bridge, wmm, estad\u00edsticas inal\u00e1mbricas.<\/td>\n<\/tr>\n<tr>\n<td>Seguridad inal\u00e1mbrica: encriptaci\u00f3n 64\/128-bit wep,wpa \/ wpa2,wpa-psk\/ wpa2-psk<\/td>\n<\/tr>\n<tr>\n<td>Potencia de transmisi\u00f3n: ce:  20dbm(2.4ghz)  23dbm(5ghz) \/ fcc:  30dbm<\/td>\n<\/tr>\n<tr>\n<td>Caracter\u00edsticas de software:<\/td>\n<\/tr>\n<tr>\n<td>Calidad de servicio: wmm, control del ancho de banda<\/td>\n<\/tr>\n<tr>\n<td>Gesti\u00f3n : control de acceso \/ gesti\u00f3n local \/ gesti\u00f3n remota<\/td>\n<\/tr>\n<tr>\n<td>Reenv\u00edo de puertos: servidor virtual, port triggering, upnp, dmz<\/td>\n<\/tr>\n<tr>\n<td>Dns din\u00e1mico: dyndns, comexe, no-ip<\/td>\n<\/tr>\n<tr>\n<td>Vpn pass-through: pptp, l2tp, ipsec<\/td>\n<\/tr>\n<tr>\n<td>Control de acceso: control parental, control de gesti\u00f3n local, listado de host, horarios de acceso, gesti\u00f3n de reglas<\/td>\n<\/tr>\n<tr>\n<td>Seguridad firewall: dos, firewall spi \/ filtrado por direcciones ip\/ mac\/dominio \/ asociaci\u00f3n de direcciones ip y mac<\/td>\n<\/tr>\n<tr>\n<td>Protocolos: soporta ipv4 e ipv6<\/td>\n<\/tr>\n<tr>\n<td>Compartici\u00f3n por usb: soporta samba(almacenamiento)\/ servidor ftp \/ servidor de medios\/servidor de impresi\u00f3n<\/td>\n<\/tr>\n<tr>\n<td>Red de invitados: 1 x red de invitados en 2.4ghz \/ 1 x red de invitados en 5ghz<\/td>\n<\/tr>\n<tr>\n<td>Otros:<\/td>\n<\/tr>\n<tr>\n<td>Certificaciones: ce, fcc, rohs<\/td>\n<\/tr>\n<tr>\n<td>Contenido del paquete: router inal\u00e1mbrico de banda dual ac750 archer c20, 3 antenas, unidad de alimentaci\u00f3n el\u00e9ctrica, cd de instalacion, cable ethernet y gu\u00eda de instalaci\u00f3n r\u00e1pida<\/td>\n<\/tr>\n<tr>\n<td>Dimensiones de la caja: 285x223x91mm<\/td>\n<\/tr>\n<tr>\n<td>Requisitos del sistema: windows 8.1\/8\/7\/vista\/xp, mac os o sistemas operativos basados en linux<\/td>\n<\/tr>\n<tr>\n<td>Factores ambientales: temperatura de funcionamiento: 0\u00b0c~40\u00b0c (32 \u00b0f~104\u00b0f)<\/td>\n<\/tr>\n<tr>\n<td>Temperatura de almacenamiento: -40\u00b0c~70\u00b0c (-40\u00b0f~158\u00b0f)<\/td>\n<\/tr>\n<tr>\n<td>Humedad de funcionamiento: 10%~90% sin condensaci\u00f3n<\/td>\n<\/tr>\n<tr>\n<td>Humedad de almacenamiento: 5%~90% sin condensaci\u00f3n<\/td>\n<\/tr>\n<\/table>\n","protected":false},"excerpt":{"rendered":"<p>Router inal\u00e1mbrico de banda dual ac750 (archer c20. * soporta el est\u00e1ndar 802.11ac &#8211; la pr\u00f3xima generaci\u00f3n wi-fi. * conexiones simult\u00e1neas de 2.4ghz y 5ghz a 300mbps y 433mbps para un total de 733mbps de ancho de banda disponible. * 3 antenas externas proporcionan una se\u00f1al omnidireccional estable y una cobertura inal\u00e1mbrica superior. El archer c20 de tp-link viene con est\u00e1ndar wi-fi de la pr\u00f3xima generaci\u00f3n \u00bf 802.11ac, compatible con versiones anteriores de 802.11n and 3 veces m\u00e1s r\u00e1pido que las velocidades inal\u00e1mbricas n. Con mayor eficiencia energ\u00e9tica y una seguridad robusta, 802.11ac es la manera perfecta para acelerar una red multimedia en casa y solucionar la congesti\u00f3n que varios dispositivos pueden causar. Con velocidades inal\u00e1mbricas de 433mbps a trav\u00e9s de la banda n\u00edtida de 5ghz y a trav\u00e9s de la banda de 2.4ghz, el archer c20 le ofrece la flexibilidad de dos redes dedicadas y asegura un sorprendente desempe\u00f1o inal\u00e1mbrico. Las tareas simples como el env\u00edo de correos electr\u00f3nicos o la navegaci\u00f3n por internet pueden ser manejadas por la banda de 2.4ghz mientras que las tareas que requieren banda ancha intensa como los juegos en l\u00ednea o streaming de video en hd pueden ser procesadas por la banda de 5ghz &#8211; todas al mismo tiempo. Con 3 antenas externas fijas en combinaci\u00f3n con la tecnolog\u00eda de antenas de mayor calidad, usted puede experimentar un excelente desempe\u00f1o inal\u00e1mbrico con una se\u00f1al estable en cada direcci\u00f3n y una alta velocidad a trav\u00e9s de grandes distancias. Esto le proporciona una incre\u00edble fiabilidad y cobertura inal\u00e1mbrica desde cualquier lugar de su casa u oficina. Configure el archer c20 en minutos, gracias a su interfaz a trav\u00e9s de internet intuitiva y la potente app de tether. Tether tambi\u00e9n le permite administrar la configuraci\u00f3n de su red desde cualquier dispositivo ios o android, incluyendo el control parental y el control de acceso.<\/p>\n","protected":false},"featured_media":220645,"comment_status":"open","ping_status":"open","template":"","meta":[],"product_cat":[1563,1753],"product_tag":[1562],"acf":[],"yoast_head":"<!-- This site is optimized with the Yoast SEO plugin v21.7 - https:\/\/yoast.com\/wordpress\/plugins\/seo\/ -->\n<title>[ Tp Link ] &#129351; Archer C20 Router Tp-link Inalambrico Ac750 Dual Band 2.4ghz A 300mbps Y 5ghz A 433mbps La Imagen Solo Es Ilustrativa<\/title>\n<meta name=\"description\" content=\"Compra Archer C20 Router Tp-link Inalambrico Ac750 Dual Band 2.4ghz A 300mbps Y 5ghz A 433mbps La Imagen Solo Es Ilustrativa + Env\u00edo a domicilio + Pago seguro + Garant\u00eda\" \/>\n<meta name=\"robots\" content=\"index, follow, max-snippet:-1, max-image-preview:large, max-video-preview:-1\" \/>\n<link rel=\"canonical\" href=\"https:\/\/compuviper.mx\/tienda\/producto\/tp-link-archer-c20-router-tp-link-inalambrico-ac750-dual-band-2-4ghz-a-300mbps-y-5ghz-a-433mbps-la-imagen-solo-es-ilustrativa\/\" \/>\n<meta property=\"og:locale\" content=\"es_MX\" \/>\n<meta property=\"og:type\" content=\"article\" \/>\n<meta property=\"og:title\" content=\"[ Tp Link ] &#129351; Archer C20 Router Tp-link Inalambrico Ac750 Dual Band 2.4ghz A 300mbps Y 5ghz A 433mbps La Imagen Solo Es Ilustrativa\" \/>\n<meta property=\"og:description\" content=\"Compra Archer C20 Router Tp-link Inalambrico Ac750 Dual Band 2.4ghz A 300mbps Y 5ghz A 433mbps La Imagen Solo Es Ilustrativa + Env\u00edo a domicilio + Pago seguro + Garant\u00eda\" \/>\n<meta property=\"og:url\" content=\"https:\/\/compuviper.mx\/tienda\/producto\/tp-link-archer-c20-router-tp-link-inalambrico-ac750-dual-band-2-4ghz-a-300mbps-y-5ghz-a-433mbps-la-imagen-solo-es-ilustrativa\/\" \/>\n<meta property=\"og:site_name\" content=\"Compuviper\" \/>\n<meta property=\"article:publisher\" content=\"https:\/\/www.facebook.com\/compuviper\" \/>\n<meta property=\"og:image\" content=\"https:\/\/compuviper.mx\/tienda\/wp-content\/uploads\/2023\/12\/Router-tp-link-archer-c20-inalambrico-ac750-dual-band-2.4ghz-a-300mbps-y-5ghz-a-433mbps-la-imagen-solo-es-ilustrativa.jpg\" \/>\n\t<meta property=\"og:image:width\" content=\"200\" \/>\n\t<meta property=\"og:image:height\" content=\"200\" \/>\n\t<meta property=\"og:image:type\" content=\"image\/jpeg\" \/>\n<meta name=\"twitter:card\" content=\"summary_large_image\" \/>\n<meta name=\"twitter:label1\" content=\"Precio\" \/>\n\t<meta name=\"twitter:data1\" content=\"&#36;424 con IVA\" \/>\n\t<meta name=\"twitter:label2\" content=\"Availability\" \/>\n\t<meta name=\"twitter:data2\" content=\"Out of stock\" \/>\n<script type=\"application\/ld+json\" class=\"yoast-schema-graph\">{\"@context\":\"https:\/\/schema.org\",\"@graph\":[{\"@type\":\"WebPage\",\"@id\":\"https:\/\/compuviper.mx\/tienda\/producto\/tp-link-archer-c20-router-tp-link-inalambrico-ac750-dual-band-2-4ghz-a-300mbps-y-5ghz-a-433mbps-la-imagen-solo-es-ilustrativa\/\",\"url\":\"https:\/\/compuviper.mx\/tienda\/producto\/tp-link-archer-c20-router-tp-link-inalambrico-ac750-dual-band-2-4ghz-a-300mbps-y-5ghz-a-433mbps-la-imagen-solo-es-ilustrativa\/\",\"name\":\"[ Tp Link ] &#129351; Archer C20 Router Tp-link Inalambrico Ac750 Dual Band 2.4ghz A 300mbps Y 5ghz A 433mbps La Imagen Solo Es Ilustrativa\",\"isPartOf\":{\"@id\":\"https:\/\/compuviper.mx\/tienda\/#website\"},\"datePublished\":\"2026-04-02T07:02:36+00:00\",\"dateModified\":\"2026-04-02T07:02:36+00:00\",\"description\":\"Compra Archer C20 Router Tp-link Inalambrico Ac750 Dual Band 2.4ghz A 300mbps Y 5ghz A 433mbps La Imagen Solo Es Ilustrativa + Env\u00edo a domicilio + Pago seguro + Garant\u00eda\",\"breadcrumb\":{\"@id\":\"https:\/\/compuviper.mx\/tienda\/producto\/tp-link-archer-c20-router-tp-link-inalambrico-ac750-dual-band-2-4ghz-a-300mbps-y-5ghz-a-433mbps-la-imagen-solo-es-ilustrativa\/#breadcrumb\"},\"inLanguage\":\"es-MX\",\"potentialAction\":[{\"@type\":\"ReadAction\",\"target\":[\"https:\/\/compuviper.mx\/tienda\/producto\/tp-link-archer-c20-router-tp-link-inalambrico-ac750-dual-band-2-4ghz-a-300mbps-y-5ghz-a-433mbps-la-imagen-solo-es-ilustrativa\/\"]}]},{\"@type\":\"BreadcrumbList\",\"@id\":\"https:\/\/compuviper.mx\/tienda\/producto\/tp-link-archer-c20-router-tp-link-inalambrico-ac750-dual-band-2-4ghz-a-300mbps-y-5ghz-a-433mbps-la-imagen-solo-es-ilustrativa\/#breadcrumb\",\"itemListElement\":[{\"@type\":\"ListItem\",\"position\":1,\"name\":\"Inicio\",\"item\":\"https:\/\/compuviper.mx\/tienda\/\"},{\"@type\":\"ListItem\",\"position\":2,\"name\":\"Productos\",\"item\":\"https:\/\/compuviper.mx\/tienda\/productos\/\"},{\"@type\":\"ListItem\",\"position\":3,\"name\":\"Redes\",\"item\":\"https:\/\/compuviper.mx\/tienda\/categoria-producto\/redes\/\"},{\"@type\":\"ListItem\",\"position\":4,\"name\":\"Router\",\"item\":\"https:\/\/compuviper.mx\/tienda\/categoria-producto\/redes\/router\/\"},{\"@type\":\"ListItem\",\"position\":5,\"name\":\"Tp Link Archer C20 Router Tp-link Inalambrico Ac750 Dual Band 2.4ghz A 300mbps Y 5ghz A 433mbps La Imagen Solo Es Ilustrativa\"}]},{\"@type\":\"WebSite\",\"@id\":\"https:\/\/compuviper.mx\/tienda\/#website\",\"url\":\"https:\/\/compuviper.mx\/tienda\/\",\"name\":\"Compuviper\",\"description\":\"Proveedor de Computadoras, Laptops, Servidores, Monitores, Puntos de Venta, Teclados,   Impresoras, T\u00f3ner, C\u00e1maras de Seguridad y m\u00e1s en tu tienda en l\u00ednea\",\"publisher\":{\"@id\":\"https:\/\/compuviper.mx\/tienda\/#organization\"},\"potentialAction\":[{\"@type\":\"SearchAction\",\"target\":{\"@type\":\"EntryPoint\",\"urlTemplate\":\"https:\/\/compuviper.mx\/tienda\/?s={search_term_string}\"},\"query-input\":\"required name=search_term_string\"}],\"inLanguage\":\"es-MX\"},{\"@type\":\"Organization\",\"@id\":\"https:\/\/compuviper.mx\/tienda\/#organization\",\"name\":\"Compuviper\",\"url\":\"https:\/\/compuviper.mx\/tienda\/\",\"logo\":{\"@type\":\"ImageObject\",\"inLanguage\":\"es-MX\",\"@id\":\"https:\/\/compuviper.mx\/tienda\/#\/schema\/logo\/image\/\",\"url\":\"https:\/\/compuviper.mx\/tienda\/wp-content\/uploads\/2021\/08\/Logo-Compuviper-10.png\",\"contentUrl\":\"https:\/\/compuviper.mx\/tienda\/wp-content\/uploads\/2021\/08\/Logo-Compuviper-10.png\",\"width\":1000,\"height\":500,\"caption\":\"Compuviper\"},\"image\":{\"@id\":\"https:\/\/compuviper.mx\/tienda\/#\/schema\/logo\/image\/\"},\"sameAs\":[\"https:\/\/www.facebook.com\/compuviper\",\"https:\/\/www.youtube.com\/channel\/UCf73dERp9Y3cfOq7q8BhLjA?view_as=subscriber\"]}]}<\/script>\n<meta property=\"product:brand\" content=\"TP LINK\" \/>\n<meta property=\"product:price:amount\" content=\"424\" \/>\n<meta property=\"product:price:currency\" content=\"MXN\" \/>\n<meta property=\"og:availability\" content=\"out of stock\" \/>\n<meta property=\"product:availability\" content=\"out of stock\" \/>\n<meta property=\"product:retailer_item_id\" content=\"ARCHER C20\" \/>\n<meta property=\"product:condition\" content=\"new\" \/>\n<!-- \/ Yoast SEO plugin. -->","yoast_head_json":{"title":"[ Tp Link ] &#129351; Archer C20 Router Tp-link Inalambrico Ac750 Dual Band 2.4ghz A 300mbps Y 5ghz A 433mbps La Imagen Solo Es Ilustrativa","description":"Compra Archer C20 Router Tp-link Inalambrico Ac750 Dual Band 2.4ghz A 300mbps Y 5ghz A 433mbps La Imagen Solo Es Ilustrativa + Env\u00edo a domicilio + Pago seguro + Garant\u00eda","robots":{"index":"index","follow":"follow","max-snippet":"max-snippet:-1","max-image-preview":"max-image-preview:large","max-video-preview":"max-video-preview:-1"},"canonical":"https:\/\/compuviper.mx\/tienda\/producto\/tp-link-archer-c20-router-tp-link-inalambrico-ac750-dual-band-2-4ghz-a-300mbps-y-5ghz-a-433mbps-la-imagen-solo-es-ilustrativa\/","og_locale":"es_MX","og_type":"article","og_title":"[ Tp Link ] &#129351; Archer C20 Router Tp-link Inalambrico Ac750 Dual Band 2.4ghz A 300mbps Y 5ghz A 433mbps La Imagen Solo Es Ilustrativa","og_description":"Compra Archer C20 Router Tp-link Inalambrico Ac750 Dual Band 2.4ghz A 300mbps Y 5ghz A 433mbps La Imagen Solo Es Ilustrativa + Env\u00edo a domicilio + Pago seguro + Garant\u00eda","og_url":"https:\/\/compuviper.mx\/tienda\/producto\/tp-link-archer-c20-router-tp-link-inalambrico-ac750-dual-band-2-4ghz-a-300mbps-y-5ghz-a-433mbps-la-imagen-solo-es-ilustrativa\/","og_site_name":"Compuviper","article_publisher":"https:\/\/www.facebook.com\/compuviper","og_image":[{"width":200,"height":200,"url":"https:\/\/compuviper.mx\/tienda\/wp-content\/uploads\/2023\/12\/Router-tp-link-archer-c20-inalambrico-ac750-dual-band-2.4ghz-a-300mbps-y-5ghz-a-433mbps-la-imagen-solo-es-ilustrativa.jpg","type":"image\/jpeg"}],"twitter_card":"summary_large_image","twitter_misc":{"Precio":"&#36;424 con IVA","Availability":"Out of stock"},"schema":{"@context":"https:\/\/schema.org","@graph":[{"@type":"WebPage","@id":"https:\/\/compuviper.mx\/tienda\/producto\/tp-link-archer-c20-router-tp-link-inalambrico-ac750-dual-band-2-4ghz-a-300mbps-y-5ghz-a-433mbps-la-imagen-solo-es-ilustrativa\/","url":"https:\/\/compuviper.mx\/tienda\/producto\/tp-link-archer-c20-router-tp-link-inalambrico-ac750-dual-band-2-4ghz-a-300mbps-y-5ghz-a-433mbps-la-imagen-solo-es-ilustrativa\/","name":"[ Tp Link ] &#129351; Archer C20 Router Tp-link Inalambrico Ac750 Dual Band 2.4ghz A 300mbps Y 5ghz A 433mbps La Imagen Solo Es Ilustrativa","isPartOf":{"@id":"https:\/\/compuviper.mx\/tienda\/#website"},"datePublished":"2026-04-02T07:02:36+00:00","dateModified":"2026-04-02T07:02:36+00:00","description":"Compra Archer C20 Router Tp-link Inalambrico Ac750 Dual Band 2.4ghz A 300mbps Y 5ghz A 433mbps La Imagen Solo Es Ilustrativa + Env\u00edo a domicilio + Pago seguro + Garant\u00eda","breadcrumb":{"@id":"https:\/\/compuviper.mx\/tienda\/producto\/tp-link-archer-c20-router-tp-link-inalambrico-ac750-dual-band-2-4ghz-a-300mbps-y-5ghz-a-433mbps-la-imagen-solo-es-ilustrativa\/#breadcrumb"},"inLanguage":"es-MX","potentialAction":[{"@type":"ReadAction","target":["https:\/\/compuviper.mx\/tienda\/producto\/tp-link-archer-c20-router-tp-link-inalambrico-ac750-dual-band-2-4ghz-a-300mbps-y-5ghz-a-433mbps-la-imagen-solo-es-ilustrativa\/"]}]},{"@type":"BreadcrumbList","@id":"https:\/\/compuviper.mx\/tienda\/producto\/tp-link-archer-c20-router-tp-link-inalambrico-ac750-dual-band-2-4ghz-a-300mbps-y-5ghz-a-433mbps-la-imagen-solo-es-ilustrativa\/#breadcrumb","itemListElement":[{"@type":"ListItem","position":1,"name":"Inicio","item":"https:\/\/compuviper.mx\/tienda\/"},{"@type":"ListItem","position":2,"name":"Productos","item":"https:\/\/compuviper.mx\/tienda\/productos\/"},{"@type":"ListItem","position":3,"name":"Redes","item":"https:\/\/compuviper.mx\/tienda\/categoria-producto\/redes\/"},{"@type":"ListItem","position":4,"name":"Router","item":"https:\/\/compuviper.mx\/tienda\/categoria-producto\/redes\/router\/"},{"@type":"ListItem","position":5,"name":"Tp Link Archer C20 Router Tp-link Inalambrico Ac750 Dual Band 2.4ghz A 300mbps Y 5ghz A 433mbps La Imagen Solo Es Ilustrativa"}]},{"@type":"WebSite","@id":"https:\/\/compuviper.mx\/tienda\/#website","url":"https:\/\/compuviper.mx\/tienda\/","name":"Compuviper","description":"Proveedor de Computadoras, Laptops, Servidores, Monitores, Puntos de Venta, Teclados,   Impresoras, T\u00f3ner, C\u00e1maras de Seguridad y m\u00e1s en tu tienda en l\u00ednea","publisher":{"@id":"https:\/\/compuviper.mx\/tienda\/#organization"},"potentialAction":[{"@type":"SearchAction","target":{"@type":"EntryPoint","urlTemplate":"https:\/\/compuviper.mx\/tienda\/?s={search_term_string}"},"query-input":"required name=search_term_string"}],"inLanguage":"es-MX"},{"@type":"Organization","@id":"https:\/\/compuviper.mx\/tienda\/#organization","name":"Compuviper","url":"https:\/\/compuviper.mx\/tienda\/","logo":{"@type":"ImageObject","inLanguage":"es-MX","@id":"https:\/\/compuviper.mx\/tienda\/#\/schema\/logo\/image\/","url":"https:\/\/compuviper.mx\/tienda\/wp-content\/uploads\/2021\/08\/Logo-Compuviper-10.png","contentUrl":"https:\/\/compuviper.mx\/tienda\/wp-content\/uploads\/2021\/08\/Logo-Compuviper-10.png","width":1000,"height":500,"caption":"Compuviper"},"image":{"@id":"https:\/\/compuviper.mx\/tienda\/#\/schema\/logo\/image\/"},"sameAs":["https:\/\/www.facebook.com\/compuviper","https:\/\/www.youtube.com\/channel\/UCf73dERp9Y3cfOq7q8BhLjA?view_as=subscriber"]}]},"product_brand":"TP LINK","product_price_amount":"424","product_price_currency":"MXN","og_availability":"out of stock","product_availability":"out of stock","product_retailer_item_id":"ARCHER C20","product_condition":"new"},"_links":{"self":[{"href":"https:\/\/compuviper.mx\/tienda\/wp-json\/wp\/v2\/product\/220644"}],"collection":[{"href":"https:\/\/compuviper.mx\/tienda\/wp-json\/wp\/v2\/product"}],"about":[{"href":"https:\/\/compuviper.mx\/tienda\/wp-json\/wp\/v2\/types\/product"}],"replies":[{"embeddable":true,"href":"https:\/\/compuviper.mx\/tienda\/wp-json\/wp\/v2\/comments?post=220644"}],"wp:featuredmedia":[{"embeddable":true,"href":"https:\/\/compuviper.mx\/tienda\/wp-json\/wp\/v2\/media\/220645"}],"wp:attachment":[{"href":"https:\/\/compuviper.mx\/tienda\/wp-json\/wp\/v2\/media?parent=220644"}],"wp:term":[{"taxonomy":"product_cat","embeddable":true,"href":"https:\/\/compuviper.mx\/tienda\/wp-json\/wp\/v2\/product_cat?post=220644"},{"taxonomy":"product_tag","embeddable":true,"href":"https:\/\/compuviper.mx\/tienda\/wp-json\/wp\/v2\/product_tag?post=220644"}],"curies":[{"name":"wp","href":"https:\/\/api.w.org\/{rel}","templated":true}]}}