{"id":220640,"date":"2026-04-11T23:22:48","date_gmt":"2026-04-12T05:22:48","guid":{"rendered":"https:\/\/compuviper.mx\/tienda\/producto\/tp-link-tl-wa855re-repetidor-tp-link-inalambrico-extensor-de-rango-300mbps-1-rj45-10-100-mbps-2-antenas-externas\/"},"modified":"2026-04-11T23:22:48","modified_gmt":"2026-04-12T05:22:48","slug":"tp-link-tl-wa855re-repetidor-tp-link-inalambrico-extensor-de-rango-300mbps-1-rj45-10-100-mbps-2-antenas-externas","status":"publish","type":"product","link":"https:\/\/compuviper.mx\/tienda\/producto\/tp-link-tl-wa855re-repetidor-tp-link-inalambrico-extensor-de-rango-300mbps-1-rj45-10-100-mbps-2-antenas-externas\/","title":{"rendered":"Tp Link Tl-wa855re Repetidor  | Tp-link |  | Inalambrico Extensor De Rango |  300mbps | 1 Rj45 10\/100 Mbps | 2 Antenas Externas"},"content":{"rendered":"<table class=\"descripcion\">\n<tr>\n<td>Caracter\u00edsticas de hardware<\/td>\n<\/tr>\n<tr>\n<td>Tipo de enchufe: eu, uk, us<\/td>\n<\/tr>\n<tr>\n<td>Interfaz: 1 puerto ethernet (rj45) 10 \/ 100m<\/td>\n<\/tr>\n<tr>\n<td>Bot\u00f3n: bot\u00f3n re(range extender), bot\u00f3n reset<\/td>\n<\/tr>\n<tr>\n<td>Consumo de energ\u00eda: alrededor de 3w<\/td>\n<\/tr>\n<tr>\n<td>Dimensiones (w x d x h): 2.0x 1.3 x 2.6 pulg. (52 x 34 x 65mm)<\/td>\n<\/tr>\n<tr>\n<td>Antena: 2 externas<\/td>\n<\/tr>\n<tr>\n<td>Caracter\u00edsticas inal\u00e1mbricas<\/td>\n<\/tr>\n<tr>\n<td>Est\u00e1ndares inal\u00e1mbricos: ieee 802.11n, ieee 802.11g, ieee 802.11b<\/td>\n<\/tr>\n<tr>\n<td>Frecuencia: 2.4 ~ 2.4835ghz<\/td>\n<\/tr>\n<tr>\n<td>Tasa de se\u00f1al: 11n: hasta 300mbps (din\u00e1mico)  \/  11g: hasta 54mbps (din\u00e1mico)  \/  11b: hasta 11mbps (din\u00e1mico)<\/td>\n<\/tr>\n<tr>\n<td>Sensibilidad de recepci\u00f3n: 270m:  -68dbm @ 10% por  \/  130m:  -68dbm @ 10% por  \/  108m:  -68dbm @ 10% por  \/  54m:  -68dbm @ 10% por  \/  11m:  -68dbm @ 8% por<\/td>\n<\/tr>\n<tr>\n<td>6m:  -68dbm @ 10% por  \/  1 m:  -68dbm @ 8% por<\/td>\n<\/tr>\n<tr>\n<td>Potencia de transmision:  20 dbm (eirp)<\/td>\n<\/tr>\n<tr>\n<td>Modos inal\u00e1mbricos: modo extensor de rango\/punto de acceso<\/td>\n<\/tr>\n<tr>\n<td>Funciones inal\u00e1mbricas: filtrado inal\u00e1mbrico de direcci\u00f3n mac  \/  funci\u00f3n entrada de dominio  \/  transmisi\u00f3n control de potencia<\/td>\n<\/tr>\n<tr>\n<td>Seguridad inal\u00e1mbrica: wep  \/  wpa-psk \/ wpa2-psk de 64\/128\/152 bits<\/td>\n<\/tr>\n<tr>\n<td>Otros<\/td>\n<\/tr>\n<tr>\n<td>Certificaciones: ce, rohs<\/td>\n<\/tr>\n<tr>\n<td>Contenidos del paquete: extensor de rango wi-fi 300mbps tl-wa855re  \/  cable ethernet rj-45  \/  gu\u00eda de instalaci\u00f3n r\u00e1pida<\/td>\n<\/tr>\n<tr>\n<td>Requisitos del sistema: microsoft\u00ae windows\u00ae 98se, nt, 2000, xp, vista o windows 7, 8, 8.1, 10, mac\u00ae os, netware\u00ae, unix\u00ae o linux.<\/td>\n<\/tr>\n<tr>\n<td>Ambiente: temperatura de funcionamiento: 0\u00b0c~40\u00b0c (32\u00b0f~104\u00b0f)  \/  temperatura de almacenamiento: -40\u00b0c~70\u00b0c (-40\u00b0f~158\u00b0f)  \/  humedad de funcionamiento: 10%~90% sin condensaci\u00f3n  \/  humedad de almacenamiento: 5%~90% sin condensaci\u00f3n<\/td>\n<\/tr>\n<\/table>\n","protected":false},"excerpt":{"rendered":"<p>Extensor de rango wi-fi 300mbps. Tl-wa855re. * aumenta la cobertura wi-fi existente para ofrecer conectividad cableada e inal\u00e1mbrica r\u00e1pida y confiable. * antenas externas para wi-fi m\u00e1s r\u00e1pido y confiable. * soporta el modo de ap que crea un nuevo punto de acceso wi-fi. * ampl\u00eda f\u00e1cilmente la cobertura inal\u00e1mbrica presionando el bot\u00f3n range extender. * establece programaci\u00f3n de alimentaci\u00f3n para ahorro de energ\u00eda del extensor de rango. * tether app permite el f\u00e1cil acceso y la administraci\u00f3n de tus dispositivos m\u00f3viles de forma remota. * funciona con cualquier router wi-fi. Compacto. A pesar de su tama\u00f1o compacto, el tl-wa855re puede ser dif\u00edcil de ignorar debido a la forma verdaderamente impresionante que proyecta el wi-fi en las \u00e1reas que tu router est\u00e1ndar simplemente no puede llegar. El tl-wa855re soporta velocidades inal\u00e1mbricas de hasta 300 mbps y mantiene todos tus dispositivos favoritos corriendo tan r\u00e1pido como sea posible. Tan poderoso como t\u00fa esperas. Las 2 antenas externas con tecnolog\u00eda mimo ayudan al repetidor tl-wa855re ponerlo aparte del resto. La tecnolog\u00eda mimo mejora tu red al aumentar dram\u00e1ticamente velocidades inal\u00e1mbricas y las dos antenas externas aseguran que la se\u00f1al inal\u00e1mbrica estable llega a donde m\u00e1s lo necesita. Expansi\u00f3n de red sin esfuerzo. Con dos toques est\u00e1s listo para conectarte. S\u00f3lo presiona el bot\u00f3n wps en el router, a continuaci\u00f3n, presiona el bot\u00f3n range extender en tl-wa855re para comenzar a disfrutar del amplio wi-fi. Con\u00e9ctate con confianza. El indicador led inteligente proporciona un simple c\u00f3digo de colores, que permite encontrar el lugar perfecto. Wi-fi como necesitas. El tl-wa855re te da wifi en la forma en que lo necesita, con sus dos modos de trabajo seleccionables. Control de cobertura wi-fi: ajusta la configuraci\u00f3n que afecta a tu \u00e1rea de cobertura inal\u00e1mbrica. Control de acceso: asegura tu red controlando a quien lo utiliza. Horario de alimentaci\u00f3n: crea un calendario para activar o desactivar la red como quieras. Monitoreo sencillo y control remoto. Tether es una aplicaci\u00f3n intuitiva que permite a los usuarios controlar convenientemente el estado del extensor de rango, el control de tus funciones y alterar la configuraci\u00f3n desde cualquier dispositivo m\u00f3vil compatible de forma remota.<\/p>\n","protected":false},"featured_media":220641,"comment_status":"open","ping_status":"open","template":"","meta":[],"product_cat":[1563,1755],"product_tag":[1562],"acf":[],"yoast_head":"<!-- This site is optimized with the Yoast SEO plugin v21.7 - https:\/\/yoast.com\/wordpress\/plugins\/seo\/ -->\n<title>[ Tp Link ] &#129351; Tl-wa855re Repetidor | Tp-link | | Inalambrico Extensor De Rango | 300mbps | 1 Rj45 10\/100 Mbps | 2 Antenas Externas<\/title>\n<meta name=\"description\" content=\"Compra Tl-wa855re Repetidor | Tp-link | | Inalambrico Extensor De Rango | 300mbps | 1 Rj45 10\/100 Mbps | 2 Antenas Externas + Env\u00edo a domicilio + Pago seguro + Garant\u00eda\" \/>\n<meta name=\"robots\" content=\"index, follow, max-snippet:-1, max-image-preview:large, max-video-preview:-1\" \/>\n<link rel=\"canonical\" href=\"https:\/\/compuviper.mx\/tienda\/producto\/tp-link-tl-wa855re-repetidor-tp-link-inalambrico-extensor-de-rango-300mbps-1-rj45-10-100-mbps-2-antenas-externas\/\" \/>\n<meta property=\"og:locale\" content=\"es_MX\" \/>\n<meta property=\"og:type\" content=\"article\" \/>\n<meta property=\"og:title\" content=\"[ Tp Link ] &#129351; Tl-wa855re Repetidor | Tp-link | | Inalambrico Extensor De Rango | 300mbps | 1 Rj45 10\/100 Mbps | 2 Antenas Externas\" \/>\n<meta property=\"og:description\" content=\"Compra Tl-wa855re Repetidor | Tp-link | | Inalambrico Extensor De Rango | 300mbps | 1 Rj45 10\/100 Mbps | 2 Antenas Externas + Env\u00edo a domicilio + Pago seguro + Garant\u00eda\" \/>\n<meta property=\"og:url\" content=\"https:\/\/compuviper.mx\/tienda\/producto\/tp-link-tl-wa855re-repetidor-tp-link-inalambrico-extensor-de-rango-300mbps-1-rj45-10-100-mbps-2-antenas-externas\/\" \/>\n<meta property=\"og:site_name\" content=\"Compuviper\" \/>\n<meta property=\"article:publisher\" content=\"https:\/\/www.facebook.com\/compuviper\" \/>\n<meta property=\"og:image\" content=\"https:\/\/compuviper.mx\/tienda\/wp-content\/uploads\/2023\/12\/Repetidor-tp-link-tl-wa855re-inalambrico-extensor-de-rango-300mbps-1-rj45-10100-mbps-2-antenas-externas.jpg\" \/>\n\t<meta property=\"og:image:width\" content=\"200\" \/>\n\t<meta property=\"og:image:height\" content=\"200\" \/>\n\t<meta property=\"og:image:type\" content=\"image\/jpeg\" \/>\n<meta name=\"twitter:card\" content=\"summary_large_image\" \/>\n<meta name=\"twitter:label1\" content=\"Precio\" \/>\n\t<meta name=\"twitter:data1\" content=\"&#36;247 con IVA\" \/>\n\t<meta name=\"twitter:label2\" content=\"Availability\" \/>\n\t<meta name=\"twitter:data2\" content=\"In stock\" \/>\n<script type=\"application\/ld+json\" class=\"yoast-schema-graph\">{\"@context\":\"https:\/\/schema.org\",\"@graph\":[{\"@type\":\"WebPage\",\"@id\":\"https:\/\/compuviper.mx\/tienda\/producto\/tp-link-tl-wa855re-repetidor-tp-link-inalambrico-extensor-de-rango-300mbps-1-rj45-10-100-mbps-2-antenas-externas\/\",\"url\":\"https:\/\/compuviper.mx\/tienda\/producto\/tp-link-tl-wa855re-repetidor-tp-link-inalambrico-extensor-de-rango-300mbps-1-rj45-10-100-mbps-2-antenas-externas\/\",\"name\":\"[ Tp Link ] &#129351; Tl-wa855re Repetidor | Tp-link | | Inalambrico Extensor De Rango | 300mbps | 1 Rj45 10\/100 Mbps | 2 Antenas Externas\",\"isPartOf\":{\"@id\":\"https:\/\/compuviper.mx\/tienda\/#website\"},\"datePublished\":\"2026-04-12T05:22:48+00:00\",\"dateModified\":\"2026-04-12T05:22:48+00:00\",\"description\":\"Compra Tl-wa855re Repetidor | Tp-link | | Inalambrico Extensor De Rango | 300mbps | 1 Rj45 10\/100 Mbps | 2 Antenas Externas + Env\u00edo a domicilio + Pago seguro + Garant\u00eda\",\"breadcrumb\":{\"@id\":\"https:\/\/compuviper.mx\/tienda\/producto\/tp-link-tl-wa855re-repetidor-tp-link-inalambrico-extensor-de-rango-300mbps-1-rj45-10-100-mbps-2-antenas-externas\/#breadcrumb\"},\"inLanguage\":\"es-MX\",\"potentialAction\":[{\"@type\":\"ReadAction\",\"target\":[\"https:\/\/compuviper.mx\/tienda\/producto\/tp-link-tl-wa855re-repetidor-tp-link-inalambrico-extensor-de-rango-300mbps-1-rj45-10-100-mbps-2-antenas-externas\/\"]}]},{\"@type\":\"BreadcrumbList\",\"@id\":\"https:\/\/compuviper.mx\/tienda\/producto\/tp-link-tl-wa855re-repetidor-tp-link-inalambrico-extensor-de-rango-300mbps-1-rj45-10-100-mbps-2-antenas-externas\/#breadcrumb\",\"itemListElement\":[{\"@type\":\"ListItem\",\"position\":1,\"name\":\"Inicio\",\"item\":\"https:\/\/compuviper.mx\/tienda\/\"},{\"@type\":\"ListItem\",\"position\":2,\"name\":\"Productos\",\"item\":\"https:\/\/compuviper.mx\/tienda\/productos\/\"},{\"@type\":\"ListItem\",\"position\":3,\"name\":\"Redes\",\"item\":\"https:\/\/compuviper.mx\/tienda\/categoria-producto\/redes\/\"},{\"@type\":\"ListItem\",\"position\":4,\"name\":\"Repetidor Wireless\",\"item\":\"https:\/\/compuviper.mx\/tienda\/categoria-producto\/redes\/repetidor-wireless\/\"},{\"@type\":\"ListItem\",\"position\":5,\"name\":\"Tp Link Tl-wa855re Repetidor | Tp-link | | Inalambrico Extensor De Rango | 300mbps | 1 Rj45 10\/100 Mbps | 2 Antenas Externas\"}]},{\"@type\":\"WebSite\",\"@id\":\"https:\/\/compuviper.mx\/tienda\/#website\",\"url\":\"https:\/\/compuviper.mx\/tienda\/\",\"name\":\"Compuviper\",\"description\":\"Proveedor de Computadoras, Laptops, Servidores, Monitores, Puntos de Venta, Teclados,   Impresoras, T\u00f3ner, C\u00e1maras de Seguridad y m\u00e1s en tu tienda en l\u00ednea\",\"publisher\":{\"@id\":\"https:\/\/compuviper.mx\/tienda\/#organization\"},\"potentialAction\":[{\"@type\":\"SearchAction\",\"target\":{\"@type\":\"EntryPoint\",\"urlTemplate\":\"https:\/\/compuviper.mx\/tienda\/?s={search_term_string}\"},\"query-input\":\"required name=search_term_string\"}],\"inLanguage\":\"es-MX\"},{\"@type\":\"Organization\",\"@id\":\"https:\/\/compuviper.mx\/tienda\/#organization\",\"name\":\"Compuviper\",\"url\":\"https:\/\/compuviper.mx\/tienda\/\",\"logo\":{\"@type\":\"ImageObject\",\"inLanguage\":\"es-MX\",\"@id\":\"https:\/\/compuviper.mx\/tienda\/#\/schema\/logo\/image\/\",\"url\":\"https:\/\/compuviper.mx\/tienda\/wp-content\/uploads\/2021\/08\/Logo-Compuviper-10.png\",\"contentUrl\":\"https:\/\/compuviper.mx\/tienda\/wp-content\/uploads\/2021\/08\/Logo-Compuviper-10.png\",\"width\":1000,\"height\":500,\"caption\":\"Compuviper\"},\"image\":{\"@id\":\"https:\/\/compuviper.mx\/tienda\/#\/schema\/logo\/image\/\"},\"sameAs\":[\"https:\/\/www.facebook.com\/compuviper\",\"https:\/\/www.youtube.com\/channel\/UCf73dERp9Y3cfOq7q8BhLjA?view_as=subscriber\"]}]}<\/script>\n<meta property=\"product:brand\" content=\"TP LINK\" \/>\n<meta property=\"product:price:amount\" content=\"247\" \/>\n<meta property=\"product:price:currency\" content=\"MXN\" \/>\n<meta property=\"og:availability\" content=\"instock\" \/>\n<meta property=\"product:availability\" content=\"instock\" \/>\n<meta property=\"product:retailer_item_id\" content=\"TL-WA855RE\" \/>\n<meta property=\"product:condition\" content=\"new\" \/>\n<!-- \/ Yoast SEO plugin. -->","yoast_head_json":{"title":"[ Tp Link ] &#129351; Tl-wa855re Repetidor | Tp-link | | Inalambrico Extensor De Rango | 300mbps | 1 Rj45 10\/100 Mbps | 2 Antenas Externas","description":"Compra Tl-wa855re Repetidor | Tp-link | | Inalambrico Extensor De Rango | 300mbps | 1 Rj45 10\/100 Mbps | 2 Antenas Externas + Env\u00edo a domicilio + Pago seguro + Garant\u00eda","robots":{"index":"index","follow":"follow","max-snippet":"max-snippet:-1","max-image-preview":"max-image-preview:large","max-video-preview":"max-video-preview:-1"},"canonical":"https:\/\/compuviper.mx\/tienda\/producto\/tp-link-tl-wa855re-repetidor-tp-link-inalambrico-extensor-de-rango-300mbps-1-rj45-10-100-mbps-2-antenas-externas\/","og_locale":"es_MX","og_type":"article","og_title":"[ Tp Link ] &#129351; Tl-wa855re Repetidor | Tp-link | | Inalambrico Extensor De Rango | 300mbps | 1 Rj45 10\/100 Mbps | 2 Antenas Externas","og_description":"Compra Tl-wa855re Repetidor | Tp-link | | Inalambrico Extensor De Rango | 300mbps | 1 Rj45 10\/100 Mbps | 2 Antenas Externas + Env\u00edo a domicilio + Pago seguro + Garant\u00eda","og_url":"https:\/\/compuviper.mx\/tienda\/producto\/tp-link-tl-wa855re-repetidor-tp-link-inalambrico-extensor-de-rango-300mbps-1-rj45-10-100-mbps-2-antenas-externas\/","og_site_name":"Compuviper","article_publisher":"https:\/\/www.facebook.com\/compuviper","og_image":[{"width":200,"height":200,"url":"https:\/\/compuviper.mx\/tienda\/wp-content\/uploads\/2023\/12\/Repetidor-tp-link-tl-wa855re-inalambrico-extensor-de-rango-300mbps-1-rj45-10100-mbps-2-antenas-externas.jpg","type":"image\/jpeg"}],"twitter_card":"summary_large_image","twitter_misc":{"Precio":"&#36;247 con IVA","Availability":"In stock"},"schema":{"@context":"https:\/\/schema.org","@graph":[{"@type":"WebPage","@id":"https:\/\/compuviper.mx\/tienda\/producto\/tp-link-tl-wa855re-repetidor-tp-link-inalambrico-extensor-de-rango-300mbps-1-rj45-10-100-mbps-2-antenas-externas\/","url":"https:\/\/compuviper.mx\/tienda\/producto\/tp-link-tl-wa855re-repetidor-tp-link-inalambrico-extensor-de-rango-300mbps-1-rj45-10-100-mbps-2-antenas-externas\/","name":"[ Tp Link ] &#129351; Tl-wa855re Repetidor | Tp-link | | Inalambrico Extensor De Rango | 300mbps | 1 Rj45 10\/100 Mbps | 2 Antenas Externas","isPartOf":{"@id":"https:\/\/compuviper.mx\/tienda\/#website"},"datePublished":"2026-04-12T05:22:48+00:00","dateModified":"2026-04-12T05:22:48+00:00","description":"Compra Tl-wa855re Repetidor | Tp-link | | Inalambrico Extensor De Rango | 300mbps | 1 Rj45 10\/100 Mbps | 2 Antenas Externas + Env\u00edo a domicilio + Pago seguro + Garant\u00eda","breadcrumb":{"@id":"https:\/\/compuviper.mx\/tienda\/producto\/tp-link-tl-wa855re-repetidor-tp-link-inalambrico-extensor-de-rango-300mbps-1-rj45-10-100-mbps-2-antenas-externas\/#breadcrumb"},"inLanguage":"es-MX","potentialAction":[{"@type":"ReadAction","target":["https:\/\/compuviper.mx\/tienda\/producto\/tp-link-tl-wa855re-repetidor-tp-link-inalambrico-extensor-de-rango-300mbps-1-rj45-10-100-mbps-2-antenas-externas\/"]}]},{"@type":"BreadcrumbList","@id":"https:\/\/compuviper.mx\/tienda\/producto\/tp-link-tl-wa855re-repetidor-tp-link-inalambrico-extensor-de-rango-300mbps-1-rj45-10-100-mbps-2-antenas-externas\/#breadcrumb","itemListElement":[{"@type":"ListItem","position":1,"name":"Inicio","item":"https:\/\/compuviper.mx\/tienda\/"},{"@type":"ListItem","position":2,"name":"Productos","item":"https:\/\/compuviper.mx\/tienda\/productos\/"},{"@type":"ListItem","position":3,"name":"Redes","item":"https:\/\/compuviper.mx\/tienda\/categoria-producto\/redes\/"},{"@type":"ListItem","position":4,"name":"Repetidor Wireless","item":"https:\/\/compuviper.mx\/tienda\/categoria-producto\/redes\/repetidor-wireless\/"},{"@type":"ListItem","position":5,"name":"Tp Link Tl-wa855re Repetidor | Tp-link | | Inalambrico Extensor De Rango | 300mbps | 1 Rj45 10\/100 Mbps | 2 Antenas Externas"}]},{"@type":"WebSite","@id":"https:\/\/compuviper.mx\/tienda\/#website","url":"https:\/\/compuviper.mx\/tienda\/","name":"Compuviper","description":"Proveedor de Computadoras, Laptops, Servidores, Monitores, Puntos de Venta, Teclados,   Impresoras, T\u00f3ner, C\u00e1maras de Seguridad y m\u00e1s en tu tienda en l\u00ednea","publisher":{"@id":"https:\/\/compuviper.mx\/tienda\/#organization"},"potentialAction":[{"@type":"SearchAction","target":{"@type":"EntryPoint","urlTemplate":"https:\/\/compuviper.mx\/tienda\/?s={search_term_string}"},"query-input":"required name=search_term_string"}],"inLanguage":"es-MX"},{"@type":"Organization","@id":"https:\/\/compuviper.mx\/tienda\/#organization","name":"Compuviper","url":"https:\/\/compuviper.mx\/tienda\/","logo":{"@type":"ImageObject","inLanguage":"es-MX","@id":"https:\/\/compuviper.mx\/tienda\/#\/schema\/logo\/image\/","url":"https:\/\/compuviper.mx\/tienda\/wp-content\/uploads\/2021\/08\/Logo-Compuviper-10.png","contentUrl":"https:\/\/compuviper.mx\/tienda\/wp-content\/uploads\/2021\/08\/Logo-Compuviper-10.png","width":1000,"height":500,"caption":"Compuviper"},"image":{"@id":"https:\/\/compuviper.mx\/tienda\/#\/schema\/logo\/image\/"},"sameAs":["https:\/\/www.facebook.com\/compuviper","https:\/\/www.youtube.com\/channel\/UCf73dERp9Y3cfOq7q8BhLjA?view_as=subscriber"]}]},"product_brand":"TP LINK","product_price_amount":"247","product_price_currency":"MXN","og_availability":"instock","product_availability":"instock","product_retailer_item_id":"TL-WA855RE","product_condition":"new"},"_links":{"self":[{"href":"https:\/\/compuviper.mx\/tienda\/wp-json\/wp\/v2\/product\/220640"}],"collection":[{"href":"https:\/\/compuviper.mx\/tienda\/wp-json\/wp\/v2\/product"}],"about":[{"href":"https:\/\/compuviper.mx\/tienda\/wp-json\/wp\/v2\/types\/product"}],"replies":[{"embeddable":true,"href":"https:\/\/compuviper.mx\/tienda\/wp-json\/wp\/v2\/comments?post=220640"}],"wp:featuredmedia":[{"embeddable":true,"href":"https:\/\/compuviper.mx\/tienda\/wp-json\/wp\/v2\/media\/220641"}],"wp:attachment":[{"href":"https:\/\/compuviper.mx\/tienda\/wp-json\/wp\/v2\/media?parent=220640"}],"wp:term":[{"taxonomy":"product_cat","embeddable":true,"href":"https:\/\/compuviper.mx\/tienda\/wp-json\/wp\/v2\/product_cat?post=220640"},{"taxonomy":"product_tag","embeddable":true,"href":"https:\/\/compuviper.mx\/tienda\/wp-json\/wp\/v2\/product_tag?post=220640"}],"curies":[{"name":"wp","href":"https:\/\/api.w.org\/{rel}","templated":true}]}}