{"id":220610,"date":"2026-04-11T01:01:46","date_gmt":"2026-04-11T07:01:46","guid":{"rendered":"https:\/\/compuviper.mx\/tienda\/producto\/tp-link-cpe210-access-point-tp-link-inalambrico-antena-para-exterior-modos-ap-cliente-repetidor-ap-router-ap-cliente-router-wisp-1-rj45-10-100-poe-pasivo-incluido\/"},"modified":"2026-04-11T01:01:46","modified_gmt":"2026-04-11T07:01:46","slug":"tp-link-cpe210-access-point-tp-link-inalambrico-antena-para-exterior-modos-ap-cliente-repetidor-ap-router-ap-cliente-router-wisp-1-rj45-10-100-poe-pasivo-incluido","status":"publish","type":"product","link":"https:\/\/compuviper.mx\/tienda\/producto\/tp-link-cpe210-access-point-tp-link-inalambrico-antena-para-exterior-modos-ap-cliente-repetidor-ap-router-ap-cliente-router-wisp-1-rj45-10-100-poe-pasivo-incluido\/","title":{"rendered":"Tp Link Cpe210 Access Point | Tp-link | | Inalambrico | Antena Para Exterior Modos Ap\/cliente\/repetidor \/ap Router\/ Ap Cliente Router Wisp 1 Rj45 10\/100 Poe Pasivo Incluido"},"content":{"rendered":"<table class=\"descripcion\">\n<tr>\n<td>Caracter\u00edsticas de hardware<\/td>\n<\/tr>\n<tr>\n<td>Procesador qualcomm atheros 560mhz cpu, mips 74kc<\/td>\n<\/tr>\n<tr>\n<td>Memoria 64mb ddr2 ram, 8mb flash<\/td>\n<\/tr>\n<tr>\n<td>Interface:<\/td>\n<\/tr>\n<tr>\n<td>1 puerto ethernet blindado 10\/100mbps (lan0, en pasivo poe)<\/td>\n<\/tr>\n<tr>\n<td>1 terminal puesta a tierra<\/td>\n<\/tr>\n<tr>\n<td>1 bot\u00f3n reset<\/td>\n<\/tr>\n<tr>\n<td>Fuente de alimentaci\u00f3n passive power over ethernet via lan0 (+4,5pins; -7,8pins)<\/td>\n<\/tr>\n<tr>\n<td>Rango de voltaje: 16-27vdc<\/td>\n<\/tr>\n<tr>\n<td>Consumo de energ\u00eda 10.5 watts max<\/td>\n<\/tr>\n<tr>\n<td>Nota: cuando se implementa usando poe pasivo, la potencia extra\u00edda de la fuente de alimentaci\u00f3n ser\u00e1 m\u00e1s alto por una cierta cantidad dependiendo de la longitud del cable de conexi\u00f3n.<\/td>\n<\/tr>\n<tr>\n<td>Dimensiones (w x d x h) 224 x 79 x 60 mm<\/td>\n<\/tr>\n<tr>\n<td>Tipo de antena 2 antenas direccionales incorporadas de 9dbi con polarizado dual<\/td>\n<\/tr>\n<tr>\n<td>Beam width: 65\u00b0 (h-plane) \/ 35\u00b0 (e-plane)<\/td>\n<\/tr>\n<tr>\n<td>Note: para m\u00e1s detalles, lee la hoja de datos<\/td>\n<\/tr>\n<tr>\n<td>Protecci\u00f3n protecci\u00f3n 15kv esd<\/td>\n<\/tr>\n<tr>\n<td>Protecci\u00f3n contra rayos 6000v<\/td>\n<\/tr>\n<tr>\n<td>Cercado material pl\u00e1stico de asa estabilizado al aire libre<\/td>\n<\/tr>\n<tr>\n<td>Ipx5 certificaci\u00f3n a prueba de agua<\/td>\n<\/tr>\n<tr>\n<td>Caracter\u00edsticas inal\u00e1mbricas<\/td>\n<\/tr>\n<tr>\n<td>Est\u00e1ndares inal\u00e1mbricos ieee 802.11b\/g\/n (con pharos maxtream deshabilitado)<\/td>\n<\/tr>\n<tr>\n<td>Protocolo propietario modo tdma (con pharos maxtream habilitado)<\/td>\n<\/tr>\n<tr>\n<td>Velocidades inal\u00e1mbricas hasta 300mbps (40mhz,din\u00e1mica)<\/td>\n<\/tr>\n<tr>\n<td>Hasta 144.4mbps (20mhz,din\u00e1mica)<\/td>\n<\/tr>\n<tr>\n<td>Hasta 72.2mbps (10mhz,din\u00e1mica)<\/td>\n<\/tr>\n<tr>\n<td>Hasta 36.1mbps (5mhz,din\u00e1mica)<\/td>\n<\/tr>\n<tr>\n<td>Frecuencia 2.4~2.483ghz<\/td>\n<\/tr>\n<tr>\n<td>Nota: la frecuencia de funcionamiento disponible puede variar en funci\u00f3n de las limitaciones de los pa\u00edses o regiones en los que se utiliza el dispositivo.<\/td>\n<\/tr>\n<tr>\n<td>Sensibilidad de recepci\u00f3n \u00bf 802.11b:<\/td>\n<\/tr>\n<tr>\n<td>11m: -95dbm, 5.5m: -96dbm, 2m: -96dbm, 1m: -96dbm<\/td>\n<\/tr>\n<tr>\n<td>\u00bf 802.11g:<\/td>\n<\/tr>\n<tr>\n<td>54m: -79dbm, 48m: -80dbm, 36m: -84dbm, 6-24m: -88dbm<\/td>\n<\/tr>\n<tr>\n<td>\u00bf 802.11n:<\/td>\n<\/tr>\n<tr>\n<td>Mcs15: -76dbm, mcs14: -78dbm, mcs13: -80dbm,<\/td>\n<\/tr>\n<tr>\n<td>Mcs12: -84dbm, mcs11: -87dbm, mcs10: -91dbm,<\/td>\n<\/tr>\n<tr>\n<td>Mcs9: -93dbm, mcs8: -96dbm, mcs7: -76dbm,<\/td>\n<\/tr>\n<tr>\n<td>Mcs6: -78dbm, mcs5: -80dbm, mcs4: -84dbm,<\/td>\n<\/tr>\n<tr>\n<td>Mcs3: -87dbm, mcs2: -91dbm, mcs1: -93dbm, mcs0: -96dbm<\/td>\n<\/tr>\n<tr>\n<td>Potencia de transmisi\u00f3n 27dbm \/ 500mw (potencia ajustable por 1dbm)<\/td>\n<\/tr>\n<tr>\n<td>Nota: la potencia de transmisi\u00f3n m\u00e1xima puede variar a trav\u00e9s de diferentes canales en funci\u00f3n de las limitaciones de los pa\u00edses o regiones en los que se utiliza el dispositivo.<\/td>\n<\/tr>\n<tr>\n<td>Caracter\u00edsticas de software<\/td>\n<\/tr>\n<tr>\n<td>Configuraciones inal\u00e1mbricas tecnolog\u00eda pharos maxtream tdma<\/td>\n<\/tr>\n<tr>\n<td>Modos 802.11a\/n<\/td>\n<\/tr>\n<tr>\n<td>Ancho de canal seleccionable: 5\/10\/20\/40mhz<\/td>\n<\/tr>\n<tr>\n<td>Selecci\u00f3n autom\u00e1tica de canal<\/td>\n<\/tr>\n<tr>\n<td>Transmisi\u00f3n de control de potencia<\/td>\n<\/tr>\n<tr>\n<td>Selecci\u00f3n din\u00e1mica de frecuencias (dfs)<\/td>\n<\/tr>\n<tr>\n<td>Wds activar \/ desactivar<\/td>\n<\/tr>\n<tr>\n<td>Seguridad:encriptaci\u00f3n wpa\/wpa2, wpa-psk\/wpa2-psk (aes\/tkip) , encriptaci\u00f3n 64\/128\/152-bit wep<\/td>\n<\/tr>\n<tr>\n<td>Ssid broadcast activado \/ descativado<\/td>\n<\/tr>\n<tr>\n<td>Multi-ssid con vlan tagging (ap mode only)<\/td>\n<\/tr>\n<tr>\n<td>Ajuste de tiempo de espera distancia\/ack<\/td>\n<\/tr>\n<tr>\n<td>Filtro de direcci\u00f3n mac inal\u00e1mbrica<\/td>\n<\/tr>\n<tr>\n<td>Inal\u00e1mbrico avanzado:<\/td>\n<\/tr>\n<tr>\n<td>  beacon interval\/rts threshold\/fragmentation<\/td>\n<\/tr>\n<tr>\n<td> threshold\/dtim interval\/ap isolation\/short gi\/wi-fi multimedia<\/td>\n<\/tr>\n<tr>\n<td>Administraci\u00f3n administraci\u00f3n y descubrimiento remotoa trav\u00e9s de la aplicaci\u00f3n pharos control<\/td>\n<\/tr>\n<tr>\n<td>Administraci\u00f3n basada en http\/https<\/td>\n<\/tr>\n<tr>\n<td>Registro de sistema<\/td>\n<\/tr>\n<tr>\n<td>Snmp agent(v2c)<\/td>\n<\/tr>\n<tr>\n<td>Ping watch dog<\/td>\n<\/tr>\n<tr>\n<td>Ddns din\u00e1mica<\/td>\n<\/tr>\n<tr>\n<td>Servidor ssh<\/td>\n<\/tr>\n<tr>\n<td>Herramientas de sistema indicadores de calidad de se\u00f1al inal\u00e1mbricas:<\/td>\n<\/tr>\n<tr>\n<td>Intensidad de se\u00f1al\/ruido\/transmisi\u00f3n ccq\/cpu\/monitores de memoria: throughput\/estaciones\/interfaces\/arp\/rutas\/wan\/dhcp<\/td>\n<\/tr>\n<tr>\n<td>Analizador de espectro<\/td>\n<\/tr>\n<tr>\n<td>Examen de velocidad<\/td>\n<\/tr>\n<tr>\n<td>Ping<\/td>\n<\/tr>\n<tr>\n<td>Traceroute<\/td>\n<\/tr>\n<tr>\n<td>Optimizaciones a nivel de sistema igmp optimizado \/ proxy para aplicaciones de multidifusi\u00f3n<\/td>\n<\/tr>\n<tr>\n<td>Hardware watch dog<\/td>\n<\/tr>\n<tr>\n<td>Poe adapter features<\/td>\n<\/tr>\n<tr>\n<td>Dimensions(w x d x h) 110*57*33.5mm<\/td>\n<\/tr>\n<tr>\n<td>Interfaces 1 ac jack with earth ground<\/td>\n<\/tr>\n<tr>\n<td>1 puerto ethernet blindado 10\/100mbps (alimentaci\u00f3n + datos)<\/td>\n<\/tr>\n<tr>\n<td>1 puerto ethernet blindado 10\/100mbps (datos)<\/td>\n<\/tr>\n<tr>\n<td>Bot\u00f3n bot\u00f3n remote reset<\/td>\n<\/tr>\n<tr>\n<td>Power status leds 0~0.8a: verde<\/td>\n<\/tr>\n<tr>\n<td>0.8a~1.0a: rojo<\/td>\n<\/tr>\n<tr>\n<td>Input 100-240vac, 50\/60hz<\/td>\n<\/tr>\n<tr>\n<td>Input voltage 100va~240vac @ 50hz~60hz<\/td>\n<\/tr>\n<tr>\n<td>Input current 0.8a max @ 100vac<\/td>\n<\/tr>\n<tr>\n<td>Output 24vdc, 1.0a max<\/td>\n<\/tr>\n<tr>\n<td>+4, 5pins; -7, 8pins. (soporta hasta 60m power over ethernet)<\/td>\n<\/tr>\n<tr>\n<td>Output voltage 24vdc(+4,5pins; -7,8pins)<\/td>\n<\/tr>\n<tr>\n<td>Eficiencia  80%<\/td>\n<\/tr>\n<tr>\n<td>Certifications ce\/fcc\/ul\/ic\/gs\/psb\/c-tick\/saa\/s-mark\/kc-mark<\/td>\n<\/tr>\n<tr>\n<td>Otros<\/td>\n<\/tr>\n<tr>\n<td>Certificacion ce, fcc, rohs, ipx5<\/td>\n<\/tr>\n<tr>\n<td>Contenidos del paquete:<\/td>\n<\/tr>\n<tr>\n<td>Cpe de exterior inal\u00e1mbrico<\/td>\n<\/tr>\n<tr>\n<td>Adaptador pasivo poe 24v 1a<\/td>\n<\/tr>\n<tr>\n<td>Correas par montaje en poste<\/td>\n<\/tr>\n<tr>\n<td>Cable de alimentaci\u00f3n ac<\/td>\n<\/tr>\n<tr>\n<td>Gu\u00eda de instalaci\u00f3n<\/td>\n<\/tr>\n<tr>\n<td>Requisitos del sistema microsoft windows 98se, nt, 2000, xp, vista\u00bf o windows 8, windows 7, mac os, netware, unix o linux.<\/td>\n<\/tr>\n<tr>\n<td>Nota: te recomendamos utilizar uno de los siguientes navegadores web para una experiencia de usuario mejorada: google chrome, safari y firefox. no se recomiendan los navegadores ie.<\/td>\n<\/tr>\n<tr>\n<td>Ambiente temperatura de funcionamiento: -30\u00b0c~70\u00b0c (-22\u00bf~158\u00bf)<\/td>\n<\/tr>\n<tr>\n<td>Temperatura de almacenamiento: -40\u00bf~70\u00bf (-40\u00bf~158\u00bf)<\/td>\n<\/tr>\n<tr>\n<td>Humedad de funcionamiento: 10%~90% sin condensaci\u00f3n<\/td>\n<\/tr>\n<tr>\n<td>Humedad de almacenamiento: 5%~95% sin condensaci\u00f3n<\/td>\n<\/tr>\n<\/table>\n","protected":false},"excerpt":{"rendered":"<p>Cpe de exterior 2.4ghz 300mbps 9dbi. Cpe210. * incorpora antena de 9dbi 2&#215;2 mimo direccional de doble polarizado. * potencia de transmisi\u00f3n ajustable de 0 a 27dbm \/ 500mw. * optimizaciones a nivel de sistema para la transmisi\u00f3n inal\u00e1mbrica de m\u00e1s de 5 kilometros de largo alcance. * la tecnolog\u00eda tp-link pharos maxtream tdma (time-division-multiple-access) mejora el rendimiento del producto, la capacidad y rendimiento de latencia, ideal para aplicaciones ptmp. * sistema de administraci\u00f3n centralizada &#8211; control pharos. * modos de operaci\u00f3n,ap \/ cliente \/ repetidor \/ ap router \/ ap cliente router (wisp. * adaptador poe pasivo soporta hasta 60 metros (200 pies). Alimentaci\u00f3n a trav\u00e9s de la implementaci\u00f3n de ethernet y permite que el dispositivo se restablecer\u00e1 de forma remota. El cpe de exterior de 2.4ghz 300mbps 9dbi  de tp-link cpe210 se dedica a soluciones rentables para aplicaciones en exteriores de redes inal\u00e1mbricas. Con su aplicaci\u00f3n de administraci\u00f3n centralizada, es flexible e ideal para punto a punto, punto a multipunto y aplicaciones exteriores de cobertura wi-fi. Rendimiento profesional, junto con un dise\u00f1o f\u00e1cil de usar, el cpe hace  una opci\u00f3n ideal tanto para usuarios empresariales y dom\u00e9sticos. Hardware empresarial. Con qualcomm atheros , antenas de alta ganancia y material de alta calidad, carcasa especialmente dise\u00f1ada y fuente de alimentaci\u00f3n poe, el cpe210 est\u00e1 especialmente dise\u00f1ado para uso exterior y puede operar sin problemas en casi cualquier clima, con temperaturas de funcionamiento desde -30 \u00bf (- 22 \u00bf) a 70 \u00bf (158 \u00bf). Transmisi\u00f3n de datos inal\u00e1mbricos de 5km. Especialmente dise\u00f1ado para aplicaciones al aire libre, ideal para larga distancia de transmisi\u00f3n inal\u00e1mbrica de datos, cubriendo un rango de 5+ kilometros, probado en campo. Tecnolog\u00eda tp-link maxtream tdma. A medida de que aumente la red de escala, la competencia inal\u00e1mbrica y colisiones entre el cpe y la estaci\u00f3n de base ser\u00e1 enorme tanto que el rendimiento real de la red caer\u00e1, lo que resulta un grave impacto en la experiencia para usuario final. Para mitigar estos efectos, el cpe210 utiliza la tecnolog\u00eda maxtream tdma.Pharos control \u00bf sistema de administraci\u00f3n centralizada. El cpe210 tambi\u00e9n viene equipado con un software de administraci\u00f3n centralizada que ayuda a los usuarios  a administrar f\u00e1cilmente todos los dispositivos en tu red desde una sola pc &#8211; control de pharos. Las funciones como detecci\u00f3n de dispositivos, estado de monitoreo, actualizaci\u00f3n de firmware, y mantenimiento de red puede ser administrada usando pharos control.<\/p>\n","protected":false},"featured_media":220611,"comment_status":"open","ping_status":"open","template":"","meta":[],"product_cat":[1563,1754],"product_tag":[1562],"acf":[],"yoast_head":"<!-- This site is optimized with the Yoast SEO plugin v21.7 - https:\/\/yoast.com\/wordpress\/plugins\/seo\/ -->\n<title>[ Tp Link ] &#129351; Cpe210 Access Point | Tp-link | | Inalambrico | Antena Para Exterior Modos Ap\/cliente\/repetidor \/ap Router\/ Ap Cliente Router Wisp 1 Rj45 10\/100 Poe Pasivo Incluido<\/title>\n<meta name=\"description\" content=\"Compra Cpe210 Access Point | Tp-link | | Inalambrico | Antena Para Exterior Modos Ap\/cliente\/repetidor \/ap Router\/ Ap Cliente Router Wisp 1 Rj45 10\/100 Poe Pasivo Incluido + Env\u00edo a domicilio + Pago seguro + Garant\u00eda\" \/>\n<meta name=\"robots\" content=\"index, follow, max-snippet:-1, max-image-preview:large, max-video-preview:-1\" \/>\n<link rel=\"canonical\" href=\"https:\/\/compuviper.mx\/tienda\/producto\/tp-link-cpe210-access-point-tp-link-inalambrico-antena-para-exterior-modos-ap-cliente-repetidor-ap-router-ap-cliente-router-wisp-1-rj45-10-100-poe-pasivo-incluido\/\" \/>\n<meta property=\"og:locale\" content=\"es_MX\" \/>\n<meta property=\"og:type\" content=\"article\" \/>\n<meta property=\"og:title\" content=\"[ Tp Link ] &#129351; Cpe210 Access Point | Tp-link | | Inalambrico | Antena Para Exterior Modos Ap\/cliente\/repetidor \/ap Router\/ Ap Cliente Router Wisp 1 Rj45 10\/100 Poe Pasivo Incluido\" \/>\n<meta property=\"og:description\" content=\"Compra Cpe210 Access Point | Tp-link | | Inalambrico | Antena Para Exterior Modos Ap\/cliente\/repetidor \/ap Router\/ Ap Cliente Router Wisp 1 Rj45 10\/100 Poe Pasivo Incluido + Env\u00edo a domicilio + Pago seguro + Garant\u00eda\" \/>\n<meta property=\"og:url\" content=\"https:\/\/compuviper.mx\/tienda\/producto\/tp-link-cpe210-access-point-tp-link-inalambrico-antena-para-exterior-modos-ap-cliente-repetidor-ap-router-ap-cliente-router-wisp-1-rj45-10-100-poe-pasivo-incluido\/\" \/>\n<meta property=\"og:site_name\" content=\"Compuviper\" \/>\n<meta property=\"article:publisher\" content=\"https:\/\/www.facebook.com\/compuviper\" \/>\n<meta property=\"og:image\" content=\"https:\/\/compuviper.mx\/tienda\/wp-content\/uploads\/2023\/12\/Access-point-tp-link-cpe210-inalambrico-antena-para-exterior-modos-apclienterepetidor-ap-router-ap-cliente-router-wisp-1-rj45-10100-poe-pasivo-incluido.jpg\" \/>\n\t<meta property=\"og:image:width\" content=\"200\" \/>\n\t<meta property=\"og:image:height\" content=\"200\" \/>\n\t<meta property=\"og:image:type\" content=\"image\/jpeg\" \/>\n<meta name=\"twitter:card\" content=\"summary_large_image\" \/>\n<meta name=\"twitter:label1\" content=\"Precio\" \/>\n\t<meta name=\"twitter:data1\" content=\"&#36;735 con IVA\" \/>\n\t<meta name=\"twitter:label2\" content=\"Availability\" \/>\n\t<meta name=\"twitter:data2\" content=\"Out of stock\" \/>\n<script type=\"application\/ld+json\" class=\"yoast-schema-graph\">{\"@context\":\"https:\/\/schema.org\",\"@graph\":[{\"@type\":\"WebPage\",\"@id\":\"https:\/\/compuviper.mx\/tienda\/producto\/tp-link-cpe210-access-point-tp-link-inalambrico-antena-para-exterior-modos-ap-cliente-repetidor-ap-router-ap-cliente-router-wisp-1-rj45-10-100-poe-pasivo-incluido\/\",\"url\":\"https:\/\/compuviper.mx\/tienda\/producto\/tp-link-cpe210-access-point-tp-link-inalambrico-antena-para-exterior-modos-ap-cliente-repetidor-ap-router-ap-cliente-router-wisp-1-rj45-10-100-poe-pasivo-incluido\/\",\"name\":\"[ Tp Link ] &#129351; Cpe210 Access Point | Tp-link | | Inalambrico | Antena Para Exterior Modos Ap\/cliente\/repetidor \/ap Router\/ Ap Cliente Router Wisp 1 Rj45 10\/100 Poe Pasivo Incluido\",\"isPartOf\":{\"@id\":\"https:\/\/compuviper.mx\/tienda\/#website\"},\"datePublished\":\"2026-04-11T07:01:46+00:00\",\"dateModified\":\"2026-04-11T07:01:46+00:00\",\"description\":\"Compra Cpe210 Access Point | Tp-link | | Inalambrico | Antena Para Exterior Modos Ap\/cliente\/repetidor \/ap Router\/ Ap Cliente Router Wisp 1 Rj45 10\/100 Poe Pasivo Incluido + Env\u00edo a domicilio + Pago seguro + Garant\u00eda\",\"breadcrumb\":{\"@id\":\"https:\/\/compuviper.mx\/tienda\/producto\/tp-link-cpe210-access-point-tp-link-inalambrico-antena-para-exterior-modos-ap-cliente-repetidor-ap-router-ap-cliente-router-wisp-1-rj45-10-100-poe-pasivo-incluido\/#breadcrumb\"},\"inLanguage\":\"es-MX\",\"potentialAction\":[{\"@type\":\"ReadAction\",\"target\":[\"https:\/\/compuviper.mx\/tienda\/producto\/tp-link-cpe210-access-point-tp-link-inalambrico-antena-para-exterior-modos-ap-cliente-repetidor-ap-router-ap-cliente-router-wisp-1-rj45-10-100-poe-pasivo-incluido\/\"]}]},{\"@type\":\"BreadcrumbList\",\"@id\":\"https:\/\/compuviper.mx\/tienda\/producto\/tp-link-cpe210-access-point-tp-link-inalambrico-antena-para-exterior-modos-ap-cliente-repetidor-ap-router-ap-cliente-router-wisp-1-rj45-10-100-poe-pasivo-incluido\/#breadcrumb\",\"itemListElement\":[{\"@type\":\"ListItem\",\"position\":1,\"name\":\"Inicio\",\"item\":\"https:\/\/compuviper.mx\/tienda\/\"},{\"@type\":\"ListItem\",\"position\":2,\"name\":\"Productos\",\"item\":\"https:\/\/compuviper.mx\/tienda\/productos\/\"},{\"@type\":\"ListItem\",\"position\":3,\"name\":\"Redes\",\"item\":\"https:\/\/compuviper.mx\/tienda\/categoria-producto\/redes\/\"},{\"@type\":\"ListItem\",\"position\":4,\"name\":\"Access Point\",\"item\":\"https:\/\/compuviper.mx\/tienda\/categoria-producto\/redes\/access-point\/\"},{\"@type\":\"ListItem\",\"position\":5,\"name\":\"Tp Link Cpe210 Access Point | Tp-link | | Inalambrico | Antena Para Exterior Modos Ap\/cliente\/repetidor \/ap Router\/ Ap Cliente Router Wisp 1 Rj45 10\/100 Poe Pasivo Incluido\"}]},{\"@type\":\"WebSite\",\"@id\":\"https:\/\/compuviper.mx\/tienda\/#website\",\"url\":\"https:\/\/compuviper.mx\/tienda\/\",\"name\":\"Compuviper\",\"description\":\"Proveedor de Computadoras, Laptops, Servidores, Monitores, Puntos de Venta, Teclados,   Impresoras, T\u00f3ner, C\u00e1maras de Seguridad y m\u00e1s en tu tienda en l\u00ednea\",\"publisher\":{\"@id\":\"https:\/\/compuviper.mx\/tienda\/#organization\"},\"potentialAction\":[{\"@type\":\"SearchAction\",\"target\":{\"@type\":\"EntryPoint\",\"urlTemplate\":\"https:\/\/compuviper.mx\/tienda\/?s={search_term_string}\"},\"query-input\":\"required name=search_term_string\"}],\"inLanguage\":\"es-MX\"},{\"@type\":\"Organization\",\"@id\":\"https:\/\/compuviper.mx\/tienda\/#organization\",\"name\":\"Compuviper\",\"url\":\"https:\/\/compuviper.mx\/tienda\/\",\"logo\":{\"@type\":\"ImageObject\",\"inLanguage\":\"es-MX\",\"@id\":\"https:\/\/compuviper.mx\/tienda\/#\/schema\/logo\/image\/\",\"url\":\"https:\/\/compuviper.mx\/tienda\/wp-content\/uploads\/2021\/08\/Logo-Compuviper-10.png\",\"contentUrl\":\"https:\/\/compuviper.mx\/tienda\/wp-content\/uploads\/2021\/08\/Logo-Compuviper-10.png\",\"width\":1000,\"height\":500,\"caption\":\"Compuviper\"},\"image\":{\"@id\":\"https:\/\/compuviper.mx\/tienda\/#\/schema\/logo\/image\/\"},\"sameAs\":[\"https:\/\/www.facebook.com\/compuviper\",\"https:\/\/www.youtube.com\/channel\/UCf73dERp9Y3cfOq7q8BhLjA?view_as=subscriber\"]}]}<\/script>\n<meta property=\"product:brand\" content=\"TP LINK\" \/>\n<meta property=\"product:price:amount\" content=\"735\" \/>\n<meta property=\"product:price:currency\" content=\"MXN\" \/>\n<meta property=\"og:availability\" content=\"out of stock\" \/>\n<meta property=\"product:availability\" content=\"out of stock\" \/>\n<meta property=\"product:retailer_item_id\" content=\"CPE210\" \/>\n<meta property=\"product:condition\" content=\"new\" \/>\n<!-- \/ Yoast SEO plugin. -->","yoast_head_json":{"title":"[ Tp Link ] &#129351; Cpe210 Access Point | Tp-link | | Inalambrico | Antena Para Exterior Modos Ap\/cliente\/repetidor \/ap Router\/ Ap Cliente Router Wisp 1 Rj45 10\/100 Poe Pasivo Incluido","description":"Compra Cpe210 Access Point | Tp-link | | Inalambrico | Antena Para Exterior Modos Ap\/cliente\/repetidor \/ap Router\/ Ap Cliente Router Wisp 1 Rj45 10\/100 Poe Pasivo Incluido + Env\u00edo a domicilio + Pago seguro + Garant\u00eda","robots":{"index":"index","follow":"follow","max-snippet":"max-snippet:-1","max-image-preview":"max-image-preview:large","max-video-preview":"max-video-preview:-1"},"canonical":"https:\/\/compuviper.mx\/tienda\/producto\/tp-link-cpe210-access-point-tp-link-inalambrico-antena-para-exterior-modos-ap-cliente-repetidor-ap-router-ap-cliente-router-wisp-1-rj45-10-100-poe-pasivo-incluido\/","og_locale":"es_MX","og_type":"article","og_title":"[ Tp Link ] &#129351; Cpe210 Access Point | Tp-link | | Inalambrico | Antena Para Exterior Modos Ap\/cliente\/repetidor \/ap Router\/ Ap Cliente Router Wisp 1 Rj45 10\/100 Poe Pasivo Incluido","og_description":"Compra Cpe210 Access Point | Tp-link | | Inalambrico | Antena Para Exterior Modos Ap\/cliente\/repetidor \/ap Router\/ Ap Cliente Router Wisp 1 Rj45 10\/100 Poe Pasivo Incluido + Env\u00edo a domicilio + Pago seguro + Garant\u00eda","og_url":"https:\/\/compuviper.mx\/tienda\/producto\/tp-link-cpe210-access-point-tp-link-inalambrico-antena-para-exterior-modos-ap-cliente-repetidor-ap-router-ap-cliente-router-wisp-1-rj45-10-100-poe-pasivo-incluido\/","og_site_name":"Compuviper","article_publisher":"https:\/\/www.facebook.com\/compuviper","og_image":[{"width":200,"height":200,"url":"https:\/\/compuviper.mx\/tienda\/wp-content\/uploads\/2023\/12\/Access-point-tp-link-cpe210-inalambrico-antena-para-exterior-modos-apclienterepetidor-ap-router-ap-cliente-router-wisp-1-rj45-10100-poe-pasivo-incluido.jpg","type":"image\/jpeg"}],"twitter_card":"summary_large_image","twitter_misc":{"Precio":"&#36;735 con IVA","Availability":"Out of stock"},"schema":{"@context":"https:\/\/schema.org","@graph":[{"@type":"WebPage","@id":"https:\/\/compuviper.mx\/tienda\/producto\/tp-link-cpe210-access-point-tp-link-inalambrico-antena-para-exterior-modos-ap-cliente-repetidor-ap-router-ap-cliente-router-wisp-1-rj45-10-100-poe-pasivo-incluido\/","url":"https:\/\/compuviper.mx\/tienda\/producto\/tp-link-cpe210-access-point-tp-link-inalambrico-antena-para-exterior-modos-ap-cliente-repetidor-ap-router-ap-cliente-router-wisp-1-rj45-10-100-poe-pasivo-incluido\/","name":"[ Tp Link ] &#129351; Cpe210 Access Point | Tp-link | | Inalambrico | Antena Para Exterior Modos Ap\/cliente\/repetidor \/ap Router\/ Ap Cliente Router Wisp 1 Rj45 10\/100 Poe Pasivo Incluido","isPartOf":{"@id":"https:\/\/compuviper.mx\/tienda\/#website"},"datePublished":"2026-04-11T07:01:46+00:00","dateModified":"2026-04-11T07:01:46+00:00","description":"Compra Cpe210 Access Point | Tp-link | | Inalambrico | Antena Para Exterior Modos Ap\/cliente\/repetidor \/ap Router\/ Ap Cliente Router Wisp 1 Rj45 10\/100 Poe Pasivo Incluido + Env\u00edo a domicilio + Pago seguro + Garant\u00eda","breadcrumb":{"@id":"https:\/\/compuviper.mx\/tienda\/producto\/tp-link-cpe210-access-point-tp-link-inalambrico-antena-para-exterior-modos-ap-cliente-repetidor-ap-router-ap-cliente-router-wisp-1-rj45-10-100-poe-pasivo-incluido\/#breadcrumb"},"inLanguage":"es-MX","potentialAction":[{"@type":"ReadAction","target":["https:\/\/compuviper.mx\/tienda\/producto\/tp-link-cpe210-access-point-tp-link-inalambrico-antena-para-exterior-modos-ap-cliente-repetidor-ap-router-ap-cliente-router-wisp-1-rj45-10-100-poe-pasivo-incluido\/"]}]},{"@type":"BreadcrumbList","@id":"https:\/\/compuviper.mx\/tienda\/producto\/tp-link-cpe210-access-point-tp-link-inalambrico-antena-para-exterior-modos-ap-cliente-repetidor-ap-router-ap-cliente-router-wisp-1-rj45-10-100-poe-pasivo-incluido\/#breadcrumb","itemListElement":[{"@type":"ListItem","position":1,"name":"Inicio","item":"https:\/\/compuviper.mx\/tienda\/"},{"@type":"ListItem","position":2,"name":"Productos","item":"https:\/\/compuviper.mx\/tienda\/productos\/"},{"@type":"ListItem","position":3,"name":"Redes","item":"https:\/\/compuviper.mx\/tienda\/categoria-producto\/redes\/"},{"@type":"ListItem","position":4,"name":"Access Point","item":"https:\/\/compuviper.mx\/tienda\/categoria-producto\/redes\/access-point\/"},{"@type":"ListItem","position":5,"name":"Tp Link Cpe210 Access Point | Tp-link | | Inalambrico | Antena Para Exterior Modos Ap\/cliente\/repetidor \/ap Router\/ Ap Cliente Router Wisp 1 Rj45 10\/100 Poe Pasivo Incluido"}]},{"@type":"WebSite","@id":"https:\/\/compuviper.mx\/tienda\/#website","url":"https:\/\/compuviper.mx\/tienda\/","name":"Compuviper","description":"Proveedor de Computadoras, Laptops, Servidores, Monitores, Puntos de Venta, Teclados,   Impresoras, T\u00f3ner, C\u00e1maras de Seguridad y m\u00e1s en tu tienda en l\u00ednea","publisher":{"@id":"https:\/\/compuviper.mx\/tienda\/#organization"},"potentialAction":[{"@type":"SearchAction","target":{"@type":"EntryPoint","urlTemplate":"https:\/\/compuviper.mx\/tienda\/?s={search_term_string}"},"query-input":"required name=search_term_string"}],"inLanguage":"es-MX"},{"@type":"Organization","@id":"https:\/\/compuviper.mx\/tienda\/#organization","name":"Compuviper","url":"https:\/\/compuviper.mx\/tienda\/","logo":{"@type":"ImageObject","inLanguage":"es-MX","@id":"https:\/\/compuviper.mx\/tienda\/#\/schema\/logo\/image\/","url":"https:\/\/compuviper.mx\/tienda\/wp-content\/uploads\/2021\/08\/Logo-Compuviper-10.png","contentUrl":"https:\/\/compuviper.mx\/tienda\/wp-content\/uploads\/2021\/08\/Logo-Compuviper-10.png","width":1000,"height":500,"caption":"Compuviper"},"image":{"@id":"https:\/\/compuviper.mx\/tienda\/#\/schema\/logo\/image\/"},"sameAs":["https:\/\/www.facebook.com\/compuviper","https:\/\/www.youtube.com\/channel\/UCf73dERp9Y3cfOq7q8BhLjA?view_as=subscriber"]}]},"product_brand":"TP LINK","product_price_amount":"735","product_price_currency":"MXN","og_availability":"out of stock","product_availability":"out of stock","product_retailer_item_id":"CPE210","product_condition":"new"},"_links":{"self":[{"href":"https:\/\/compuviper.mx\/tienda\/wp-json\/wp\/v2\/product\/220610"}],"collection":[{"href":"https:\/\/compuviper.mx\/tienda\/wp-json\/wp\/v2\/product"}],"about":[{"href":"https:\/\/compuviper.mx\/tienda\/wp-json\/wp\/v2\/types\/product"}],"replies":[{"embeddable":true,"href":"https:\/\/compuviper.mx\/tienda\/wp-json\/wp\/v2\/comments?post=220610"}],"wp:featuredmedia":[{"embeddable":true,"href":"https:\/\/compuviper.mx\/tienda\/wp-json\/wp\/v2\/media\/220611"}],"wp:attachment":[{"href":"https:\/\/compuviper.mx\/tienda\/wp-json\/wp\/v2\/media?parent=220610"}],"wp:term":[{"taxonomy":"product_cat","embeddable":true,"href":"https:\/\/compuviper.mx\/tienda\/wp-json\/wp\/v2\/product_cat?post=220610"},{"taxonomy":"product_tag","embeddable":true,"href":"https:\/\/compuviper.mx\/tienda\/wp-json\/wp\/v2\/product_tag?post=220610"}],"curies":[{"name":"wp","href":"https:\/\/api.w.org\/{rel}","templated":true}]}}