{"id":220608,"date":"2026-04-11T01:01:45","date_gmt":"2026-04-11T07:01:45","guid":{"rendered":"https:\/\/compuviper.mx\/tienda\/producto\/tp-link-re200-repetidor-tp-link-inalambrico-extensor-de-rango-ac750-ps-5ghz-a-433mbps-y-2-4ghz-a-300mbps-3-antenas-internas\/"},"modified":"2026-04-11T01:01:46","modified_gmt":"2026-04-11T07:01:46","slug":"tp-link-re200-repetidor-tp-link-inalambrico-extensor-de-rango-ac750-ps-5ghz-a-433mbps-y-2-4ghz-a-300mbps-3-antenas-internas","status":"publish","type":"product","link":"https:\/\/compuviper.mx\/tienda\/producto\/tp-link-re200-repetidor-tp-link-inalambrico-extensor-de-rango-ac750-ps-5ghz-a-433mbps-y-2-4ghz-a-300mbps-3-antenas-internas\/","title":{"rendered":"Tp Link Re200 Repetidor | Tp-link | | Inalambrico Extensor De Rango | Ac750 ||ps 5ghz A 433mbps Y 2.4ghz A 300mbps 3 Antenas Internas"},"content":{"rendered":"<table class=\"descripcion\">\n<tr>\n<td>*estandares y protocolos: ieee802.11ac, ieee 802.11n, ieee 802.11g, ieee 802.11b.<\/td>\n<\/tr>\n<tr>\n<td>*interface: 1 puerto ethernet * 10\/100m (rj45).<\/td>\n<\/tr>\n<tr>\n<td>*tipo de conector: eu, uk, us, au.<\/td>\n<\/tr>\n<tr>\n<td>*boton: boton re (range extender), boton de reinicio.<\/td>\n<\/tr>\n<tr>\n<td>*dimensiones (w x d x h): 4.3x 2.6 x 3.0 pulgadas. (110.0 x 65.8 x 75.2mm)<\/td>\n<\/tr>\n<tr>\n<td>*antena: 3 internas.<\/td>\n<\/tr>\n<tr>\n<td>*consumo de energia: cerca de 6.5w.<\/td>\n<\/tr>\n<tr>\n<td>*frecuencia 2.4ghz  and  5ghz.<\/td>\n<\/tr>\n<tr>\n<td>*velocidad de senal: 5ghz: hasta de 433mbps; 2.4ghz: hasta de 300mpbs.<\/td>\n<\/tr>\n<tr>\n<td>*eirp   20 dbm (eirp).<\/td>\n<\/tr>\n<tr>\n<td>*modos inalambricos: range extender.<\/td>\n<\/tr>\n<tr>\n<td>*funciones inalambricas: wmm (wi-fi multimedia), estadisticas inalambricas; *funcion de inicio de sesion de dominio.<\/td>\n<\/tr>\n<tr>\n<td>*seguridad inalambrica: 64\/128\/152-bit wep; wpa-psk \/ wpa2-psk.<\/td>\n<\/tr>\n<tr>\n<td>*certificacion ce, fcc, rohs<\/td>\n<\/tr>\n<tr>\n<td>*contenido del paquete extensor de rango wifi ac750 re200, cable ethernet rj-4, cd de instalacion, guia de instalacion rapida.<\/td>\n<\/tr>\n<tr>\n<td>*requisitos del sistema microsoft windows 98se, nt, 2000, xp, vista o windows 7, 8, mac os, netware, unix o linux.<\/td>\n<\/tr>\n<\/table>\n","protected":false},"excerpt":{"rendered":"<p>El re200 extiende tu cobertura wifi existente con la proxima generacion de tecnologia 11ac wifi. Funciona con cualquier router wifi estandar y crea conexiones de banda dual fuertes en zonas de dificil acceso, lo que te permite disfrutar de la cobertura inalambrica sin cortes a lo largo de tu hogar u oficina. Crea un acceso mas rapido a los dispositivos 802.11 b \/ g \/ n y 802.11ac wifi. El re200 ofrece velocidades rapidas de banda dual wifi de hasta 750mbps y ofrece conexiones confiables para laptops, smartphones, tablets y otros dispositivos con compatibilidad inalambrica. Presiona el boton wps del router y el boton range extender del re200 para conectarte facilmente a la red en solo 2 minutos. Una vez conectado con el router existente, solo tienes que desconectar y conectar de nuevo a la corriente electrica el re200 en cualquier lugar dentro del alcance inalambrico del router existente, sin necesidad de configurar el extensor de nuevo. El unico puerto ethernet del re200 permite al extensor funcionar como un adaptador inalambrico para conectar dispositivos cableados como reproductores de blu-ray, consolas de videojuegos, grabadoras de dvd y smart tvs. Al mismo tiempo, el dispositivo tambien puede compartir la red inalambrica.<\/p>\n","protected":false},"featured_media":220609,"comment_status":"open","ping_status":"open","template":"","meta":[],"product_cat":[1563,1755],"product_tag":[1562],"acf":[],"yoast_head":"<!-- This site is optimized with the Yoast SEO plugin v21.7 - https:\/\/yoast.com\/wordpress\/plugins\/seo\/ -->\n<title>[ Tp Link ] &#129351; Re200 Repetidor | Tp-link | | Inalambrico Extensor De Rango | Ac750 ||ps 5ghz A 433mbps Y 2.4ghz A 300mbps 3 Antenas Internas<\/title>\n<meta name=\"description\" content=\"Compra Re200 Repetidor | Tp-link | | Inalambrico Extensor De Rango | Ac750 ||ps 5ghz A 433mbps Y 2.4ghz A 300mbps 3 Antenas Internas + Env\u00edo a domicilio + Pago seguro + Garant\u00eda\" \/>\n<meta name=\"robots\" content=\"index, follow, max-snippet:-1, max-image-preview:large, max-video-preview:-1\" \/>\n<link rel=\"canonical\" href=\"https:\/\/compuviper.mx\/tienda\/producto\/tp-link-re200-repetidor-tp-link-inalambrico-extensor-de-rango-ac750-ps-5ghz-a-433mbps-y-2-4ghz-a-300mbps-3-antenas-internas\/\" \/>\n<meta property=\"og:locale\" content=\"es_MX\" \/>\n<meta property=\"og:type\" content=\"article\" \/>\n<meta property=\"og:title\" content=\"[ Tp Link ] &#129351; Re200 Repetidor | Tp-link | | Inalambrico Extensor De Rango | Ac750 ||ps 5ghz A 433mbps Y 2.4ghz A 300mbps 3 Antenas Internas\" \/>\n<meta property=\"og:description\" content=\"Compra Re200 Repetidor | Tp-link | | Inalambrico Extensor De Rango | Ac750 ||ps 5ghz A 433mbps Y 2.4ghz A 300mbps 3 Antenas Internas + Env\u00edo a domicilio + Pago seguro + Garant\u00eda\" \/>\n<meta property=\"og:url\" content=\"https:\/\/compuviper.mx\/tienda\/producto\/tp-link-re200-repetidor-tp-link-inalambrico-extensor-de-rango-ac750-ps-5ghz-a-433mbps-y-2-4ghz-a-300mbps-3-antenas-internas\/\" \/>\n<meta property=\"og:site_name\" content=\"Compuviper\" \/>\n<meta property=\"article:publisher\" content=\"https:\/\/www.facebook.com\/compuviper\" \/>\n<meta property=\"article:modified_time\" content=\"2026-04-11T07:01:46+00:00\" \/>\n<meta property=\"og:image\" content=\"https:\/\/compuviper.mx\/tienda\/wp-content\/uploads\/2023\/12\/Repetidor-tp-link-re200-inalambrico-extensor-de-rango-ac750-ps-5ghz-a-433mbps-y-2.4ghz-a-300mbps-3-antenas-internas.jpg\" \/>\n\t<meta property=\"og:image:width\" content=\"200\" \/>\n\t<meta property=\"og:image:height\" content=\"200\" \/>\n\t<meta property=\"og:image:type\" content=\"image\/jpeg\" \/>\n<meta name=\"twitter:card\" content=\"summary_large_image\" \/>\n<meta name=\"twitter:label1\" content=\"Precio\" \/>\n\t<meta name=\"twitter:data1\" content=\"&#36;348 con IVA\" \/>\n\t<meta name=\"twitter:label2\" content=\"Availability\" \/>\n\t<meta name=\"twitter:data2\" content=\"In stock\" \/>\n<script type=\"application\/ld+json\" class=\"yoast-schema-graph\">{\"@context\":\"https:\/\/schema.org\",\"@graph\":[{\"@type\":\"WebPage\",\"@id\":\"https:\/\/compuviper.mx\/tienda\/producto\/tp-link-re200-repetidor-tp-link-inalambrico-extensor-de-rango-ac750-ps-5ghz-a-433mbps-y-2-4ghz-a-300mbps-3-antenas-internas\/\",\"url\":\"https:\/\/compuviper.mx\/tienda\/producto\/tp-link-re200-repetidor-tp-link-inalambrico-extensor-de-rango-ac750-ps-5ghz-a-433mbps-y-2-4ghz-a-300mbps-3-antenas-internas\/\",\"name\":\"[ Tp Link ] &#129351; Re200 Repetidor | Tp-link | | Inalambrico Extensor De Rango | Ac750 ||ps 5ghz A 433mbps Y 2.4ghz A 300mbps 3 Antenas Internas\",\"isPartOf\":{\"@id\":\"https:\/\/compuviper.mx\/tienda\/#website\"},\"datePublished\":\"2026-04-11T07:01:45+00:00\",\"dateModified\":\"2026-04-11T07:01:46+00:00\",\"description\":\"Compra Re200 Repetidor | Tp-link | | Inalambrico Extensor De Rango | Ac750 ||ps 5ghz A 433mbps Y 2.4ghz A 300mbps 3 Antenas Internas + Env\u00edo a domicilio + Pago seguro + Garant\u00eda\",\"breadcrumb\":{\"@id\":\"https:\/\/compuviper.mx\/tienda\/producto\/tp-link-re200-repetidor-tp-link-inalambrico-extensor-de-rango-ac750-ps-5ghz-a-433mbps-y-2-4ghz-a-300mbps-3-antenas-internas\/#breadcrumb\"},\"inLanguage\":\"es-MX\",\"potentialAction\":[{\"@type\":\"ReadAction\",\"target\":[\"https:\/\/compuviper.mx\/tienda\/producto\/tp-link-re200-repetidor-tp-link-inalambrico-extensor-de-rango-ac750-ps-5ghz-a-433mbps-y-2-4ghz-a-300mbps-3-antenas-internas\/\"]}]},{\"@type\":\"BreadcrumbList\",\"@id\":\"https:\/\/compuviper.mx\/tienda\/producto\/tp-link-re200-repetidor-tp-link-inalambrico-extensor-de-rango-ac750-ps-5ghz-a-433mbps-y-2-4ghz-a-300mbps-3-antenas-internas\/#breadcrumb\",\"itemListElement\":[{\"@type\":\"ListItem\",\"position\":1,\"name\":\"Inicio\",\"item\":\"https:\/\/compuviper.mx\/tienda\/\"},{\"@type\":\"ListItem\",\"position\":2,\"name\":\"Productos\",\"item\":\"https:\/\/compuviper.mx\/tienda\/productos\/\"},{\"@type\":\"ListItem\",\"position\":3,\"name\":\"Redes\",\"item\":\"https:\/\/compuviper.mx\/tienda\/categoria-producto\/redes\/\"},{\"@type\":\"ListItem\",\"position\":4,\"name\":\"Repetidor Wireless\",\"item\":\"https:\/\/compuviper.mx\/tienda\/categoria-producto\/redes\/repetidor-wireless\/\"},{\"@type\":\"ListItem\",\"position\":5,\"name\":\"Tp Link Re200 Repetidor | Tp-link | | Inalambrico Extensor De Rango | Ac750 ||ps 5ghz A 433mbps Y 2.4ghz A 300mbps 3 Antenas Internas\"}]},{\"@type\":\"WebSite\",\"@id\":\"https:\/\/compuviper.mx\/tienda\/#website\",\"url\":\"https:\/\/compuviper.mx\/tienda\/\",\"name\":\"Compuviper\",\"description\":\"Proveedor de Computadoras, Laptops, Servidores, Monitores, Puntos de Venta, Teclados,   Impresoras, T\u00f3ner, C\u00e1maras de Seguridad y m\u00e1s en tu tienda en l\u00ednea\",\"publisher\":{\"@id\":\"https:\/\/compuviper.mx\/tienda\/#organization\"},\"potentialAction\":[{\"@type\":\"SearchAction\",\"target\":{\"@type\":\"EntryPoint\",\"urlTemplate\":\"https:\/\/compuviper.mx\/tienda\/?s={search_term_string}\"},\"query-input\":\"required name=search_term_string\"}],\"inLanguage\":\"es-MX\"},{\"@type\":\"Organization\",\"@id\":\"https:\/\/compuviper.mx\/tienda\/#organization\",\"name\":\"Compuviper\",\"url\":\"https:\/\/compuviper.mx\/tienda\/\",\"logo\":{\"@type\":\"ImageObject\",\"inLanguage\":\"es-MX\",\"@id\":\"https:\/\/compuviper.mx\/tienda\/#\/schema\/logo\/image\/\",\"url\":\"https:\/\/compuviper.mx\/tienda\/wp-content\/uploads\/2021\/08\/Logo-Compuviper-10.png\",\"contentUrl\":\"https:\/\/compuviper.mx\/tienda\/wp-content\/uploads\/2021\/08\/Logo-Compuviper-10.png\",\"width\":1000,\"height\":500,\"caption\":\"Compuviper\"},\"image\":{\"@id\":\"https:\/\/compuviper.mx\/tienda\/#\/schema\/logo\/image\/\"},\"sameAs\":[\"https:\/\/www.facebook.com\/compuviper\",\"https:\/\/www.youtube.com\/channel\/UCf73dERp9Y3cfOq7q8BhLjA?view_as=subscriber\"]}]}<\/script>\n<meta property=\"product:brand\" content=\"TP LINK\" \/>\n<meta property=\"product:price:amount\" content=\"348\" \/>\n<meta property=\"product:price:currency\" content=\"MXN\" \/>\n<meta property=\"og:availability\" content=\"instock\" \/>\n<meta property=\"product:availability\" content=\"instock\" \/>\n<meta property=\"product:retailer_item_id\" content=\"RE200\" \/>\n<meta property=\"product:condition\" content=\"new\" \/>\n<!-- \/ Yoast SEO plugin. -->","yoast_head_json":{"title":"[ Tp Link ] &#129351; Re200 Repetidor | Tp-link | | Inalambrico Extensor De Rango | Ac750 ||ps 5ghz A 433mbps Y 2.4ghz A 300mbps 3 Antenas Internas","description":"Compra Re200 Repetidor | Tp-link | | Inalambrico Extensor De Rango | Ac750 ||ps 5ghz A 433mbps Y 2.4ghz A 300mbps 3 Antenas Internas + Env\u00edo a domicilio + Pago seguro + Garant\u00eda","robots":{"index":"index","follow":"follow","max-snippet":"max-snippet:-1","max-image-preview":"max-image-preview:large","max-video-preview":"max-video-preview:-1"},"canonical":"https:\/\/compuviper.mx\/tienda\/producto\/tp-link-re200-repetidor-tp-link-inalambrico-extensor-de-rango-ac750-ps-5ghz-a-433mbps-y-2-4ghz-a-300mbps-3-antenas-internas\/","og_locale":"es_MX","og_type":"article","og_title":"[ Tp Link ] &#129351; Re200 Repetidor | Tp-link | | Inalambrico Extensor De Rango | Ac750 ||ps 5ghz A 433mbps Y 2.4ghz A 300mbps 3 Antenas Internas","og_description":"Compra Re200 Repetidor | Tp-link | | Inalambrico Extensor De Rango | Ac750 ||ps 5ghz A 433mbps Y 2.4ghz A 300mbps 3 Antenas Internas + Env\u00edo a domicilio + Pago seguro + Garant\u00eda","og_url":"https:\/\/compuviper.mx\/tienda\/producto\/tp-link-re200-repetidor-tp-link-inalambrico-extensor-de-rango-ac750-ps-5ghz-a-433mbps-y-2-4ghz-a-300mbps-3-antenas-internas\/","og_site_name":"Compuviper","article_publisher":"https:\/\/www.facebook.com\/compuviper","article_modified_time":"2026-04-11T07:01:46+00:00","og_image":[{"width":200,"height":200,"url":"https:\/\/compuviper.mx\/tienda\/wp-content\/uploads\/2023\/12\/Repetidor-tp-link-re200-inalambrico-extensor-de-rango-ac750-ps-5ghz-a-433mbps-y-2.4ghz-a-300mbps-3-antenas-internas.jpg","type":"image\/jpeg"}],"twitter_card":"summary_large_image","twitter_misc":{"Precio":"&#36;348 con IVA","Availability":"In stock"},"schema":{"@context":"https:\/\/schema.org","@graph":[{"@type":"WebPage","@id":"https:\/\/compuviper.mx\/tienda\/producto\/tp-link-re200-repetidor-tp-link-inalambrico-extensor-de-rango-ac750-ps-5ghz-a-433mbps-y-2-4ghz-a-300mbps-3-antenas-internas\/","url":"https:\/\/compuviper.mx\/tienda\/producto\/tp-link-re200-repetidor-tp-link-inalambrico-extensor-de-rango-ac750-ps-5ghz-a-433mbps-y-2-4ghz-a-300mbps-3-antenas-internas\/","name":"[ Tp Link ] &#129351; Re200 Repetidor | Tp-link | | Inalambrico Extensor De Rango | Ac750 ||ps 5ghz A 433mbps Y 2.4ghz A 300mbps 3 Antenas Internas","isPartOf":{"@id":"https:\/\/compuviper.mx\/tienda\/#website"},"datePublished":"2026-04-11T07:01:45+00:00","dateModified":"2026-04-11T07:01:46+00:00","description":"Compra Re200 Repetidor | Tp-link | | Inalambrico Extensor De Rango | Ac750 ||ps 5ghz A 433mbps Y 2.4ghz A 300mbps 3 Antenas Internas + Env\u00edo a domicilio + Pago seguro + Garant\u00eda","breadcrumb":{"@id":"https:\/\/compuviper.mx\/tienda\/producto\/tp-link-re200-repetidor-tp-link-inalambrico-extensor-de-rango-ac750-ps-5ghz-a-433mbps-y-2-4ghz-a-300mbps-3-antenas-internas\/#breadcrumb"},"inLanguage":"es-MX","potentialAction":[{"@type":"ReadAction","target":["https:\/\/compuviper.mx\/tienda\/producto\/tp-link-re200-repetidor-tp-link-inalambrico-extensor-de-rango-ac750-ps-5ghz-a-433mbps-y-2-4ghz-a-300mbps-3-antenas-internas\/"]}]},{"@type":"BreadcrumbList","@id":"https:\/\/compuviper.mx\/tienda\/producto\/tp-link-re200-repetidor-tp-link-inalambrico-extensor-de-rango-ac750-ps-5ghz-a-433mbps-y-2-4ghz-a-300mbps-3-antenas-internas\/#breadcrumb","itemListElement":[{"@type":"ListItem","position":1,"name":"Inicio","item":"https:\/\/compuviper.mx\/tienda\/"},{"@type":"ListItem","position":2,"name":"Productos","item":"https:\/\/compuviper.mx\/tienda\/productos\/"},{"@type":"ListItem","position":3,"name":"Redes","item":"https:\/\/compuviper.mx\/tienda\/categoria-producto\/redes\/"},{"@type":"ListItem","position":4,"name":"Repetidor Wireless","item":"https:\/\/compuviper.mx\/tienda\/categoria-producto\/redes\/repetidor-wireless\/"},{"@type":"ListItem","position":5,"name":"Tp Link Re200 Repetidor | Tp-link | | Inalambrico Extensor De Rango | Ac750 ||ps 5ghz A 433mbps Y 2.4ghz A 300mbps 3 Antenas Internas"}]},{"@type":"WebSite","@id":"https:\/\/compuviper.mx\/tienda\/#website","url":"https:\/\/compuviper.mx\/tienda\/","name":"Compuviper","description":"Proveedor de Computadoras, Laptops, Servidores, Monitores, Puntos de Venta, Teclados,   Impresoras, T\u00f3ner, C\u00e1maras de Seguridad y m\u00e1s en tu tienda en l\u00ednea","publisher":{"@id":"https:\/\/compuviper.mx\/tienda\/#organization"},"potentialAction":[{"@type":"SearchAction","target":{"@type":"EntryPoint","urlTemplate":"https:\/\/compuviper.mx\/tienda\/?s={search_term_string}"},"query-input":"required name=search_term_string"}],"inLanguage":"es-MX"},{"@type":"Organization","@id":"https:\/\/compuviper.mx\/tienda\/#organization","name":"Compuviper","url":"https:\/\/compuviper.mx\/tienda\/","logo":{"@type":"ImageObject","inLanguage":"es-MX","@id":"https:\/\/compuviper.mx\/tienda\/#\/schema\/logo\/image\/","url":"https:\/\/compuviper.mx\/tienda\/wp-content\/uploads\/2021\/08\/Logo-Compuviper-10.png","contentUrl":"https:\/\/compuviper.mx\/tienda\/wp-content\/uploads\/2021\/08\/Logo-Compuviper-10.png","width":1000,"height":500,"caption":"Compuviper"},"image":{"@id":"https:\/\/compuviper.mx\/tienda\/#\/schema\/logo\/image\/"},"sameAs":["https:\/\/www.facebook.com\/compuviper","https:\/\/www.youtube.com\/channel\/UCf73dERp9Y3cfOq7q8BhLjA?view_as=subscriber"]}]},"product_brand":"TP LINK","product_price_amount":"348","product_price_currency":"MXN","og_availability":"instock","product_availability":"instock","product_retailer_item_id":"RE200","product_condition":"new"},"_links":{"self":[{"href":"https:\/\/compuviper.mx\/tienda\/wp-json\/wp\/v2\/product\/220608"}],"collection":[{"href":"https:\/\/compuviper.mx\/tienda\/wp-json\/wp\/v2\/product"}],"about":[{"href":"https:\/\/compuviper.mx\/tienda\/wp-json\/wp\/v2\/types\/product"}],"replies":[{"embeddable":true,"href":"https:\/\/compuviper.mx\/tienda\/wp-json\/wp\/v2\/comments?post=220608"}],"wp:featuredmedia":[{"embeddable":true,"href":"https:\/\/compuviper.mx\/tienda\/wp-json\/wp\/v2\/media\/220609"}],"wp:attachment":[{"href":"https:\/\/compuviper.mx\/tienda\/wp-json\/wp\/v2\/media?parent=220608"}],"wp:term":[{"taxonomy":"product_cat","embeddable":true,"href":"https:\/\/compuviper.mx\/tienda\/wp-json\/wp\/v2\/product_cat?post=220608"},{"taxonomy":"product_tag","embeddable":true,"href":"https:\/\/compuviper.mx\/tienda\/wp-json\/wp\/v2\/product_tag?post=220608"}],"curies":[{"name":"wp","href":"https:\/\/api.w.org\/{rel}","templated":true}]}}