{"id":220588,"date":"2026-04-07T01:00:26","date_gmt":"2026-04-07T07:00:26","guid":{"rendered":"https:\/\/compuviper.mx\/tienda\/producto\/tp-link-tl-sg3210-switch-tp-link-capa-2-con-8-rj45-gigabit-10-100-1000-mbps-administrable-2-sfp-gigabit-1-puerto-de-consola\/"},"modified":"2026-04-07T01:00:26","modified_gmt":"2026-04-07T07:00:26","slug":"tp-link-sg3210tl-sg3210-switch-tp-link-sg3210-omada-l2-con-8-rj45-ge-10-100-1000-mbps-administrable-2-sfp-gigabit-1-puerto-de-consola","status":"publish","type":"product","link":"https:\/\/compuviper.mx\/tienda\/producto\/tp-link-sg3210tl-sg3210-switch-tp-link-sg3210-omada-l2-con-8-rj45-ge-10-100-1000-mbps-administrable-2-sfp-gigabit-1-puerto-de-consola\/","title":{"rendered":"Tp Link Sg3210,tl-sg3210 Switch Tp-link Sg3210 Omada L2 Con 8 Rj45 Ge 10\/100\/1000 Mbps Administrable 2 Sfp Gigabit 1 Puerto De Consola"},"content":{"rendered":"<table class=\"descripcion\">\n<tr>\n<td>Caracter\u00edsticas de hardware<\/td>\n<\/tr>\n<tr>\n<td>Est\u00e1ndares y protocolos ieee 802.3i,ieee 802.3u,ieee 802.3ab,ieee802.3z,ieee 802.3ad,<\/td>\n<\/tr>\n<tr>\n<td>Ieee 802.3x,ieee 802.1d,ieee 802.1s,ieee 802.1w,ieee 802.1q,<\/td>\n<\/tr>\n<tr>\n<td>Ieee 802.1x,ieee 802.1p<\/td>\n<\/tr>\n<tr>\n<td>Interface 8 puertos rj45 10\/100\/1000mbps<\/td>\n<\/tr>\n<tr>\n<td>(negociaci\u00f3n autom\u00e1tica\/auto mdi\/mdix)<\/td>\n<\/tr>\n<tr>\n<td>2 ranuras sfp 1000mbps<\/td>\n<\/tr>\n<tr>\n<td>1 puerto de consola<\/td>\n<\/tr>\n<tr>\n<td>Medios de red 10base-t: utp categor\u00eda 3, 4, 5 cables (100m m\u00e1ximo)<\/td>\n<\/tr>\n<tr>\n<td>100base-tx \/ 1000base-t: utp categor\u00eda 5, 5e o superior de cable (100 metros como m\u00e1ximo)<\/td>\n<\/tr>\n<tr>\n<td>1000base-x: mmf, smf<\/td>\n<\/tr>\n<tr>\n<td>Cantidad de ventiladores sin ventilador<\/td>\n<\/tr>\n<tr>\n<td>Fuente de alimentaci\u00f3n 100 and #65374;240vac, 50\/60hz<\/td>\n<\/tr>\n<tr>\n<td>Consumo de energ\u00eda m\u00e1ximo: 10.7w (220v\/50hz)<\/td>\n<\/tr>\n<tr>\n<td>Dimensiones (w x d x h) 11.6*7.9*1.7 pulg. (294*200*44 mm)<\/td>\n<\/tr>\n<tr>\n<td>Rendimiento<\/td>\n<\/tr>\n<tr>\n<td>Ancho de banda \/ backplane 20gbps<\/td>\n<\/tr>\n<tr>\n<td>Tasa de reenv\u00edo de paquetes 14.9mpps<\/td>\n<\/tr>\n<tr>\n<td>Tabla de mac address 8k<\/td>\n<\/tr>\n<tr>\n<td>Paquetes de memoria de b\u00fafer 4mb<\/td>\n<\/tr>\n<tr>\n<td>Jumbo frame 10240 bytes<\/td>\n<\/tr>\n<tr>\n<td>Caracter\u00edsticas de software<\/td>\n<\/tr>\n<tr>\n<td>Calidad de servicio soporte 802.1p prioridad cos\/dscp<\/td>\n<\/tr>\n<tr>\n<td>Apoyo de 4 queues de prioridad<\/td>\n<\/tr>\n<tr>\n<td>Programaci\u00f3n de queues: sp, wrr, sp+wrr<\/td>\n<\/tr>\n<tr>\n<td>Puerto\/limitaci\u00f3n de flujo<\/td>\n<\/tr>\n<tr>\n<td>Vlan de voz<\/td>\n<\/tr>\n<tr>\n<td>L2 features inspecci\u00f3n gmp v1 \/ v2 \/ v3<\/td>\n<\/tr>\n<tr>\n<td>802.3ad lacp (hasta 8 grupos de agregaci\u00f3n, que contiene 8 puertos por grupo)<\/td>\n<\/tr>\n<tr>\n<td>Spanning tree stp \/ rstp \/ mstp<\/td>\n<\/tr>\n<tr>\n<td>Lldp, lldp-med<\/td>\n<\/tr>\n<tr>\n<td>Bpdu filtrado\/guardia<\/td>\n<\/tr>\n<tr>\n<td>Tc\/protecci\u00f3n de ra\u00edz<\/td>\n<\/tr>\n<tr>\n<td>Detecci\u00f3n de cable nuevo<\/td>\n<\/tr>\n<tr>\n<td>Control de flujo 802.3x<\/td>\n<\/tr>\n<tr>\n<td>Vlan soporta hasta 4k vlan simult\u00e1neamente (de 4k vlan ids)<\/td>\n<\/tr>\n<tr>\n<td>Puerto\/mac\/vlan basado en protocolo-garp\/gvrp<\/td>\n<\/tr>\n<tr>\n<td>Lista de control de acceso l2~l4 filtrado de paquetes basado en origen y destino de direcci\u00f3n mac, direcci\u00f3n ip, puertos tcp\/udp, 802.1p, dscp, protocolo y vlan id<\/td>\n<\/tr>\n<tr>\n<td>Basado en rango de tiempo<\/td>\n<\/tr>\n<tr>\n<td>Seguridad encuadre ip-mac-port-vid<\/td>\n<\/tr>\n<tr>\n<td>Autenticaci\u00f3n basada en puerto ieee 802.1x\/ mac, radio, vlan invitado<\/td>\n<\/tr>\n<tr>\n<td>Defensa dos<\/td>\n<\/tr>\n<tr>\n<td>Inspecci\u00f3n din\u00e1mica arp (dai)<\/td>\n<\/tr>\n<tr>\n<td>Ssh v1\/v2<\/td>\n<\/tr>\n<tr>\n<td>Ssl v2\/v3\/tlsv1<\/td>\n<\/tr>\n<tr>\n<td>Puerto de seguridad<\/td>\n<\/tr>\n<tr>\n<td>Broadcast\/multicast\/control de tormentas unicast desconocido<\/td>\n<\/tr>\n<tr>\n<td>Ipv6 dual ipv4\/ipv6 stack<\/td>\n<\/tr>\n<tr>\n<td>Multicast listener discovery (mld) snooping<\/td>\n<\/tr>\n<tr>\n<td>Ipv6 neighbor discovery (nd)<\/td>\n<\/tr>\n<tr>\n<td>Path maximum transmission unit (mtu) discovery<\/td>\n<\/tr>\n<tr>\n<td>Internet control message protocol (icmp) version 6<\/td>\n<\/tr>\n<tr>\n<td>Tcpv6\/udpv6<\/td>\n<\/tr>\n<tr>\n<td>Aplicaciones ipv6 dhcpv6 client<\/td>\n<\/tr>\n<tr>\n<td>Ping6<\/td>\n<\/tr>\n<tr>\n<td>Tracert6<\/td>\n<\/tr>\n<tr>\n<td>Telnet(v6)<\/td>\n<\/tr>\n<tr>\n<td>Ipv6 snmp<\/td>\n<\/tr>\n<tr>\n<td>Ipv6 ssh<\/td>\n<\/tr>\n<tr>\n<td>Ipv6 ssl<\/td>\n<\/tr>\n<tr>\n<td>Http\/https<\/td>\n<\/tr>\n<tr>\n<td>Ipv6 tftp<\/td>\n<\/tr>\n<tr>\n<td>Administraci\u00f3n gui basada en web y gesti\u00f3n de cli<\/td>\n<\/tr>\n<tr>\n<td>Snmp v1\/v2c\/v3, compatible con mib p\u00fablicas y tp-link mib privadas<\/td>\n<\/tr>\n<tr>\n<td>Rmon (1, 2, 3, 9 grupos)<\/td>\n<\/tr>\n<tr>\n<td>Cliente dhcp\/bootp, inspecci\u00f3n dhcp, dhcp option82<\/td>\n<\/tr>\n<tr>\n<td>Supervisi\u00f3n de cpu<\/td>\n<\/tr>\n<tr>\n<td>Puerto de reflejo<\/td>\n<\/tr>\n<tr>\n<td>Ajuste de la hora: sntp<\/td>\n<\/tr>\n<tr>\n<td>Ndp integrado\/funci\u00f3n ntdp<\/td>\n<\/tr>\n<tr>\n<td>Actualizaci\u00f3n de firmware: tftp y web<\/td>\n<\/tr>\n<tr>\n<td>Sistema de diagn\u00f3stico: apv<\/td>\n<\/tr>\n<tr>\n<td>Syslog  and  public mibs<\/td>\n<\/tr>\n<tr>\n<td>Otros<\/td>\n<\/tr>\n<tr>\n<td>Certificacion ce, fcc, rohs<\/td>\n<\/tr>\n<tr>\n<td>Contenidos del paquete interruptor<\/td>\n<\/tr>\n<tr>\n<td>Cable de alimentaci\u00f3n<\/td>\n<\/tr>\n<tr>\n<td>Gu\u00eda r\u00e1pida de instalaci\u00f3n<\/td>\n<\/tr>\n<tr>\n<td>Cd de recurso<\/td>\n<\/tr>\n<tr>\n<td>Kit de montaje<\/td>\n<\/tr>\n<tr>\n<td>Patas de goma<\/td>\n<\/tr>\n<tr>\n<td>Requisitos del sistema microsoft\u00ae windows\u00ae 8, 7,vista\u0099, xp or mac\u00ae os, netware\u00ae, unix\u00ae or linux.<\/td>\n<\/tr>\n<tr>\n<td>Ambiente temperatura de funcionamiento: 0 and #8451;~40 and #8451; (32 and #8457;~104 and #8457;)<\/td>\n<\/tr>\n<tr>\n<td>Temperatura de almacenamiento: -40 and #8451;~70 and #8451;(-40 and #8457;~158 and #8457;)<\/td>\n<\/tr>\n<tr>\n<td>Humedad de funcionamiento: 10%~90% sin condensaci\u00f3n<\/td>\n<\/tr>\n<tr>\n<td>Humedad de almacenamiento: 5%~90% sin condensaci\u00f3n<\/td>\n<\/tr>\n<\/table>\n","protected":false},"excerpt":{"rendered":"<p>Tl-sg3210. Switch administrable l2 de 8 puertos gigabit con 2 ranuras sfp jetstream. El v\u00ednculo ip-mac-puerto-vid, acl, seguridad de puertos, defensa dos, control de tormentas, dhcp snooping, la autentificaci\u00f3n de radius y 802.1x le proporciona estrategias de seguridad robustas. La funci\u00f3n qos (quality of service \u0096 calidad de servicio) l2\/l3\/l4 y el snooping igmp optimizan la aplicaci\u00f3n de voz y video. Los modos administrados por web\/cli, snmp, rmon aportan una gran variedad de caracter\u00edsticas de administraci\u00f3n<\/p>\n","protected":false},"featured_media":220589,"comment_status":"open","ping_status":"open","template":"","meta":[],"product_cat":[1563,1564],"product_tag":[1562],"acf":[],"yoast_head":"<!-- This site is optimized with the Yoast SEO plugin v21.7 - https:\/\/yoast.com\/wordpress\/plugins\/seo\/ -->\n<title>[ Tp Link ] &#129351; Sg3210,tl-sg3210 Switch Tp-link Sg3210 Omada L2 Con 8 Rj45 Ge 10\/100\/1000 Mbps Administrable 2 Sfp Gigabit 1 Puerto De Consola<\/title>\n<meta name=\"description\" content=\"Compra Sg3210,tl-sg3210 Switch Tp-link Sg3210 Omada L2 Con 8 Rj45 Ge 10\/100\/1000 Mbps Administrable 2 Sfp Gigabit 1 Puerto De Consola + Env\u00edo a domicilio + Pago seguro + Garant\u00eda\" \/>\n<meta name=\"robots\" content=\"index, follow, max-snippet:-1, max-image-preview:large, max-video-preview:-1\" \/>\n<link rel=\"canonical\" href=\"https:\/\/compuviper.mx\/tienda\/producto\/tp-link-sg3210tl-sg3210-switch-tp-link-sg3210-omada-l2-con-8-rj45-ge-10-100-1000-mbps-administrable-2-sfp-gigabit-1-puerto-de-consola\/\" \/>\n<meta property=\"og:locale\" content=\"es_MX\" \/>\n<meta property=\"og:type\" content=\"article\" \/>\n<meta property=\"og:title\" content=\"[ Tp Link ] &#129351; Sg3210,tl-sg3210 Switch Tp-link Sg3210 Omada L2 Con 8 Rj45 Ge 10\/100\/1000 Mbps Administrable 2 Sfp Gigabit 1 Puerto De Consola\" \/>\n<meta property=\"og:description\" content=\"Compra Sg3210,tl-sg3210 Switch Tp-link Sg3210 Omada L2 Con 8 Rj45 Ge 10\/100\/1000 Mbps Administrable 2 Sfp Gigabit 1 Puerto De Consola + Env\u00edo a domicilio + Pago seguro + Garant\u00eda\" \/>\n<meta property=\"og:url\" content=\"https:\/\/compuviper.mx\/tienda\/producto\/tp-link-sg3210tl-sg3210-switch-tp-link-sg3210-omada-l2-con-8-rj45-ge-10-100-1000-mbps-administrable-2-sfp-gigabit-1-puerto-de-consola\/\" \/>\n<meta property=\"og:site_name\" content=\"Compuviper\" \/>\n<meta property=\"article:publisher\" content=\"https:\/\/www.facebook.com\/compuviper\" \/>\n<meta property=\"og:image\" content=\"https:\/\/compuviper.mx\/tienda\/wp-content\/uploads\/2023\/12\/Switch-tp-link-tl-sg3210-capa-2-con-8-rj45-gigabit-101001000-mbps-administrable-2-sfp-gigabit-1-puerto-de-consola.jpg\" \/>\n\t<meta property=\"og:image:width\" content=\"200\" \/>\n\t<meta property=\"og:image:height\" content=\"200\" \/>\n\t<meta property=\"og:image:type\" content=\"image\/jpeg\" \/>\n<meta name=\"twitter:card\" content=\"summary_large_image\" \/>\n<meta name=\"twitter:label1\" content=\"Precio\" \/>\n\t<meta name=\"twitter:data1\" content=\"&#36;1,716 con IVA\" \/>\n\t<meta name=\"twitter:label2\" content=\"Availability\" \/>\n\t<meta name=\"twitter:data2\" content=\"Out of stock\" \/>\n<script type=\"application\/ld+json\" class=\"yoast-schema-graph\">{\"@context\":\"https:\/\/schema.org\",\"@graph\":[{\"@type\":\"WebPage\",\"@id\":\"https:\/\/compuviper.mx\/tienda\/producto\/tp-link-sg3210tl-sg3210-switch-tp-link-sg3210-omada-l2-con-8-rj45-ge-10-100-1000-mbps-administrable-2-sfp-gigabit-1-puerto-de-consola\/\",\"url\":\"https:\/\/compuviper.mx\/tienda\/producto\/tp-link-sg3210tl-sg3210-switch-tp-link-sg3210-omada-l2-con-8-rj45-ge-10-100-1000-mbps-administrable-2-sfp-gigabit-1-puerto-de-consola\/\",\"name\":\"[ Tp Link ] &#129351; Sg3210,tl-sg3210 Switch Tp-link Sg3210 Omada L2 Con 8 Rj45 Ge 10\/100\/1000 Mbps Administrable 2 Sfp Gigabit 1 Puerto De Consola\",\"isPartOf\":{\"@id\":\"https:\/\/compuviper.mx\/tienda\/#website\"},\"datePublished\":\"2026-04-07T07:00:26+00:00\",\"dateModified\":\"2026-04-07T07:00:26+00:00\",\"description\":\"Compra Sg3210,tl-sg3210 Switch Tp-link Sg3210 Omada L2 Con 8 Rj45 Ge 10\/100\/1000 Mbps Administrable 2 Sfp Gigabit 1 Puerto De Consola + Env\u00edo a domicilio + Pago seguro + Garant\u00eda\",\"breadcrumb\":{\"@id\":\"https:\/\/compuviper.mx\/tienda\/producto\/tp-link-sg3210tl-sg3210-switch-tp-link-sg3210-omada-l2-con-8-rj45-ge-10-100-1000-mbps-administrable-2-sfp-gigabit-1-puerto-de-consola\/#breadcrumb\"},\"inLanguage\":\"es-MX\",\"potentialAction\":[{\"@type\":\"ReadAction\",\"target\":[\"https:\/\/compuviper.mx\/tienda\/producto\/tp-link-sg3210tl-sg3210-switch-tp-link-sg3210-omada-l2-con-8-rj45-ge-10-100-1000-mbps-administrable-2-sfp-gigabit-1-puerto-de-consola\/\"]}]},{\"@type\":\"BreadcrumbList\",\"@id\":\"https:\/\/compuviper.mx\/tienda\/producto\/tp-link-sg3210tl-sg3210-switch-tp-link-sg3210-omada-l2-con-8-rj45-ge-10-100-1000-mbps-administrable-2-sfp-gigabit-1-puerto-de-consola\/#breadcrumb\",\"itemListElement\":[{\"@type\":\"ListItem\",\"position\":1,\"name\":\"Inicio\",\"item\":\"https:\/\/compuviper.mx\/tienda\/\"},{\"@type\":\"ListItem\",\"position\":2,\"name\":\"Productos\",\"item\":\"https:\/\/compuviper.mx\/tienda\/productos\/\"},{\"@type\":\"ListItem\",\"position\":3,\"name\":\"Redes\",\"item\":\"https:\/\/compuviper.mx\/tienda\/categoria-producto\/redes\/\"},{\"@type\":\"ListItem\",\"position\":4,\"name\":\"Switch\",\"item\":\"https:\/\/compuviper.mx\/tienda\/categoria-producto\/redes\/switch\/\"},{\"@type\":\"ListItem\",\"position\":5,\"name\":\"Tp Link Sg3210,tl-sg3210 Switch Tp-link Sg3210 Omada L2 Con 8 Rj45 Ge 10\/100\/1000 Mbps Administrable 2 Sfp Gigabit 1 Puerto De Consola\"}]},{\"@type\":\"WebSite\",\"@id\":\"https:\/\/compuviper.mx\/tienda\/#website\",\"url\":\"https:\/\/compuviper.mx\/tienda\/\",\"name\":\"Compuviper\",\"description\":\"Proveedor de Computadoras, Laptops, Servidores, Monitores, Puntos de Venta, Teclados,   Impresoras, T\u00f3ner, C\u00e1maras de Seguridad y m\u00e1s en tu tienda en l\u00ednea\",\"publisher\":{\"@id\":\"https:\/\/compuviper.mx\/tienda\/#organization\"},\"potentialAction\":[{\"@type\":\"SearchAction\",\"target\":{\"@type\":\"EntryPoint\",\"urlTemplate\":\"https:\/\/compuviper.mx\/tienda\/?s={search_term_string}\"},\"query-input\":\"required name=search_term_string\"}],\"inLanguage\":\"es-MX\"},{\"@type\":\"Organization\",\"@id\":\"https:\/\/compuviper.mx\/tienda\/#organization\",\"name\":\"Compuviper\",\"url\":\"https:\/\/compuviper.mx\/tienda\/\",\"logo\":{\"@type\":\"ImageObject\",\"inLanguage\":\"es-MX\",\"@id\":\"https:\/\/compuviper.mx\/tienda\/#\/schema\/logo\/image\/\",\"url\":\"https:\/\/compuviper.mx\/tienda\/wp-content\/uploads\/2021\/08\/Logo-Compuviper-10.png\",\"contentUrl\":\"https:\/\/compuviper.mx\/tienda\/wp-content\/uploads\/2021\/08\/Logo-Compuviper-10.png\",\"width\":1000,\"height\":500,\"caption\":\"Compuviper\"},\"image\":{\"@id\":\"https:\/\/compuviper.mx\/tienda\/#\/schema\/logo\/image\/\"},\"sameAs\":[\"https:\/\/www.facebook.com\/compuviper\",\"https:\/\/www.youtube.com\/channel\/UCf73dERp9Y3cfOq7q8BhLjA?view_as=subscriber\"]}]}<\/script>\n<meta property=\"product:brand\" content=\"TP LINK\" \/>\n<meta property=\"product:price:amount\" content=\"1716\" \/>\n<meta property=\"product:price:currency\" content=\"MXN\" \/>\n<meta property=\"og:availability\" content=\"out of stock\" \/>\n<meta property=\"product:availability\" content=\"out of stock\" \/>\n<meta property=\"product:retailer_item_id\" content=\"SG3210,TL-SG3210\" \/>\n<meta property=\"product:condition\" content=\"new\" \/>\n<!-- \/ Yoast SEO plugin. -->","yoast_head_json":{"title":"[ Tp Link ] &#129351; Sg3210,tl-sg3210 Switch Tp-link Sg3210 Omada L2 Con 8 Rj45 Ge 10\/100\/1000 Mbps Administrable 2 Sfp Gigabit 1 Puerto De Consola","description":"Compra Sg3210,tl-sg3210 Switch Tp-link Sg3210 Omada L2 Con 8 Rj45 Ge 10\/100\/1000 Mbps Administrable 2 Sfp Gigabit 1 Puerto De Consola + Env\u00edo a domicilio + Pago seguro + Garant\u00eda","robots":{"index":"index","follow":"follow","max-snippet":"max-snippet:-1","max-image-preview":"max-image-preview:large","max-video-preview":"max-video-preview:-1"},"canonical":"https:\/\/compuviper.mx\/tienda\/producto\/tp-link-sg3210tl-sg3210-switch-tp-link-sg3210-omada-l2-con-8-rj45-ge-10-100-1000-mbps-administrable-2-sfp-gigabit-1-puerto-de-consola\/","og_locale":"es_MX","og_type":"article","og_title":"[ Tp Link ] &#129351; Sg3210,tl-sg3210 Switch Tp-link Sg3210 Omada L2 Con 8 Rj45 Ge 10\/100\/1000 Mbps Administrable 2 Sfp Gigabit 1 Puerto De Consola","og_description":"Compra Sg3210,tl-sg3210 Switch Tp-link Sg3210 Omada L2 Con 8 Rj45 Ge 10\/100\/1000 Mbps Administrable 2 Sfp Gigabit 1 Puerto De Consola + Env\u00edo a domicilio + Pago seguro + Garant\u00eda","og_url":"https:\/\/compuviper.mx\/tienda\/producto\/tp-link-sg3210tl-sg3210-switch-tp-link-sg3210-omada-l2-con-8-rj45-ge-10-100-1000-mbps-administrable-2-sfp-gigabit-1-puerto-de-consola\/","og_site_name":"Compuviper","article_publisher":"https:\/\/www.facebook.com\/compuviper","og_image":[{"width":200,"height":200,"url":"https:\/\/compuviper.mx\/tienda\/wp-content\/uploads\/2023\/12\/Switch-tp-link-tl-sg3210-capa-2-con-8-rj45-gigabit-101001000-mbps-administrable-2-sfp-gigabit-1-puerto-de-consola.jpg","type":"image\/jpeg"}],"twitter_card":"summary_large_image","twitter_misc":{"Precio":"&#36;1,716 con IVA","Availability":"Out of stock"},"schema":{"@context":"https:\/\/schema.org","@graph":[{"@type":"WebPage","@id":"https:\/\/compuviper.mx\/tienda\/producto\/tp-link-sg3210tl-sg3210-switch-tp-link-sg3210-omada-l2-con-8-rj45-ge-10-100-1000-mbps-administrable-2-sfp-gigabit-1-puerto-de-consola\/","url":"https:\/\/compuviper.mx\/tienda\/producto\/tp-link-sg3210tl-sg3210-switch-tp-link-sg3210-omada-l2-con-8-rj45-ge-10-100-1000-mbps-administrable-2-sfp-gigabit-1-puerto-de-consola\/","name":"[ Tp Link ] &#129351; Sg3210,tl-sg3210 Switch Tp-link Sg3210 Omada L2 Con 8 Rj45 Ge 10\/100\/1000 Mbps Administrable 2 Sfp Gigabit 1 Puerto De Consola","isPartOf":{"@id":"https:\/\/compuviper.mx\/tienda\/#website"},"datePublished":"2026-04-07T07:00:26+00:00","dateModified":"2026-04-07T07:00:26+00:00","description":"Compra Sg3210,tl-sg3210 Switch Tp-link Sg3210 Omada L2 Con 8 Rj45 Ge 10\/100\/1000 Mbps Administrable 2 Sfp Gigabit 1 Puerto De Consola + Env\u00edo a domicilio + Pago seguro + Garant\u00eda","breadcrumb":{"@id":"https:\/\/compuviper.mx\/tienda\/producto\/tp-link-sg3210tl-sg3210-switch-tp-link-sg3210-omada-l2-con-8-rj45-ge-10-100-1000-mbps-administrable-2-sfp-gigabit-1-puerto-de-consola\/#breadcrumb"},"inLanguage":"es-MX","potentialAction":[{"@type":"ReadAction","target":["https:\/\/compuviper.mx\/tienda\/producto\/tp-link-sg3210tl-sg3210-switch-tp-link-sg3210-omada-l2-con-8-rj45-ge-10-100-1000-mbps-administrable-2-sfp-gigabit-1-puerto-de-consola\/"]}]},{"@type":"BreadcrumbList","@id":"https:\/\/compuviper.mx\/tienda\/producto\/tp-link-sg3210tl-sg3210-switch-tp-link-sg3210-omada-l2-con-8-rj45-ge-10-100-1000-mbps-administrable-2-sfp-gigabit-1-puerto-de-consola\/#breadcrumb","itemListElement":[{"@type":"ListItem","position":1,"name":"Inicio","item":"https:\/\/compuviper.mx\/tienda\/"},{"@type":"ListItem","position":2,"name":"Productos","item":"https:\/\/compuviper.mx\/tienda\/productos\/"},{"@type":"ListItem","position":3,"name":"Redes","item":"https:\/\/compuviper.mx\/tienda\/categoria-producto\/redes\/"},{"@type":"ListItem","position":4,"name":"Switch","item":"https:\/\/compuviper.mx\/tienda\/categoria-producto\/redes\/switch\/"},{"@type":"ListItem","position":5,"name":"Tp Link Sg3210,tl-sg3210 Switch Tp-link Sg3210 Omada L2 Con 8 Rj45 Ge 10\/100\/1000 Mbps Administrable 2 Sfp Gigabit 1 Puerto De Consola"}]},{"@type":"WebSite","@id":"https:\/\/compuviper.mx\/tienda\/#website","url":"https:\/\/compuviper.mx\/tienda\/","name":"Compuviper","description":"Proveedor de Computadoras, Laptops, Servidores, Monitores, Puntos de Venta, Teclados,   Impresoras, T\u00f3ner, C\u00e1maras de Seguridad y m\u00e1s en tu tienda en l\u00ednea","publisher":{"@id":"https:\/\/compuviper.mx\/tienda\/#organization"},"potentialAction":[{"@type":"SearchAction","target":{"@type":"EntryPoint","urlTemplate":"https:\/\/compuviper.mx\/tienda\/?s={search_term_string}"},"query-input":"required name=search_term_string"}],"inLanguage":"es-MX"},{"@type":"Organization","@id":"https:\/\/compuviper.mx\/tienda\/#organization","name":"Compuviper","url":"https:\/\/compuviper.mx\/tienda\/","logo":{"@type":"ImageObject","inLanguage":"es-MX","@id":"https:\/\/compuviper.mx\/tienda\/#\/schema\/logo\/image\/","url":"https:\/\/compuviper.mx\/tienda\/wp-content\/uploads\/2021\/08\/Logo-Compuviper-10.png","contentUrl":"https:\/\/compuviper.mx\/tienda\/wp-content\/uploads\/2021\/08\/Logo-Compuviper-10.png","width":1000,"height":500,"caption":"Compuviper"},"image":{"@id":"https:\/\/compuviper.mx\/tienda\/#\/schema\/logo\/image\/"},"sameAs":["https:\/\/www.facebook.com\/compuviper","https:\/\/www.youtube.com\/channel\/UCf73dERp9Y3cfOq7q8BhLjA?view_as=subscriber"]}]},"product_brand":"TP LINK","product_price_amount":"1716","product_price_currency":"MXN","og_availability":"out of stock","product_availability":"out of stock","product_retailer_item_id":"SG3210,TL-SG3210","product_condition":"new"},"_links":{"self":[{"href":"https:\/\/compuviper.mx\/tienda\/wp-json\/wp\/v2\/product\/220588"}],"collection":[{"href":"https:\/\/compuviper.mx\/tienda\/wp-json\/wp\/v2\/product"}],"about":[{"href":"https:\/\/compuviper.mx\/tienda\/wp-json\/wp\/v2\/types\/product"}],"replies":[{"embeddable":true,"href":"https:\/\/compuviper.mx\/tienda\/wp-json\/wp\/v2\/comments?post=220588"}],"wp:featuredmedia":[{"embeddable":true,"href":"https:\/\/compuviper.mx\/tienda\/wp-json\/wp\/v2\/media\/220589"}],"wp:attachment":[{"href":"https:\/\/compuviper.mx\/tienda\/wp-json\/wp\/v2\/media?parent=220588"}],"wp:term":[{"taxonomy":"product_cat","embeddable":true,"href":"https:\/\/compuviper.mx\/tienda\/wp-json\/wp\/v2\/product_cat?post=220588"},{"taxonomy":"product_tag","embeddable":true,"href":"https:\/\/compuviper.mx\/tienda\/wp-json\/wp\/v2\/product_tag?post=220588"}],"curies":[{"name":"wp","href":"https:\/\/api.w.org\/{rel}","templated":true}]}}