{"id":220572,"date":"2026-04-10T00:55:53","date_gmt":"2026-04-10T06:55:53","guid":{"rendered":"https:\/\/compuviper.mx\/tienda\/producto\/tp-link-tl-wn823n-tarjeta-de-red-usb-tp-link-inalambrica-300-mbps-tamano-mini\/"},"modified":"2026-04-10T00:55:53","modified_gmt":"2026-04-10T06:55:53","slug":"tp-link-tl-wn823n-tarjeta-de-red-usb-tp-link-inalambrica-300-mbps-tamano-mini","status":"publish","type":"product","link":"https:\/\/compuviper.mx\/tienda\/producto\/tp-link-tl-wn823n-tarjeta-de-red-usb-tp-link-inalambrica-300-mbps-tamano-mini\/","title":{"rendered":"Tp Link Tl-wn823n Tarjeta De Red Usb Tp-link  Inalambrica 300 Mbps Tamano Mini"},"content":{"rendered":"<table class=\"descripcion\">\n<tr>\n<td>Caracter\u00edsticas de hardware<\/td>\n<\/tr>\n<tr>\n<td>Interfaz: usb 2.0<\/td>\n<\/tr>\n<tr>\n<td>Bot\u00f3n: bot\u00f3n wi-fi protected setup (wps)<\/td>\n<\/tr>\n<tr>\n<td>Dimensiones (w x d x h): 1.54 x 0.72 x 0.31 pulgadas. (39 x 18.35 x 7.87mm)<\/td>\n<\/tr>\n<tr>\n<td>Tipo de antena: interna<\/td>\n<\/tr>\n<tr>\n<td>Caracter\u00edsticas inal\u00e1mbricas<\/td>\n<\/tr>\n<tr>\n<td>Est\u00e1ndares inal\u00e1mbricos: ieee 802.11b, ieee 802.11g, ieee 802.11n<\/td>\n<\/tr>\n<tr>\n<td>Frecuencia: 2.400 ~ 2.4835ghz<\/td>\n<\/tr>\n<tr>\n<td>Tasa de se\u00f1al: 11b: hasta 11mbps(din\u00e1mica)  \/  11g: hasta 54mbps(din\u00e1mica)  \/  11n: hasta 300mbps(din\u00e1mica)<\/td>\n<\/tr>\n<tr>\n<td>Sensibilidad de recepci\u00f3n: 300m: -65dbm @ 10% para  \/  270m: -65dbm @ 10% para<\/td>\n<\/tr>\n<tr>\n<td>130m: -68dbm @ 10% para  \/  108m: -68dbm @ 10% para  \/  54m: -72dbm @ 10% para  \/  11m: -85dbm @ 8% para  \/  6m: -87dbm @ 10% para  \/  1m: -93dbm @ 8% per<\/td>\n<\/tr>\n<tr>\n<td>Potencia de transmision:  20dbm (eirp)<\/td>\n<\/tr>\n<tr>\n<td>Modos inal\u00e1mbricos: modos soft ap , cliente (soporta red ad-hoc\/infrastructura)<\/td>\n<\/tr>\n<tr>\n<td>Seguridad inal\u00e1mbrica: wpa wpa \/ wpa2-wpa2 \/ wpa2-wpa2<\/td>\n<\/tr>\n<tr>\n<td>Wpa \/ wpa2 de 64\/128 bits<\/td>\n<\/tr>\n<tr>\n<td>Tecnolog\u00eda de modulaci\u00f3n: dbpsk, dqpsk, cck, ofdm, 16-qam, 64-qam<\/td>\n<\/tr>\n<tr>\n<td>Otros<\/td>\n<\/tr>\n<tr>\n<td>Certificai\u00f3n: ce, fcc, ic, rohs<\/td>\n<\/tr>\n<tr>\n<td>Contenidos del paquete: adaptador inal\u00e1mbrico tl-wn823n  \/  cd de instalaci\u00f3n  \/  gu\u00eda de instalaci\u00f3n r\u00e1pida<\/td>\n<\/tr>\n<tr>\n<td>Requisitos del sistema: windows 8.1 (32 \/ 64bits)  \/  windows 8 (32 \/ 64bits)  \/  windows 7 (32 \/ 64bits)  \/  windows vista (32 \/ 64bits)  \/  windows xp (32 \/ 64bits)<\/td>\n<\/tr>\n<tr>\n<td>Ambiente: temperatura de funcionamiento: 0\u00bf~40 \u00bf (32 \u00bf~104\u00bf)  \/  temperatura de almacenamiento: -40\u00bf~70 \u00bf (-40 \u00bf~158\u00bf)  \/  humedad de funcionamiento: 10%~90% sin condensaci\u00f3n  \/  humedad de almacenamiento: 5%~90% sin condensaci\u00f3n<\/td>\n<\/tr>\n<\/table>\n","protected":false},"excerpt":{"rendered":"<p>Mini adaptador usb inal\u00e1mbrico n 300mbps. Tl-wn823n. * velocidad de transferencia datos inal\u00e1mbrica de 300mbps ideal para video en alta definici\u00f3n sin problemas, streaming de voz y juegos en l\u00ednea. * dise\u00f1o de tama\u00f1o miniatura para una portabilidad conveniente con un alto desempe\u00f1o confiable. * modo softap \u00bf convierta una conexi\u00f3n de internet cableada en una pc o laptop en un hotspot wi-fi. * configure f\u00e1cilmente una conexi\u00f3n inal\u00e1mbrica segura con s\u00f3lo presionar un bot\u00f3n wps. Tl-wn823n de tp-link est\u00e1 dise\u00f1ado para conectar tu ordenador port\u00e1til o de escritorio a una red inal\u00e1mbrica y disfrutar de un rendimiento inal\u00e1mbrico de alta velocidad. El dise\u00f1o de la punta del dedo hace que el adaptador conveniente y f\u00e1cil de llevar a todas partes. Lo que es m\u00e1s, el tl-wn823n cuenta con modo softap, configuraci\u00f3n de seguridad de un solo bot\u00f3n, software de configuraci\u00f3n f\u00e1cil de usar, por lo que es una excelente opci\u00f3n para disfrutar de la red inal\u00e1mbrica r\u00e1pida. Velocidad inal\u00e1mbrica n 300mbps \u00bf cobertura inal\u00e1mbrica extendida. Con velocidades de hasta 300mbps y la tecnolog\u00eda avanzada  mimo , el tl-wn823n proporciona con una r\u00e1pida y confiable conexi\u00f3n a internet para conectarte inal\u00e1mbricamente para jugar en l\u00ednea o transmitir video hd sin retraso. Mejor a\u00fan, el tl-wn823n logra el mejor rendimiento con dispositivos inal\u00e1mbricos n, pero tambi\u00e9n funciona perfectamente con redes 802.11b \/ g ieee existentes.<\/p>\n","protected":false},"featured_media":220573,"comment_status":"open","ping_status":"open","template":"","meta":[],"product_cat":[1563,1572],"product_tag":[1562],"acf":[],"yoast_head":"<!-- This site is optimized with the Yoast SEO plugin v21.7 - https:\/\/yoast.com\/wordpress\/plugins\/seo\/ -->\n<title>[ Tp Link ] &#129351; Tl-wn823n Tarjeta De Red Usb Tp-link Inalambrica 300 Mbps Tamano Mini<\/title>\n<meta name=\"description\" content=\"Compra Tl-wn823n Tarjeta De Red Usb Tp-link Inalambrica 300 Mbps Tamano Mini + Env\u00edo a domicilio + Pago seguro + Garant\u00eda\" \/>\n<meta name=\"robots\" content=\"index, follow, max-snippet:-1, max-image-preview:large, max-video-preview:-1\" \/>\n<link rel=\"canonical\" href=\"https:\/\/compuviper.mx\/tienda\/producto\/tp-link-tl-wn823n-tarjeta-de-red-usb-tp-link-inalambrica-300-mbps-tamano-mini\/\" \/>\n<meta property=\"og:locale\" content=\"es_MX\" \/>\n<meta property=\"og:type\" content=\"article\" \/>\n<meta property=\"og:title\" content=\"[ Tp Link ] &#129351; Tl-wn823n Tarjeta De Red Usb Tp-link Inalambrica 300 Mbps Tamano Mini\" \/>\n<meta property=\"og:description\" content=\"Compra Tl-wn823n Tarjeta De Red Usb Tp-link Inalambrica 300 Mbps Tamano Mini + Env\u00edo a domicilio + Pago seguro + Garant\u00eda\" \/>\n<meta property=\"og:url\" content=\"https:\/\/compuviper.mx\/tienda\/producto\/tp-link-tl-wn823n-tarjeta-de-red-usb-tp-link-inalambrica-300-mbps-tamano-mini\/\" \/>\n<meta property=\"og:site_name\" content=\"Compuviper\" \/>\n<meta property=\"article:publisher\" content=\"https:\/\/www.facebook.com\/compuviper\" \/>\n<meta property=\"og:image\" content=\"https:\/\/compuviper.mx\/tienda\/wp-content\/uploads\/2023\/12\/Tarjeta-de-red-usb-tp-link-tl-wn823n-inalambrica-300-mbps-tamano-mini.jpg\" \/>\n\t<meta property=\"og:image:width\" content=\"200\" \/>\n\t<meta property=\"og:image:height\" content=\"200\" \/>\n\t<meta property=\"og:image:type\" content=\"image\/jpeg\" \/>\n<meta name=\"twitter:card\" content=\"summary_large_image\" \/>\n<meta name=\"twitter:label1\" content=\"Precio\" \/>\n\t<meta name=\"twitter:data1\" content=\"&#36;146 con IVA\" \/>\n\t<meta name=\"twitter:label2\" content=\"Availability\" \/>\n\t<meta name=\"twitter:data2\" content=\"In stock\" \/>\n<script type=\"application\/ld+json\" class=\"yoast-schema-graph\">{\"@context\":\"https:\/\/schema.org\",\"@graph\":[{\"@type\":\"WebPage\",\"@id\":\"https:\/\/compuviper.mx\/tienda\/producto\/tp-link-tl-wn823n-tarjeta-de-red-usb-tp-link-inalambrica-300-mbps-tamano-mini\/\",\"url\":\"https:\/\/compuviper.mx\/tienda\/producto\/tp-link-tl-wn823n-tarjeta-de-red-usb-tp-link-inalambrica-300-mbps-tamano-mini\/\",\"name\":\"[ Tp Link ] &#129351; Tl-wn823n Tarjeta De Red Usb Tp-link Inalambrica 300 Mbps Tamano Mini\",\"isPartOf\":{\"@id\":\"https:\/\/compuviper.mx\/tienda\/#website\"},\"datePublished\":\"2026-04-10T06:55:53+00:00\",\"dateModified\":\"2026-04-10T06:55:53+00:00\",\"description\":\"Compra Tl-wn823n Tarjeta De Red Usb Tp-link Inalambrica 300 Mbps Tamano Mini + Env\u00edo a domicilio + Pago seguro + Garant\u00eda\",\"breadcrumb\":{\"@id\":\"https:\/\/compuviper.mx\/tienda\/producto\/tp-link-tl-wn823n-tarjeta-de-red-usb-tp-link-inalambrica-300-mbps-tamano-mini\/#breadcrumb\"},\"inLanguage\":\"es-MX\",\"potentialAction\":[{\"@type\":\"ReadAction\",\"target\":[\"https:\/\/compuviper.mx\/tienda\/producto\/tp-link-tl-wn823n-tarjeta-de-red-usb-tp-link-inalambrica-300-mbps-tamano-mini\/\"]}]},{\"@type\":\"BreadcrumbList\",\"@id\":\"https:\/\/compuviper.mx\/tienda\/producto\/tp-link-tl-wn823n-tarjeta-de-red-usb-tp-link-inalambrica-300-mbps-tamano-mini\/#breadcrumb\",\"itemListElement\":[{\"@type\":\"ListItem\",\"position\":1,\"name\":\"Inicio\",\"item\":\"https:\/\/compuviper.mx\/tienda\/\"},{\"@type\":\"ListItem\",\"position\":2,\"name\":\"Productos\",\"item\":\"https:\/\/compuviper.mx\/tienda\/productos\/\"},{\"@type\":\"ListItem\",\"position\":3,\"name\":\"Redes\",\"item\":\"https:\/\/compuviper.mx\/tienda\/categoria-producto\/redes\/\"},{\"@type\":\"ListItem\",\"position\":4,\"name\":\"Tarjetas De Red\",\"item\":\"https:\/\/compuviper.mx\/tienda\/categoria-producto\/redes\/tarjetas-de-red\/\"},{\"@type\":\"ListItem\",\"position\":5,\"name\":\"Tp Link Tl-wn823n Tarjeta De Red Usb Tp-link Inalambrica 300 Mbps Tamano Mini\"}]},{\"@type\":\"WebSite\",\"@id\":\"https:\/\/compuviper.mx\/tienda\/#website\",\"url\":\"https:\/\/compuviper.mx\/tienda\/\",\"name\":\"Compuviper\",\"description\":\"Proveedor de Computadoras, Laptops, Servidores, Monitores, Puntos de Venta, Teclados,   Impresoras, T\u00f3ner, C\u00e1maras de Seguridad y m\u00e1s en tu tienda en l\u00ednea\",\"publisher\":{\"@id\":\"https:\/\/compuviper.mx\/tienda\/#organization\"},\"potentialAction\":[{\"@type\":\"SearchAction\",\"target\":{\"@type\":\"EntryPoint\",\"urlTemplate\":\"https:\/\/compuviper.mx\/tienda\/?s={search_term_string}\"},\"query-input\":\"required name=search_term_string\"}],\"inLanguage\":\"es-MX\"},{\"@type\":\"Organization\",\"@id\":\"https:\/\/compuviper.mx\/tienda\/#organization\",\"name\":\"Compuviper\",\"url\":\"https:\/\/compuviper.mx\/tienda\/\",\"logo\":{\"@type\":\"ImageObject\",\"inLanguage\":\"es-MX\",\"@id\":\"https:\/\/compuviper.mx\/tienda\/#\/schema\/logo\/image\/\",\"url\":\"https:\/\/compuviper.mx\/tienda\/wp-content\/uploads\/2021\/08\/Logo-Compuviper-10.png\",\"contentUrl\":\"https:\/\/compuviper.mx\/tienda\/wp-content\/uploads\/2021\/08\/Logo-Compuviper-10.png\",\"width\":1000,\"height\":500,\"caption\":\"Compuviper\"},\"image\":{\"@id\":\"https:\/\/compuviper.mx\/tienda\/#\/schema\/logo\/image\/\"},\"sameAs\":[\"https:\/\/www.facebook.com\/compuviper\",\"https:\/\/www.youtube.com\/channel\/UCf73dERp9Y3cfOq7q8BhLjA?view_as=subscriber\"]}]}<\/script>\n<meta property=\"product:brand\" content=\"TP LINK\" \/>\n<meta property=\"product:price:amount\" content=\"146\" \/>\n<meta property=\"product:price:currency\" content=\"MXN\" \/>\n<meta property=\"og:availability\" content=\"instock\" \/>\n<meta property=\"product:availability\" content=\"instock\" \/>\n<meta property=\"product:retailer_item_id\" content=\"TL-WN823N\" \/>\n<meta property=\"product:condition\" content=\"new\" \/>\n<!-- \/ Yoast SEO plugin. -->","yoast_head_json":{"title":"[ Tp Link ] &#129351; Tl-wn823n Tarjeta De Red Usb Tp-link Inalambrica 300 Mbps Tamano Mini","description":"Compra Tl-wn823n Tarjeta De Red Usb Tp-link Inalambrica 300 Mbps Tamano Mini + Env\u00edo a domicilio + Pago seguro + Garant\u00eda","robots":{"index":"index","follow":"follow","max-snippet":"max-snippet:-1","max-image-preview":"max-image-preview:large","max-video-preview":"max-video-preview:-1"},"canonical":"https:\/\/compuviper.mx\/tienda\/producto\/tp-link-tl-wn823n-tarjeta-de-red-usb-tp-link-inalambrica-300-mbps-tamano-mini\/","og_locale":"es_MX","og_type":"article","og_title":"[ Tp Link ] &#129351; Tl-wn823n Tarjeta De Red Usb Tp-link Inalambrica 300 Mbps Tamano Mini","og_description":"Compra Tl-wn823n Tarjeta De Red Usb Tp-link Inalambrica 300 Mbps Tamano Mini + Env\u00edo a domicilio + Pago seguro + Garant\u00eda","og_url":"https:\/\/compuviper.mx\/tienda\/producto\/tp-link-tl-wn823n-tarjeta-de-red-usb-tp-link-inalambrica-300-mbps-tamano-mini\/","og_site_name":"Compuviper","article_publisher":"https:\/\/www.facebook.com\/compuviper","og_image":[{"width":200,"height":200,"url":"https:\/\/compuviper.mx\/tienda\/wp-content\/uploads\/2023\/12\/Tarjeta-de-red-usb-tp-link-tl-wn823n-inalambrica-300-mbps-tamano-mini.jpg","type":"image\/jpeg"}],"twitter_card":"summary_large_image","twitter_misc":{"Precio":"&#36;146 con IVA","Availability":"In stock"},"schema":{"@context":"https:\/\/schema.org","@graph":[{"@type":"WebPage","@id":"https:\/\/compuviper.mx\/tienda\/producto\/tp-link-tl-wn823n-tarjeta-de-red-usb-tp-link-inalambrica-300-mbps-tamano-mini\/","url":"https:\/\/compuviper.mx\/tienda\/producto\/tp-link-tl-wn823n-tarjeta-de-red-usb-tp-link-inalambrica-300-mbps-tamano-mini\/","name":"[ Tp Link ] &#129351; Tl-wn823n Tarjeta De Red Usb Tp-link Inalambrica 300 Mbps Tamano Mini","isPartOf":{"@id":"https:\/\/compuviper.mx\/tienda\/#website"},"datePublished":"2026-04-10T06:55:53+00:00","dateModified":"2026-04-10T06:55:53+00:00","description":"Compra Tl-wn823n Tarjeta De Red Usb Tp-link Inalambrica 300 Mbps Tamano Mini + Env\u00edo a domicilio + Pago seguro + Garant\u00eda","breadcrumb":{"@id":"https:\/\/compuviper.mx\/tienda\/producto\/tp-link-tl-wn823n-tarjeta-de-red-usb-tp-link-inalambrica-300-mbps-tamano-mini\/#breadcrumb"},"inLanguage":"es-MX","potentialAction":[{"@type":"ReadAction","target":["https:\/\/compuviper.mx\/tienda\/producto\/tp-link-tl-wn823n-tarjeta-de-red-usb-tp-link-inalambrica-300-mbps-tamano-mini\/"]}]},{"@type":"BreadcrumbList","@id":"https:\/\/compuviper.mx\/tienda\/producto\/tp-link-tl-wn823n-tarjeta-de-red-usb-tp-link-inalambrica-300-mbps-tamano-mini\/#breadcrumb","itemListElement":[{"@type":"ListItem","position":1,"name":"Inicio","item":"https:\/\/compuviper.mx\/tienda\/"},{"@type":"ListItem","position":2,"name":"Productos","item":"https:\/\/compuviper.mx\/tienda\/productos\/"},{"@type":"ListItem","position":3,"name":"Redes","item":"https:\/\/compuviper.mx\/tienda\/categoria-producto\/redes\/"},{"@type":"ListItem","position":4,"name":"Tarjetas De Red","item":"https:\/\/compuviper.mx\/tienda\/categoria-producto\/redes\/tarjetas-de-red\/"},{"@type":"ListItem","position":5,"name":"Tp Link Tl-wn823n Tarjeta De Red Usb Tp-link Inalambrica 300 Mbps Tamano Mini"}]},{"@type":"WebSite","@id":"https:\/\/compuviper.mx\/tienda\/#website","url":"https:\/\/compuviper.mx\/tienda\/","name":"Compuviper","description":"Proveedor de Computadoras, Laptops, Servidores, Monitores, Puntos de Venta, Teclados,   Impresoras, T\u00f3ner, C\u00e1maras de Seguridad y m\u00e1s en tu tienda en l\u00ednea","publisher":{"@id":"https:\/\/compuviper.mx\/tienda\/#organization"},"potentialAction":[{"@type":"SearchAction","target":{"@type":"EntryPoint","urlTemplate":"https:\/\/compuviper.mx\/tienda\/?s={search_term_string}"},"query-input":"required name=search_term_string"}],"inLanguage":"es-MX"},{"@type":"Organization","@id":"https:\/\/compuviper.mx\/tienda\/#organization","name":"Compuviper","url":"https:\/\/compuviper.mx\/tienda\/","logo":{"@type":"ImageObject","inLanguage":"es-MX","@id":"https:\/\/compuviper.mx\/tienda\/#\/schema\/logo\/image\/","url":"https:\/\/compuviper.mx\/tienda\/wp-content\/uploads\/2021\/08\/Logo-Compuviper-10.png","contentUrl":"https:\/\/compuviper.mx\/tienda\/wp-content\/uploads\/2021\/08\/Logo-Compuviper-10.png","width":1000,"height":500,"caption":"Compuviper"},"image":{"@id":"https:\/\/compuviper.mx\/tienda\/#\/schema\/logo\/image\/"},"sameAs":["https:\/\/www.facebook.com\/compuviper","https:\/\/www.youtube.com\/channel\/UCf73dERp9Y3cfOq7q8BhLjA?view_as=subscriber"]}]},"product_brand":"TP LINK","product_price_amount":"146","product_price_currency":"MXN","og_availability":"instock","product_availability":"instock","product_retailer_item_id":"TL-WN823N","product_condition":"new"},"_links":{"self":[{"href":"https:\/\/compuviper.mx\/tienda\/wp-json\/wp\/v2\/product\/220572"}],"collection":[{"href":"https:\/\/compuviper.mx\/tienda\/wp-json\/wp\/v2\/product"}],"about":[{"href":"https:\/\/compuviper.mx\/tienda\/wp-json\/wp\/v2\/types\/product"}],"replies":[{"embeddable":true,"href":"https:\/\/compuviper.mx\/tienda\/wp-json\/wp\/v2\/comments?post=220572"}],"wp:featuredmedia":[{"embeddable":true,"href":"https:\/\/compuviper.mx\/tienda\/wp-json\/wp\/v2\/media\/220573"}],"wp:attachment":[{"href":"https:\/\/compuviper.mx\/tienda\/wp-json\/wp\/v2\/media?parent=220572"}],"wp:term":[{"taxonomy":"product_cat","embeddable":true,"href":"https:\/\/compuviper.mx\/tienda\/wp-json\/wp\/v2\/product_cat?post=220572"},{"taxonomy":"product_tag","embeddable":true,"href":"https:\/\/compuviper.mx\/tienda\/wp-json\/wp\/v2\/product_tag?post=220572"}],"curies":[{"name":"wp","href":"https:\/\/api.w.org\/{rel}","templated":true}]}}