{"id":220558,"date":"2026-04-10T00:55:50","date_gmt":"2026-04-10T06:55:50","guid":{"rendered":"https:\/\/compuviper.mx\/tienda\/producto\/tp-link-tl-sf1008p-switch-tp-link-8-puertos-rj45-10-100-mbps-no-administrable-4-puertos-poe-para-escritorio\/"},"modified":"2026-04-10T00:55:50","modified_gmt":"2026-04-10T06:55:50","slug":"tp-link-tl-sf1008p-switch-tp-link-8-puertos-rj45-10-100-mbps-no-administrable-4-puertos-poe-para-escritorio","status":"publish","type":"product","link":"https:\/\/compuviper.mx\/tienda\/producto\/tp-link-tl-sf1008p-switch-tp-link-8-puertos-rj45-10-100-mbps-no-administrable-4-puertos-poe-para-escritorio\/","title":{"rendered":"Tp Link Tl-sf1008p Switch | Tp-link |  | 8 Puertos |rj45 10\/100 Mbps |no Administrable |  4 Puertos Poe | Para Escritorio"},"content":{"rendered":"<table class=\"descripcion\">\n<tr>\n<td>Caracter\u00edsticas de hardware<\/td>\n<\/tr>\n<tr>\n<td>Interfaz: 8 puertos rj45 de 10 \/ 100mbps  \/  auto negociaci\u00f3n \/ auto mdi \/ mdix<\/td>\n<\/tr>\n<tr>\n<td>Medios de red: 10base-t: utp categor\u00eda 3, 4, 5 cable (m\u00e1ximo 100m)  eia \/ tia-568 100\u00bf stp (m\u00e1ximo 100m)<\/td>\n<\/tr>\n<tr>\n<td>100base-tx: utp categor\u00eda 5, 5e cable (m\u00e1ximo 100m)  eia \/ tia-568 100\u00bf stp (m\u00e1ximo 100m)<\/td>\n<\/tr>\n<tr>\n<td>Cantidad de ventiladores: sin ventilador<\/td>\n<\/tr>\n<tr>\n<td>Consumo de energ\u00eda: m\u00e1ximo (poe encendido): 60.2w (220v \/ 50hz)  \/  m\u00e1ximo (poe apagado): 3.2w (220v \/ 50hz)<\/td>\n<\/tr>\n<tr>\n<td>Fuente de alimentaci\u00f3n externa: adaptador de alimentaci\u00f3n externa (salida: 48vdc \/ 1.25a)<\/td>\n<\/tr>\n<tr>\n<td>Puertos poe (rj45): est\u00e1ndar: 802.3 af  \/  puertos poe compatibles : puerto1- puerto4  \/  fuente de alimentaci\u00f3n: 57w<\/td>\n<\/tr>\n<tr>\n<td>Sitio de banda ancha: 1.6gbps<\/td>\n<\/tr>\n<tr>\n<td>Tabla de direcci\u00f3n mac: 2k<\/td>\n<\/tr>\n<tr>\n<td>Dimensiones (w x d x h): 6.7 * 3.9 * 1.1 pulg. (171 * 98 * 27 mm)<\/td>\n<\/tr>\n<tr>\n<td>Consumo m\u00e1ximo de energ\u00eda: 2.66 (220 \/ 50hz. no pd conectado)  \/  65.92 (220 \/ 50hz. con 57w pd conectado)<\/td>\n<\/tr>\n<tr>\n<td>Disipaci\u00f3n m\u00e1xima de calor: 9.08btu \/ h (sin pd conectado)  \/  224.92btu \/ h (con 57w pd conectado)<\/td>\n<\/tr>\n<tr>\n<td>Caracter\u00edsticas de software<\/td>\n<\/tr>\n<tr>\n<td>M\u00e9todo de transmisi\u00f3n: almacenamiento y reenvio<\/td>\n<\/tr>\n<tr>\n<td>Funciones avanzadas: compatible con ieee 802.3af pd compatibles  \/  funci\u00f3n de prioridad  \/  direcci\u00f3n de mac autoaprendizaje y envejecimiento autom\u00e1tico  \/  control de flujo ieee802.3x para modo d\u00faplex completo y contrapresi\u00f3n para modo semid\u00faplex<\/td>\n<\/tr>\n<tr>\n<td>Otros<\/td>\n<\/tr>\n<tr>\n<td>Certificaci\u00f3n: fcc, ce, rohs<\/td>\n<\/tr>\n<tr>\n<td>Contenidos del paquete: tl-sf1008p, adaptador de corriente, gu\u00eda del usuario<\/td>\n<\/tr>\n<tr>\n<td>Consumo: 2.3 vatios (m\u00e1x. no pd conectado)  \/  59.3 vatios (m\u00e1x. con 57w pd conectado)<\/td>\n<\/tr>\n<tr>\n<td>Ambiente: temperatura de funcionamiento: 0 \u00bf ~ 40 (32 \u00bf ~ 104 \u00bf)  \/  temperatura de almacenamiento: -40 \u00bf ~ 70 \u00bf (-40 \u00bf ~ 158 \u00bf)  \/  humedad de funcionamiento: 10% ~ 90% sin condensaci\u00f3n  \/  humedad de almacenamiento: 5% ~ 90 % sin condensaci\u00f3n<\/td>\n<\/tr>\n<\/table>\n","protected":false},"excerpt":{"rendered":"<p>Switch poe de escritorio de 8 puertos de 10\/100mbps. Tl-sf1008p. * con cuatro puertos poe, transmitiendo datos y alimentaci\u00f3n en un solo cable. * fuente de alimentaci\u00f3n de hasta 57w para todos los puertos. * compatible con dispositivos de alimentaci\u00f3n usando est\u00e1ndar iee802.3 af (15.4w. * soporta ieee802.3x (control de flujo) para modo full duplex y half-duplex. * tabla de direcciones mac de 2k. * fuente de alimentaci\u00f3n externa. El tl-sf1008p es un switch no gestionable de 8 puertos 10 \/ 100mbps que no requiere configuraci\u00f3n y ofrece 4 puertos poe (alimentaci\u00f3n sobre ethernet). Puede detectar autom\u00e1ticamente y suministrar energ\u00eda a todos los dispositivos de potencia (pds) que cumplan con ieee 802.3af. En esta situaci\u00f3n, la energ\u00eda el\u00e9ctrica se transmite junto con los datos en un \u00fanico cable que le permite ampliar su red hacia donde no hay enchufes, donde desea fijar los dispositivos tales como puntos de acceso, c\u00e1maras ip, tel\u00e9fonos ip, etc. Alimentaci\u00f3n a trav\u00e9s de ethernet. 4 de los 8 puertos rj45 auto-negociables (del puerto 1 al puerto-4) del switch soportan la funci\u00f3n de alimentaci\u00f3n sobre ethernet (poe). Estos puertos poe pueden detectar autom\u00e1ticamente y suministrar energ\u00eda a todos los dispositivos de potencia (pds) que cumplan con ieee 802.3af. &#8211; protecci\u00f3n contra sobrecarga. El tl-sf1008p tiene la funci\u00f3n de prioridad la cual ayudar\u00e1 a proteger el sistema cuando se sobrecargue la alimentaci\u00f3n del sistema. Si todo el consumo de energ\u00eda pds poe es  = 57w, se organizar\u00e1 una prioridad entre los puertos poe, el sistema cortar\u00e1 la alimentaci\u00f3n del puerto de menor prioridad. &#8211; funci\u00f3n prioritaria por puerto. Prioridad (puerto-1 = puerto-2 = puerto-3   puerto-4): esta funci\u00f3n le ayudar\u00e1 a garantizar el funcionamiento normal del sistema, lo que significa que el puerto 4 se cortar\u00e1 cuando todo el consumo de energ\u00eda total de dispositivos con alimentaci\u00f3n poe exceda de 57w. Por ejemplo, los puertos 1, 2 y 4 utilizan 15,4 w cada uno (potencia m\u00e1xima de 15,4 w por puerto); el sistema est\u00e1 en 46.2w total. Si hay un dispositivo con alimentaci\u00f3n poe adicional insertado en el puerto 3 con 12w, entonces el sistema cortar\u00e1 la potencia del puerto 4 debido a la posibilidad de sobrecarga, esto significa que los puertos 1 y 2 utilizar\u00e1n 15,4 w cada uno y el puerto 3 utilizar\u00e1 12w, en cambio, ninguna alimentaci\u00f3n ser\u00e1 suministrada en el puerto 4. F\u00e1cil de usar. El tl-sf1008p es f\u00e1cil de instalar y utilizar no requiere ning\u00fan tipo de configuraci\u00f3n o instalaci\u00f3n. El switch poe de sobremesa con 8 puertos 10\/100 mbps tl-sf1008p de tp-link ofrece un rendimiento y calidad excepcionales por lo que resulta una excelente opci\u00f3n para ampliar tanto su red dom\u00e9stica como la de su oficina.<\/p>\n","protected":false},"featured_media":220559,"comment_status":"open","ping_status":"open","template":"","meta":[],"product_cat":[1563,1564],"product_tag":[1562],"acf":[],"yoast_head":"<!-- This site is optimized with the Yoast SEO plugin v21.7 - https:\/\/yoast.com\/wordpress\/plugins\/seo\/ -->\n<title>[ Tp Link ] &#129351; Tl-sf1008p Switch | Tp-link | | 8 Puertos |rj45 10\/100 Mbps |no Administrable | 4 Puertos Poe | Para Escritorio<\/title>\n<meta name=\"description\" content=\"Compra Tl-sf1008p Switch | Tp-link | | 8 Puertos |rj45 10\/100 Mbps |no Administrable | 4 Puertos Poe | Para Escritorio + Env\u00edo a domicilio + Pago seguro + Garant\u00eda\" \/>\n<meta name=\"robots\" content=\"index, follow, max-snippet:-1, max-image-preview:large, max-video-preview:-1\" \/>\n<link rel=\"canonical\" href=\"https:\/\/compuviper.mx\/tienda\/producto\/tp-link-tl-sf1008p-switch-tp-link-8-puertos-rj45-10-100-mbps-no-administrable-4-puertos-poe-para-escritorio\/\" \/>\n<meta property=\"og:locale\" content=\"es_MX\" \/>\n<meta property=\"og:type\" content=\"article\" \/>\n<meta property=\"og:title\" content=\"[ Tp Link ] &#129351; Tl-sf1008p Switch | Tp-link | | 8 Puertos |rj45 10\/100 Mbps |no Administrable | 4 Puertos Poe | Para Escritorio\" \/>\n<meta property=\"og:description\" content=\"Compra Tl-sf1008p Switch | Tp-link | | 8 Puertos |rj45 10\/100 Mbps |no Administrable | 4 Puertos Poe | Para Escritorio + Env\u00edo a domicilio + Pago seguro + Garant\u00eda\" \/>\n<meta property=\"og:url\" content=\"https:\/\/compuviper.mx\/tienda\/producto\/tp-link-tl-sf1008p-switch-tp-link-8-puertos-rj45-10-100-mbps-no-administrable-4-puertos-poe-para-escritorio\/\" \/>\n<meta property=\"og:site_name\" content=\"Compuviper\" \/>\n<meta property=\"article:publisher\" content=\"https:\/\/www.facebook.com\/compuviper\" \/>\n<meta property=\"og:image\" content=\"https:\/\/compuviper.mx\/tienda\/wp-content\/uploads\/2023\/12\/Switch-tp-link-tl-sf1008p-8-puertos-rj45-10100-mbps-no-administrable-4-puertos-poe-para-escritorio.jpg\" \/>\n\t<meta property=\"og:image:width\" content=\"200\" \/>\n\t<meta property=\"og:image:height\" content=\"200\" \/>\n\t<meta property=\"og:image:type\" content=\"image\/jpeg\" \/>\n<meta name=\"twitter:card\" content=\"summary_large_image\" \/>\n<meta name=\"twitter:label1\" content=\"Precio\" \/>\n\t<meta name=\"twitter:data1\" content=\"&#36;659 con IVA\" \/>\n\t<meta name=\"twitter:label2\" content=\"Availability\" \/>\n\t<meta name=\"twitter:data2\" content=\"In stock\" \/>\n<script type=\"application\/ld+json\" class=\"yoast-schema-graph\">{\"@context\":\"https:\/\/schema.org\",\"@graph\":[{\"@type\":\"WebPage\",\"@id\":\"https:\/\/compuviper.mx\/tienda\/producto\/tp-link-tl-sf1008p-switch-tp-link-8-puertos-rj45-10-100-mbps-no-administrable-4-puertos-poe-para-escritorio\/\",\"url\":\"https:\/\/compuviper.mx\/tienda\/producto\/tp-link-tl-sf1008p-switch-tp-link-8-puertos-rj45-10-100-mbps-no-administrable-4-puertos-poe-para-escritorio\/\",\"name\":\"[ Tp Link ] &#129351; Tl-sf1008p Switch | Tp-link | | 8 Puertos |rj45 10\/100 Mbps |no Administrable | 4 Puertos Poe | Para Escritorio\",\"isPartOf\":{\"@id\":\"https:\/\/compuviper.mx\/tienda\/#website\"},\"datePublished\":\"2026-04-10T06:55:50+00:00\",\"dateModified\":\"2026-04-10T06:55:50+00:00\",\"description\":\"Compra Tl-sf1008p Switch | Tp-link | | 8 Puertos |rj45 10\/100 Mbps |no Administrable | 4 Puertos Poe | Para Escritorio + Env\u00edo a domicilio + Pago seguro + Garant\u00eda\",\"breadcrumb\":{\"@id\":\"https:\/\/compuviper.mx\/tienda\/producto\/tp-link-tl-sf1008p-switch-tp-link-8-puertos-rj45-10-100-mbps-no-administrable-4-puertos-poe-para-escritorio\/#breadcrumb\"},\"inLanguage\":\"es-MX\",\"potentialAction\":[{\"@type\":\"ReadAction\",\"target\":[\"https:\/\/compuviper.mx\/tienda\/producto\/tp-link-tl-sf1008p-switch-tp-link-8-puertos-rj45-10-100-mbps-no-administrable-4-puertos-poe-para-escritorio\/\"]}]},{\"@type\":\"BreadcrumbList\",\"@id\":\"https:\/\/compuviper.mx\/tienda\/producto\/tp-link-tl-sf1008p-switch-tp-link-8-puertos-rj45-10-100-mbps-no-administrable-4-puertos-poe-para-escritorio\/#breadcrumb\",\"itemListElement\":[{\"@type\":\"ListItem\",\"position\":1,\"name\":\"Inicio\",\"item\":\"https:\/\/compuviper.mx\/tienda\/\"},{\"@type\":\"ListItem\",\"position\":2,\"name\":\"Productos\",\"item\":\"https:\/\/compuviper.mx\/tienda\/productos\/\"},{\"@type\":\"ListItem\",\"position\":3,\"name\":\"Redes\",\"item\":\"https:\/\/compuviper.mx\/tienda\/categoria-producto\/redes\/\"},{\"@type\":\"ListItem\",\"position\":4,\"name\":\"Switch\",\"item\":\"https:\/\/compuviper.mx\/tienda\/categoria-producto\/redes\/switch\/\"},{\"@type\":\"ListItem\",\"position\":5,\"name\":\"Tp Link Tl-sf1008p Switch | Tp-link | | 8 Puertos |rj45 10\/100 Mbps |no Administrable | 4 Puertos Poe | Para Escritorio\"}]},{\"@type\":\"WebSite\",\"@id\":\"https:\/\/compuviper.mx\/tienda\/#website\",\"url\":\"https:\/\/compuviper.mx\/tienda\/\",\"name\":\"Compuviper\",\"description\":\"Proveedor de Computadoras, Laptops, Servidores, Monitores, Puntos de Venta, Teclados,   Impresoras, T\u00f3ner, C\u00e1maras de Seguridad y m\u00e1s en tu tienda en l\u00ednea\",\"publisher\":{\"@id\":\"https:\/\/compuviper.mx\/tienda\/#organization\"},\"potentialAction\":[{\"@type\":\"SearchAction\",\"target\":{\"@type\":\"EntryPoint\",\"urlTemplate\":\"https:\/\/compuviper.mx\/tienda\/?s={search_term_string}\"},\"query-input\":\"required name=search_term_string\"}],\"inLanguage\":\"es-MX\"},{\"@type\":\"Organization\",\"@id\":\"https:\/\/compuviper.mx\/tienda\/#organization\",\"name\":\"Compuviper\",\"url\":\"https:\/\/compuviper.mx\/tienda\/\",\"logo\":{\"@type\":\"ImageObject\",\"inLanguage\":\"es-MX\",\"@id\":\"https:\/\/compuviper.mx\/tienda\/#\/schema\/logo\/image\/\",\"url\":\"https:\/\/compuviper.mx\/tienda\/wp-content\/uploads\/2021\/08\/Logo-Compuviper-10.png\",\"contentUrl\":\"https:\/\/compuviper.mx\/tienda\/wp-content\/uploads\/2021\/08\/Logo-Compuviper-10.png\",\"width\":1000,\"height\":500,\"caption\":\"Compuviper\"},\"image\":{\"@id\":\"https:\/\/compuviper.mx\/tienda\/#\/schema\/logo\/image\/\"},\"sameAs\":[\"https:\/\/www.facebook.com\/compuviper\",\"https:\/\/www.youtube.com\/channel\/UCf73dERp9Y3cfOq7q8BhLjA?view_as=subscriber\"]}]}<\/script>\n<meta property=\"product:brand\" content=\"TP LINK\" \/>\n<meta property=\"product:price:amount\" content=\"659\" \/>\n<meta property=\"product:price:currency\" content=\"MXN\" \/>\n<meta property=\"og:availability\" content=\"instock\" \/>\n<meta property=\"product:availability\" content=\"instock\" \/>\n<meta property=\"product:retailer_item_id\" content=\"TL-SF1008P\" \/>\n<meta property=\"product:condition\" content=\"new\" \/>\n<!-- \/ Yoast SEO plugin. -->","yoast_head_json":{"title":"[ Tp Link ] &#129351; Tl-sf1008p Switch | Tp-link | | 8 Puertos |rj45 10\/100 Mbps |no Administrable | 4 Puertos Poe | Para Escritorio","description":"Compra Tl-sf1008p Switch | Tp-link | | 8 Puertos |rj45 10\/100 Mbps |no Administrable | 4 Puertos Poe | Para Escritorio + Env\u00edo a domicilio + Pago seguro + Garant\u00eda","robots":{"index":"index","follow":"follow","max-snippet":"max-snippet:-1","max-image-preview":"max-image-preview:large","max-video-preview":"max-video-preview:-1"},"canonical":"https:\/\/compuviper.mx\/tienda\/producto\/tp-link-tl-sf1008p-switch-tp-link-8-puertos-rj45-10-100-mbps-no-administrable-4-puertos-poe-para-escritorio\/","og_locale":"es_MX","og_type":"article","og_title":"[ Tp Link ] &#129351; Tl-sf1008p Switch | Tp-link | | 8 Puertos |rj45 10\/100 Mbps |no Administrable | 4 Puertos Poe | Para Escritorio","og_description":"Compra Tl-sf1008p Switch | Tp-link | | 8 Puertos |rj45 10\/100 Mbps |no Administrable | 4 Puertos Poe | Para Escritorio + Env\u00edo a domicilio + Pago seguro + Garant\u00eda","og_url":"https:\/\/compuviper.mx\/tienda\/producto\/tp-link-tl-sf1008p-switch-tp-link-8-puertos-rj45-10-100-mbps-no-administrable-4-puertos-poe-para-escritorio\/","og_site_name":"Compuviper","article_publisher":"https:\/\/www.facebook.com\/compuviper","og_image":[{"width":200,"height":200,"url":"https:\/\/compuviper.mx\/tienda\/wp-content\/uploads\/2023\/12\/Switch-tp-link-tl-sf1008p-8-puertos-rj45-10100-mbps-no-administrable-4-puertos-poe-para-escritorio.jpg","type":"image\/jpeg"}],"twitter_card":"summary_large_image","twitter_misc":{"Precio":"&#36;659 con IVA","Availability":"In stock"},"schema":{"@context":"https:\/\/schema.org","@graph":[{"@type":"WebPage","@id":"https:\/\/compuviper.mx\/tienda\/producto\/tp-link-tl-sf1008p-switch-tp-link-8-puertos-rj45-10-100-mbps-no-administrable-4-puertos-poe-para-escritorio\/","url":"https:\/\/compuviper.mx\/tienda\/producto\/tp-link-tl-sf1008p-switch-tp-link-8-puertos-rj45-10-100-mbps-no-administrable-4-puertos-poe-para-escritorio\/","name":"[ Tp Link ] &#129351; Tl-sf1008p Switch | Tp-link | | 8 Puertos |rj45 10\/100 Mbps |no Administrable | 4 Puertos Poe | Para Escritorio","isPartOf":{"@id":"https:\/\/compuviper.mx\/tienda\/#website"},"datePublished":"2026-04-10T06:55:50+00:00","dateModified":"2026-04-10T06:55:50+00:00","description":"Compra Tl-sf1008p Switch | Tp-link | | 8 Puertos |rj45 10\/100 Mbps |no Administrable | 4 Puertos Poe | Para Escritorio + Env\u00edo a domicilio + Pago seguro + Garant\u00eda","breadcrumb":{"@id":"https:\/\/compuviper.mx\/tienda\/producto\/tp-link-tl-sf1008p-switch-tp-link-8-puertos-rj45-10-100-mbps-no-administrable-4-puertos-poe-para-escritorio\/#breadcrumb"},"inLanguage":"es-MX","potentialAction":[{"@type":"ReadAction","target":["https:\/\/compuviper.mx\/tienda\/producto\/tp-link-tl-sf1008p-switch-tp-link-8-puertos-rj45-10-100-mbps-no-administrable-4-puertos-poe-para-escritorio\/"]}]},{"@type":"BreadcrumbList","@id":"https:\/\/compuviper.mx\/tienda\/producto\/tp-link-tl-sf1008p-switch-tp-link-8-puertos-rj45-10-100-mbps-no-administrable-4-puertos-poe-para-escritorio\/#breadcrumb","itemListElement":[{"@type":"ListItem","position":1,"name":"Inicio","item":"https:\/\/compuviper.mx\/tienda\/"},{"@type":"ListItem","position":2,"name":"Productos","item":"https:\/\/compuviper.mx\/tienda\/productos\/"},{"@type":"ListItem","position":3,"name":"Redes","item":"https:\/\/compuviper.mx\/tienda\/categoria-producto\/redes\/"},{"@type":"ListItem","position":4,"name":"Switch","item":"https:\/\/compuviper.mx\/tienda\/categoria-producto\/redes\/switch\/"},{"@type":"ListItem","position":5,"name":"Tp Link Tl-sf1008p Switch | Tp-link | | 8 Puertos |rj45 10\/100 Mbps |no Administrable | 4 Puertos Poe | Para Escritorio"}]},{"@type":"WebSite","@id":"https:\/\/compuviper.mx\/tienda\/#website","url":"https:\/\/compuviper.mx\/tienda\/","name":"Compuviper","description":"Proveedor de Computadoras, Laptops, Servidores, Monitores, Puntos de Venta, Teclados,   Impresoras, T\u00f3ner, C\u00e1maras de Seguridad y m\u00e1s en tu tienda en l\u00ednea","publisher":{"@id":"https:\/\/compuviper.mx\/tienda\/#organization"},"potentialAction":[{"@type":"SearchAction","target":{"@type":"EntryPoint","urlTemplate":"https:\/\/compuviper.mx\/tienda\/?s={search_term_string}"},"query-input":"required name=search_term_string"}],"inLanguage":"es-MX"},{"@type":"Organization","@id":"https:\/\/compuviper.mx\/tienda\/#organization","name":"Compuviper","url":"https:\/\/compuviper.mx\/tienda\/","logo":{"@type":"ImageObject","inLanguage":"es-MX","@id":"https:\/\/compuviper.mx\/tienda\/#\/schema\/logo\/image\/","url":"https:\/\/compuviper.mx\/tienda\/wp-content\/uploads\/2021\/08\/Logo-Compuviper-10.png","contentUrl":"https:\/\/compuviper.mx\/tienda\/wp-content\/uploads\/2021\/08\/Logo-Compuviper-10.png","width":1000,"height":500,"caption":"Compuviper"},"image":{"@id":"https:\/\/compuviper.mx\/tienda\/#\/schema\/logo\/image\/"},"sameAs":["https:\/\/www.facebook.com\/compuviper","https:\/\/www.youtube.com\/channel\/UCf73dERp9Y3cfOq7q8BhLjA?view_as=subscriber"]}]},"product_brand":"TP LINK","product_price_amount":"659","product_price_currency":"MXN","og_availability":"instock","product_availability":"instock","product_retailer_item_id":"TL-SF1008P","product_condition":"new"},"_links":{"self":[{"href":"https:\/\/compuviper.mx\/tienda\/wp-json\/wp\/v2\/product\/220558"}],"collection":[{"href":"https:\/\/compuviper.mx\/tienda\/wp-json\/wp\/v2\/product"}],"about":[{"href":"https:\/\/compuviper.mx\/tienda\/wp-json\/wp\/v2\/types\/product"}],"replies":[{"embeddable":true,"href":"https:\/\/compuviper.mx\/tienda\/wp-json\/wp\/v2\/comments?post=220558"}],"wp:featuredmedia":[{"embeddable":true,"href":"https:\/\/compuviper.mx\/tienda\/wp-json\/wp\/v2\/media\/220559"}],"wp:attachment":[{"href":"https:\/\/compuviper.mx\/tienda\/wp-json\/wp\/v2\/media?parent=220558"}],"wp:term":[{"taxonomy":"product_cat","embeddable":true,"href":"https:\/\/compuviper.mx\/tienda\/wp-json\/wp\/v2\/product_cat?post=220558"},{"taxonomy":"product_tag","embeddable":true,"href":"https:\/\/compuviper.mx\/tienda\/wp-json\/wp\/v2\/product_tag?post=220558"}],"curies":[{"name":"wp","href":"https:\/\/api.w.org\/{rel}","templated":true}]}}