{"id":220379,"date":"2026-04-07T00:56:50","date_gmt":"2026-04-07T06:56:50","guid":{"rendered":"https:\/\/compuviper.mx\/tienda\/producto\/logitech-910-006250-mouse-m650-medium-graphite-inalmbrico-usb-bolt-bluetooth-pc-mac-chrome-linux-android-ipados\/"},"modified":"2026-04-07T00:56:51","modified_gmt":"2026-04-07T06:56:51","slug":"logitech-910-006250-mouse-m650-medium-graphite-inalmbrico-usb-bolt-bluetooth-pc-mac-chrome-linux-android-ipados","status":"publish","type":"product","link":"https:\/\/compuviper.mx\/tienda\/producto\/logitech-910-006250-mouse-m650-medium-graphite-inalmbrico-usb-bolt-bluetooth-pc-mac-chrome-linux-android-ipados\/","title":{"rendered":"Logitech 910-006250 Mouse  M650 Medium Graphite Inal?mbrico Usb Bolt Bluetooth Pc\/mac\/chrome\/linux\/android\/ipados"},"content":{"rendered":"<table class=\"descripcion\">\n<tr>\n<td>Especificaciones y detalles<\/td>\n<\/tr>\n<tr>\n<td>Dimensiones<\/td>\n<\/tr>\n<tr>\n<td>Signature m650<\/td>\n<\/tr>\n<tr>\n<td>Altura: 37,8 mm<\/td>\n<\/tr>\n<tr>\n<td>Ancho: 61,80 mm<\/td>\n<\/tr>\n<tr>\n<td>Profundidad: 107,19 mm<\/td>\n<\/tr>\n<tr>\n<td>Peso: 101,2 g &#8211; el peso incluye bater\u00eda (25 g) y receptor (1,8 g)<\/td>\n<\/tr>\n<tr>\n<td>Signature m650 l<\/td>\n<\/tr>\n<tr>\n<td>Altura: 41,52 mm<\/td>\n<\/tr>\n<tr>\n<td>Ancho: 65,63 mm<\/td>\n<\/tr>\n<tr>\n<td>Profundidad: 118.19 mm<\/td>\n<\/tr>\n<tr>\n<td>Peso: 111,2 g &#8211; el peso incluye bater\u00eda (25 g) y receptor (1,8 g)<\/td>\n<\/tr>\n<tr>\n<td>Signature m650 l left para zurdos<\/td>\n<\/tr>\n<tr>\n<td>Altura: 41,52 mm<\/td>\n<\/tr>\n<tr>\n<td>Ancho: 65,63 mm<\/td>\n<\/tr>\n<tr>\n<td>Profundidad: 118.19 mm<\/td>\n<\/tr>\n<tr>\n<td>Peso: 111,2 g &#8211; el peso incluye bater\u00eda (25 g) y receptor (1,8 g)<\/td>\n<\/tr>\n<tr>\n<td>Especificaciones t\u00e9cnicas<\/td>\n<\/tr>\n<tr>\n<td>Tecnolog\u00eda de sensor<\/td>\n<\/tr>\n<tr>\n<td>Tecnolog\u00eda de sensor: seguimiento \u00f3ptico avanzado de logitech<\/td>\n<\/tr>\n<tr>\n<td>Valor nominal: 400 dpi<\/td>\n<\/tr>\n<tr>\n<td>Valor m\u00e1ximo: hasta 4000<\/td>\n<\/tr>\n<tr>\n<td>Botones<\/td>\n<\/tr>\n<tr>\n<td>N\u00famero de botones: 5 (click izquierdo\/derecho, retroceso\/avance, bot\u00f3n rueda con click de bot\u00f3n central)<\/td>\n<\/tr>\n<tr>\n<td>Bater\u00eda<\/td>\n<\/tr>\n<tr>\n<td>Tipo de bater\u00edas: 1 bater\u00eda aa (incluida)<\/td>\n<\/tr>\n<tr>\n<td>Duraci\u00f3n de la bater\u00eda con receptor usb logi bolt: hasta 24 meses 1depende del uso y del equipo.<\/td>\n<\/tr>\n<tr>\n<td>Duraci\u00f3n de la bater\u00eda con bluetooth: hasta 20 meses 2depende del uso y del equipo.<\/td>\n<\/tr>\n<tr>\n<td>Tipo de conexi\u00f3n<\/td>\n<\/tr>\n<tr>\n<td>Tipo de conexi\u00f3n: receptor usb logi bolt<\/td>\n<\/tr>\n<tr>\n<td>Tecnolog\u00eda bluetooth de bajo consumo<\/td>\n<\/tr>\n<tr>\n<td>Radio de acci\u00f3n inal\u00e1mbrico: radio de acci\u00f3n inal\u00e1mbrico de 10 m 3el radio de acci\u00f3n inal\u00e1mbrico depende del entorno operativo y de la configuraci\u00f3n de dispositivos<\/td>\n<\/tr>\n<tr>\n<td>Software opcional: compatible con logitech options en macos 10.15 o posteriores y windows\u00ae 10, 11, windows 10 o posteriores<\/td>\n<\/tr>\n<tr>\n<td>Sostenibilidad<\/td>\n<\/tr>\n<tr>\n<td>Pl\u00e1stico en blanco crudo: 26% de material reciclado posconsumo<\/td>\n<\/tr>\n<tr>\n<td>Pl\u00e1stico en rosado: 26% de material reciclado posconsumo<\/td>\n<\/tr>\n<tr>\n<td>Pl\u00e1stico en grafito: 64% de material reciclado posconsumo<\/td>\n<\/tr>\n<tr>\n<td>Informaci\u00f3n de garant\u00eda<\/td>\n<\/tr>\n<tr>\n<td>Dos a\u00f1os de garant\u00eda de hardware limitada<\/td>\n<\/tr>\n<tr>\n<td>N\u00famero de referencia<\/td>\n<\/tr>\n<tr>\n<td>Blanco crudo signature m650 medium: 910-006252<\/td>\n<\/tr>\n<tr>\n<td>Rosa signature m650 medium: 910-006251<\/td>\n<\/tr>\n<tr>\n<td>Grafito signature m650 medium: 910-006250<\/td>\n<\/tr>\n<tr>\n<td>Blanco crudo signature m650 l left: 910-006235<\/td>\n<\/tr>\n<tr>\n<td>Grafito signature m650 l left: 910-006234<\/td>\n<\/tr>\n<tr>\n<td>Grafito signature m650 grande: 910-006231<\/td>\n<\/tr>\n<tr>\n<td>Blanco crudo signature m650 grande: 910-006233<\/td>\n<\/tr>\n<tr>\n<td>Receptor usb logi bolt<\/td>\n<\/tr>\n<tr>\n<td>Requiere: puerto usb disponible<\/td>\n<\/tr>\n<tr>\n<td>Windows 7, 10, 11 o posterior<\/td>\n<\/tr>\n<tr>\n<td>Macos 10.10 o posterior<\/td>\n<\/tr>\n<tr>\n<td>Linux\u00ae 4el dispositivo ser\u00e1 compatible sin necesidad de controladores adicionales en chrome os y las distribuciones de linux m\u00e1s populares.<\/td>\n<\/tr>\n<tr>\n<td>Chrome os\u0099 5el dispositivo ser\u00e1 compatible sin necesidad de controladores adicionales en chrome os y las distribuciones de linux m\u00e1s populares.<\/td>\n<\/tr>\n<tr>\n<td>Bluetooth de bajo consumo<\/td>\n<\/tr>\n<tr>\n<td>Requiere: tecnolog\u00eda inal\u00e1mbrica bluetooth de bajo consumo<\/td>\n<\/tr>\n<tr>\n<td>Windows 10, 11 o posterior<\/td>\n<\/tr>\n<tr>\n<td>Macos 10.15 o posterior<\/td>\n<\/tr>\n<tr>\n<td>Linux 6el dispositivo ser\u00e1 compatible sin necesidad de controladores adicionales en chrome os y las distribuciones de linux m\u00e1s populares.<\/td>\n<\/tr>\n<tr>\n<td>Chrome os 7el dispositivo ser\u00e1 compatible sin necesidad de controladores adicionales en chrome os y las distribuciones de linux m\u00e1s populares.<\/td>\n<\/tr>\n<tr>\n<td>Ipados 13.4 o posterior<\/td>\n<\/tr>\n<tr>\n<td>Android\u0099 5.0 o posterior<\/td>\n<\/tr>\n<tr>\n<td>Acceso a internet para descarga de software opcional<\/td>\n<\/tr>\n<tr>\n<td>En la caja<\/td>\n<\/tr>\n<tr>\n<td>Mouse inal\u00e1mbrico<\/td>\n<\/tr>\n<tr>\n<td>Receptor usb<\/td>\n<\/tr>\n<tr>\n<td>Una bater\u00eda aa<\/td>\n<\/tr>\n<tr>\n<td>Documentaci\u00f3n del usuario<\/td>\n<\/tr>\n<\/table>\n","protected":false},"excerpt":{"rendered":"<p>Signature m650. Mejora tu equipo para disfrutar de confort y productividad prolongada. Consigue un desplazamiento m\u00e1s inteligente, m\u00e1s c\u00f3modo y m\u00e1s productivo. Signature m650 cuenta con el bot\u00f3n rueda smartwheel que ofrece precisi\u00f3n o velocidad de desplazamiento cuando lo necesitas. Una selecci\u00f3n de tama\u00f1os para manos peque\u00f1as, grandes y para usuarios zurdos significa que hay una opci\u00f3n perfecta para cualquier persona. La conectividad inal\u00e1mbrica perfecta, los clicks silenciosos, los botones laterales personalizables y la forma contorneada mantienen tu confort y productividad hora tras hora. Desplazamiento con bot\u00f3n rueda smartwheel. Realiza desplazamientos tal y como quieres con logitech smartwheel. Obt\u00e9n precisi\u00f3n l\u00ednea a l\u00ednea cuando necesites concentrarte en los detalles y despl\u00e1zate a toda velocidad cuando s\u00f3lo quieras recorrer p\u00e1ginas largas. Cambia de modo autom\u00e1ticamente con un simple movimiento de dedo. La opci\u00f3n perfecta para tu mano. Elige el modelo signature m650 m\u00e1s adecuado para ti. Recomendamos el m650 para manos peque\u00f1as y medianas, el m650 l para manos grandes y el m650 l left para usuarios zurdos. \u00bfno sabes qu\u00e9 mouse es el m\u00e1s adecuado para ti? consulta nuestra gu\u00eda de tama\u00f1os a continuaci\u00f3n. Confort mejorado. Disfrutar\u00e1s trabajando con tu signature m650. Gracias a la forma contorneada, un \u00e1rea suave para el pulgar y laterales de goma en cada mouse, la mano se mantiene c\u00f3modamente en su sitio. Obt\u00e9n m\u00e1s confort y conc\u00e9ntrate m\u00e1s en lo que tienes que hacer. Con\u00e9ctate como prefieras. Funciona en varias plataformas. Conecta al instante usando bluetooth de bajo consumo o un receptor usb logi bolt. Obt\u00e9n una conexi\u00f3n inal\u00e1mbrica estable y confiable a una distancia de hasta 10 metros 8el radio de acci\u00f3n inal\u00e1mbrico depende de las condiciones del entorno y de los dispositivos. Signature m650 funciona en varias plataformas (windows\u00ae, macos, linux\u00ae, ipados, android\u0099) y tiene certificaci\u00f3n works with chromebook\u0099.9este producto cumple los est\u00e1ndares de compatibilidad de google. Android, chromebook y la etiqueta works with chromebook son marcas comerciales de google llc. Menos ruido, m\u00e1s concentraci\u00f3n. Se acabaron los molestos clicks. La tecnolog\u00eda silenttouch exclusiva de logitech reduce un 90% 10el ruido de click se ha reducido en m\u00e1s de un 90% en comparaci\u00f3n con logitech m170. Nivel de dba de click con el bot\u00f3n izquierdo y pulsaciones de teclado medido por un laboratorio independiente a 1 metro de distancia. De los sonidos de click, creando un entorno mejor y m\u00e1s tranquilo para ti y los que te rodean. Botones laterales personalizables. Personaliza los botones laterales con logitech options+, disponible en windows y macos, para tus accesos directos favoritos, como retroceder\/avanzar o copiar\/pegar. Hasta 24 meses de duraci\u00f3n de la bater\u00eda. El mouse signature m650 incluye una bater\u00eda aa que dura hasta dos a\u00f1os.11la duraci\u00f3n de las bater\u00edas depende del uso y de los dispositivos. Eso facilita la concentraci\u00f3n en el trabajo y reduce las preocupaciones por el estado de carga. Hecho con pl\u00e1stico reciclado. Las piezas de pl\u00e1stico de signature m650 incluyen pl\u00e1stico reciclado posconsumo12excepto el pl\u00e1stico de la placa de circuito impreso (pcb). (26% en los modelos blanco crudo y rosado, y 64% en el modelo grafito), para reaprovechar pl\u00e1stico procedente de aparatos electr\u00f3nicos de consumo y contribuir a la reducci\u00f3n de la huella de carbono.<\/p>\n","protected":false},"featured_media":220380,"comment_status":"open","ping_status":"open","template":"","meta":[],"product_cat":[1748,1750],"product_tag":[1500],"acf":[],"yoast_head":"<!-- This site is optimized with the Yoast SEO plugin v21.7 - https:\/\/yoast.com\/wordpress\/plugins\/seo\/ -->\n<title>[ Logitech ] &#129351; 910-006250 Mouse M650 Medium Graphite Inal\u00e1mbrico Usb Bolt Bluetooth Pc\/mac\/chrome\/linux\/android\/ipados<\/title>\n<meta name=\"description\" content=\"Compra 910-006250 Mouse M650 Medium Graphite Inal\u00e1mbrico Usb Bolt Bluetooth Pc\/mac\/chrome\/linux\/android\/ipados + Env\u00edo a domicilio + Pago seguro + Garant\u00eda\" \/>\n<meta name=\"robots\" content=\"index, follow, max-snippet:-1, max-image-preview:large, max-video-preview:-1\" \/>\n<link rel=\"canonical\" href=\"https:\/\/compuviper.mx\/tienda\/producto\/logitech-910-006250-mouse-m650-medium-graphite-inalmbrico-usb-bolt-bluetooth-pc-mac-chrome-linux-android-ipados\/\" \/>\n<meta property=\"og:locale\" content=\"es_MX\" \/>\n<meta property=\"og:type\" content=\"article\" \/>\n<meta property=\"og:title\" content=\"[ Logitech ] &#129351; 910-006250 Mouse M650 Medium Graphite Inal\u00e1mbrico Usb Bolt Bluetooth Pc\/mac\/chrome\/linux\/android\/ipados\" \/>\n<meta property=\"og:description\" content=\"Compra 910-006250 Mouse M650 Medium Graphite Inal\u00e1mbrico Usb Bolt Bluetooth Pc\/mac\/chrome\/linux\/android\/ipados + Env\u00edo a domicilio + Pago seguro + Garant\u00eda\" \/>\n<meta property=\"og:url\" content=\"https:\/\/compuviper.mx\/tienda\/producto\/logitech-910-006250-mouse-m650-medium-graphite-inalmbrico-usb-bolt-bluetooth-pc-mac-chrome-linux-android-ipados\/\" \/>\n<meta property=\"og:site_name\" content=\"Compuviper\" \/>\n<meta property=\"article:publisher\" content=\"https:\/\/www.facebook.com\/compuviper\" \/>\n<meta property=\"article:modified_time\" content=\"2026-04-07T06:56:51+00:00\" \/>\n<meta property=\"og:image\" content=\"https:\/\/compuviper.mx\/tienda\/wp-content\/uploads\/2023\/12\/Mouse-logitech-m650-medium-graphite-inalambrico-usb-bolt-bluetooth-pcmacchromelinuxandroidipados.jpg\" \/>\n\t<meta property=\"og:image:width\" content=\"200\" \/>\n\t<meta property=\"og:image:height\" content=\"200\" \/>\n\t<meta property=\"og:image:type\" content=\"image\/jpeg\" \/>\n<meta name=\"twitter:card\" content=\"summary_large_image\" \/>\n<meta name=\"twitter:label1\" content=\"Precio\" \/>\n\t<meta name=\"twitter:data1\" content=\"&#36;733 con IVA\" \/>\n\t<meta name=\"twitter:label2\" content=\"Availability\" \/>\n\t<meta name=\"twitter:data2\" content=\"Out of stock\" \/>\n<script type=\"application\/ld+json\" class=\"yoast-schema-graph\">{\"@context\":\"https:\/\/schema.org\",\"@graph\":[{\"@type\":\"WebPage\",\"@id\":\"https:\/\/compuviper.mx\/tienda\/producto\/logitech-910-006250-mouse-m650-medium-graphite-inalmbrico-usb-bolt-bluetooth-pc-mac-chrome-linux-android-ipados\/\",\"url\":\"https:\/\/compuviper.mx\/tienda\/producto\/logitech-910-006250-mouse-m650-medium-graphite-inalmbrico-usb-bolt-bluetooth-pc-mac-chrome-linux-android-ipados\/\",\"name\":\"[ Logitech ] &#129351; 910-006250 Mouse M650 Medium Graphite Inal\u00e1mbrico Usb Bolt Bluetooth Pc\/mac\/chrome\/linux\/android\/ipados\",\"isPartOf\":{\"@id\":\"https:\/\/compuviper.mx\/tienda\/#website\"},\"datePublished\":\"2026-04-07T06:56:50+00:00\",\"dateModified\":\"2026-04-07T06:56:51+00:00\",\"description\":\"Compra 910-006250 Mouse M650 Medium Graphite Inal\u00e1mbrico Usb Bolt Bluetooth Pc\/mac\/chrome\/linux\/android\/ipados + Env\u00edo a domicilio + Pago seguro + Garant\u00eda\",\"breadcrumb\":{\"@id\":\"https:\/\/compuviper.mx\/tienda\/producto\/logitech-910-006250-mouse-m650-medium-graphite-inalmbrico-usb-bolt-bluetooth-pc-mac-chrome-linux-android-ipados\/#breadcrumb\"},\"inLanguage\":\"es-MX\",\"potentialAction\":[{\"@type\":\"ReadAction\",\"target\":[\"https:\/\/compuviper.mx\/tienda\/producto\/logitech-910-006250-mouse-m650-medium-graphite-inalmbrico-usb-bolt-bluetooth-pc-mac-chrome-linux-android-ipados\/\"]}]},{\"@type\":\"BreadcrumbList\",\"@id\":\"https:\/\/compuviper.mx\/tienda\/producto\/logitech-910-006250-mouse-m650-medium-graphite-inalmbrico-usb-bolt-bluetooth-pc-mac-chrome-linux-android-ipados\/#breadcrumb\",\"itemListElement\":[{\"@type\":\"ListItem\",\"position\":1,\"name\":\"Inicio\",\"item\":\"https:\/\/compuviper.mx\/tienda\/\"},{\"@type\":\"ListItem\",\"position\":2,\"name\":\"Productos\",\"item\":\"https:\/\/compuviper.mx\/tienda\/productos\/\"},{\"@type\":\"ListItem\",\"position\":3,\"name\":\"Mouse\",\"item\":\"https:\/\/compuviper.mx\/tienda\/categoria-producto\/mouse\/\"},{\"@type\":\"ListItem\",\"position\":4,\"name\":\"Laser\",\"item\":\"https:\/\/compuviper.mx\/tienda\/categoria-producto\/mouse\/laser-mouse\/\"},{\"@type\":\"ListItem\",\"position\":5,\"name\":\"Logitech 910-006250 Mouse M650 Medium Graphite Inal?mbrico Usb Bolt Bluetooth Pc\/mac\/chrome\/linux\/android\/ipados\"}]},{\"@type\":\"WebSite\",\"@id\":\"https:\/\/compuviper.mx\/tienda\/#website\",\"url\":\"https:\/\/compuviper.mx\/tienda\/\",\"name\":\"Compuviper\",\"description\":\"Proveedor de Computadoras, Laptops, Servidores, Monitores, Puntos de Venta, Teclados,   Impresoras, T\u00f3ner, C\u00e1maras de Seguridad y m\u00e1s en tu tienda en l\u00ednea\",\"publisher\":{\"@id\":\"https:\/\/compuviper.mx\/tienda\/#organization\"},\"potentialAction\":[{\"@type\":\"SearchAction\",\"target\":{\"@type\":\"EntryPoint\",\"urlTemplate\":\"https:\/\/compuviper.mx\/tienda\/?s={search_term_string}\"},\"query-input\":\"required name=search_term_string\"}],\"inLanguage\":\"es-MX\"},{\"@type\":\"Organization\",\"@id\":\"https:\/\/compuviper.mx\/tienda\/#organization\",\"name\":\"Compuviper\",\"url\":\"https:\/\/compuviper.mx\/tienda\/\",\"logo\":{\"@type\":\"ImageObject\",\"inLanguage\":\"es-MX\",\"@id\":\"https:\/\/compuviper.mx\/tienda\/#\/schema\/logo\/image\/\",\"url\":\"https:\/\/compuviper.mx\/tienda\/wp-content\/uploads\/2021\/08\/Logo-Compuviper-10.png\",\"contentUrl\":\"https:\/\/compuviper.mx\/tienda\/wp-content\/uploads\/2021\/08\/Logo-Compuviper-10.png\",\"width\":1000,\"height\":500,\"caption\":\"Compuviper\"},\"image\":{\"@id\":\"https:\/\/compuviper.mx\/tienda\/#\/schema\/logo\/image\/\"},\"sameAs\":[\"https:\/\/www.facebook.com\/compuviper\",\"https:\/\/www.youtube.com\/channel\/UCf73dERp9Y3cfOq7q8BhLjA?view_as=subscriber\"]}]}<\/script>\n<meta property=\"product:brand\" content=\"LOGITECH\" \/>\n<meta property=\"product:price:amount\" content=\"733\" \/>\n<meta property=\"product:price:currency\" content=\"MXN\" \/>\n<meta property=\"og:availability\" content=\"out of stock\" \/>\n<meta property=\"product:availability\" content=\"out of stock\" \/>\n<meta property=\"product:retailer_item_id\" content=\"910-006250\" \/>\n<meta property=\"product:condition\" content=\"new\" \/>\n<!-- \/ Yoast SEO plugin. -->","yoast_head_json":{"title":"[ Logitech ] &#129351; 910-006250 Mouse M650 Medium Graphite Inal\u00e1mbrico Usb Bolt Bluetooth Pc\/mac\/chrome\/linux\/android\/ipados","description":"Compra 910-006250 Mouse M650 Medium Graphite Inal\u00e1mbrico Usb Bolt Bluetooth Pc\/mac\/chrome\/linux\/android\/ipados + Env\u00edo a domicilio + Pago seguro + Garant\u00eda","robots":{"index":"index","follow":"follow","max-snippet":"max-snippet:-1","max-image-preview":"max-image-preview:large","max-video-preview":"max-video-preview:-1"},"canonical":"https:\/\/compuviper.mx\/tienda\/producto\/logitech-910-006250-mouse-m650-medium-graphite-inalmbrico-usb-bolt-bluetooth-pc-mac-chrome-linux-android-ipados\/","og_locale":"es_MX","og_type":"article","og_title":"[ Logitech ] &#129351; 910-006250 Mouse M650 Medium Graphite Inal\u00e1mbrico Usb Bolt Bluetooth Pc\/mac\/chrome\/linux\/android\/ipados","og_description":"Compra 910-006250 Mouse M650 Medium Graphite Inal\u00e1mbrico Usb Bolt Bluetooth Pc\/mac\/chrome\/linux\/android\/ipados + Env\u00edo a domicilio + Pago seguro + Garant\u00eda","og_url":"https:\/\/compuviper.mx\/tienda\/producto\/logitech-910-006250-mouse-m650-medium-graphite-inalmbrico-usb-bolt-bluetooth-pc-mac-chrome-linux-android-ipados\/","og_site_name":"Compuviper","article_publisher":"https:\/\/www.facebook.com\/compuviper","article_modified_time":"2026-04-07T06:56:51+00:00","og_image":[{"width":200,"height":200,"url":"https:\/\/compuviper.mx\/tienda\/wp-content\/uploads\/2023\/12\/Mouse-logitech-m650-medium-graphite-inalambrico-usb-bolt-bluetooth-pcmacchromelinuxandroidipados.jpg","type":"image\/jpeg"}],"twitter_card":"summary_large_image","twitter_misc":{"Precio":"&#36;733 con IVA","Availability":"Out of stock"},"schema":{"@context":"https:\/\/schema.org","@graph":[{"@type":"WebPage","@id":"https:\/\/compuviper.mx\/tienda\/producto\/logitech-910-006250-mouse-m650-medium-graphite-inalmbrico-usb-bolt-bluetooth-pc-mac-chrome-linux-android-ipados\/","url":"https:\/\/compuviper.mx\/tienda\/producto\/logitech-910-006250-mouse-m650-medium-graphite-inalmbrico-usb-bolt-bluetooth-pc-mac-chrome-linux-android-ipados\/","name":"[ Logitech ] &#129351; 910-006250 Mouse M650 Medium Graphite Inal\u00e1mbrico Usb Bolt Bluetooth Pc\/mac\/chrome\/linux\/android\/ipados","isPartOf":{"@id":"https:\/\/compuviper.mx\/tienda\/#website"},"datePublished":"2026-04-07T06:56:50+00:00","dateModified":"2026-04-07T06:56:51+00:00","description":"Compra 910-006250 Mouse M650 Medium Graphite Inal\u00e1mbrico Usb Bolt Bluetooth Pc\/mac\/chrome\/linux\/android\/ipados + Env\u00edo a domicilio + Pago seguro + Garant\u00eda","breadcrumb":{"@id":"https:\/\/compuviper.mx\/tienda\/producto\/logitech-910-006250-mouse-m650-medium-graphite-inalmbrico-usb-bolt-bluetooth-pc-mac-chrome-linux-android-ipados\/#breadcrumb"},"inLanguage":"es-MX","potentialAction":[{"@type":"ReadAction","target":["https:\/\/compuviper.mx\/tienda\/producto\/logitech-910-006250-mouse-m650-medium-graphite-inalmbrico-usb-bolt-bluetooth-pc-mac-chrome-linux-android-ipados\/"]}]},{"@type":"BreadcrumbList","@id":"https:\/\/compuviper.mx\/tienda\/producto\/logitech-910-006250-mouse-m650-medium-graphite-inalmbrico-usb-bolt-bluetooth-pc-mac-chrome-linux-android-ipados\/#breadcrumb","itemListElement":[{"@type":"ListItem","position":1,"name":"Inicio","item":"https:\/\/compuviper.mx\/tienda\/"},{"@type":"ListItem","position":2,"name":"Productos","item":"https:\/\/compuviper.mx\/tienda\/productos\/"},{"@type":"ListItem","position":3,"name":"Mouse","item":"https:\/\/compuviper.mx\/tienda\/categoria-producto\/mouse\/"},{"@type":"ListItem","position":4,"name":"Laser","item":"https:\/\/compuviper.mx\/tienda\/categoria-producto\/mouse\/laser-mouse\/"},{"@type":"ListItem","position":5,"name":"Logitech 910-006250 Mouse M650 Medium Graphite Inal?mbrico Usb Bolt Bluetooth Pc\/mac\/chrome\/linux\/android\/ipados"}]},{"@type":"WebSite","@id":"https:\/\/compuviper.mx\/tienda\/#website","url":"https:\/\/compuviper.mx\/tienda\/","name":"Compuviper","description":"Proveedor de Computadoras, Laptops, Servidores, Monitores, Puntos de Venta, Teclados,   Impresoras, T\u00f3ner, C\u00e1maras de Seguridad y m\u00e1s en tu tienda en l\u00ednea","publisher":{"@id":"https:\/\/compuviper.mx\/tienda\/#organization"},"potentialAction":[{"@type":"SearchAction","target":{"@type":"EntryPoint","urlTemplate":"https:\/\/compuviper.mx\/tienda\/?s={search_term_string}"},"query-input":"required name=search_term_string"}],"inLanguage":"es-MX"},{"@type":"Organization","@id":"https:\/\/compuviper.mx\/tienda\/#organization","name":"Compuviper","url":"https:\/\/compuviper.mx\/tienda\/","logo":{"@type":"ImageObject","inLanguage":"es-MX","@id":"https:\/\/compuviper.mx\/tienda\/#\/schema\/logo\/image\/","url":"https:\/\/compuviper.mx\/tienda\/wp-content\/uploads\/2021\/08\/Logo-Compuviper-10.png","contentUrl":"https:\/\/compuviper.mx\/tienda\/wp-content\/uploads\/2021\/08\/Logo-Compuviper-10.png","width":1000,"height":500,"caption":"Compuviper"},"image":{"@id":"https:\/\/compuviper.mx\/tienda\/#\/schema\/logo\/image\/"},"sameAs":["https:\/\/www.facebook.com\/compuviper","https:\/\/www.youtube.com\/channel\/UCf73dERp9Y3cfOq7q8BhLjA?view_as=subscriber"]}]},"product_brand":"LOGITECH","product_price_amount":"733","product_price_currency":"MXN","og_availability":"out of stock","product_availability":"out of stock","product_retailer_item_id":"910-006250","product_condition":"new"},"_links":{"self":[{"href":"https:\/\/compuviper.mx\/tienda\/wp-json\/wp\/v2\/product\/220379"}],"collection":[{"href":"https:\/\/compuviper.mx\/tienda\/wp-json\/wp\/v2\/product"}],"about":[{"href":"https:\/\/compuviper.mx\/tienda\/wp-json\/wp\/v2\/types\/product"}],"replies":[{"embeddable":true,"href":"https:\/\/compuviper.mx\/tienda\/wp-json\/wp\/v2\/comments?post=220379"}],"wp:featuredmedia":[{"embeddable":true,"href":"https:\/\/compuviper.mx\/tienda\/wp-json\/wp\/v2\/media\/220380"}],"wp:attachment":[{"href":"https:\/\/compuviper.mx\/tienda\/wp-json\/wp\/v2\/media?parent=220379"}],"wp:term":[{"taxonomy":"product_cat","embeddable":true,"href":"https:\/\/compuviper.mx\/tienda\/wp-json\/wp\/v2\/product_cat?post=220379"},{"taxonomy":"product_tag","embeddable":true,"href":"https:\/\/compuviper.mx\/tienda\/wp-json\/wp\/v2\/product_tag?post=220379"}],"curies":[{"name":"wp","href":"https:\/\/api.w.org\/{rel}","templated":true}]}}