{"id":220163,"date":"2026-04-02T00:58:20","date_gmt":"2026-04-02T06:58:20","guid":{"rendered":"https:\/\/compuviper.mx\/tienda\/producto\/manhattan-207690-escritorio-compacto-negro-con-ruedas-y-bandeja-para-teclado-repisa-inferior-para-cpu\/"},"modified":"2026-04-02T00:58:20","modified_gmt":"2026-04-02T06:58:20","slug":"manhattan-207690-escritorio-compacto-negro-con-ruedas-y-bandeja-para-teclado-repisa-inferior-para-cpu","status":"publish","type":"product","link":"https:\/\/compuviper.mx\/tienda\/producto\/manhattan-207690-escritorio-compacto-negro-con-ruedas-y-bandeja-para-teclado-repisa-inferior-para-cpu\/","title":{"rendered":"Manhattan 207690 Escritorio,,, Compacto Negro Con Ruedas Y Bandeja Para Teclado, Repisa Inferior Para Cpu"},"content":{"rendered":"<table class=\"descripcion\">\n<tr>\n<td>El escritorio compacto para computadora con bandeja deslizable para teclado,<\/td>\n<\/tr>\n<tr>\n<td>De manhattan, brinda un espacio de trabajo estable que dura. su estructura de<\/td>\n<\/tr>\n<tr>\n<td>Acero y tableros de aglomerado revestidos de pvc crean un diseo ligero y<\/td>\n<\/tr>\n<tr>\n<td>Resistente que soporta hasta 30 kg. esto lo hace perfecto para crear un lugar<\/td>\n<\/tr>\n<tr>\n<td>Ms permanente para colocar tu pc de escritorio, monitor y ms. y si deseas<\/td>\n<\/tr>\n<tr>\n<td>Mantenerte en movimiento, este escritorio compacto para<\/td>\n<\/tr>\n<tr>\n<td>Computadora tambin tiene cuatro rueditas de alta calidad para que puedas<\/td>\n<\/tr>\n<tr>\n<td>Moverlo libre y fcilmente a otros espacios.<\/td>\n<\/tr>\n<\/table>\n","protected":false},"excerpt":{"rendered":"<p>Diseo. \u0095 dimensiones. &#8211; escritorio: 590 x 370 x 15 mm. &#8211; bandeja deslizable: 490 x 200 mm. &#8211; repisa inferior: 510 x 240 mm. &#8211; altura: 730 mm. \u0095 material. &#8211; tableros: aglomerado. &#8211; marco: metlico. \u0095 color: negro. \u0095 incluye cuatro rueditas. \u0095 peso: 7.3 kg. Contenido del paquete. \u0095 escritorio compacto para computadora, con bandeja deslizable para teclado. \u0095 piezas para montaje e instrucciones<\/p>\n","protected":false},"featured_media":220164,"comment_status":"open","ping_status":"open","template":"","meta":[],"product_cat":[2268,2265],"product_tag":[1487],"acf":[],"yoast_head":"<!-- This site is optimized with the Yoast SEO plugin v21.7 - https:\/\/yoast.com\/wordpress\/plugins\/seo\/ -->\n<title>[ Manhattan ] &#129351; 207690 Escritorio,,, Compacto Negro Con Ruedas Y Bandeja Para Teclado, Repisa Inferior Para Cpu<\/title>\n<meta name=\"description\" content=\"Compra 207690 Escritorio,,, Compacto Negro Con Ruedas Y Bandeja Para Teclado, Repisa Inferior Para Cpu + Env\u00edo a domicilio + Pago seguro + Garant\u00eda\" \/>\n<meta name=\"robots\" content=\"index, follow, max-snippet:-1, max-image-preview:large, max-video-preview:-1\" \/>\n<link rel=\"canonical\" href=\"https:\/\/compuviper.mx\/tienda\/producto\/manhattan-207690-escritorio-compacto-negro-con-ruedas-y-bandeja-para-teclado-repisa-inferior-para-cpu\/\" \/>\n<meta property=\"og:locale\" content=\"es_MX\" \/>\n<meta property=\"og:type\" content=\"article\" \/>\n<meta property=\"og:title\" content=\"[ Manhattan ] &#129351; 207690 Escritorio,,, Compacto Negro Con Ruedas Y Bandeja Para Teclado, Repisa Inferior Para Cpu\" \/>\n<meta property=\"og:description\" content=\"Compra 207690 Escritorio,,, Compacto Negro Con Ruedas Y Bandeja Para Teclado, Repisa Inferior Para Cpu + Env\u00edo a domicilio + Pago seguro + Garant\u00eda\" \/>\n<meta property=\"og:url\" content=\"https:\/\/compuviper.mx\/tienda\/producto\/manhattan-207690-escritorio-compacto-negro-con-ruedas-y-bandeja-para-teclado-repisa-inferior-para-cpu\/\" \/>\n<meta property=\"og:site_name\" content=\"Compuviper\" \/>\n<meta property=\"article:publisher\" content=\"https:\/\/www.facebook.com\/compuviper\" \/>\n<meta property=\"og:image\" content=\"https:\/\/compuviper.mx\/tienda\/wp-content\/uploads\/2023\/12\/Escritoriomanhattan207690-compacto-negro-con-ruedas-y-bandeja-para-teclado-repisa-inferior-para-cpu.jpg\" \/>\n\t<meta property=\"og:image:width\" content=\"200\" \/>\n\t<meta property=\"og:image:height\" content=\"200\" \/>\n\t<meta property=\"og:image:type\" content=\"image\/jpeg\" \/>\n<meta name=\"twitter:card\" content=\"summary_large_image\" \/>\n<meta name=\"twitter:label1\" content=\"Precio\" \/>\n\t<meta name=\"twitter:data1\" content=\"&#36;677 con IVA\" \/>\n\t<meta name=\"twitter:label2\" content=\"Availability\" \/>\n\t<meta name=\"twitter:data2\" content=\"In stock\" \/>\n<script type=\"application\/ld+json\" class=\"yoast-schema-graph\">{\"@context\":\"https:\/\/schema.org\",\"@graph\":[{\"@type\":\"WebPage\",\"@id\":\"https:\/\/compuviper.mx\/tienda\/producto\/manhattan-207690-escritorio-compacto-negro-con-ruedas-y-bandeja-para-teclado-repisa-inferior-para-cpu\/\",\"url\":\"https:\/\/compuviper.mx\/tienda\/producto\/manhattan-207690-escritorio-compacto-negro-con-ruedas-y-bandeja-para-teclado-repisa-inferior-para-cpu\/\",\"name\":\"[ Manhattan ] &#129351; 207690 Escritorio,,, Compacto Negro Con Ruedas Y Bandeja Para Teclado, Repisa Inferior Para Cpu\",\"isPartOf\":{\"@id\":\"https:\/\/compuviper.mx\/tienda\/#website\"},\"datePublished\":\"2026-04-02T06:58:20+00:00\",\"dateModified\":\"2026-04-02T06:58:20+00:00\",\"description\":\"Compra 207690 Escritorio,,, Compacto Negro Con Ruedas Y Bandeja Para Teclado, Repisa Inferior Para Cpu + Env\u00edo a domicilio + Pago seguro + Garant\u00eda\",\"breadcrumb\":{\"@id\":\"https:\/\/compuviper.mx\/tienda\/producto\/manhattan-207690-escritorio-compacto-negro-con-ruedas-y-bandeja-para-teclado-repisa-inferior-para-cpu\/#breadcrumb\"},\"inLanguage\":\"es-MX\",\"potentialAction\":[{\"@type\":\"ReadAction\",\"target\":[\"https:\/\/compuviper.mx\/tienda\/producto\/manhattan-207690-escritorio-compacto-negro-con-ruedas-y-bandeja-para-teclado-repisa-inferior-para-cpu\/\"]}]},{\"@type\":\"BreadcrumbList\",\"@id\":\"https:\/\/compuviper.mx\/tienda\/producto\/manhattan-207690-escritorio-compacto-negro-con-ruedas-y-bandeja-para-teclado-repisa-inferior-para-cpu\/#breadcrumb\",\"itemListElement\":[{\"@type\":\"ListItem\",\"position\":1,\"name\":\"Inicio\",\"item\":\"https:\/\/compuviper.mx\/tienda\/\"},{\"@type\":\"ListItem\",\"position\":2,\"name\":\"Productos\",\"item\":\"https:\/\/compuviper.mx\/tienda\/productos\/\"},{\"@type\":\"ListItem\",\"position\":3,\"name\":\"Soportes Y Bases P\/tv\/ Proyectores\/dvd\/consolas\/bocinas\/pantallas\/monotores\",\"item\":\"https:\/\/compuviper.mx\/tienda\/categoria-producto\/soportes-y-bases-p-tv-proyectores-dvd-consolas-bocinas-pantallas-monotores\/\"},{\"@type\":\"ListItem\",\"position\":4,\"name\":\"Soporte Y Base Para Redes\",\"item\":\"https:\/\/compuviper.mx\/tienda\/categoria-producto\/soportes-y-bases-p-tv-proyectores-dvd-consolas-bocinas-pantallas-monotores\/soporte-y-base-para-redes-soportes-y-bases-p-tv-proyectores-dvd-consolas-bocinas-pantallas-monotores\/\"},{\"@type\":\"ListItem\",\"position\":5,\"name\":\"Manhattan 207690 Escritorio,,, Compacto Negro Con Ruedas Y Bandeja Para Teclado, Repisa Inferior Para Cpu\"}]},{\"@type\":\"WebSite\",\"@id\":\"https:\/\/compuviper.mx\/tienda\/#website\",\"url\":\"https:\/\/compuviper.mx\/tienda\/\",\"name\":\"Compuviper\",\"description\":\"Proveedor de Computadoras, Laptops, Servidores, Monitores, Puntos de Venta, Teclados,   Impresoras, T\u00f3ner, C\u00e1maras de Seguridad y m\u00e1s en tu tienda en l\u00ednea\",\"publisher\":{\"@id\":\"https:\/\/compuviper.mx\/tienda\/#organization\"},\"potentialAction\":[{\"@type\":\"SearchAction\",\"target\":{\"@type\":\"EntryPoint\",\"urlTemplate\":\"https:\/\/compuviper.mx\/tienda\/?s={search_term_string}\"},\"query-input\":\"required name=search_term_string\"}],\"inLanguage\":\"es-MX\"},{\"@type\":\"Organization\",\"@id\":\"https:\/\/compuviper.mx\/tienda\/#organization\",\"name\":\"Compuviper\",\"url\":\"https:\/\/compuviper.mx\/tienda\/\",\"logo\":{\"@type\":\"ImageObject\",\"inLanguage\":\"es-MX\",\"@id\":\"https:\/\/compuviper.mx\/tienda\/#\/schema\/logo\/image\/\",\"url\":\"https:\/\/compuviper.mx\/tienda\/wp-content\/uploads\/2021\/08\/Logo-Compuviper-10.png\",\"contentUrl\":\"https:\/\/compuviper.mx\/tienda\/wp-content\/uploads\/2021\/08\/Logo-Compuviper-10.png\",\"width\":1000,\"height\":500,\"caption\":\"Compuviper\"},\"image\":{\"@id\":\"https:\/\/compuviper.mx\/tienda\/#\/schema\/logo\/image\/\"},\"sameAs\":[\"https:\/\/www.facebook.com\/compuviper\",\"https:\/\/www.youtube.com\/channel\/UCf73dERp9Y3cfOq7q8BhLjA?view_as=subscriber\"]}]}<\/script>\n<meta property=\"product:brand\" content=\"MANHATTAN\" \/>\n<meta property=\"product:price:amount\" content=\"677\" \/>\n<meta property=\"product:price:currency\" content=\"MXN\" \/>\n<meta property=\"og:availability\" content=\"instock\" \/>\n<meta property=\"product:availability\" content=\"instock\" \/>\n<meta property=\"product:retailer_item_id\" content=\"207690\" \/>\n<meta property=\"product:condition\" content=\"new\" \/>\n<!-- \/ Yoast SEO plugin. -->","yoast_head_json":{"title":"[ Manhattan ] &#129351; 207690 Escritorio,,, Compacto Negro Con Ruedas Y Bandeja Para Teclado, Repisa Inferior Para Cpu","description":"Compra 207690 Escritorio,,, Compacto Negro Con Ruedas Y Bandeja Para Teclado, Repisa Inferior Para Cpu + Env\u00edo a domicilio + Pago seguro + Garant\u00eda","robots":{"index":"index","follow":"follow","max-snippet":"max-snippet:-1","max-image-preview":"max-image-preview:large","max-video-preview":"max-video-preview:-1"},"canonical":"https:\/\/compuviper.mx\/tienda\/producto\/manhattan-207690-escritorio-compacto-negro-con-ruedas-y-bandeja-para-teclado-repisa-inferior-para-cpu\/","og_locale":"es_MX","og_type":"article","og_title":"[ Manhattan ] &#129351; 207690 Escritorio,,, Compacto Negro Con Ruedas Y Bandeja Para Teclado, Repisa Inferior Para Cpu","og_description":"Compra 207690 Escritorio,,, Compacto Negro Con Ruedas Y Bandeja Para Teclado, Repisa Inferior Para Cpu + Env\u00edo a domicilio + Pago seguro + Garant\u00eda","og_url":"https:\/\/compuviper.mx\/tienda\/producto\/manhattan-207690-escritorio-compacto-negro-con-ruedas-y-bandeja-para-teclado-repisa-inferior-para-cpu\/","og_site_name":"Compuviper","article_publisher":"https:\/\/www.facebook.com\/compuviper","og_image":[{"width":200,"height":200,"url":"https:\/\/compuviper.mx\/tienda\/wp-content\/uploads\/2023\/12\/Escritoriomanhattan207690-compacto-negro-con-ruedas-y-bandeja-para-teclado-repisa-inferior-para-cpu.jpg","type":"image\/jpeg"}],"twitter_card":"summary_large_image","twitter_misc":{"Precio":"&#36;677 con IVA","Availability":"In stock"},"schema":{"@context":"https:\/\/schema.org","@graph":[{"@type":"WebPage","@id":"https:\/\/compuviper.mx\/tienda\/producto\/manhattan-207690-escritorio-compacto-negro-con-ruedas-y-bandeja-para-teclado-repisa-inferior-para-cpu\/","url":"https:\/\/compuviper.mx\/tienda\/producto\/manhattan-207690-escritorio-compacto-negro-con-ruedas-y-bandeja-para-teclado-repisa-inferior-para-cpu\/","name":"[ Manhattan ] &#129351; 207690 Escritorio,,, Compacto Negro Con Ruedas Y Bandeja Para Teclado, Repisa Inferior Para Cpu","isPartOf":{"@id":"https:\/\/compuviper.mx\/tienda\/#website"},"datePublished":"2026-04-02T06:58:20+00:00","dateModified":"2026-04-02T06:58:20+00:00","description":"Compra 207690 Escritorio,,, Compacto Negro Con Ruedas Y Bandeja Para Teclado, Repisa Inferior Para Cpu + Env\u00edo a domicilio + Pago seguro + Garant\u00eda","breadcrumb":{"@id":"https:\/\/compuviper.mx\/tienda\/producto\/manhattan-207690-escritorio-compacto-negro-con-ruedas-y-bandeja-para-teclado-repisa-inferior-para-cpu\/#breadcrumb"},"inLanguage":"es-MX","potentialAction":[{"@type":"ReadAction","target":["https:\/\/compuviper.mx\/tienda\/producto\/manhattan-207690-escritorio-compacto-negro-con-ruedas-y-bandeja-para-teclado-repisa-inferior-para-cpu\/"]}]},{"@type":"BreadcrumbList","@id":"https:\/\/compuviper.mx\/tienda\/producto\/manhattan-207690-escritorio-compacto-negro-con-ruedas-y-bandeja-para-teclado-repisa-inferior-para-cpu\/#breadcrumb","itemListElement":[{"@type":"ListItem","position":1,"name":"Inicio","item":"https:\/\/compuviper.mx\/tienda\/"},{"@type":"ListItem","position":2,"name":"Productos","item":"https:\/\/compuviper.mx\/tienda\/productos\/"},{"@type":"ListItem","position":3,"name":"Soportes Y Bases P\/tv\/ Proyectores\/dvd\/consolas\/bocinas\/pantallas\/monotores","item":"https:\/\/compuviper.mx\/tienda\/categoria-producto\/soportes-y-bases-p-tv-proyectores-dvd-consolas-bocinas-pantallas-monotores\/"},{"@type":"ListItem","position":4,"name":"Soporte Y Base Para Redes","item":"https:\/\/compuviper.mx\/tienda\/categoria-producto\/soportes-y-bases-p-tv-proyectores-dvd-consolas-bocinas-pantallas-monotores\/soporte-y-base-para-redes-soportes-y-bases-p-tv-proyectores-dvd-consolas-bocinas-pantallas-monotores\/"},{"@type":"ListItem","position":5,"name":"Manhattan 207690 Escritorio,,, Compacto Negro Con Ruedas Y Bandeja Para Teclado, Repisa Inferior Para Cpu"}]},{"@type":"WebSite","@id":"https:\/\/compuviper.mx\/tienda\/#website","url":"https:\/\/compuviper.mx\/tienda\/","name":"Compuviper","description":"Proveedor de Computadoras, Laptops, Servidores, Monitores, Puntos de Venta, Teclados,   Impresoras, T\u00f3ner, C\u00e1maras de Seguridad y m\u00e1s en tu tienda en l\u00ednea","publisher":{"@id":"https:\/\/compuviper.mx\/tienda\/#organization"},"potentialAction":[{"@type":"SearchAction","target":{"@type":"EntryPoint","urlTemplate":"https:\/\/compuviper.mx\/tienda\/?s={search_term_string}"},"query-input":"required name=search_term_string"}],"inLanguage":"es-MX"},{"@type":"Organization","@id":"https:\/\/compuviper.mx\/tienda\/#organization","name":"Compuviper","url":"https:\/\/compuviper.mx\/tienda\/","logo":{"@type":"ImageObject","inLanguage":"es-MX","@id":"https:\/\/compuviper.mx\/tienda\/#\/schema\/logo\/image\/","url":"https:\/\/compuviper.mx\/tienda\/wp-content\/uploads\/2021\/08\/Logo-Compuviper-10.png","contentUrl":"https:\/\/compuviper.mx\/tienda\/wp-content\/uploads\/2021\/08\/Logo-Compuviper-10.png","width":1000,"height":500,"caption":"Compuviper"},"image":{"@id":"https:\/\/compuviper.mx\/tienda\/#\/schema\/logo\/image\/"},"sameAs":["https:\/\/www.facebook.com\/compuviper","https:\/\/www.youtube.com\/channel\/UCf73dERp9Y3cfOq7q8BhLjA?view_as=subscriber"]}]},"product_brand":"MANHATTAN","product_price_amount":"677","product_price_currency":"MXN","og_availability":"instock","product_availability":"instock","product_retailer_item_id":"207690","product_condition":"new"},"_links":{"self":[{"href":"https:\/\/compuviper.mx\/tienda\/wp-json\/wp\/v2\/product\/220163"}],"collection":[{"href":"https:\/\/compuviper.mx\/tienda\/wp-json\/wp\/v2\/product"}],"about":[{"href":"https:\/\/compuviper.mx\/tienda\/wp-json\/wp\/v2\/types\/product"}],"replies":[{"embeddable":true,"href":"https:\/\/compuviper.mx\/tienda\/wp-json\/wp\/v2\/comments?post=220163"}],"wp:featuredmedia":[{"embeddable":true,"href":"https:\/\/compuviper.mx\/tienda\/wp-json\/wp\/v2\/media\/220164"}],"wp:attachment":[{"href":"https:\/\/compuviper.mx\/tienda\/wp-json\/wp\/v2\/media?parent=220163"}],"wp:term":[{"taxonomy":"product_cat","embeddable":true,"href":"https:\/\/compuviper.mx\/tienda\/wp-json\/wp\/v2\/product_cat?post=220163"},{"taxonomy":"product_tag","embeddable":true,"href":"https:\/\/compuviper.mx\/tienda\/wp-json\/wp\/v2\/product_tag?post=220163"}],"curies":[{"name":"wp","href":"https:\/\/api.w.org\/{rel}","templated":true}]}}