{"id":220144,"date":"2026-04-09T00:55:51","date_gmt":"2026-04-09T06:55:51","guid":{"rendered":"https:\/\/compuviper.mx\/tienda\/producto\/samsung-lh43qmcebgcxgo-monitor-sealizacion-digital-43-qm43c-uhd-3840x2160-500nit-24-7\/"},"modified":"2026-04-09T00:55:52","modified_gmt":"2026-04-09T06:55:52","slug":"samsung-lh43qmcebgcxgo-monitor-sealizacion-digital-43-uhd-3840-x-2160-4k-qm43c-500nits-8ms-bocinas-3-hdmi-2-usb-rj45-rs232c-wifi-h-v-24-7","status":"publish","type":"product","link":"https:\/\/compuviper.mx\/tienda\/producto\/samsung-lh43qmcebgcxgo-monitor-sealizacion-digital-43-uhd-3840-x-2160-4k-qm43c-500nits-8ms-bocinas-3-hdmi-2-usb-rj45-rs232c-wifi-h-v-24-7\/","title":{"rendered":"Samsung Lh43qmcebgcxgo Monitor Se?alizacion Digital  43 Uhd 3,840 X 2,160 4k Qm43c, 500nits, 8ms, Bocinas, 3 Hdmi, 2 Usb, Rj45, Rs232c, Wifi, H\/v, 24\/7"},"content":{"rendered":"<table class=\"descripcion\">\n<tr>\n<td>Pantalla<\/td>\n<\/tr>\n<tr>\n<td>    tama\u00f1o en diagonal<\/td>\n<\/tr>\n<tr>\n<td>    43&#8243;<\/td>\n<\/tr>\n<tr>\n<td>    tipo de panel<\/td>\n<\/tr>\n<tr>\n<td>    va<\/td>\n<\/tr>\n<tr>\n<td>    resoluci\u00f3n<\/td>\n<\/tr>\n<tr>\n<td>    3,840 x 2,160<\/td>\n<\/tr>\n<tr>\n<td>    tama\u00f1o de pixel (h x v)<\/td>\n<\/tr>\n<tr>\n<td>    0.245&#215;0.245mm<\/td>\n<\/tr>\n<tr>\n<td>    brightness (typ)<\/td>\n<\/tr>\n<tr>\n<td>    500 nit<\/td>\n<\/tr>\n<tr>\n<td>    relaci\u00f3n de contraste<\/td>\n<\/tr>\n<tr>\n<td>    4,000:1<\/td>\n<\/tr>\n<tr>\n<td>    \u00e1ngulo de visualizaci\u00f3n (h \/ v)<\/td>\n<\/tr>\n<tr>\n<td>    178\/178<\/td>\n<\/tr>\n<tr>\n<td>    tiempo de respuesta<\/td>\n<\/tr>\n<tr>\n<td>    8ms<\/td>\n<\/tr>\n<tr>\n<td>    rango de color<\/td>\n<\/tr>\n<tr>\n<td>    72% (ntsc)<\/td>\n<\/tr>\n<tr>\n<td>    opacidad del cristal<\/td>\n<\/tr>\n<tr>\n<td>    25%<\/td>\n<\/tr>\n<tr>\n<td>    frecuencia de escaneo horizontal<\/td>\n<\/tr>\n<tr>\n<td>    30~81khz<\/td>\n<\/tr>\n<tr>\n<td>    frecuencia de pixel m\u00e1xima<\/td>\n<\/tr>\n<tr>\n<td>    594mhz<\/td>\n<\/tr>\n<tr>\n<td>    frecuencia de escaneo vertical<\/td>\n<\/tr>\n<tr>\n<td>    48~75hz<\/td>\n<\/tr>\n<tr>\n<td>    contrast ratio (dynamic)<\/td>\n<\/tr>\n<tr>\n<td>    mega<\/td>\n<\/tr>\n<tr>\n<td>    operation time support<\/td>\n<\/tr>\n<tr>\n<td>    24\/7<\/td>\n<\/tr>\n<tr>\n<td>Conectividad<\/td>\n<\/tr>\n<tr>\n<td>    entrada hdmi<\/td>\n<\/tr>\n<tr>\n<td>    3<\/td>\n<\/tr>\n<tr>\n<td>    entrada dp<\/td>\n<\/tr>\n<tr>\n<td>    1<\/td>\n<\/tr>\n<tr>\n<td>    entrada dvi<\/td>\n<\/tr>\n<tr>\n<td>    n\/a<\/td>\n<\/tr>\n<tr>\n<td>    version of hdmi<\/td>\n<\/tr>\n<tr>\n<td>    2<\/td>\n<\/tr>\n<tr>\n<td>    version of dp<\/td>\n<\/tr>\n<tr>\n<td>    1.2<\/td>\n<\/tr>\n<tr>\n<td>    version of hdcp<\/td>\n<\/tr>\n<tr>\n<td>    2.2<\/td>\n<\/tr>\n<tr>\n<td>    entrada del sintonizador<\/td>\n<\/tr>\n<tr>\n<td>    n\/a<\/td>\n<\/tr>\n<tr>\n<td>    usb<\/td>\n<\/tr>\n<tr>\n<td>    2<\/td>\n<\/tr>\n<tr>\n<td>    entrada ir<\/td>\n<\/tr>\n<tr>\n<td>    si<\/td>\n<\/tr>\n<tr>\n<td>    entrada hdbaset<\/td>\n<\/tr>\n<tr>\n<td>    n\/a<\/td>\n<\/tr>\n<tr>\n<td>    entrada de audio<\/td>\n<\/tr>\n<tr>\n<td>    no<\/td>\n<\/tr>\n<tr>\n<td>    salida de video<\/td>\n<\/tr>\n<tr>\n<td>    miniconector est\u00e9reo<\/td>\n<\/tr>\n<tr>\n<td>    salida de video<\/td>\n<\/tr>\n<tr>\n<td>    n\/a<\/td>\n<\/tr>\n<tr>\n<td>    salida de energ\u00eda<\/td>\n<\/tr>\n<tr>\n<td>    n\/a<\/td>\n<\/tr>\n<tr>\n<td>    entrada rs232<\/td>\n<\/tr>\n<tr>\n<td>    si<\/td>\n<\/tr>\n<tr>\n<td>    salida rs232<\/td>\n<\/tr>\n<tr>\n<td>    si<\/td>\n<\/tr>\n<tr>\n<td>    entrada rj45<\/td>\n<\/tr>\n<tr>\n<td>    si<\/td>\n<\/tr>\n<tr>\n<td>    salida rj45<\/td>\n<\/tr>\n<tr>\n<td>    n\/a<\/td>\n<\/tr>\n<tr>\n<td>    wi-fi<\/td>\n<\/tr>\n<tr>\n<td>    si<\/td>\n<\/tr>\n<tr>\n<td>    dongle 3g<\/td>\n<\/tr>\n<tr>\n<td>    n\/a<\/td>\n<\/tr>\n<tr>\n<td>    bluetooth<\/td>\n<\/tr>\n<tr>\n<td>    si<\/td>\n<\/tr>\n<tr>\n<td>Alimentaci\u00f3n<\/td>\n<\/tr>\n<tr>\n<td>    alimentaci\u00f3n<\/td>\n<\/tr>\n<tr>\n<td>    ac100-240v 50\/60hz<\/td>\n<\/tr>\n<tr>\n<td>    consumo de energ\u00eda (apagado)<\/td>\n<\/tr>\n<tr>\n<td>    n\/a<\/td>\n<\/tr>\n<tr>\n<td>    consumo de energ\u00eda (encendido)<\/td>\n<\/tr>\n<tr>\n<td>    121 w<\/td>\n<\/tr>\n<tr>\n<td>    consumo de energ\u00eda (en espera)<\/td>\n<\/tr>\n<tr>\n<td>    0.5 w<\/td>\n<\/tr>\n<tr>\n<td>Dimensiones<\/td>\n<\/tr>\n<tr>\n<td>    dimensiones del equipo (a x al x p)<\/td>\n<\/tr>\n<tr>\n<td>    969.5 x 557.8 x 28.5 mm<\/td>\n<\/tr>\n<tr>\n<td>    dimensiones del paquete (a x al x p)<\/td>\n<\/tr>\n<tr>\n<td>    1093 x 667 x 126 mm<\/td>\n<\/tr>\n<tr>\n<td>Peso (g)<\/td>\n<\/tr>\n<tr>\n<td>    peso del equipo<\/td>\n<\/tr>\n<tr>\n<td>    8.8 kg<\/td>\n<\/tr>\n<tr>\n<td>    peso del paquete<\/td>\n<\/tr>\n<tr>\n<td>    11.3 kg<\/td>\n<\/tr>\n<tr>\n<td>Condiciones de operaci\u00f3n<\/td>\n<\/tr>\n<tr>\n<td>    temperatura<\/td>\n<\/tr>\n<tr>\n<td>    0\u00bf~ 40\u00bf<\/td>\n<\/tr>\n<tr>\n<td>    humedad<\/td>\n<\/tr>\n<tr>\n<td>    10 ~ 80%, sin condensaci\u00f3n<\/td>\n<\/tr>\n<tr>\n<td>Especificaciones mec\u00e1nicas<\/td>\n<\/tr>\n<tr>\n<td>    montura vesa<\/td>\n<\/tr>\n<tr>\n<td>    200 x 200 mm<\/td>\n<\/tr>\n<tr>\n<td>    anchura del bisel<\/td>\n<\/tr>\n<tr>\n<td>    11,5 mm (par)<\/td>\n<\/tr>\n<tr>\n<td>    material del marco<\/td>\n<\/tr>\n<tr>\n<td>    no brillante<\/td>\n<\/tr>\n<tr>\n<td>Caracter\u00edsticas opcionales<\/td>\n<\/tr>\n<tr>\n<td>    montura<\/td>\n<\/tr>\n<tr>\n<td>    wmn-b50sc<\/td>\n<\/tr>\n<tr>\n<td>    base<\/td>\n<\/tr>\n<tr>\n<td>    stn-l4355c<\/td>\n<\/tr>\n<tr>\n<td>Soc<\/td>\n<\/tr>\n<tr>\n<td>    os version<\/td>\n<\/tr>\n<tr>\n<td>    tizen 7.0<\/td>\n<\/tr>\n<tr>\n<td>    flash memory size<\/td>\n<\/tr>\n<tr>\n<td>    16gb<\/td>\n<\/tr>\n<tr>\n<td>Eco<\/td>\n<\/tr>\n<tr>\n<td>    energy star (latest effective version)<\/td>\n<\/tr>\n<tr>\n<td>    n\/a<\/td>\n<\/tr>\n<tr>\n<td>Certificaci\u00f3n y conformidad<\/td>\n<\/tr>\n<tr>\n<td>    emc<\/td>\n<\/tr>\n<tr>\n<td>    class b<\/td>\n<\/tr>\n<tr>\n<td>    seguridad<\/td>\n<\/tr>\n<tr>\n<td>    60950-1, 62368-1<\/td>\n<\/tr>\n<\/table>\n","protected":false},"excerpt":{"rendered":"<p>Pantalla.     Tama\u00f1o en diagonal.     43.     Tipo de panel.     Va.     Resoluci\u00f3n.     3,840 x 2,160.     Tama\u00f1o de pixel (h x v.     0.245&#215;0.245mm.     Brightness (typ.     500 nit.     Relaci\u00f3n de contraste.     4,000:1.     \u00e1ngulo de visualizaci\u00f3n (h \/ v.     178\/178.     Tiempo de respuesta.     8ms.     Rango de color.     72% (ntsc.     Opacidad del cristal.     25.     Frecuencia de escaneo horizontal.     30~81khz.     Frecuencia de pixel m\u00e1xima.     594mhz.     Frecuencia de escaneo vertical.     48~75hz.     Contrast ratio (dynamic.     Mega.     Operation time support.     24\/7. Conectividad.     Entrada hdmi.     3.     Entrada dp.     1.     Entrada dvi.     N\/a.     Version of hdmi.     2.     Version of dp.     1.2.     Version of hdcp.     2.2.     Entrada del sintonizador.     N\/a.     Usb.     2.     Entrada ir.     Si.     Entrada hdbaset.     N\/a.     Entrada de audio.     No.     Salida de video.     Miniconector est\u00e9reo.     Salida de video.     N\/a.     Salida de energ\u00eda.     N\/a.     Entrada rs232.     Si.     Salida rs232.     Si.     Entrada rj45.     Si.     Salida rj45.     N\/a.     Wi-fi.     Si.     Dongle 3g.     N\/a.     Bluetooth.     Si. Alimentaci\u00f3n.     Alimentaci\u00f3n.     Ac100-240v 50\/60hz.     Consumo de energ\u00eda (apagado.     N\/a.     Consumo de energ\u00eda (encendido.     121 w.     Consumo de energ\u00eda (en espera.     0.5 w. Dimensiones.     Dimensiones del equipo (a x al x p.     969.5 x 557.8 x 28.5 mm.     Dimensiones del paquete (a x al x p.     1093 x 667 x 126 mm. Peso (g.     Peso del equipo.     8.8 kg.     Peso del paquete.     11.3 kg. Condiciones de operaci\u00f3n.     Temperatura.     0\u00bf~ 40?.     Humedad.     10 ~ 80%, sin condensaci\u00f3n. Especificaciones mec\u00e1nicas.     Montura vesa.     200 x 200 mm.     Anchura del bisel.     11,5 mm (par.     Material del marco.     No brillante. Caracter\u00edsticas opcionales.     Montura.     Wmn-b50sc.     Base.     Stn-l4355c. Soc.     Os version.     Tizen 7.0.     Flash memory size.     16gb. Eco.     Energy star (latest effective version.     N\/a. Certificaci\u00f3n y conformidad.     Emc.     Class b.     Seguridad.     60950-1, 62368-1<\/p>\n","protected":false},"featured_media":242731,"comment_status":"open","ping_status":"open","template":"","meta":[],"product_cat":[1740,1741],"product_tag":[1743],"acf":[],"yoast_head":"<!-- This site is optimized with the Yoast SEO plugin v21.7 - https:\/\/yoast.com\/wordpress\/plugins\/seo\/ -->\n<title>[ Samsung ] &#129351; Lh43qmcebgcxgo Monitor Se\u00f1alizacion Digital 43 Uhd 3,840 X 2,160 4k Qm43c, 500nits, 8ms, Bocinas, 3 Hdmi, 2 Usb, Rj45, Rs232c, Wifi, H\/v, 24\/7<\/title>\n<meta name=\"description\" content=\"Compra Lh43qmcebgcxgo Monitor Se\u00f1alizacion Digital 43 Uhd 3,840 X 2,160 4k Qm43c, 500nits, 8ms, Bocinas, 3 Hdmi, 2 Usb, Rj45, Rs232c, Wifi, H\/v, 24\/7 + Env\u00edo a domicilio + Pago seguro + Garant\u00eda\" \/>\n<meta name=\"robots\" content=\"index, follow, max-snippet:-1, max-image-preview:large, max-video-preview:-1\" \/>\n<link rel=\"canonical\" href=\"https:\/\/compuviper.mx\/tienda\/producto\/samsung-lh43qmcebgcxgo-monitor-sealizacion-digital-43-uhd-3840-x-2160-4k-qm43c-500nits-8ms-bocinas-3-hdmi-2-usb-rj45-rs232c-wifi-h-v-24-7\/\" \/>\n<meta property=\"og:locale\" content=\"es_MX\" \/>\n<meta property=\"og:type\" content=\"article\" \/>\n<meta property=\"og:title\" content=\"[ Samsung ] &#129351; Lh43qmcebgcxgo Monitor Se\u00f1alizacion Digital 43 Uhd 3,840 X 2,160 4k Qm43c, 500nits, 8ms, Bocinas, 3 Hdmi, 2 Usb, Rj45, Rs232c, Wifi, H\/v, 24\/7\" \/>\n<meta property=\"og:description\" content=\"Compra Lh43qmcebgcxgo Monitor Se\u00f1alizacion Digital 43 Uhd 3,840 X 2,160 4k Qm43c, 500nits, 8ms, Bocinas, 3 Hdmi, 2 Usb, Rj45, Rs232c, Wifi, H\/v, 24\/7 + Env\u00edo a domicilio + Pago seguro + Garant\u00eda\" \/>\n<meta property=\"og:url\" content=\"https:\/\/compuviper.mx\/tienda\/producto\/samsung-lh43qmcebgcxgo-monitor-sealizacion-digital-43-uhd-3840-x-2160-4k-qm43c-500nits-8ms-bocinas-3-hdmi-2-usb-rj45-rs232c-wifi-h-v-24-7\/\" \/>\n<meta property=\"og:site_name\" content=\"Compuviper\" \/>\n<meta property=\"article:publisher\" content=\"https:\/\/www.facebook.com\/compuviper\" \/>\n<meta property=\"article:modified_time\" content=\"2026-04-09T06:55:52+00:00\" \/>\n<meta property=\"og:image\" content=\"https:\/\/compuviper.mx\/tienda\/wp-content\/uploads\/2024\/09\/Monitor-senalizacion-digital-samsung-43-qm43c-uhd-3840x2160-500nit-247.jpg\" \/>\n\t<meta property=\"og:image:width\" content=\"200\" \/>\n\t<meta property=\"og:image:height\" content=\"200\" \/>\n\t<meta property=\"og:image:type\" content=\"image\/jpeg\" \/>\n<meta name=\"twitter:card\" content=\"summary_large_image\" \/>\n<meta name=\"twitter:label1\" content=\"Precio\" \/>\n\t<meta name=\"twitter:data1\" content=\"&#36;9,903 con IVA\" \/>\n\t<meta name=\"twitter:label2\" content=\"Availability\" \/>\n\t<meta name=\"twitter:data2\" content=\"In stock\" \/>\n<script type=\"application\/ld+json\" class=\"yoast-schema-graph\">{\"@context\":\"https:\/\/schema.org\",\"@graph\":[{\"@type\":\"WebPage\",\"@id\":\"https:\/\/compuviper.mx\/tienda\/producto\/samsung-lh43qmcebgcxgo-monitor-sealizacion-digital-43-uhd-3840-x-2160-4k-qm43c-500nits-8ms-bocinas-3-hdmi-2-usb-rj45-rs232c-wifi-h-v-24-7\/\",\"url\":\"https:\/\/compuviper.mx\/tienda\/producto\/samsung-lh43qmcebgcxgo-monitor-sealizacion-digital-43-uhd-3840-x-2160-4k-qm43c-500nits-8ms-bocinas-3-hdmi-2-usb-rj45-rs232c-wifi-h-v-24-7\/\",\"name\":\"[ Samsung ] &#129351; Lh43qmcebgcxgo Monitor Se\u00f1alizacion Digital 43 Uhd 3,840 X 2,160 4k Qm43c, 500nits, 8ms, Bocinas, 3 Hdmi, 2 Usb, Rj45, Rs232c, Wifi, H\/v, 24\/7\",\"isPartOf\":{\"@id\":\"https:\/\/compuviper.mx\/tienda\/#website\"},\"datePublished\":\"2026-04-09T06:55:51+00:00\",\"dateModified\":\"2026-04-09T06:55:52+00:00\",\"description\":\"Compra Lh43qmcebgcxgo Monitor Se\u00f1alizacion Digital 43 Uhd 3,840 X 2,160 4k Qm43c, 500nits, 8ms, Bocinas, 3 Hdmi, 2 Usb, Rj45, Rs232c, Wifi, H\/v, 24\/7 + Env\u00edo a domicilio + Pago seguro + Garant\u00eda\",\"breadcrumb\":{\"@id\":\"https:\/\/compuviper.mx\/tienda\/producto\/samsung-lh43qmcebgcxgo-monitor-sealizacion-digital-43-uhd-3840-x-2160-4k-qm43c-500nits-8ms-bocinas-3-hdmi-2-usb-rj45-rs232c-wifi-h-v-24-7\/#breadcrumb\"},\"inLanguage\":\"es-MX\",\"potentialAction\":[{\"@type\":\"ReadAction\",\"target\":[\"https:\/\/compuviper.mx\/tienda\/producto\/samsung-lh43qmcebgcxgo-monitor-sealizacion-digital-43-uhd-3840-x-2160-4k-qm43c-500nits-8ms-bocinas-3-hdmi-2-usb-rj45-rs232c-wifi-h-v-24-7\/\"]}]},{\"@type\":\"BreadcrumbList\",\"@id\":\"https:\/\/compuviper.mx\/tienda\/producto\/samsung-lh43qmcebgcxgo-monitor-sealizacion-digital-43-uhd-3840-x-2160-4k-qm43c-500nits-8ms-bocinas-3-hdmi-2-usb-rj45-rs232c-wifi-h-v-24-7\/#breadcrumb\",\"itemListElement\":[{\"@type\":\"ListItem\",\"position\":1,\"name\":\"Inicio\",\"item\":\"https:\/\/compuviper.mx\/tienda\/\"},{\"@type\":\"ListItem\",\"position\":2,\"name\":\"Productos\",\"item\":\"https:\/\/compuviper.mx\/tienda\/productos\/\"},{\"@type\":\"ListItem\",\"position\":3,\"name\":\"Monitores\",\"item\":\"https:\/\/compuviper.mx\/tienda\/categoria-producto\/monitores\/\"},{\"@type\":\"ListItem\",\"position\":4,\"name\":\"Led\",\"item\":\"https:\/\/compuviper.mx\/tienda\/categoria-producto\/monitores\/led\/\"},{\"@type\":\"ListItem\",\"position\":5,\"name\":\"Samsung Lh43qmcebgcxgo Monitor Se?alizacion Digital 43 Uhd 3,840 X 2,160 4k Qm43c, 500nits, 8ms, Bocinas, 3 Hdmi, 2 Usb, Rj45, Rs232c, Wifi, H\/v, 24\/7\"}]},{\"@type\":\"WebSite\",\"@id\":\"https:\/\/compuviper.mx\/tienda\/#website\",\"url\":\"https:\/\/compuviper.mx\/tienda\/\",\"name\":\"Compuviper\",\"description\":\"Proveedor de Computadoras, Laptops, Servidores, Monitores, Puntos de Venta, Teclados,   Impresoras, T\u00f3ner, C\u00e1maras de Seguridad y m\u00e1s en tu tienda en l\u00ednea\",\"publisher\":{\"@id\":\"https:\/\/compuviper.mx\/tienda\/#organization\"},\"potentialAction\":[{\"@type\":\"SearchAction\",\"target\":{\"@type\":\"EntryPoint\",\"urlTemplate\":\"https:\/\/compuviper.mx\/tienda\/?s={search_term_string}\"},\"query-input\":\"required name=search_term_string\"}],\"inLanguage\":\"es-MX\"},{\"@type\":\"Organization\",\"@id\":\"https:\/\/compuviper.mx\/tienda\/#organization\",\"name\":\"Compuviper\",\"url\":\"https:\/\/compuviper.mx\/tienda\/\",\"logo\":{\"@type\":\"ImageObject\",\"inLanguage\":\"es-MX\",\"@id\":\"https:\/\/compuviper.mx\/tienda\/#\/schema\/logo\/image\/\",\"url\":\"https:\/\/compuviper.mx\/tienda\/wp-content\/uploads\/2021\/08\/Logo-Compuviper-10.png\",\"contentUrl\":\"https:\/\/compuviper.mx\/tienda\/wp-content\/uploads\/2021\/08\/Logo-Compuviper-10.png\",\"width\":1000,\"height\":500,\"caption\":\"Compuviper\"},\"image\":{\"@id\":\"https:\/\/compuviper.mx\/tienda\/#\/schema\/logo\/image\/\"},\"sameAs\":[\"https:\/\/www.facebook.com\/compuviper\",\"https:\/\/www.youtube.com\/channel\/UCf73dERp9Y3cfOq7q8BhLjA?view_as=subscriber\"]}]}<\/script>\n<meta property=\"product:brand\" content=\"SAMSUNG\" \/>\n<meta property=\"product:price:amount\" content=\"9903\" \/>\n<meta property=\"product:price:currency\" content=\"MXN\" \/>\n<meta property=\"og:availability\" content=\"instock\" \/>\n<meta property=\"product:availability\" content=\"instock\" \/>\n<meta property=\"product:retailer_item_id\" content=\"LH43QMCEBGCXGO\" \/>\n<meta property=\"product:condition\" content=\"new\" \/>\n<!-- \/ Yoast SEO plugin. -->","yoast_head_json":{"title":"[ Samsung ] &#129351; Lh43qmcebgcxgo Monitor Se\u00f1alizacion Digital 43 Uhd 3,840 X 2,160 4k Qm43c, 500nits, 8ms, Bocinas, 3 Hdmi, 2 Usb, Rj45, Rs232c, Wifi, H\/v, 24\/7","description":"Compra Lh43qmcebgcxgo Monitor Se\u00f1alizacion Digital 43 Uhd 3,840 X 2,160 4k Qm43c, 500nits, 8ms, Bocinas, 3 Hdmi, 2 Usb, Rj45, Rs232c, Wifi, H\/v, 24\/7 + Env\u00edo a domicilio + Pago seguro + Garant\u00eda","robots":{"index":"index","follow":"follow","max-snippet":"max-snippet:-1","max-image-preview":"max-image-preview:large","max-video-preview":"max-video-preview:-1"},"canonical":"https:\/\/compuviper.mx\/tienda\/producto\/samsung-lh43qmcebgcxgo-monitor-sealizacion-digital-43-uhd-3840-x-2160-4k-qm43c-500nits-8ms-bocinas-3-hdmi-2-usb-rj45-rs232c-wifi-h-v-24-7\/","og_locale":"es_MX","og_type":"article","og_title":"[ Samsung ] &#129351; Lh43qmcebgcxgo Monitor Se\u00f1alizacion Digital 43 Uhd 3,840 X 2,160 4k Qm43c, 500nits, 8ms, Bocinas, 3 Hdmi, 2 Usb, Rj45, Rs232c, Wifi, H\/v, 24\/7","og_description":"Compra Lh43qmcebgcxgo Monitor Se\u00f1alizacion Digital 43 Uhd 3,840 X 2,160 4k Qm43c, 500nits, 8ms, Bocinas, 3 Hdmi, 2 Usb, Rj45, Rs232c, Wifi, H\/v, 24\/7 + Env\u00edo a domicilio + Pago seguro + Garant\u00eda","og_url":"https:\/\/compuviper.mx\/tienda\/producto\/samsung-lh43qmcebgcxgo-monitor-sealizacion-digital-43-uhd-3840-x-2160-4k-qm43c-500nits-8ms-bocinas-3-hdmi-2-usb-rj45-rs232c-wifi-h-v-24-7\/","og_site_name":"Compuviper","article_publisher":"https:\/\/www.facebook.com\/compuviper","article_modified_time":"2026-04-09T06:55:52+00:00","og_image":[{"width":200,"height":200,"url":"https:\/\/compuviper.mx\/tienda\/wp-content\/uploads\/2024\/09\/Monitor-senalizacion-digital-samsung-43-qm43c-uhd-3840x2160-500nit-247.jpg","type":"image\/jpeg"}],"twitter_card":"summary_large_image","twitter_misc":{"Precio":"&#36;9,903 con IVA","Availability":"In stock"},"schema":{"@context":"https:\/\/schema.org","@graph":[{"@type":"WebPage","@id":"https:\/\/compuviper.mx\/tienda\/producto\/samsung-lh43qmcebgcxgo-monitor-sealizacion-digital-43-uhd-3840-x-2160-4k-qm43c-500nits-8ms-bocinas-3-hdmi-2-usb-rj45-rs232c-wifi-h-v-24-7\/","url":"https:\/\/compuviper.mx\/tienda\/producto\/samsung-lh43qmcebgcxgo-monitor-sealizacion-digital-43-uhd-3840-x-2160-4k-qm43c-500nits-8ms-bocinas-3-hdmi-2-usb-rj45-rs232c-wifi-h-v-24-7\/","name":"[ Samsung ] &#129351; Lh43qmcebgcxgo Monitor Se\u00f1alizacion Digital 43 Uhd 3,840 X 2,160 4k Qm43c, 500nits, 8ms, Bocinas, 3 Hdmi, 2 Usb, Rj45, Rs232c, Wifi, H\/v, 24\/7","isPartOf":{"@id":"https:\/\/compuviper.mx\/tienda\/#website"},"datePublished":"2026-04-09T06:55:51+00:00","dateModified":"2026-04-09T06:55:52+00:00","description":"Compra Lh43qmcebgcxgo Monitor Se\u00f1alizacion Digital 43 Uhd 3,840 X 2,160 4k Qm43c, 500nits, 8ms, Bocinas, 3 Hdmi, 2 Usb, Rj45, Rs232c, Wifi, H\/v, 24\/7 + Env\u00edo a domicilio + Pago seguro + Garant\u00eda","breadcrumb":{"@id":"https:\/\/compuviper.mx\/tienda\/producto\/samsung-lh43qmcebgcxgo-monitor-sealizacion-digital-43-uhd-3840-x-2160-4k-qm43c-500nits-8ms-bocinas-3-hdmi-2-usb-rj45-rs232c-wifi-h-v-24-7\/#breadcrumb"},"inLanguage":"es-MX","potentialAction":[{"@type":"ReadAction","target":["https:\/\/compuviper.mx\/tienda\/producto\/samsung-lh43qmcebgcxgo-monitor-sealizacion-digital-43-uhd-3840-x-2160-4k-qm43c-500nits-8ms-bocinas-3-hdmi-2-usb-rj45-rs232c-wifi-h-v-24-7\/"]}]},{"@type":"BreadcrumbList","@id":"https:\/\/compuviper.mx\/tienda\/producto\/samsung-lh43qmcebgcxgo-monitor-sealizacion-digital-43-uhd-3840-x-2160-4k-qm43c-500nits-8ms-bocinas-3-hdmi-2-usb-rj45-rs232c-wifi-h-v-24-7\/#breadcrumb","itemListElement":[{"@type":"ListItem","position":1,"name":"Inicio","item":"https:\/\/compuviper.mx\/tienda\/"},{"@type":"ListItem","position":2,"name":"Productos","item":"https:\/\/compuviper.mx\/tienda\/productos\/"},{"@type":"ListItem","position":3,"name":"Monitores","item":"https:\/\/compuviper.mx\/tienda\/categoria-producto\/monitores\/"},{"@type":"ListItem","position":4,"name":"Led","item":"https:\/\/compuviper.mx\/tienda\/categoria-producto\/monitores\/led\/"},{"@type":"ListItem","position":5,"name":"Samsung Lh43qmcebgcxgo Monitor Se?alizacion Digital 43 Uhd 3,840 X 2,160 4k Qm43c, 500nits, 8ms, Bocinas, 3 Hdmi, 2 Usb, Rj45, Rs232c, Wifi, H\/v, 24\/7"}]},{"@type":"WebSite","@id":"https:\/\/compuviper.mx\/tienda\/#website","url":"https:\/\/compuviper.mx\/tienda\/","name":"Compuviper","description":"Proveedor de Computadoras, Laptops, Servidores, Monitores, Puntos de Venta, Teclados,   Impresoras, T\u00f3ner, C\u00e1maras de Seguridad y m\u00e1s en tu tienda en l\u00ednea","publisher":{"@id":"https:\/\/compuviper.mx\/tienda\/#organization"},"potentialAction":[{"@type":"SearchAction","target":{"@type":"EntryPoint","urlTemplate":"https:\/\/compuviper.mx\/tienda\/?s={search_term_string}"},"query-input":"required name=search_term_string"}],"inLanguage":"es-MX"},{"@type":"Organization","@id":"https:\/\/compuviper.mx\/tienda\/#organization","name":"Compuviper","url":"https:\/\/compuviper.mx\/tienda\/","logo":{"@type":"ImageObject","inLanguage":"es-MX","@id":"https:\/\/compuviper.mx\/tienda\/#\/schema\/logo\/image\/","url":"https:\/\/compuviper.mx\/tienda\/wp-content\/uploads\/2021\/08\/Logo-Compuviper-10.png","contentUrl":"https:\/\/compuviper.mx\/tienda\/wp-content\/uploads\/2021\/08\/Logo-Compuviper-10.png","width":1000,"height":500,"caption":"Compuviper"},"image":{"@id":"https:\/\/compuviper.mx\/tienda\/#\/schema\/logo\/image\/"},"sameAs":["https:\/\/www.facebook.com\/compuviper","https:\/\/www.youtube.com\/channel\/UCf73dERp9Y3cfOq7q8BhLjA?view_as=subscriber"]}]},"product_brand":"SAMSUNG","product_price_amount":"9903","product_price_currency":"MXN","og_availability":"instock","product_availability":"instock","product_retailer_item_id":"LH43QMCEBGCXGO","product_condition":"new"},"_links":{"self":[{"href":"https:\/\/compuviper.mx\/tienda\/wp-json\/wp\/v2\/product\/220144"}],"collection":[{"href":"https:\/\/compuviper.mx\/tienda\/wp-json\/wp\/v2\/product"}],"about":[{"href":"https:\/\/compuviper.mx\/tienda\/wp-json\/wp\/v2\/types\/product"}],"replies":[{"embeddable":true,"href":"https:\/\/compuviper.mx\/tienda\/wp-json\/wp\/v2\/comments?post=220144"}],"wp:featuredmedia":[{"embeddable":true,"href":"https:\/\/compuviper.mx\/tienda\/wp-json\/wp\/v2\/media\/242731"}],"wp:attachment":[{"href":"https:\/\/compuviper.mx\/tienda\/wp-json\/wp\/v2\/media?parent=220144"}],"wp:term":[{"taxonomy":"product_cat","embeddable":true,"href":"https:\/\/compuviper.mx\/tienda\/wp-json\/wp\/v2\/product_cat?post=220144"},{"taxonomy":"product_tag","embeddable":true,"href":"https:\/\/compuviper.mx\/tienda\/wp-json\/wp\/v2\/product_tag?post=220144"}],"curies":[{"name":"wp","href":"https:\/\/api.w.org\/{rel}","templated":true}]}}