{"id":219876,"date":"2026-04-02T00:47:32","date_gmt":"2026-04-02T06:47:32","guid":{"rendered":"https:\/\/compuviper.mx\/tienda\/producto\/viewsonic-va1655-monitor-led-portatil-16-pulgadas-full-hd-1920-x-1080-usb-c-mini-hdmi-cable-usb-c-cable-mini-hdmi-3-aos-de-garantia\/"},"modified":"2026-04-02T00:47:32","modified_gmt":"2026-04-02T06:47:32","slug":"viewsonic-va1655-monitor-led-portatil-16-pulgadas-full-hd-1920-x-1080-usb-c-mini-hdmi-cable-usb-c-cable-mini-hdmi-3-aos-de-garantia","status":"publish","type":"product","link":"https:\/\/compuviper.mx\/tienda\/producto\/viewsonic-va1655-monitor-led-portatil-16-pulgadas-full-hd-1920-x-1080-usb-c-mini-hdmi-cable-usb-c-cable-mini-hdmi-3-aos-de-garantia\/","title":{"rendered":"Viewsonic Va1655 Monitor Led  Portatil \/ 16 Pulgadas\/ Full Hd \/ 1920 X 1080 \/ Usb-c \/ Mini Hdmi \/ Cable Usb-c \/ Cable Mini Hdmi \/ 3 A?os De Garantia"},"content":{"rendered":"<table class=\"descripcion\">\n<tr>\n<td>Tama\u00f1o de pantalla 16<\/td>\n<\/tr>\n<tr>\n<td>\u00e1rea visible (in) 15,6<\/td>\n<\/tr>\n<tr>\n<td>Tipo de panel ips<\/td>\n<\/tr>\n<tr>\n<td>Resoluci\u00f3n 1920 x 1080<\/td>\n<\/tr>\n<tr>\n<td>Display resolution full hd (1920&#215;1080)<\/td>\n<\/tr>\n<tr>\n<td>Relaci\u00f3n de contraste est\u00e1tico 800:1<\/td>\n<\/tr>\n<tr>\n<td>Relaci\u00f3n de contraste din\u00e1mico 50.000.000:1<\/td>\n<\/tr>\n<tr>\n<td>Fuente de luz led<\/td>\n<\/tr>\n<tr>\n<td>Brillantez 250 cd\/m2<\/td>\n<\/tr>\n<tr>\n<td>Colores 16, 2 m<\/td>\n<\/tr>\n<tr>\n<td>Soporte de espacio de color 8 bit (6 bit + frc)<\/td>\n<\/tr>\n<tr>\n<td>Proporci\u00f3n dimensional 16:9<\/td>\n<\/tr>\n<tr>\n<td>Tiempo de respuesta (gtg c\/od) 7 ms<\/td>\n<\/tr>\n<tr>\n<td>\u00e1ngulos de visi\u00f3n 170\u00ba horizontal, 170\u00ba vertical<\/td>\n<\/tr>\n<tr>\n<td>Vida \u00fatil de la retroiluminaci\u00f3n (horas) 15.000<\/td>\n<\/tr>\n<tr>\n<td>Superficie de panel antirreflejo, revestimiento duro (3h)<\/td>\n<\/tr>\n<tr>\n<td>Frecuencia de actualizaci\u00f3n (hz) 60<\/td>\n<\/tr>\n<tr>\n<td>Resoluci\u00f3n de pc (m\u00e1x.) 1920 x 1080<\/td>\n<\/tr>\n<tr>\n<td>Resoluci\u00f3n de mac (m\u00e1x.) 1920 x 1080<\/td>\n<\/tr>\n<tr>\n<td>Usb tipo c  x 2<\/td>\n<\/tr>\n<tr>\n<td>Salida de audio de 3,5 mm x 1<\/td>\n<\/tr>\n<tr>\n<td>Mini hdmi 1.4   x 1<\/td>\n<\/tr>\n<tr>\n<td>Altavoces internos 0.8w (x2)<\/td>\n<\/tr>\n<tr>\n<td>Eco mode (conservaci\u00f3n) 5,1 w<\/td>\n<\/tr>\n<tr>\n<td>Eco mode (optimizada) 6,0 w<\/td>\n<\/tr>\n<tr>\n<td>Consumo (t\u00edpico) 7,0 w<\/td>\n<\/tr>\n<tr>\n<td>Consumo (m\u00e1x.) 7,3 w<\/td>\n<\/tr>\n<tr>\n<td>En espera 0,3 w<\/td>\n<\/tr>\n<tr>\n<td>Fuente de alimentaci\u00f3n altavoces<\/td>\n<\/tr>\n<tr>\n<td>Organizaci\u00f3n de cables no<\/td>\n<\/tr>\n<tr>\n<td>Ranura de bloqueo kensington 1<\/td>\n<\/tr>\n<tr>\n<td>Controles f\u00edsicos arriba, derecha, abajo, izquierda, encendido<\/td>\n<\/tr>\n<tr>\n<td>Visualizaci\u00f3n en pantalla selecci\u00f3n de entrada, ajuste de audio, viewmode, ajuste de color, ajuste manual de imagen, men\u00fa de configuraci\u00f3n<\/td>\n<\/tr>\n<tr>\n<td>Temperatura 32-104 \u00baf (0-40 \u00bac)<\/td>\n<\/tr>\n<tr>\n<td>Humedad (sin condensaci\u00f3n) 20-90%<\/td>\n<\/tr>\n<tr>\n<td>Frecuencia horizontal mini hdmi (v1.4): 15 ~ 82khz, type c: 24 ~ 82khz<\/td>\n<\/tr>\n<tr>\n<td>Frecuencia vertical mini hdmi (v1.4): 50 ~ 75hz, tipo c: 50 ~ 75hz<\/td>\n<\/tr>\n<tr>\n<td>Inclinaci\u00f3n (hacia adelante\/hacia atr\u00e1s) 30\u00ba \/ 53\u00ba<\/td>\n<\/tr>\n<tr>\n<td>Neto (lb) 1,5<\/td>\n<\/tr>\n<tr>\n<td>Bruto (lb) 3,7<\/td>\n<\/tr>\n<tr>\n<td>Neto (kg) 0,7<\/td>\n<\/tr>\n<tr>\n<td>Bruto (kg) 1,7<\/td>\n<\/tr>\n<tr>\n<td>Empaque (in) 17,1&#215;15,4&#215;3,5<\/td>\n<\/tr>\n<tr>\n<td>F\u00edsicas (in) 14,1&#215;8,9&#215;0,7<\/td>\n<\/tr>\n<tr>\n<td>Empaque (mm) 434,0&#215;391,0x88,0<\/td>\n<\/tr>\n<tr>\n<td>F\u00edsicas (mm) 359,0&#215;227,0x17,0<\/td>\n<\/tr>\n<\/table>\n","protected":false},"excerpt":{"rendered":"<p>El viewsonic  va1655 es un monitor port\u00e1til de 15.6 dise\u00f1ado para lograr la productividad m\u00f3vil. Creado para los que viajan por negocios, los empleados remotos y los n\u00f3madas digitales, el va1655 puede funcionar como pantalla complementaria de una computadora port\u00e1til o tableta para mejorar la productividad. Con una pantalla antirreflectante y una resoluci\u00f3n full hd de 1080p, este monitor ofrece una experiencia de visualizaci\u00f3n n\u00edtida para que los usuarios vean m\u00e1s y sean m\u00e1s productivos a fin de lograr un flujo de trabajo m\u00e1s eficiente. Un puerto usb tipo c permite una transmisi\u00f3n r\u00e1pida y sencilla de video y audio. Un segundo puerto usb tipo c tambi\u00e9n ofrece alimentaci\u00f3n de dos v\u00edas: una computadora port\u00e1til conectada puede alimentar al va1655 o el va1655 puede alimentar a una computadora port\u00e1til conectada a trav\u00e9s de un cargador port\u00e1til usb-c o de un adaptador de ca y un tomacorriente. Con un grosor de menos de una pulgada de espesor y con un peso menor a dos libras, el va1655 ultradelgado cabe en un bolso, un malet\u00edn o una mochila para que usted pueda trabajar donde la vida lo lleve.<\/p>\n","protected":false},"featured_media":219877,"comment_status":"open","ping_status":"open","template":"","meta":[],"product_cat":[1740,1741],"product_tag":[1862],"acf":[],"yoast_head":"<!-- This site is optimized with the Yoast SEO plugin v21.7 - https:\/\/yoast.com\/wordpress\/plugins\/seo\/ -->\n<title>[ Viewsonic ] &#129351; Va1655 Monitor Led Portatil \/ 16 Pulgadas\/ Full Hd \/ 1920 X 1080 \/ Usb-c \/ Mini Hdmi \/ Cable Usb-c \/ Cable Mini Hdmi \/ 3 A\u00f1os De Garantia<\/title>\n<meta name=\"description\" content=\"Compra Va1655 Monitor Led Portatil \/ 16 Pulgadas\/ Full Hd \/ 1920 X 1080 \/ Usb-c \/ Mini Hdmi \/ Cable Usb-c \/ Cable Mini Hdmi \/ 3 A\u00f1os De Garantia + Env\u00edo a domicilio + Pago seguro + Garant\u00eda\" \/>\n<meta name=\"robots\" content=\"index, follow, max-snippet:-1, max-image-preview:large, max-video-preview:-1\" \/>\n<link rel=\"canonical\" href=\"https:\/\/compuviper.mx\/tienda\/producto\/viewsonic-va1655-monitor-led-portatil-16-pulgadas-full-hd-1920-x-1080-usb-c-mini-hdmi-cable-usb-c-cable-mini-hdmi-3-aos-de-garantia\/\" \/>\n<meta property=\"og:locale\" content=\"es_MX\" \/>\n<meta property=\"og:type\" content=\"article\" \/>\n<meta property=\"og:title\" content=\"[ Viewsonic ] &#129351; Va1655 Monitor Led Portatil \/ 16 Pulgadas\/ Full Hd \/ 1920 X 1080 \/ Usb-c \/ Mini Hdmi \/ Cable Usb-c \/ Cable Mini Hdmi \/ 3 A\u00f1os De Garantia\" \/>\n<meta property=\"og:description\" content=\"Compra Va1655 Monitor Led Portatil \/ 16 Pulgadas\/ Full Hd \/ 1920 X 1080 \/ Usb-c \/ Mini Hdmi \/ Cable Usb-c \/ Cable Mini Hdmi \/ 3 A\u00f1os De Garantia + Env\u00edo a domicilio + Pago seguro + Garant\u00eda\" \/>\n<meta property=\"og:url\" content=\"https:\/\/compuviper.mx\/tienda\/producto\/viewsonic-va1655-monitor-led-portatil-16-pulgadas-full-hd-1920-x-1080-usb-c-mini-hdmi-cable-usb-c-cable-mini-hdmi-3-aos-de-garantia\/\" \/>\n<meta property=\"og:site_name\" content=\"Compuviper\" \/>\n<meta property=\"article:publisher\" content=\"https:\/\/www.facebook.com\/compuviper\" \/>\n<meta property=\"og:image\" content=\"https:\/\/compuviper.mx\/tienda\/wp-content\/uploads\/2023\/12\/Monitor-led-viewsonic-portatil-va1655-16-pulgadas-full-hd-1920-x-1080-usb-c-mini-hdmi-cable-usb-c-cable-mini-hdmi-3-anos-de-garantia.jpg\" \/>\n\t<meta property=\"og:image:width\" content=\"200\" \/>\n\t<meta property=\"og:image:height\" content=\"200\" \/>\n\t<meta property=\"og:image:type\" content=\"image\/jpeg\" \/>\n<meta name=\"twitter:card\" content=\"summary_large_image\" \/>\n<meta name=\"twitter:label1\" content=\"Precio\" \/>\n\t<meta name=\"twitter:data1\" content=\"&#36;2,210 &#36;1,802 con IVA\" \/>\n\t<meta name=\"twitter:label2\" content=\"Availability\" \/>\n\t<meta name=\"twitter:data2\" content=\"Out of stock\" \/>\n<script type=\"application\/ld+json\" class=\"yoast-schema-graph\">{\"@context\":\"https:\/\/schema.org\",\"@graph\":[{\"@type\":\"WebPage\",\"@id\":\"https:\/\/compuviper.mx\/tienda\/producto\/viewsonic-va1655-monitor-led-portatil-16-pulgadas-full-hd-1920-x-1080-usb-c-mini-hdmi-cable-usb-c-cable-mini-hdmi-3-aos-de-garantia\/\",\"url\":\"https:\/\/compuviper.mx\/tienda\/producto\/viewsonic-va1655-monitor-led-portatil-16-pulgadas-full-hd-1920-x-1080-usb-c-mini-hdmi-cable-usb-c-cable-mini-hdmi-3-aos-de-garantia\/\",\"name\":\"[ Viewsonic ] &#129351; Va1655 Monitor Led Portatil \/ 16 Pulgadas\/ Full Hd \/ 1920 X 1080 \/ Usb-c \/ Mini Hdmi \/ Cable Usb-c \/ Cable Mini Hdmi \/ 3 A\u00f1os De Garantia\",\"isPartOf\":{\"@id\":\"https:\/\/compuviper.mx\/tienda\/#website\"},\"datePublished\":\"2026-04-02T06:47:32+00:00\",\"dateModified\":\"2026-04-02T06:47:32+00:00\",\"description\":\"Compra Va1655 Monitor Led Portatil \/ 16 Pulgadas\/ Full Hd \/ 1920 X 1080 \/ Usb-c \/ Mini Hdmi \/ Cable Usb-c \/ Cable Mini Hdmi \/ 3 A\u00f1os De Garantia + Env\u00edo a domicilio + Pago seguro + Garant\u00eda\",\"breadcrumb\":{\"@id\":\"https:\/\/compuviper.mx\/tienda\/producto\/viewsonic-va1655-monitor-led-portatil-16-pulgadas-full-hd-1920-x-1080-usb-c-mini-hdmi-cable-usb-c-cable-mini-hdmi-3-aos-de-garantia\/#breadcrumb\"},\"inLanguage\":\"es-MX\",\"potentialAction\":[{\"@type\":\"ReadAction\",\"target\":[\"https:\/\/compuviper.mx\/tienda\/producto\/viewsonic-va1655-monitor-led-portatil-16-pulgadas-full-hd-1920-x-1080-usb-c-mini-hdmi-cable-usb-c-cable-mini-hdmi-3-aos-de-garantia\/\"]}]},{\"@type\":\"BreadcrumbList\",\"@id\":\"https:\/\/compuviper.mx\/tienda\/producto\/viewsonic-va1655-monitor-led-portatil-16-pulgadas-full-hd-1920-x-1080-usb-c-mini-hdmi-cable-usb-c-cable-mini-hdmi-3-aos-de-garantia\/#breadcrumb\",\"itemListElement\":[{\"@type\":\"ListItem\",\"position\":1,\"name\":\"Inicio\",\"item\":\"https:\/\/compuviper.mx\/tienda\/\"},{\"@type\":\"ListItem\",\"position\":2,\"name\":\"Productos\",\"item\":\"https:\/\/compuviper.mx\/tienda\/productos\/\"},{\"@type\":\"ListItem\",\"position\":3,\"name\":\"Monitores\",\"item\":\"https:\/\/compuviper.mx\/tienda\/categoria-producto\/monitores\/\"},{\"@type\":\"ListItem\",\"position\":4,\"name\":\"Led\",\"item\":\"https:\/\/compuviper.mx\/tienda\/categoria-producto\/monitores\/led\/\"},{\"@type\":\"ListItem\",\"position\":5,\"name\":\"Viewsonic Va1655 Monitor Led Portatil \/ 16 Pulgadas\/ Full Hd \/ 1920 X 1080 \/ Usb-c \/ Mini Hdmi \/ Cable Usb-c \/ Cable Mini Hdmi \/ 3 A?os De Garantia\"}]},{\"@type\":\"WebSite\",\"@id\":\"https:\/\/compuviper.mx\/tienda\/#website\",\"url\":\"https:\/\/compuviper.mx\/tienda\/\",\"name\":\"Compuviper\",\"description\":\"Proveedor de Computadoras, Laptops, Servidores, Monitores, Puntos de Venta, Teclados,   Impresoras, T\u00f3ner, C\u00e1maras de Seguridad y m\u00e1s en tu tienda en l\u00ednea\",\"publisher\":{\"@id\":\"https:\/\/compuviper.mx\/tienda\/#organization\"},\"potentialAction\":[{\"@type\":\"SearchAction\",\"target\":{\"@type\":\"EntryPoint\",\"urlTemplate\":\"https:\/\/compuviper.mx\/tienda\/?s={search_term_string}\"},\"query-input\":\"required name=search_term_string\"}],\"inLanguage\":\"es-MX\"},{\"@type\":\"Organization\",\"@id\":\"https:\/\/compuviper.mx\/tienda\/#organization\",\"name\":\"Compuviper\",\"url\":\"https:\/\/compuviper.mx\/tienda\/\",\"logo\":{\"@type\":\"ImageObject\",\"inLanguage\":\"es-MX\",\"@id\":\"https:\/\/compuviper.mx\/tienda\/#\/schema\/logo\/image\/\",\"url\":\"https:\/\/compuviper.mx\/tienda\/wp-content\/uploads\/2021\/08\/Logo-Compuviper-10.png\",\"contentUrl\":\"https:\/\/compuviper.mx\/tienda\/wp-content\/uploads\/2021\/08\/Logo-Compuviper-10.png\",\"width\":1000,\"height\":500,\"caption\":\"Compuviper\"},\"image\":{\"@id\":\"https:\/\/compuviper.mx\/tienda\/#\/schema\/logo\/image\/\"},\"sameAs\":[\"https:\/\/www.facebook.com\/compuviper\",\"https:\/\/www.youtube.com\/channel\/UCf73dERp9Y3cfOq7q8BhLjA?view_as=subscriber\"]}]}<\/script>\n<meta property=\"product:brand\" content=\"VIEWSONIC\" \/>\n<meta property=\"product:price:amount\" content=\"1802\" \/>\n<meta property=\"product:price:currency\" content=\"MXN\" \/>\n<meta property=\"og:availability\" content=\"out of stock\" \/>\n<meta property=\"product:availability\" content=\"out of stock\" \/>\n<meta property=\"product:retailer_item_id\" content=\"VA1655\" \/>\n<meta property=\"product:condition\" content=\"new\" \/>\n<!-- \/ Yoast SEO plugin. -->","yoast_head_json":{"title":"[ Viewsonic ] &#129351; Va1655 Monitor Led Portatil \/ 16 Pulgadas\/ Full Hd \/ 1920 X 1080 \/ Usb-c \/ Mini Hdmi \/ Cable Usb-c \/ Cable Mini Hdmi \/ 3 A\u00f1os De Garantia","description":"Compra Va1655 Monitor Led Portatil \/ 16 Pulgadas\/ Full Hd \/ 1920 X 1080 \/ Usb-c \/ Mini Hdmi \/ Cable Usb-c \/ Cable Mini Hdmi \/ 3 A\u00f1os De Garantia + Env\u00edo a domicilio + Pago seguro + Garant\u00eda","robots":{"index":"index","follow":"follow","max-snippet":"max-snippet:-1","max-image-preview":"max-image-preview:large","max-video-preview":"max-video-preview:-1"},"canonical":"https:\/\/compuviper.mx\/tienda\/producto\/viewsonic-va1655-monitor-led-portatil-16-pulgadas-full-hd-1920-x-1080-usb-c-mini-hdmi-cable-usb-c-cable-mini-hdmi-3-aos-de-garantia\/","og_locale":"es_MX","og_type":"article","og_title":"[ Viewsonic ] &#129351; Va1655 Monitor Led Portatil \/ 16 Pulgadas\/ Full Hd \/ 1920 X 1080 \/ Usb-c \/ Mini Hdmi \/ Cable Usb-c \/ Cable Mini Hdmi \/ 3 A\u00f1os De Garantia","og_description":"Compra Va1655 Monitor Led Portatil \/ 16 Pulgadas\/ Full Hd \/ 1920 X 1080 \/ Usb-c \/ Mini Hdmi \/ Cable Usb-c \/ Cable Mini Hdmi \/ 3 A\u00f1os De Garantia + Env\u00edo a domicilio + Pago seguro + Garant\u00eda","og_url":"https:\/\/compuviper.mx\/tienda\/producto\/viewsonic-va1655-monitor-led-portatil-16-pulgadas-full-hd-1920-x-1080-usb-c-mini-hdmi-cable-usb-c-cable-mini-hdmi-3-aos-de-garantia\/","og_site_name":"Compuviper","article_publisher":"https:\/\/www.facebook.com\/compuviper","og_image":[{"width":200,"height":200,"url":"https:\/\/compuviper.mx\/tienda\/wp-content\/uploads\/2023\/12\/Monitor-led-viewsonic-portatil-va1655-16-pulgadas-full-hd-1920-x-1080-usb-c-mini-hdmi-cable-usb-c-cable-mini-hdmi-3-anos-de-garantia.jpg","type":"image\/jpeg"}],"twitter_card":"summary_large_image","twitter_misc":{"Precio":"&#36;2,210 &#36;1,802 con IVA","Availability":"Out of stock"},"schema":{"@context":"https:\/\/schema.org","@graph":[{"@type":"WebPage","@id":"https:\/\/compuviper.mx\/tienda\/producto\/viewsonic-va1655-monitor-led-portatil-16-pulgadas-full-hd-1920-x-1080-usb-c-mini-hdmi-cable-usb-c-cable-mini-hdmi-3-aos-de-garantia\/","url":"https:\/\/compuviper.mx\/tienda\/producto\/viewsonic-va1655-monitor-led-portatil-16-pulgadas-full-hd-1920-x-1080-usb-c-mini-hdmi-cable-usb-c-cable-mini-hdmi-3-aos-de-garantia\/","name":"[ Viewsonic ] &#129351; Va1655 Monitor Led Portatil \/ 16 Pulgadas\/ Full Hd \/ 1920 X 1080 \/ Usb-c \/ Mini Hdmi \/ Cable Usb-c \/ Cable Mini Hdmi \/ 3 A\u00f1os De Garantia","isPartOf":{"@id":"https:\/\/compuviper.mx\/tienda\/#website"},"datePublished":"2026-04-02T06:47:32+00:00","dateModified":"2026-04-02T06:47:32+00:00","description":"Compra Va1655 Monitor Led Portatil \/ 16 Pulgadas\/ Full Hd \/ 1920 X 1080 \/ Usb-c \/ Mini Hdmi \/ Cable Usb-c \/ Cable Mini Hdmi \/ 3 A\u00f1os De Garantia + Env\u00edo a domicilio + Pago seguro + Garant\u00eda","breadcrumb":{"@id":"https:\/\/compuviper.mx\/tienda\/producto\/viewsonic-va1655-monitor-led-portatil-16-pulgadas-full-hd-1920-x-1080-usb-c-mini-hdmi-cable-usb-c-cable-mini-hdmi-3-aos-de-garantia\/#breadcrumb"},"inLanguage":"es-MX","potentialAction":[{"@type":"ReadAction","target":["https:\/\/compuviper.mx\/tienda\/producto\/viewsonic-va1655-monitor-led-portatil-16-pulgadas-full-hd-1920-x-1080-usb-c-mini-hdmi-cable-usb-c-cable-mini-hdmi-3-aos-de-garantia\/"]}]},{"@type":"BreadcrumbList","@id":"https:\/\/compuviper.mx\/tienda\/producto\/viewsonic-va1655-monitor-led-portatil-16-pulgadas-full-hd-1920-x-1080-usb-c-mini-hdmi-cable-usb-c-cable-mini-hdmi-3-aos-de-garantia\/#breadcrumb","itemListElement":[{"@type":"ListItem","position":1,"name":"Inicio","item":"https:\/\/compuviper.mx\/tienda\/"},{"@type":"ListItem","position":2,"name":"Productos","item":"https:\/\/compuviper.mx\/tienda\/productos\/"},{"@type":"ListItem","position":3,"name":"Monitores","item":"https:\/\/compuviper.mx\/tienda\/categoria-producto\/monitores\/"},{"@type":"ListItem","position":4,"name":"Led","item":"https:\/\/compuviper.mx\/tienda\/categoria-producto\/monitores\/led\/"},{"@type":"ListItem","position":5,"name":"Viewsonic Va1655 Monitor Led Portatil \/ 16 Pulgadas\/ Full Hd \/ 1920 X 1080 \/ Usb-c \/ Mini Hdmi \/ Cable Usb-c \/ Cable Mini Hdmi \/ 3 A?os De Garantia"}]},{"@type":"WebSite","@id":"https:\/\/compuviper.mx\/tienda\/#website","url":"https:\/\/compuviper.mx\/tienda\/","name":"Compuviper","description":"Proveedor de Computadoras, Laptops, Servidores, Monitores, Puntos de Venta, Teclados,   Impresoras, T\u00f3ner, C\u00e1maras de Seguridad y m\u00e1s en tu tienda en l\u00ednea","publisher":{"@id":"https:\/\/compuviper.mx\/tienda\/#organization"},"potentialAction":[{"@type":"SearchAction","target":{"@type":"EntryPoint","urlTemplate":"https:\/\/compuviper.mx\/tienda\/?s={search_term_string}"},"query-input":"required name=search_term_string"}],"inLanguage":"es-MX"},{"@type":"Organization","@id":"https:\/\/compuviper.mx\/tienda\/#organization","name":"Compuviper","url":"https:\/\/compuviper.mx\/tienda\/","logo":{"@type":"ImageObject","inLanguage":"es-MX","@id":"https:\/\/compuviper.mx\/tienda\/#\/schema\/logo\/image\/","url":"https:\/\/compuviper.mx\/tienda\/wp-content\/uploads\/2021\/08\/Logo-Compuviper-10.png","contentUrl":"https:\/\/compuviper.mx\/tienda\/wp-content\/uploads\/2021\/08\/Logo-Compuviper-10.png","width":1000,"height":500,"caption":"Compuviper"},"image":{"@id":"https:\/\/compuviper.mx\/tienda\/#\/schema\/logo\/image\/"},"sameAs":["https:\/\/www.facebook.com\/compuviper","https:\/\/www.youtube.com\/channel\/UCf73dERp9Y3cfOq7q8BhLjA?view_as=subscriber"]}]},"product_brand":"VIEWSONIC","product_price_amount":"1802","product_price_currency":"MXN","og_availability":"out of stock","product_availability":"out of stock","product_retailer_item_id":"VA1655","product_condition":"new"},"_links":{"self":[{"href":"https:\/\/compuviper.mx\/tienda\/wp-json\/wp\/v2\/product\/219876"}],"collection":[{"href":"https:\/\/compuviper.mx\/tienda\/wp-json\/wp\/v2\/product"}],"about":[{"href":"https:\/\/compuviper.mx\/tienda\/wp-json\/wp\/v2\/types\/product"}],"replies":[{"embeddable":true,"href":"https:\/\/compuviper.mx\/tienda\/wp-json\/wp\/v2\/comments?post=219876"}],"wp:featuredmedia":[{"embeddable":true,"href":"https:\/\/compuviper.mx\/tienda\/wp-json\/wp\/v2\/media\/219877"}],"wp:attachment":[{"href":"https:\/\/compuviper.mx\/tienda\/wp-json\/wp\/v2\/media?parent=219876"}],"wp:term":[{"taxonomy":"product_cat","embeddable":true,"href":"https:\/\/compuviper.mx\/tienda\/wp-json\/wp\/v2\/product_cat?post=219876"},{"taxonomy":"product_tag","embeddable":true,"href":"https:\/\/compuviper.mx\/tienda\/wp-json\/wp\/v2\/product_tag?post=219876"}],"curies":[{"name":"wp","href":"https:\/\/api.w.org\/{rel}","templated":true}]}}