{"id":219426,"date":"2026-04-18T00:50:12","date_gmt":"2026-04-18T06:50:12","guid":{"rendered":"https:\/\/compuviper.mx\/tienda\/producto\/3nstar-sc100-lector-de-codigo-de-barras-negro-laser-usb-1d-100-escaneos-por-segundo\/"},"modified":"2026-04-18T00:50:13","modified_gmt":"2026-04-18T06:50:13","slug":"3nstar-sc100-lector-de-codigo-de-barras-negro-laser-usb-1d-100-escaneos-por-segundo","status":"publish","type":"product","link":"https:\/\/compuviper.mx\/tienda\/producto\/3nstar-sc100-lector-de-codigo-de-barras-negro-laser-usb-1d-100-escaneos-por-segundo\/","title":{"rendered":"3nstar Sc100 Lector De Codigo De Barras  , Negro, Laser, Usb, 1d, 100 Escaneos Por Segundo"},"content":{"rendered":"<table class=\"descripcion\">\n<tr>\n<td>2 a\u00f1os de garantia<\/td>\n<\/tr>\n<tr>\n<td>Fisicas:<\/td>\n<\/tr>\n<tr>\n<td>Dimensiones: 98mmx 68mmx 170mm<\/td>\n<\/tr>\n<tr>\n<td>Peso: 128g<\/td>\n<\/tr>\n<tr>\n<td>Cable: estandar 2 m lineal<\/td>\n<\/tr>\n<tr>\n<td>Color: negro.<\/td>\n<\/tr>\n<tr>\n<td>Operacionales:<\/td>\n<\/tr>\n<tr>\n<td>Ruta de escaneo: 100 escaneos por segundo<\/td>\n<\/tr>\n<tr>\n<td>Profundidad del campo: hasta 28 cm<\/td>\n<\/tr>\n<tr>\n<td>Dise\u00f1o anti-impacto soporta 1.5 m (5ft.) de ca\u00edda.<\/td>\n<\/tr>\n<tr>\n<td>Durabilidad del bot\u00f3n: hasta 50 millones de veces<\/td>\n<\/tr>\n<tr>\n<td>Interface: usb<\/td>\n<\/tr>\n<tr>\n<td>Desempe\u00f1o:<\/td>\n<\/tr>\n<tr>\n<td>Fuente de luz: laser diodo visible 650nm<\/td>\n<\/tr>\n<tr>\n<td>Precisi\u00f3n de escaneo: 4 mil.<\/td>\n<\/tr>\n<tr>\n<td>Indicador visual: led.<\/td>\n<\/tr>\n<tr>\n<td>Capacidad de lectura: ean-8, ean-13,  upc-a,upc-e,code  39, code  128, ean128, codabar, industrial 2 of 5, interleave 2 of 5, matriz  2 of  5, msi.<\/td>\n<\/tr>\n<tr>\n<td>Modo de escaneo: manual  and  automatico.<\/td>\n<\/tr>\n<tr>\n<td>\u00e9lectricas:<\/td>\n<\/tr>\n<tr>\n<td>Consumo operativo: 85ma<\/td>\n<\/tr>\n<tr>\n<td>Corriente est\u00e1tica 53ma<\/td>\n<\/tr>\n<tr>\n<td>Tipo de laser: cumple con el grado 1 de criterio nacional de seguridad para laser.<\/td>\n<\/tr>\n<tr>\n<td>Condiciones ambientales:<\/td>\n<\/tr>\n<tr>\n<td>Temperatura de operaci\u00f3n: 0\u00b0c to 45\u00b0c<\/td>\n<\/tr>\n<tr>\n<td>Temperatura de almacenamiento -20\u00b0c to 60\u00b0c (-4\u00b0f to 140\u00b0f)<\/td>\n<\/tr>\n<tr>\n<td>Humedad 5% a  85% humedad relativa, sin condensaci\u00f3n<\/td>\n<\/tr>\n<tr>\n<td>Otras caracter\u00edsticas t\u00e9cnicas<\/td>\n<\/tr>\n<tr>\n<td>Ancho de campo: 30mm@scan window, 220mm@200mm<\/td>\n<\/tr>\n<tr>\n<td>M\u00e1xima lectura de caracteres de datos: hasta 100 caracteres c\u00f3digo 128<\/td>\n<\/tr>\n<tr>\n<td>Compatibilidad: compatible para su operaci\u00f3n con equipos con sistema operativo windows 7, o superior tanto en (32 bits y 64 bits)<\/td>\n<\/tr>\n<\/table>\n","protected":false},"excerpt":{"rendered":"<p>El sc100 ofrece un excelente desempe\u00f1o de lectura y un dise\u00f1o confiable que se combinan para ofrecer una soluci\u00f3n vers\u00e1til, que se adapta a una amplia variedad de aplicaciones. El sc100 posee una velocidad de lectura r\u00e1pida y confiable a toda la variedad de c\u00f3digos de barra lineales, minimizando el tiempo de entrenamiento al usuario. Est\u00e1 dise\u00f1ado para minimizar el tiempo de mantenimiento y los costos por servicio t\u00e9cnico. Adicionalmente est\u00e1 protegido por una banda de goma moldeada e integrada al equipo, la cual minimiza el impacto ante ca\u00eddas accidentales.<\/p>\n","protected":false},"featured_media":219427,"comment_status":"open","ping_status":"open","template":"","meta":[],"product_cat":[1721,1724],"product_tag":[1570],"acf":[],"yoast_head":"<!-- This site is optimized with the Yoast SEO plugin v21.7 - https:\/\/yoast.com\/wordpress\/plugins\/seo\/ -->\n<title>[ 3nstar ] &#129351; Sc100 Lector De Codigo De Barras , Negro, Laser, Usb, 1d, 100 Escaneos Por Segundo<\/title>\n<meta name=\"description\" content=\"Compra Sc100 Lector De Codigo De Barras , Negro, Laser, Usb, 1d, 100 Escaneos Por Segundo + Env\u00edo a domicilio + Pago seguro + Garant\u00eda\" \/>\n<meta name=\"robots\" content=\"index, follow, max-snippet:-1, max-image-preview:large, max-video-preview:-1\" \/>\n<link rel=\"canonical\" href=\"https:\/\/compuviper.mx\/tienda\/producto\/3nstar-sc100-lector-de-codigo-de-barras-negro-laser-usb-1d-100-escaneos-por-segundo\/\" \/>\n<meta property=\"og:locale\" content=\"es_MX\" \/>\n<meta property=\"og:type\" content=\"article\" \/>\n<meta property=\"og:title\" content=\"[ 3nstar ] &#129351; Sc100 Lector De Codigo De Barras , Negro, Laser, Usb, 1d, 100 Escaneos Por Segundo\" \/>\n<meta property=\"og:description\" content=\"Compra Sc100 Lector De Codigo De Barras , Negro, Laser, Usb, 1d, 100 Escaneos Por Segundo + Env\u00edo a domicilio + Pago seguro + Garant\u00eda\" \/>\n<meta property=\"og:url\" content=\"https:\/\/compuviper.mx\/tienda\/producto\/3nstar-sc100-lector-de-codigo-de-barras-negro-laser-usb-1d-100-escaneos-por-segundo\/\" \/>\n<meta property=\"og:site_name\" content=\"Compuviper\" \/>\n<meta property=\"article:publisher\" content=\"https:\/\/www.facebook.com\/compuviper\" \/>\n<meta property=\"article:modified_time\" content=\"2026-04-18T06:50:13+00:00\" \/>\n<meta property=\"og:image\" content=\"https:\/\/compuviper.mx\/tienda\/wp-content\/uploads\/2023\/12\/Lector-de-codigo-de-barras-3nstar-sc100-negro-laser-usb-1d-100-escaneos-por-segundo.jpg\" \/>\n\t<meta property=\"og:image:width\" content=\"200\" \/>\n\t<meta property=\"og:image:height\" content=\"200\" \/>\n\t<meta property=\"og:image:type\" content=\"image\/jpeg\" \/>\n<meta name=\"twitter:card\" content=\"summary_large_image\" \/>\n<meta name=\"twitter:label1\" content=\"Precio\" \/>\n\t<meta name=\"twitter:data1\" content=\"&#36;597 con IVA\" \/>\n\t<meta name=\"twitter:label2\" content=\"Availability\" \/>\n\t<meta name=\"twitter:data2\" content=\"In stock\" \/>\n<script type=\"application\/ld+json\" class=\"yoast-schema-graph\">{\"@context\":\"https:\/\/schema.org\",\"@graph\":[{\"@type\":\"WebPage\",\"@id\":\"https:\/\/compuviper.mx\/tienda\/producto\/3nstar-sc100-lector-de-codigo-de-barras-negro-laser-usb-1d-100-escaneos-por-segundo\/\",\"url\":\"https:\/\/compuviper.mx\/tienda\/producto\/3nstar-sc100-lector-de-codigo-de-barras-negro-laser-usb-1d-100-escaneos-por-segundo\/\",\"name\":\"[ 3nstar ] &#129351; Sc100 Lector De Codigo De Barras , Negro, Laser, Usb, 1d, 100 Escaneos Por Segundo\",\"isPartOf\":{\"@id\":\"https:\/\/compuviper.mx\/tienda\/#website\"},\"datePublished\":\"2026-04-18T06:50:12+00:00\",\"dateModified\":\"2026-04-18T06:50:13+00:00\",\"description\":\"Compra Sc100 Lector De Codigo De Barras , Negro, Laser, Usb, 1d, 100 Escaneos Por Segundo + Env\u00edo a domicilio + Pago seguro + Garant\u00eda\",\"breadcrumb\":{\"@id\":\"https:\/\/compuviper.mx\/tienda\/producto\/3nstar-sc100-lector-de-codigo-de-barras-negro-laser-usb-1d-100-escaneos-por-segundo\/#breadcrumb\"},\"inLanguage\":\"es-MX\",\"potentialAction\":[{\"@type\":\"ReadAction\",\"target\":[\"https:\/\/compuviper.mx\/tienda\/producto\/3nstar-sc100-lector-de-codigo-de-barras-negro-laser-usb-1d-100-escaneos-por-segundo\/\"]}]},{\"@type\":\"BreadcrumbList\",\"@id\":\"https:\/\/compuviper.mx\/tienda\/producto\/3nstar-sc100-lector-de-codigo-de-barras-negro-laser-usb-1d-100-escaneos-por-segundo\/#breadcrumb\",\"itemListElement\":[{\"@type\":\"ListItem\",\"position\":1,\"name\":\"Inicio\",\"item\":\"https:\/\/compuviper.mx\/tienda\/\"},{\"@type\":\"ListItem\",\"position\":2,\"name\":\"Productos\",\"item\":\"https:\/\/compuviper.mx\/tienda\/productos\/\"},{\"@type\":\"ListItem\",\"position\":3,\"name\":\"Lector De Codigos\",\"item\":\"https:\/\/compuviper.mx\/tienda\/categoria-producto\/lector-de-codigos\/\"},{\"@type\":\"ListItem\",\"position\":4,\"name\":\"Sin Categor\u00eda\",\"item\":\"https:\/\/compuviper.mx\/tienda\/categoria-producto\/lector-de-codigos\/sin-categoria-lector-de-codigos\/\"},{\"@type\":\"ListItem\",\"position\":5,\"name\":\"3nstar Sc100 Lector De Codigo De Barras , Negro, Laser, Usb, 1d, 100 Escaneos Por Segundo\"}]},{\"@type\":\"WebSite\",\"@id\":\"https:\/\/compuviper.mx\/tienda\/#website\",\"url\":\"https:\/\/compuviper.mx\/tienda\/\",\"name\":\"Compuviper\",\"description\":\"Proveedor de Computadoras, Laptops, Servidores, Monitores, Puntos de Venta, Teclados,   Impresoras, T\u00f3ner, C\u00e1maras de Seguridad y m\u00e1s en tu tienda en l\u00ednea\",\"publisher\":{\"@id\":\"https:\/\/compuviper.mx\/tienda\/#organization\"},\"potentialAction\":[{\"@type\":\"SearchAction\",\"target\":{\"@type\":\"EntryPoint\",\"urlTemplate\":\"https:\/\/compuviper.mx\/tienda\/?s={search_term_string}\"},\"query-input\":\"required name=search_term_string\"}],\"inLanguage\":\"es-MX\"},{\"@type\":\"Organization\",\"@id\":\"https:\/\/compuviper.mx\/tienda\/#organization\",\"name\":\"Compuviper\",\"url\":\"https:\/\/compuviper.mx\/tienda\/\",\"logo\":{\"@type\":\"ImageObject\",\"inLanguage\":\"es-MX\",\"@id\":\"https:\/\/compuviper.mx\/tienda\/#\/schema\/logo\/image\/\",\"url\":\"https:\/\/compuviper.mx\/tienda\/wp-content\/uploads\/2021\/08\/Logo-Compuviper-10.png\",\"contentUrl\":\"https:\/\/compuviper.mx\/tienda\/wp-content\/uploads\/2021\/08\/Logo-Compuviper-10.png\",\"width\":1000,\"height\":500,\"caption\":\"Compuviper\"},\"image\":{\"@id\":\"https:\/\/compuviper.mx\/tienda\/#\/schema\/logo\/image\/\"},\"sameAs\":[\"https:\/\/www.facebook.com\/compuviper\",\"https:\/\/www.youtube.com\/channel\/UCf73dERp9Y3cfOq7q8BhLjA?view_as=subscriber\"]}]}<\/script>\n<meta property=\"product:brand\" content=\"3NSTAR\" \/>\n<meta property=\"product:price:amount\" content=\"597\" \/>\n<meta property=\"product:price:currency\" content=\"MXN\" \/>\n<meta property=\"og:availability\" content=\"instock\" \/>\n<meta property=\"product:availability\" content=\"instock\" \/>\n<meta property=\"product:retailer_item_id\" content=\"SC100\" \/>\n<meta property=\"product:condition\" content=\"new\" \/>\n<!-- \/ Yoast SEO plugin. -->","yoast_head_json":{"title":"[ 3nstar ] &#129351; Sc100 Lector De Codigo De Barras , Negro, Laser, Usb, 1d, 100 Escaneos Por Segundo","description":"Compra Sc100 Lector De Codigo De Barras , Negro, Laser, Usb, 1d, 100 Escaneos Por Segundo + Env\u00edo a domicilio + Pago seguro + Garant\u00eda","robots":{"index":"index","follow":"follow","max-snippet":"max-snippet:-1","max-image-preview":"max-image-preview:large","max-video-preview":"max-video-preview:-1"},"canonical":"https:\/\/compuviper.mx\/tienda\/producto\/3nstar-sc100-lector-de-codigo-de-barras-negro-laser-usb-1d-100-escaneos-por-segundo\/","og_locale":"es_MX","og_type":"article","og_title":"[ 3nstar ] &#129351; Sc100 Lector De Codigo De Barras , Negro, Laser, Usb, 1d, 100 Escaneos Por Segundo","og_description":"Compra Sc100 Lector De Codigo De Barras , Negro, Laser, Usb, 1d, 100 Escaneos Por Segundo + Env\u00edo a domicilio + Pago seguro + Garant\u00eda","og_url":"https:\/\/compuviper.mx\/tienda\/producto\/3nstar-sc100-lector-de-codigo-de-barras-negro-laser-usb-1d-100-escaneos-por-segundo\/","og_site_name":"Compuviper","article_publisher":"https:\/\/www.facebook.com\/compuviper","article_modified_time":"2026-04-18T06:50:13+00:00","og_image":[{"width":200,"height":200,"url":"https:\/\/compuviper.mx\/tienda\/wp-content\/uploads\/2023\/12\/Lector-de-codigo-de-barras-3nstar-sc100-negro-laser-usb-1d-100-escaneos-por-segundo.jpg","type":"image\/jpeg"}],"twitter_card":"summary_large_image","twitter_misc":{"Precio":"&#36;597 con IVA","Availability":"In stock"},"schema":{"@context":"https:\/\/schema.org","@graph":[{"@type":"WebPage","@id":"https:\/\/compuviper.mx\/tienda\/producto\/3nstar-sc100-lector-de-codigo-de-barras-negro-laser-usb-1d-100-escaneos-por-segundo\/","url":"https:\/\/compuviper.mx\/tienda\/producto\/3nstar-sc100-lector-de-codigo-de-barras-negro-laser-usb-1d-100-escaneos-por-segundo\/","name":"[ 3nstar ] &#129351; Sc100 Lector De Codigo De Barras , Negro, Laser, Usb, 1d, 100 Escaneos Por Segundo","isPartOf":{"@id":"https:\/\/compuviper.mx\/tienda\/#website"},"datePublished":"2026-04-18T06:50:12+00:00","dateModified":"2026-04-18T06:50:13+00:00","description":"Compra Sc100 Lector De Codigo De Barras , Negro, Laser, Usb, 1d, 100 Escaneos Por Segundo + Env\u00edo a domicilio + Pago seguro + Garant\u00eda","breadcrumb":{"@id":"https:\/\/compuviper.mx\/tienda\/producto\/3nstar-sc100-lector-de-codigo-de-barras-negro-laser-usb-1d-100-escaneos-por-segundo\/#breadcrumb"},"inLanguage":"es-MX","potentialAction":[{"@type":"ReadAction","target":["https:\/\/compuviper.mx\/tienda\/producto\/3nstar-sc100-lector-de-codigo-de-barras-negro-laser-usb-1d-100-escaneos-por-segundo\/"]}]},{"@type":"BreadcrumbList","@id":"https:\/\/compuviper.mx\/tienda\/producto\/3nstar-sc100-lector-de-codigo-de-barras-negro-laser-usb-1d-100-escaneos-por-segundo\/#breadcrumb","itemListElement":[{"@type":"ListItem","position":1,"name":"Inicio","item":"https:\/\/compuviper.mx\/tienda\/"},{"@type":"ListItem","position":2,"name":"Productos","item":"https:\/\/compuviper.mx\/tienda\/productos\/"},{"@type":"ListItem","position":3,"name":"Lector De Codigos","item":"https:\/\/compuviper.mx\/tienda\/categoria-producto\/lector-de-codigos\/"},{"@type":"ListItem","position":4,"name":"Sin Categor\u00eda","item":"https:\/\/compuviper.mx\/tienda\/categoria-producto\/lector-de-codigos\/sin-categoria-lector-de-codigos\/"},{"@type":"ListItem","position":5,"name":"3nstar Sc100 Lector De Codigo De Barras , Negro, Laser, Usb, 1d, 100 Escaneos Por Segundo"}]},{"@type":"WebSite","@id":"https:\/\/compuviper.mx\/tienda\/#website","url":"https:\/\/compuviper.mx\/tienda\/","name":"Compuviper","description":"Proveedor de Computadoras, Laptops, Servidores, Monitores, Puntos de Venta, Teclados,   Impresoras, T\u00f3ner, C\u00e1maras de Seguridad y m\u00e1s en tu tienda en l\u00ednea","publisher":{"@id":"https:\/\/compuviper.mx\/tienda\/#organization"},"potentialAction":[{"@type":"SearchAction","target":{"@type":"EntryPoint","urlTemplate":"https:\/\/compuviper.mx\/tienda\/?s={search_term_string}"},"query-input":"required name=search_term_string"}],"inLanguage":"es-MX"},{"@type":"Organization","@id":"https:\/\/compuviper.mx\/tienda\/#organization","name":"Compuviper","url":"https:\/\/compuviper.mx\/tienda\/","logo":{"@type":"ImageObject","inLanguage":"es-MX","@id":"https:\/\/compuviper.mx\/tienda\/#\/schema\/logo\/image\/","url":"https:\/\/compuviper.mx\/tienda\/wp-content\/uploads\/2021\/08\/Logo-Compuviper-10.png","contentUrl":"https:\/\/compuviper.mx\/tienda\/wp-content\/uploads\/2021\/08\/Logo-Compuviper-10.png","width":1000,"height":500,"caption":"Compuviper"},"image":{"@id":"https:\/\/compuviper.mx\/tienda\/#\/schema\/logo\/image\/"},"sameAs":["https:\/\/www.facebook.com\/compuviper","https:\/\/www.youtube.com\/channel\/UCf73dERp9Y3cfOq7q8BhLjA?view_as=subscriber"]}]},"product_brand":"3NSTAR","product_price_amount":"597","product_price_currency":"MXN","og_availability":"instock","product_availability":"instock","product_retailer_item_id":"SC100","product_condition":"new"},"_links":{"self":[{"href":"https:\/\/compuviper.mx\/tienda\/wp-json\/wp\/v2\/product\/219426"}],"collection":[{"href":"https:\/\/compuviper.mx\/tienda\/wp-json\/wp\/v2\/product"}],"about":[{"href":"https:\/\/compuviper.mx\/tienda\/wp-json\/wp\/v2\/types\/product"}],"replies":[{"embeddable":true,"href":"https:\/\/compuviper.mx\/tienda\/wp-json\/wp\/v2\/comments?post=219426"}],"wp:featuredmedia":[{"embeddable":true,"href":"https:\/\/compuviper.mx\/tienda\/wp-json\/wp\/v2\/media\/219427"}],"wp:attachment":[{"href":"https:\/\/compuviper.mx\/tienda\/wp-json\/wp\/v2\/media?parent=219426"}],"wp:term":[{"taxonomy":"product_cat","embeddable":true,"href":"https:\/\/compuviper.mx\/tienda\/wp-json\/wp\/v2\/product_cat?post=219426"},{"taxonomy":"product_tag","embeddable":true,"href":"https:\/\/compuviper.mx\/tienda\/wp-json\/wp\/v2\/product_tag?post=219426"}],"curies":[{"name":"wp","href":"https:\/\/api.w.org\/{rel}","templated":true}]}}