{"id":219372,"date":"2026-04-07T00:44:21","date_gmt":"2026-04-07T06:44:21","guid":{"rendered":"https:\/\/compuviper.mx\/tienda\/producto\/ec-line-ec-cd-8100-usb-lector-de-codigo-de-barras-ec-cd-8100-negro-ccd-usb-1d-100-lecturas-por-segundo-unidireccional-alcance-50-mm\/"},"modified":"2026-04-07T00:44:21","modified_gmt":"2026-04-07T06:44:21","slug":"ec-line-ec-cd-8100-usb-lector-de-codigo-de-barras-ec-cd-8100-negro-ccd-usb-1d-100-lecturas-por-segundo-resistente-a-caidas-de-1-5-mts","status":"publish","type":"product","link":"https:\/\/compuviper.mx\/tienda\/producto\/ec-line-ec-cd-8100-usb-lector-de-codigo-de-barras-ec-cd-8100-negro-ccd-usb-1d-100-lecturas-por-segundo-resistente-a-caidas-de-1-5-mts\/","title":{"rendered":"Ec Line Ec-cd-8100-usb Lector De Codigo De Barras  Ec-cd-8100, Negro, Ccd, Usb, 1d, 100 Lecturas Por Segundo, Resistente A Caidas De 1.5 Mts"},"content":{"rendered":"<table class=\"descripcion\">\n<tr>\n<td>Tipo de lector: bi-direccional. fuente luminosa: led color rojo de 660nm. rango de exploracion: 100 exploraciones por segundo. resolucion: 0.10mm (4mil) psc0.9 distancia de lectura: 0 &#8211; 20mm (100% upc\/ean) contraste: 30% minimo diferencia reflexiva. dimensiones: 173 (l) mm x 90 (a) mm x 66 (a) mm peso: 235 gramos capacidad de decodificacion: upc\/ean\/jan, upc\/ean con suplementos, ucc\/ean128, codigo39, codigo39 con ascii, codigo 128, codabar, isbn, issn, chino 2 a 5, code 2 a 6, bc412, telepen, matrix 25. interface: usb, opcional rs232 y teclado (ps\/2) mini-din. ancho de lectura: 80 mm. consumo de corriente: 5 vdc+\/-5% voltaje requerido: 100ma (idle corriente  40ma). temperatura de operacion: 0 &#8211; 50 grados centigrados. humedad relativa: 5% &#8211; 95% (sin condensacion). caidas: hasta 1.5 mts. en superficies de concreto. ambiente de trabajo: uso normal en oficinas y fabricas asi como en ambientes abiertos. color: negro. certificacion: fcc class a y ce.<\/td>\n<\/tr>\n<\/table>\n","protected":false},"excerpt":{"rendered":"<p>Ec line con su lector ec-cd-8100 de diseno ergonomico y funcional, de bajo consumo de energia ofrece al usuario la tranquiladad de contar con un producto confiable aun muy buen precio. Especializado para pequenos comercios. Scanner tipo ccd que al oprimir el boton y al pasarlo por donde esta el codigo de barra, se enciende una luz indicando que se ha realizado una correcta lectura. Tiene alta capacidad decodificadora lo que hace que mantenga una lectura libre de errores. Todos son de peso ligero y diseno ergonomico que consumen poca energia. La interface es usb, conectando el cable y programando los codigos de barra, soportan temperaturas de 0 a 50 grados centigrados. Lee hasta una distancia de 20 mm.<\/p>\n","protected":false},"featured_media":219373,"comment_status":"open","ping_status":"open","template":"","meta":[],"product_cat":[1721,1724],"product_tag":[1600],"acf":[],"yoast_head":"<!-- This site is optimized with the Yoast SEO plugin v21.7 - https:\/\/yoast.com\/wordpress\/plugins\/seo\/ -->\n<title>[ Ec Line ] &#129351; Ec-cd-8100-usb Lector De Codigo De Barras Ec-cd-8100, Negro, Ccd, Usb, 1d, 100 Lecturas Por Segundo, Resistente A Caidas De 1.5 Mts<\/title>\n<meta name=\"description\" content=\"Compra Ec-cd-8100-usb Lector De Codigo De Barras Ec-cd-8100, Negro, Ccd, Usb, 1d, 100 Lecturas Por Segundo, Resistente A Caidas De 1.5 Mts + Env\u00edo a domicilio + Pago seguro + Garant\u00eda\" \/>\n<meta name=\"robots\" content=\"index, follow, max-snippet:-1, max-image-preview:large, max-video-preview:-1\" \/>\n<link rel=\"canonical\" href=\"https:\/\/compuviper.mx\/tienda\/producto\/ec-line-ec-cd-8100-usb-lector-de-codigo-de-barras-ec-cd-8100-negro-ccd-usb-1d-100-lecturas-por-segundo-resistente-a-caidas-de-1-5-mts\/\" \/>\n<meta property=\"og:locale\" content=\"es_MX\" \/>\n<meta property=\"og:type\" content=\"article\" \/>\n<meta property=\"og:title\" content=\"[ Ec Line ] &#129351; Ec-cd-8100-usb Lector De Codigo De Barras Ec-cd-8100, Negro, Ccd, Usb, 1d, 100 Lecturas Por Segundo, Resistente A Caidas De 1.5 Mts\" \/>\n<meta property=\"og:description\" content=\"Compra Ec-cd-8100-usb Lector De Codigo De Barras Ec-cd-8100, Negro, Ccd, Usb, 1d, 100 Lecturas Por Segundo, Resistente A Caidas De 1.5 Mts + Env\u00edo a domicilio + Pago seguro + Garant\u00eda\" \/>\n<meta property=\"og:url\" content=\"https:\/\/compuviper.mx\/tienda\/producto\/ec-line-ec-cd-8100-usb-lector-de-codigo-de-barras-ec-cd-8100-negro-ccd-usb-1d-100-lecturas-por-segundo-resistente-a-caidas-de-1-5-mts\/\" \/>\n<meta property=\"og:site_name\" content=\"Compuviper\" \/>\n<meta property=\"article:publisher\" content=\"https:\/\/www.facebook.com\/compuviper\" \/>\n<meta property=\"og:image\" content=\"https:\/\/compuviper.mx\/tienda\/wp-content\/uploads\/2023\/12\/Lector-de-codigo-de-barras-ec-line-ec-cd-8100-negro-ccd-usb-1d-100-lecturas-por-segundo-unidireccional-alcance-50-mm.jpg\" \/>\n\t<meta property=\"og:image:width\" content=\"200\" \/>\n\t<meta property=\"og:image:height\" content=\"200\" \/>\n\t<meta property=\"og:image:type\" content=\"image\/jpeg\" \/>\n<meta name=\"twitter:card\" content=\"summary_large_image\" \/>\n<meta name=\"twitter:label1\" content=\"Precio\" \/>\n\t<meta name=\"twitter:data1\" content=\"&#36;531 &#36;530 con IVA\" \/>\n\t<meta name=\"twitter:label2\" content=\"Availability\" \/>\n\t<meta name=\"twitter:data2\" content=\"In stock\" \/>\n<script type=\"application\/ld+json\" class=\"yoast-schema-graph\">{\"@context\":\"https:\/\/schema.org\",\"@graph\":[{\"@type\":\"WebPage\",\"@id\":\"https:\/\/compuviper.mx\/tienda\/producto\/ec-line-ec-cd-8100-usb-lector-de-codigo-de-barras-ec-cd-8100-negro-ccd-usb-1d-100-lecturas-por-segundo-resistente-a-caidas-de-1-5-mts\/\",\"url\":\"https:\/\/compuviper.mx\/tienda\/producto\/ec-line-ec-cd-8100-usb-lector-de-codigo-de-barras-ec-cd-8100-negro-ccd-usb-1d-100-lecturas-por-segundo-resistente-a-caidas-de-1-5-mts\/\",\"name\":\"[ Ec Line ] &#129351; Ec-cd-8100-usb Lector De Codigo De Barras Ec-cd-8100, Negro, Ccd, Usb, 1d, 100 Lecturas Por Segundo, Resistente A Caidas De 1.5 Mts\",\"isPartOf\":{\"@id\":\"https:\/\/compuviper.mx\/tienda\/#website\"},\"datePublished\":\"2026-04-07T06:44:21+00:00\",\"dateModified\":\"2026-04-07T06:44:21+00:00\",\"description\":\"Compra Ec-cd-8100-usb Lector De Codigo De Barras Ec-cd-8100, Negro, Ccd, Usb, 1d, 100 Lecturas Por Segundo, Resistente A Caidas De 1.5 Mts + Env\u00edo a domicilio + Pago seguro + Garant\u00eda\",\"breadcrumb\":{\"@id\":\"https:\/\/compuviper.mx\/tienda\/producto\/ec-line-ec-cd-8100-usb-lector-de-codigo-de-barras-ec-cd-8100-negro-ccd-usb-1d-100-lecturas-por-segundo-resistente-a-caidas-de-1-5-mts\/#breadcrumb\"},\"inLanguage\":\"es-MX\",\"potentialAction\":[{\"@type\":\"ReadAction\",\"target\":[\"https:\/\/compuviper.mx\/tienda\/producto\/ec-line-ec-cd-8100-usb-lector-de-codigo-de-barras-ec-cd-8100-negro-ccd-usb-1d-100-lecturas-por-segundo-resistente-a-caidas-de-1-5-mts\/\"]}]},{\"@type\":\"BreadcrumbList\",\"@id\":\"https:\/\/compuviper.mx\/tienda\/producto\/ec-line-ec-cd-8100-usb-lector-de-codigo-de-barras-ec-cd-8100-negro-ccd-usb-1d-100-lecturas-por-segundo-resistente-a-caidas-de-1-5-mts\/#breadcrumb\",\"itemListElement\":[{\"@type\":\"ListItem\",\"position\":1,\"name\":\"Inicio\",\"item\":\"https:\/\/compuviper.mx\/tienda\/\"},{\"@type\":\"ListItem\",\"position\":2,\"name\":\"Productos\",\"item\":\"https:\/\/compuviper.mx\/tienda\/productos\/\"},{\"@type\":\"ListItem\",\"position\":3,\"name\":\"Lector De Codigos\",\"item\":\"https:\/\/compuviper.mx\/tienda\/categoria-producto\/lector-de-codigos\/\"},{\"@type\":\"ListItem\",\"position\":4,\"name\":\"Sin Categor\u00eda\",\"item\":\"https:\/\/compuviper.mx\/tienda\/categoria-producto\/lector-de-codigos\/sin-categoria-lector-de-codigos\/\"},{\"@type\":\"ListItem\",\"position\":5,\"name\":\"Ec Line Ec-cd-8100-usb Lector De Codigo De Barras Ec-cd-8100, Negro, Ccd, Usb, 1d, 100 Lecturas Por Segundo, Resistente A Caidas De 1.5 Mts\"}]},{\"@type\":\"WebSite\",\"@id\":\"https:\/\/compuviper.mx\/tienda\/#website\",\"url\":\"https:\/\/compuviper.mx\/tienda\/\",\"name\":\"Compuviper\",\"description\":\"Proveedor de Computadoras, Laptops, Servidores, Monitores, Puntos de Venta, Teclados,   Impresoras, T\u00f3ner, C\u00e1maras de Seguridad y m\u00e1s en tu tienda en l\u00ednea\",\"publisher\":{\"@id\":\"https:\/\/compuviper.mx\/tienda\/#organization\"},\"potentialAction\":[{\"@type\":\"SearchAction\",\"target\":{\"@type\":\"EntryPoint\",\"urlTemplate\":\"https:\/\/compuviper.mx\/tienda\/?s={search_term_string}\"},\"query-input\":\"required name=search_term_string\"}],\"inLanguage\":\"es-MX\"},{\"@type\":\"Organization\",\"@id\":\"https:\/\/compuviper.mx\/tienda\/#organization\",\"name\":\"Compuviper\",\"url\":\"https:\/\/compuviper.mx\/tienda\/\",\"logo\":{\"@type\":\"ImageObject\",\"inLanguage\":\"es-MX\",\"@id\":\"https:\/\/compuviper.mx\/tienda\/#\/schema\/logo\/image\/\",\"url\":\"https:\/\/compuviper.mx\/tienda\/wp-content\/uploads\/2021\/08\/Logo-Compuviper-10.png\",\"contentUrl\":\"https:\/\/compuviper.mx\/tienda\/wp-content\/uploads\/2021\/08\/Logo-Compuviper-10.png\",\"width\":1000,\"height\":500,\"caption\":\"Compuviper\"},\"image\":{\"@id\":\"https:\/\/compuviper.mx\/tienda\/#\/schema\/logo\/image\/\"},\"sameAs\":[\"https:\/\/www.facebook.com\/compuviper\",\"https:\/\/www.youtube.com\/channel\/UCf73dERp9Y3cfOq7q8BhLjA?view_as=subscriber\"]}]}<\/script>\n<meta property=\"product:brand\" content=\"EC LINE\" \/>\n<meta property=\"product:price:amount\" content=\"530\" \/>\n<meta property=\"product:price:currency\" content=\"MXN\" \/>\n<meta property=\"og:availability\" content=\"instock\" \/>\n<meta property=\"product:availability\" content=\"instock\" \/>\n<meta property=\"product:retailer_item_id\" content=\"EC-CD-8100-USB\" \/>\n<meta property=\"product:condition\" content=\"new\" \/>\n<!-- \/ Yoast SEO plugin. -->","yoast_head_json":{"title":"[ Ec Line ] &#129351; Ec-cd-8100-usb Lector De Codigo De Barras Ec-cd-8100, Negro, Ccd, Usb, 1d, 100 Lecturas Por Segundo, Resistente A Caidas De 1.5 Mts","description":"Compra Ec-cd-8100-usb Lector De Codigo De Barras Ec-cd-8100, Negro, Ccd, Usb, 1d, 100 Lecturas Por Segundo, Resistente A Caidas De 1.5 Mts + Env\u00edo a domicilio + Pago seguro + Garant\u00eda","robots":{"index":"index","follow":"follow","max-snippet":"max-snippet:-1","max-image-preview":"max-image-preview:large","max-video-preview":"max-video-preview:-1"},"canonical":"https:\/\/compuviper.mx\/tienda\/producto\/ec-line-ec-cd-8100-usb-lector-de-codigo-de-barras-ec-cd-8100-negro-ccd-usb-1d-100-lecturas-por-segundo-resistente-a-caidas-de-1-5-mts\/","og_locale":"es_MX","og_type":"article","og_title":"[ Ec Line ] &#129351; Ec-cd-8100-usb Lector De Codigo De Barras Ec-cd-8100, Negro, Ccd, Usb, 1d, 100 Lecturas Por Segundo, Resistente A Caidas De 1.5 Mts","og_description":"Compra Ec-cd-8100-usb Lector De Codigo De Barras Ec-cd-8100, Negro, Ccd, Usb, 1d, 100 Lecturas Por Segundo, Resistente A Caidas De 1.5 Mts + Env\u00edo a domicilio + Pago seguro + Garant\u00eda","og_url":"https:\/\/compuviper.mx\/tienda\/producto\/ec-line-ec-cd-8100-usb-lector-de-codigo-de-barras-ec-cd-8100-negro-ccd-usb-1d-100-lecturas-por-segundo-resistente-a-caidas-de-1-5-mts\/","og_site_name":"Compuviper","article_publisher":"https:\/\/www.facebook.com\/compuviper","og_image":[{"width":200,"height":200,"url":"https:\/\/compuviper.mx\/tienda\/wp-content\/uploads\/2023\/12\/Lector-de-codigo-de-barras-ec-line-ec-cd-8100-negro-ccd-usb-1d-100-lecturas-por-segundo-unidireccional-alcance-50-mm.jpg","type":"image\/jpeg"}],"twitter_card":"summary_large_image","twitter_misc":{"Precio":"&#36;531 &#36;530 con IVA","Availability":"In stock"},"schema":{"@context":"https:\/\/schema.org","@graph":[{"@type":"WebPage","@id":"https:\/\/compuviper.mx\/tienda\/producto\/ec-line-ec-cd-8100-usb-lector-de-codigo-de-barras-ec-cd-8100-negro-ccd-usb-1d-100-lecturas-por-segundo-resistente-a-caidas-de-1-5-mts\/","url":"https:\/\/compuviper.mx\/tienda\/producto\/ec-line-ec-cd-8100-usb-lector-de-codigo-de-barras-ec-cd-8100-negro-ccd-usb-1d-100-lecturas-por-segundo-resistente-a-caidas-de-1-5-mts\/","name":"[ Ec Line ] &#129351; Ec-cd-8100-usb Lector De Codigo De Barras Ec-cd-8100, Negro, Ccd, Usb, 1d, 100 Lecturas Por Segundo, Resistente A Caidas De 1.5 Mts","isPartOf":{"@id":"https:\/\/compuviper.mx\/tienda\/#website"},"datePublished":"2026-04-07T06:44:21+00:00","dateModified":"2026-04-07T06:44:21+00:00","description":"Compra Ec-cd-8100-usb Lector De Codigo De Barras Ec-cd-8100, Negro, Ccd, Usb, 1d, 100 Lecturas Por Segundo, Resistente A Caidas De 1.5 Mts + Env\u00edo a domicilio + Pago seguro + Garant\u00eda","breadcrumb":{"@id":"https:\/\/compuviper.mx\/tienda\/producto\/ec-line-ec-cd-8100-usb-lector-de-codigo-de-barras-ec-cd-8100-negro-ccd-usb-1d-100-lecturas-por-segundo-resistente-a-caidas-de-1-5-mts\/#breadcrumb"},"inLanguage":"es-MX","potentialAction":[{"@type":"ReadAction","target":["https:\/\/compuviper.mx\/tienda\/producto\/ec-line-ec-cd-8100-usb-lector-de-codigo-de-barras-ec-cd-8100-negro-ccd-usb-1d-100-lecturas-por-segundo-resistente-a-caidas-de-1-5-mts\/"]}]},{"@type":"BreadcrumbList","@id":"https:\/\/compuviper.mx\/tienda\/producto\/ec-line-ec-cd-8100-usb-lector-de-codigo-de-barras-ec-cd-8100-negro-ccd-usb-1d-100-lecturas-por-segundo-resistente-a-caidas-de-1-5-mts\/#breadcrumb","itemListElement":[{"@type":"ListItem","position":1,"name":"Inicio","item":"https:\/\/compuviper.mx\/tienda\/"},{"@type":"ListItem","position":2,"name":"Productos","item":"https:\/\/compuviper.mx\/tienda\/productos\/"},{"@type":"ListItem","position":3,"name":"Lector De Codigos","item":"https:\/\/compuviper.mx\/tienda\/categoria-producto\/lector-de-codigos\/"},{"@type":"ListItem","position":4,"name":"Sin Categor\u00eda","item":"https:\/\/compuviper.mx\/tienda\/categoria-producto\/lector-de-codigos\/sin-categoria-lector-de-codigos\/"},{"@type":"ListItem","position":5,"name":"Ec Line Ec-cd-8100-usb Lector De Codigo De Barras Ec-cd-8100, Negro, Ccd, Usb, 1d, 100 Lecturas Por Segundo, Resistente A Caidas De 1.5 Mts"}]},{"@type":"WebSite","@id":"https:\/\/compuviper.mx\/tienda\/#website","url":"https:\/\/compuviper.mx\/tienda\/","name":"Compuviper","description":"Proveedor de Computadoras, Laptops, Servidores, Monitores, Puntos de Venta, Teclados,   Impresoras, T\u00f3ner, C\u00e1maras de Seguridad y m\u00e1s en tu tienda en l\u00ednea","publisher":{"@id":"https:\/\/compuviper.mx\/tienda\/#organization"},"potentialAction":[{"@type":"SearchAction","target":{"@type":"EntryPoint","urlTemplate":"https:\/\/compuviper.mx\/tienda\/?s={search_term_string}"},"query-input":"required name=search_term_string"}],"inLanguage":"es-MX"},{"@type":"Organization","@id":"https:\/\/compuviper.mx\/tienda\/#organization","name":"Compuviper","url":"https:\/\/compuviper.mx\/tienda\/","logo":{"@type":"ImageObject","inLanguage":"es-MX","@id":"https:\/\/compuviper.mx\/tienda\/#\/schema\/logo\/image\/","url":"https:\/\/compuviper.mx\/tienda\/wp-content\/uploads\/2021\/08\/Logo-Compuviper-10.png","contentUrl":"https:\/\/compuviper.mx\/tienda\/wp-content\/uploads\/2021\/08\/Logo-Compuviper-10.png","width":1000,"height":500,"caption":"Compuviper"},"image":{"@id":"https:\/\/compuviper.mx\/tienda\/#\/schema\/logo\/image\/"},"sameAs":["https:\/\/www.facebook.com\/compuviper","https:\/\/www.youtube.com\/channel\/UCf73dERp9Y3cfOq7q8BhLjA?view_as=subscriber"]}]},"product_brand":"EC LINE","product_price_amount":"530","product_price_currency":"MXN","og_availability":"instock","product_availability":"instock","product_retailer_item_id":"EC-CD-8100-USB","product_condition":"new"},"_links":{"self":[{"href":"https:\/\/compuviper.mx\/tienda\/wp-json\/wp\/v2\/product\/219372"}],"collection":[{"href":"https:\/\/compuviper.mx\/tienda\/wp-json\/wp\/v2\/product"}],"about":[{"href":"https:\/\/compuviper.mx\/tienda\/wp-json\/wp\/v2\/types\/product"}],"replies":[{"embeddable":true,"href":"https:\/\/compuviper.mx\/tienda\/wp-json\/wp\/v2\/comments?post=219372"}],"wp:featuredmedia":[{"embeddable":true,"href":"https:\/\/compuviper.mx\/tienda\/wp-json\/wp\/v2\/media\/219373"}],"wp:attachment":[{"href":"https:\/\/compuviper.mx\/tienda\/wp-json\/wp\/v2\/media?parent=219372"}],"wp:term":[{"taxonomy":"product_cat","embeddable":true,"href":"https:\/\/compuviper.mx\/tienda\/wp-json\/wp\/v2\/product_cat?post=219372"},{"taxonomy":"product_tag","embeddable":true,"href":"https:\/\/compuviper.mx\/tienda\/wp-json\/wp\/v2\/product_tag?post=219372"}],"curies":[{"name":"wp","href":"https:\/\/api.w.org\/{rel}","templated":true}]}}